Jan 18 11:31:45.843379 dv-neutron-743142-38-hyperv neutron-server[103626]: DEBUG neutron.pecan_wsgi.hooks.policy_enforcement [None req-7f563583-e5c9-4f3d-bc22-6bdb5797f2da tempest-PortsAdminExtendedAttrsIpV6TestJSON-1661270429 tempest-PortsAdminExtendedAttrsIpV6TestJSON-1661270429-project-admin] Attributes excluded by policy engine: ['standard_attr_id'] {{(pid=103626) _exclude_attributes_by_policy /opt/stack/neutron/neutron/pecan_wsgi/hooks/policy_enforcement.py:255}}
Jan 18 11:31:45.844928 dv-neutron-743142-38-hyperv neutron-server[103626]: DEBUG neutron.pecan_wsgi.hooks.policy_enforcement [None req-7f563583-e5c9-4f3d-bc22-6bdb5797f2da tempest-PortsAdminExtendedAttrsIpV6TestJSON-1661270429 tempest-PortsAdminExtendedAttrsIpV6TestJSON-1661270429-project-admin] Attributes excluded by policy engine: ['standard_attr_id'] {{(pid=103626) _exclude_attributes_by_policy /opt/stack/neutron/neutron/pecan_wsgi/hooks/policy_enforcement.py:255}}
Jan 18 11:31:45.844928 dv-neutron-743142-38-hyperv neutron-server[103626]: DEBUG neutron.pecan_wsgi.hooks.policy_enforcement [None req-7f563583-e5c9-4f3d-bc22-6bdb5797f2da tempest-PortsAdminExtendedAttrsIpV6TestJSON-1661270429 tempest-PortsAdminExtendedAttrsIpV6TestJSON-1661270429-project-admin] Attributes excluded by policy engine: ['standard_attr_id'] {{(pid=103626) _exclude_attributes_by_policy /opt/stack/neutron/neutron/pecan_wsgi/hooks/policy_enforcement.py:255}}
Jan 18 11:31:45.844928 dv-neutron-743142-38-hyperv neutron-server[103626]: DEBUG neutron.pecan_wsgi.hooks.policy_enforcement [None req-7f563583-e5c9-4f3d-bc22-6bdb5797f2da tempest-PortsAdminExtendedAttrsIpV6TestJSON-1661270429 tempest-PortsAdminExtendedAttrsIpV6TestJSON-1661270429-project-admin] Attributes excluded by policy engine: ['standard_attr_id'] {{(pid=103626) _exclude_attributes_by_policy /opt/stack/neutron/neutron/pecan_wsgi/hooks/policy_enforcement.py:255}}
Jan 18 11:31:45.845311 dv-neutron-743142-38-hyperv neutron-server[103626]: DEBUG neutron.pecan_wsgi.hooks.policy_enforcement [None req-7f563583-e5c9-4f3d-bc22-6bdb5797f2da tempest-PortsAdminExtendedAttrsIpV6TestJSON-1661270429 tempest-PortsAdminExtendedAttrsIpV6TestJSON-1661270429-project-admin] Attributes excluded by policy engine: ['standard_attr_id'] {{(pid=103626) _exclude_attributes_by_policy /opt/stack/neutron/neutron/pecan_wsgi/hooks/policy_enforcement.py:255}}
Jan 18 11:31:45.845620 dv-neutron-743142-38-hyperv neutron-server[103626]: DEBUG neutron.pecan_wsgi.hooks.policy_enforcement [None req-7f563583-e5c9-4f3d-bc22-6bdb5797f2da tempest-PortsAdminExtendedAttrsIpV6TestJSON-1661270429 tempest-PortsAdminExtendedAttrsIpV6TestJSON-1661270429-project-admin] Attributes excluded by policy engine: ['standard_attr_id'] {{(pid=103626) _exclude_attributes_by_policy /opt/stack/neutron/neutron/pecan_wsgi/hooks/policy_enforcement.py:255}}
Jan 18 11:31:45.846068 dv-neutron-743142-38-hyperv neutron-server[103626]: DEBUG neutron.pecan_wsgi.hooks.policy_enforcement [None req-7f563583-e5c9-4f3d-bc22-6bdb5797f2da tempest-PortsAdminExtendedAttrsIpV6TestJSON-1661270429 tempest-PortsAdminExtendedAttrsIpV6TestJSON-1661270429-project-admin] Attributes excluded by policy engine: ['standard_attr_id'] {{(pid=103626) _exclude_attributes_by_policy /opt/stack/neutron/neutron/pecan_wsgi/hooks/policy_enforcement.py:255}}
Jan 18 11:31:45.846625 dv-neutron-743142-38-hyperv neutron-server[103626]: DEBUG neutron.pecan_wsgi.hooks.policy_enforcement [None req-7f563583-e5c9-4f3d-bc22-6bdb5797f2da tempest-PortsAdminExtendedAttrsIpV6TestJSON-1661270429 tempest-PortsAdminExtendedAttrsIpV6TestJSON-1661270429-project-admin] Attributes excluded by policy engine: ['standard_attr_id'] {{(pid=103626) _exclude_attributes_by_policy /opt/stack/neutron/neutron/pecan_wsgi/hooks/policy_enforcement.py:255}}
Jan 18 11:31:45.847092 dv-neutron-743142-38-hyperv neutron-server[103626]: DEBUG neutron.pecan_wsgi.hooks.policy_enforcement [None req-7f563583-e5c9-4f3d-bc22-6bdb5797f2da tempest-PortsAdminExtendedAttrsIpV6TestJSON-1661270429 tempest-PortsAdminExtendedAttrsIpV6TestJSON-1661270429-project-admin] Attributes excluded by policy engine: ['standard_attr_id'] {{(pid=103626) _exclude_attributes_by_policy /opt/stack/neutron/neutron/pecan_wsgi/hooks/policy_enforcement.py:255}}
Jan 18 11:31:45.847692 dv-neutron-743142-38-hyperv neutron-server[103626]: DEBUG neutron.pecan_wsgi.hooks.policy_enforcement [None req-7f563583-e5c9-4f3d-bc22-6bdb5797f2da tempest-PortsAdminExtendedAttrsIpV6TestJSON-1661270429 tempest-PortsAdminExtendedAttrsIpV6TestJSON-1661270429-project-admin] Attributes excluded by policy engine: ['standard_attr_id'] {{(pid=103626) _exclude_attributes_by_policy /opt/stack/neutron/neutron/pecan_wsgi/hooks/policy_enforcement.py:255}}
Jan 18 11:31:45.850433 dv-neutron-743142-38-hyperv neutron-server[103626]: INFO neutron.wsgi [None req-7f563583-e5c9-4f3d-bc22-6bdb5797f2da tempest-PortsAdminExtendedAttrsIpV6TestJSON-1661270429 tempest-PortsAdminExtendedAttrsIpV6TestJSON-1661270429-project-admin] 10.222.0.66 "GET /v2.0/ports HTTP/1.1" status: 200 len: 19354 time: 0.1527710
Jan 18 11:31:45.857783 dv-neutron-743142-38-hyperv neutron-server[103626]: DEBUG neutron.wsgi [-] (103626) accepted ('10.222.0.66', 41212) {{(pid=103626) server /usr/local/lib/python3.8/dist-packages/eventlet/wsgi.py:1004}}
Jan 18 11:31:45.887949 dv-neutron-743142-38-hyperv neutron-server[103625]: INFO neutron.wsgi [req-3c29be4d-fe1c-489c-a8bb-aaea9ae88c61 req-b6f1335c-e329-4025-8f0e-651c8535db5e tempest-ServersTestJSON-734880460 tempest-ServersTestJSON-734880460-project] 10.222.0.66 "GET /v2.0/ports?device_id=c42425b3-aaa3-4878-a12f-47c1f4981852 HTTP/1.1" status: 200 len: 210 time: 0.0358207
Jan 18 11:31:45.903685 dv-neutron-743142-38-hyperv neutron-server[103626]: DEBUG neutron_lib.callbacks.manager [None req-1dbda19e-7c5f-4722-bcdb-6fcb31ef963b tempest-ExternalNetworksTestJSON-956212725 tempest-ExternalNetworksTestJSON-956212725-project-admin] Publish callbacks ['neutron.plugins.ml2.plugin.Ml2Plugin._network_delete_after_delete_handler-33239869', 'neutron.plugins.ml2.ovo_rpc._ObjectChangeHandler.handle_event-715320', 'neutron.api.rpc.agentnotifiers.dhcp_rpc_agent_api.DhcpAgentNotifyAPI._native_event_send_dhcp_notification-567886', 'neutron.services.l3_router.l3_router_plugin.DVRResourceOperationHandler.delete_fip_namespaces_for_ext_net-773594'] for network (95fbeef4-b1fd-49bb-b76a-5743165207e2), after_delete {{(pid=103626) _notify_loop /usr/local/lib/python3.8/dist-packages/neutron_lib/callbacks/manager.py:176}}
Jan 18 11:31:45.925040 dv-neutron-743142-38-hyperv neutron-server[103625]: DEBUG neutron_lib.callbacks.manager [None req-ec482d91-3c23-4c92-a470-1011daebf9cb tempest-FloatingIPAdminTestJSON-911315997 tempest-FloatingIPAdminTestJSON-911315997-project] Publish callbacks [] for port (095b8dc7-4c03-42fc-b042-e7a366eb201c), precommit_update {{(pid=103625) _notify_loop /usr/local/lib/python3.8/dist-packages/neutron_lib/callbacks/manager.py:176}}
Jan 18 11:31:45.935876 dv-neutron-743142-38-hyperv neutron-server[103626]: DEBUG neutron.api.rpc.agentnotifiers.l3_rpc_agent_api [None req-1dbda19e-7c5f-4722-bcdb-6fcb31ef963b tempest-ExternalNetworksTestJSON-956212725 tempest-ExternalNetworksTestJSON-956212725-project-admin] Fanout notify agent at l3_agent the message fipnamespace_delete_on_ext_net for external_network 95fbeef4-b1fd-49bb-b76a-5743165207e2 {{(pid=103626) _notification_fanout /opt/stack/neutron/neutron/api/rpc/agentnotifiers/l3_rpc_agent_api.py:120}}
Jan 18 11:31:45.949399 dv-neutron-743142-38-hyperv neutron-server[103626]: DEBUG neutron_lib.callbacks.manager [None req-1dbda19e-7c5f-4722-bcdb-6fcb31ef963b tempest-ExternalNetworksTestJSON-956212725 tempest-ExternalNetworksTestJSON-956212725-project-admin] Publish callbacks ['neutron.api.rpc.agentnotifiers.dhcp_rpc_agent_api.DhcpAgentNotifyAPI._send_dhcp_notification-567900'] for network (None), before_response {{(pid=103626) _notify_loop /usr/local/lib/python3.8/dist-packages/neutron_lib/callbacks/manager.py:176}}
Jan 18 11:31:45.953773 dv-neutron-743142-38-hyperv neutron-server[103626]: INFO neutron.wsgi [None req-1dbda19e-7c5f-4722-bcdb-6fcb31ef963b tempest-ExternalNetworksTestJSON-956212725 tempest-ExternalNetworksTestJSON-956212725-project-admin] 10.222.0.66 "DELETE /v2.0/networks/95fbeef4-b1fd-49bb-b76a-5743165207e2 HTTP/1.1" status: 204 len: 168 time: 0.9410453
Jan 18 11:31:45.956255 dv-neutron-743142-38-hyperv neutron-server[103626]: DEBUG neutron.api.rpc.handlers.resources_rpc [None req-1dbda19e-7c5f-4722-bcdb-6fcb31ef963b tempest-ExternalNetworksTestJSON-956212725 tempest-ExternalNetworksTestJSON-956212725-project-admin] Pushing event deleted for resources: {'Network': ['ID=95fbeef4-b1fd-49bb-b76a-5743165207e2,revision_number=None']} {{(pid=103626) push /opt/stack/neutron/neutron/api/rpc/handlers/resources_rpc.py:237}}
Jan 18 11:31:45.957836 dv-neutron-743142-38-hyperv neutron-server[103626]: DEBUG neutron.wsgi [-] (103626) accepted ('10.222.0.66', 41218) {{(pid=103626) server /usr/local/lib/python3.8/dist-packages/eventlet/wsgi.py:1004}}
Jan 18 11:31:45.962957 dv-neutron-743142-38-hyperv neutron-server[103626]: DEBUG neutron.api.v2.base [None req-17923e5e-b123-4483-82ad-75bf2b8a799e tempest-ExternalNetworksTestJSON-956212725 tempest-ExternalNetworksTestJSON-956212725-project-admin] Request body: {'network': {'name': 'tempest-network--438483673'}} {{(pid=103626) prepare_request_body /opt/stack/neutron/neutron/api/v2/base.py:729}}
Jan 18 11:31:46.018913 dv-neutron-743142-38-hyperv neutron-server[103626]: DEBUG neutron.plugins.ml2.plugin [None req-b36da109-a6ff-4a81-b83c-9dc408fdee94 tempest-PortsAdminExtendedAttrsIpV6TestJSON-1661270429 tempest-PortsAdminExtendedAttrsIpV6TestJSON-1661270429-project-admin] Deleting port b82b720f-e6e7-44d1-8e18-d6439a55c55b {{(pid=103626) _pre_delete_port /opt/stack/neutron/neutron/plugins/ml2/plugin.py:1959}}
Jan 18 11:31:46.021747 dv-neutron-743142-38-hyperv neutron-server[103626]: DEBUG neutron_lib.callbacks.manager [None req-b36da109-a6ff-4a81-b83c-9dc408fdee94 tempest-PortsAdminExtendedAttrsIpV6TestJSON-1661270429 tempest-PortsAdminExtendedAttrsIpV6TestJSON-1661270429-project-admin] Publish callbacks ['neutron.db.l3_db.L3_NAT_dbonly_mixin._prevent_l3_port_delete_callback-8785875294576'] for port (b82b720f-e6e7-44d1-8e18-d6439a55c55b), before_delete {{(pid=103626) _notify_loop /usr/local/lib/python3.8/dist-packages/neutron_lib/callbacks/manager.py:176}}
Jan 18 11:31:46.090296 dv-neutron-743142-38-hyperv neutron-server[103625]: INFO neutron.wsgi [req-0226c628-4643-4c44-92a6-8388a0d53632 req-9b6f118b-9a2f-4cb0-976a-20b5086a8044 tempest-ServersTestManualDisk-320812923 tempest-ServersTestManualDisk-320812923-project] 10.222.0.66 "GET /v2.0/ports?device_id=6a0cdd2c-4bd9-4b07-9b87-507366495000 HTTP/1.1" status: 200 len: 210 time: 0.0869217
Jan 18 11:31:46.096545 dv-neutron-743142-38-hyperv neutron-server[103625]: DEBUG neutron_lib.callbacks.manager [None req-ec482d91-3c23-4c92-a470-1011daebf9cb tempest-FloatingIPAdminTestJSON-911315997 tempest-FloatingIPAdminTestJSON-911315997-project] Publish callbacks ['neutron.plugins.ml2.plugin.SecurityGroupServerNotifierRpcMixin._notify_sg_on_port_change-33213016', 'neutron.plugins.ml2.ovo_rpc._ObjectChangeHandler.handle_event-920900', 'neutron.api.rpc.agentnotifiers.dhcp_rpc_agent_api.DhcpAgentNotifyAPI._native_event_send_dhcp_notification-567886', 'neutron.db.l3_db.L3RpcNotifierMixin._notify_gateway_port_ip_changed-8785875299831', 'neutron.db.l3_dvrscheduler_db._notify_l3_agent_port_update-8785874757470', 'neutron.db.l3_hascheduler_db._notify_l3_agent_ha_port_update-8785874757488', 'neutron.services.segments.plugin.NovaSegmentNotifier._notify_port_updated-3193829'] for port (095b8dc7-4c03-42fc-b042-e7a366eb201c), after_update {{(pid=103625) _notify_loop /usr/local/lib/python3.8/dist-packages/neutron_lib/callbacks/manager.py:176}}
Jan 18 11:31:46.106151 dv-neutron-743142-38-hyperv neutron-server[103626]: DEBUG neutron.pecan_wsgi.hooks.quota_enforcement [None req-17923e5e-b123-4483-82ad-75bf2b8a799e tempest-ExternalNetworksTestJSON-956212725 tempest-ExternalNetworksTestJSON-956212725-project-admin] Made reservation on behalf of 22b402633b614fbbb9c4827bcb7eac92 for: {'network': 1} {{(pid=103626) before /opt/stack/neutron/neutron/pecan_wsgi/hooks/quota_enforcement.py:53}}
Jan 18 11:31:46.121131 dv-neutron-743142-38-hyperv neutron-server[103626]: DEBUG neutron_lib.callbacks.manager [None req-17923e5e-b123-4483-82ad-75bf2b8a799e tempest-ExternalNetworksTestJSON-956212725 tempest-ExternalNetworksTestJSON-956212725-project-admin] Publish callbacks ['neutron.plugins.ml2.plugin.SecurityGroupDbMixin._ensure_default_security_group_handler-33104616'] for network (None), before_create {{(pid=103626) _notify_loop /usr/local/lib/python3.8/dist-packages/neutron_lib/callbacks/manager.py:176}}
Jan 18 11:31:46.130942 dv-neutron-743142-38-hyperv neutron-server[103626]: DEBUG neutron.plugins.ml2.db [None req-b36da109-a6ff-4a81-b83c-9dc408fdee94 tempest-PortsAdminExtendedAttrsIpV6TestJSON-1661270429 tempest-PortsAdminExtendedAttrsIpV6TestJSON-1661270429-project-admin] For port b82b720f-e6e7-44d1-8e18-d6439a55c55b, host hv-neutron-7431, got binding levels [] {{(pid=103626) get_binding_level_objs /opt/stack/neutron/neutron/plugins/ml2/db.py:74}}
Jan 18 11:31:46.131365 dv-neutron-743142-38-hyperv neutron-server[103626]: DEBUG neutron_lib.callbacks.manager [None req-b36da109-a6ff-4a81-b83c-9dc408fdee94 tempest-PortsAdminExtendedAttrsIpV6TestJSON-1661270429 tempest-PortsAdminExtendedAttrsIpV6TestJSON-1661270429-project-admin] Publish callbacks ['neutron.services.l3_router.l3_router_plugin.L3_NAT_dbonly_mixin._precommit_delete_port_callback-773515'] for port (b82b720f-e6e7-44d1-8e18-d6439a55c55b), precommit_delete {{(pid=103626) _notify_loop /usr/local/lib/python3.8/dist-packages/neutron_lib/callbacks/manager.py:176}}
Jan 18 11:31:46.163089 dv-neutron-743142-38-hyperv neutron-server[103626]: DEBUG neutron.plugins.ml2.plugin [None req-b36da109-a6ff-4a81-b83c-9dc408fdee94 tempest-PortsAdminExtendedAttrsIpV6TestJSON-1661270429 tempest-PortsAdminExtendedAttrsIpV6TestJSON-1661270429-project-admin] Calling delete_port for b82b720f-e6e7-44d1-8e18-d6439a55c55b owned by {{(pid=103626) delete_port /opt/stack/neutron/neutron/plugins/ml2/plugin.py:2037}}
Jan 18 11:31:46.184194 dv-neutron-743142-38-hyperv neutron-server[103626]: DEBUG neutron.plugins.ml2.drivers.helpers [None req-17923e5e-b123-4483-82ad-75bf2b8a799e tempest-ExternalNetworksTestJSON-956212725 tempest-ExternalNetworksTestJSON-956212725-project-admin] vlan segment allocate from pool success with {'vlan_id': 73, 'physical_network': 'physnet1'} {{(pid=103626) allocate_partially_specified_segment /opt/stack/neutron/neutron/plugins/ml2/drivers/helpers.py:153}}
Jan 18 11:31:46.225847 dv-neutron-743142-38-hyperv neutron-server[103626]: DEBUG neutron_lib.callbacks.manager [None req-17923e5e-b123-4483-82ad-75bf2b8a799e tempest-ExternalNetworksTestJSON-956212725 tempest-ExternalNetworksTestJSON-956212725-project-admin] Publish callbacks ['neutron.plugins.ml2.plugin.Ml2Plugin._handle_segment_change-33235456'] for segment (b9618c0f-2fac-48bc-8389-3b865ec8a099), precommit_create {{(pid=103626) _notify_loop /usr/local/lib/python3.8/dist-packages/neutron_lib/callbacks/manager.py:176}}
Jan 18 11:31:46.226197 dv-neutron-743142-38-hyperv neutron-server[103626]: INFO neutron.db.segments_db [None req-17923e5e-b123-4483-82ad-75bf2b8a799e tempest-ExternalNetworksTestJSON-956212725 tempest-ExternalNetworksTestJSON-956212725-project-admin] Added segment b9618c0f-2fac-48bc-8389-3b865ec8a099 of type vlan for network 33d4a230-486a-4c08-adbb-79d05d4bcfd5
Jan 18 11:31:46.295677 dv-neutron-743142-38-hyperv neutron-server[103626]: DEBUG neutron_lib.callbacks.manager [None req-17923e5e-b123-4483-82ad-75bf2b8a799e tempest-ExternalNetworksTestJSON-956212725 tempest-ExternalNetworksTestJSON-956212725-project-admin] Publish callbacks ['neutron.services.auto_allocate.db._ensure_external_network_default_value_callback-8785874761638'] for network (33d4a230-486a-4c08-adbb-79d05d4bcfd5), precommit_create {{(pid=103626) _notify_loop /usr/local/lib/python3.8/dist-packages/neutron_lib/callbacks/manager.py:176}}
Jan 18 11:31:46.400596 dv-neutron-743142-38-hyperv neutron-server[103626]: DEBUG neutron_lib.callbacks.manager [None req-b36da109-a6ff-4a81-b83c-9dc408fdee94 tempest-PortsAdminExtendedAttrsIpV6TestJSON-1661270429 tempest-PortsAdminExtendedAttrsIpV6TestJSON-1661270429-project-admin] Publish callbacks ['neutron.plugins.ml2.plugin.SecurityGroupServerNotifierRpcMixin._notify_sg_on_port_change-33213016', 'neutron.plugins.ml2.ovo_rpc._ObjectChangeHandler.handle_event-920900', 'neutron.api.rpc.agentnotifiers.dhcp_rpc_agent_api.DhcpAgentNotifyAPI._native_event_send_dhcp_notification-567886', 'neutron.db.l3_db.L3RpcNotifierMixin._notify_routers_callback-8785875154405', 'neutron.db.l3_dvrscheduler_db._notify_port_delete-8785874757461', 'neutron.services.segments.plugin.NovaSegmentNotifier._notify_port_created_or_deleted-4042734'] for port (b82b720f-e6e7-44d1-8e18-d6439a55c55b), after_delete {{(pid=103626) _notify_loop /usr/local/lib/python3.8/dist-packages/neutron_lib/callbacks/manager.py:176}}
Jan 18 11:31:46.405899 dv-neutron-743142-38-hyperv neutron-server[103626]: DEBUG neutron_lib.callbacks.manager [None req-17923e5e-b123-4483-82ad-75bf2b8a799e tempest-ExternalNetworksTestJSON-956212725 tempest-ExternalNetworksTestJSON-956212725-project-admin] Publish callbacks ['neutron.plugins.ml2.ovo_rpc._ObjectChangeHandler.handle_event-715320', 'neutron.api.rpc.agentnotifiers.dhcp_rpc_agent_api.DhcpAgentNotifyAPI._native_event_send_dhcp_notification-567886'] for network (33d4a230-486a-4c08-adbb-79d05d4bcfd5), after_create {{(pid=103626) _notify_loop /usr/local/lib/python3.8/dist-packages/neutron_lib/callbacks/manager.py:176}}
Jan 18 11:31:46.407193 dv-neutron-743142-38-hyperv neutron-server[103626]: DEBUG neutron.pecan_wsgi.hooks.policy_enforcement [None req-17923e5e-b123-4483-82ad-75bf2b8a799e tempest-ExternalNetworksTestJSON-956212725 tempest-ExternalNetworksTestJSON-956212725-project-admin] Attributes excluded by policy engine: ['standard_attr_id', 'vlan_transparent'] {{(pid=103626) _exclude_attributes_by_policy /opt/stack/neutron/neutron/pecan_wsgi/hooks/policy_enforcement.py:255}}
Jan 18 11:31:46.408000 dv-neutron-743142-38-hyperv neutron-server[103626]: DEBUG neutron_lib.callbacks.manager [None req-17923e5e-b123-4483-82ad-75bf2b8a799e tempest-ExternalNetworksTestJSON-956212725 tempest-ExternalNetworksTestJSON-956212725-project-admin] Publish callbacks ['neutron.api.rpc.agentnotifiers.dhcp_rpc_agent_api.DhcpAgentNotifyAPI._send_dhcp_notification-567900'] for network (None), before_response {{(pid=103626) _notify_loop /usr/local/lib/python3.8/dist-packages/neutron_lib/callbacks/manager.py:176}}
Jan 18 11:31:46.410009 dv-neutron-743142-38-hyperv neutron-server[103625]: DEBUG neutron_lib.callbacks.manager [None req-ec482d91-3c23-4c92-a470-1011daebf9cb tempest-FloatingIPAdminTestJSON-911315997 tempest-FloatingIPAdminTestJSON-911315997-project] Publish callbacks ['neutron.api.rpc.agentnotifiers.dhcp_rpc_agent_api.DhcpAgentNotifyAPI._after_router_interface_created-567732', 'neutron.services.l3_router.l3_router_plugin.DVRResourceOperationHandler._update_snat_v6_addrs_after_intf_update-544289'] for router_interface (1ab93d5a-ed67-4eb8-85e4-59d03ef0e2ab), after_create {{(pid=103625) _notify_loop /usr/local/lib/python3.8/dist-packages/neutron_lib/callbacks/manager.py:176}}
Jan 18 11:31:46.415331 dv-neutron-743142-38-hyperv neutron-server[103625]: DEBUG neutron.api.rpc.handlers.resources_rpc [None req-ec482d91-3c23-4c92-a470-1011daebf9cb tempest-FloatingIPAdminTestJSON-911315997 tempest-FloatingIPAdminTestJSON-911315997-project] Pushing event updated for resources: {'Port': ['ID=095b8dc7-4c03-42fc-b042-e7a366eb201c,revision_number=2']} {{(pid=103625) push /opt/stack/neutron/neutron/api/rpc/handlers/resources_rpc.py:237}}
Jan 18 11:31:46.440881 dv-neutron-743142-38-hyperv neutron-server[103626]: DEBUG neutron.wsgi [-] (103626) accepted ('10.222.0.66', 41238) {{(pid=103626) server /usr/local/lib/python3.8/dist-packages/eventlet/wsgi.py:1004}}
Jan 18 11:31:46.486198 dv-neutron-743142-38-hyperv neutron-server[103626]: DEBUG neutron.api.rpc.handlers.resources_rpc [None req-b36da109-a6ff-4a81-b83c-9dc408fdee94 tempest-PortsAdminExtendedAttrsIpV6TestJSON-1661270429 tempest-PortsAdminExtendedAttrsIpV6TestJSON-1661270429-project-admin] Pushing event deleted for resources: {'Port': ['ID=b82b720f-e6e7-44d1-8e18-d6439a55c55b,revision_number=None']} {{(pid=103626) push /opt/stack/neutron/neutron/api/rpc/handlers/resources_rpc.py:237}}
Jan 18 11:31:46.519648 dv-neutron-743142-38-hyperv neutron-server[103626]: DEBUG neutron_lib.callbacks.manager [None req-b36da109-a6ff-4a81-b83c-9dc408fdee94 tempest-PortsAdminExtendedAttrsIpV6TestJSON-1661270429 tempest-PortsAdminExtendedAttrsIpV6TestJSON-1661270429-project-admin] Publish callbacks ['neutron.notifiers.nova.Notifier._send_nova_notification-49197'] for port (None), before_response {{(pid=103626) _notify_loop /usr/local/lib/python3.8/dist-packages/neutron_lib/callbacks/manager.py:176}}
Jan 18 11:31:46.522928 dv-neutron-743142-38-hyperv neutron-server[103626]: INFO neutron.wsgi [None req-b36da109-a6ff-4a81-b83c-9dc408fdee94 tempest-PortsAdminExtendedAttrsIpV6TestJSON-1661270429 tempest-PortsAdminExtendedAttrsIpV6TestJSON-1661270429-project-admin] 10.222.0.66 "DELETE /v2.0/ports/b82b720f-e6e7-44d1-8e18-d6439a55c55b HTTP/1.1" status: 204 len: 168 time: 0.6640592
Jan 18 11:31:46.526432 dv-neutron-743142-38-hyperv neutron-server[103626]: DEBUG neutron.wsgi [-] (103626) accepted ('10.222.0.66', 41242) {{(pid=103626) server /usr/local/lib/python3.8/dist-packages/eventlet/wsgi.py:1004}}
Jan 18 11:31:46.552502 dv-neutron-743142-38-hyperv neutron-server[103625]: DEBUG neutron.scheduler.dhcp_agent_scheduler [None req-ec482d91-3c23-4c92-a470-1011daebf9cb tempest-FloatingIPAdminTestJSON-911315997 tempest-FloatingIPAdminTestJSON-911315997-project] Network ca310c2f-abcc-4bfb-a636-d11057ebf9c7 is already hosted by enough agents. {{(pid=103625) _get_dhcp_agents_hosting_network /opt/stack/neutron/neutron/scheduler/dhcp_agent_scheduler.py:275}}
Jan 18 11:31:46.556958 dv-neutron-743142-38-hyperv neutron-server[103625]: DEBUG neutron.scheduler.base_scheduler [None req-ec482d91-3c23-4c92-a470-1011daebf9cb tempest-FloatingIPAdminTestJSON-911315997 tempest-FloatingIPAdminTestJSON-911315997-project] Resources bound (agent type, host, resource id): {{(pid=103625) schedule /opt/stack/neutron/neutron/scheduler/base_scheduler.py:57}}
Jan 18 11:31:46.560164 dv-neutron-743142-38-hyperv neutron-server[103625]: DEBUG neutron_lib.callbacks.manager [None req-776afc53-f928-4d5e-b645-01a7997b9851 tempest-RoutersAdminNegativeTest-2015062501 tempest-RoutersAdminNegativeTest-2015062501-project-admin] Publish callbacks [] for router_gateway (b11b3e2a-6448-45b6-992c-1f31a5c77cc0), before_create {{(pid=103625) _notify_loop /usr/local/lib/python3.8/dist-packages/neutron_lib/callbacks/manager.py:176}}
Jan 18 11:31:46.562910 dv-neutron-743142-38-hyperv neutron-server[103626]: INFO neutron.pecan_wsgi.hooks.translation [None req-b74c75a3-02ee-49ef-9eaf-8364f7275c7f tempest-PortsAdminExtendedAttrsIpV6TestJSON-1661270429 tempest-PortsAdminExtendedAttrsIpV6TestJSON-1661270429-project-admin] GET failed (client error): The resource could not be found.
Jan 18 11:31:46.563927 dv-neutron-743142-38-hyperv neutron-server[103626]: INFO neutron.wsgi [None req-b74c75a3-02ee-49ef-9eaf-8364f7275c7f tempest-PortsAdminExtendedAttrsIpV6TestJSON-1661270429 tempest-PortsAdminExtendedAttrsIpV6TestJSON-1661270429-project-admin] 10.222.0.66 "GET /v2.0/ports/b82b720f-e6e7-44d1-8e18-d6439a55c55b HTTP/1.1" status: 404 len: 333 time: 0.0365739
Jan 18 11:31:46.570159 dv-neutron-743142-38-hyperv neutron-server[103626]: INFO neutron.wsgi [None req-17923e5e-b123-4483-82ad-75bf2b8a799e tempest-ExternalNetworksTestJSON-956212725 tempest-ExternalNetworksTestJSON-956212725-project-admin] 10.222.0.66 "POST /v2.0/networks HTTP/1.1" status: 201 len: 862 time: 0.6084194
Jan 18 11:31:46.570159 dv-neutron-743142-38-hyperv neutron-server[103626]: DEBUG neutron.api.rpc.handlers.resources_rpc [None req-17923e5e-b123-4483-82ad-75bf2b8a799e tempest-ExternalNetworksTestJSON-956212725 tempest-ExternalNetworksTestJSON-956212725-project-admin] Pushing event updated for resources: {'Network': ['ID=33d4a230-486a-4c08-adbb-79d05d4bcfd5,revision_number=1']} {{(pid=103626) push /opt/stack/neutron/neutron/api/rpc/handlers/resources_rpc.py:237}}
Jan 18 11:31:46.571114 dv-neutron-743142-38-hyperv neutron-server[103626]: DEBUG neutron.wsgi [-] (103626) accepted ('10.222.0.66', 41244) {{(pid=103626) server /usr/local/lib/python3.8/dist-packages/eventlet/wsgi.py:1004}}
Jan 18 11:31:46.571114 dv-neutron-743142-38-hyperv neutron-server[103626]: DEBUG neutron.wsgi [-] (103626) accepted ('10.222.0.66', 41246) {{(pid=103626) server /usr/local/lib/python3.8/dist-packages/eventlet/wsgi.py:1004}}
Jan 18 11:31:46.577903 dv-neutron-743142-38-hyperv neutron-server[103626]: DEBUG neutron.api.v2.base [None req-9d1dce4b-d3e1-448a-b687-6ac83f6ce44a tempest-ExternalNetworksTestJSON-956212725 tempest-ExternalNetworksTestJSON-956212725-project-admin] Request body: {'network': {'router:external': True}} {{(pid=103626) prepare_request_body /opt/stack/neutron/neutron/api/v2/base.py:729}}
Jan 18 11:31:46.583774 dv-neutron-743142-38-hyperv neutron-server[103626]: DEBUG neutron.api.v2.base [None req-5fb13b39-3155-4b34-9081-658972f0e6d9 tempest-PortsAdminExtendedAttrsIpV6TestJSON-1661270429 tempest-PortsAdminExtendedAttrsIpV6TestJSON-1661270429-project-admin] Request body: {'port': {'name': 'tempest-PortsAdminExtendedAttrsIpV6TestJSON-1288037924', 'network_id': '7b150cb3-7236-4fcf-a5a9-64b95311f7ce'}} {{(pid=103626) prepare_request_body /opt/stack/neutron/neutron/api/v2/base.py:729}}
Jan 18 11:31:46.596162 dv-neutron-743142-38-hyperv neutron-server[103629]: DEBUG neutron.plugins.ml2.rpc [None req-dc4c1eb5-242b-4d3d-acc3-76ea3b2a015b None None] Network 33d4a230-486a-4c08-adbb-79d05d4bcfd5 details requested by agent ovs-agent-dv-neutron-743142-38-hyperv with host dv-neutron-743142-38-hyperv {{(pid=103629) get_network_details /opt/stack/neutron/neutron/plugins/ml2/rpc.py:248}}
Jan 18 11:31:46.616274 dv-neutron-743142-38-hyperv neutron-server[103625]: DEBUG neutron_lib.callbacks.manager [None req-776afc53-f928-4d5e-b645-01a7997b9851 tempest-RoutersAdminNegativeTest-2015062501 tempest-RoutersAdminNegativeTest-2015062501-project-admin] Publish callbacks ['neutron.plugins.ml2.plugin.SecurityGroupDbMixin._ensure_default_security_group_handler-33104616'] for port (None), before_create {{(pid=103625) _notify_loop /usr/local/lib/python3.8/dist-packages/neutron_lib/callbacks/manager.py:176}}
Jan 18 11:31:46.773737 dv-neutron-743142-38-hyperv neutron-server[103626]: DEBUG neutron.pecan_wsgi.hooks.quota_enforcement [None req-5fb13b39-3155-4b34-9081-658972f0e6d9 tempest-PortsAdminExtendedAttrsIpV6TestJSON-1661270429 tempest-PortsAdminExtendedAttrsIpV6TestJSON-1661270429-project-admin] Made reservation on behalf of fc7d4609109744feb1b9f323f3065536 for: {'port': 1} {{(pid=103626) before /opt/stack/neutron/neutron/pecan_wsgi/hooks/quota_enforcement.py:53}}
Jan 18 11:31:46.775986 dv-neutron-743142-38-hyperv neutron-server[103626]: DEBUG neutron_lib.callbacks.manager [None req-5fb13b39-3155-4b34-9081-658972f0e6d9 tempest-PortsAdminExtendedAttrsIpV6TestJSON-1661270429 tempest-PortsAdminExtendedAttrsIpV6TestJSON-1661270429-project-admin] Publish callbacks ['neutron.plugins.ml2.plugin.SecurityGroupDbMixin._ensure_default_security_group_handler-33104616'] for port (None), before_create {{(pid=103626) _notify_loop /usr/local/lib/python3.8/dist-packages/neutron_lib/callbacks/manager.py:176}}
Jan 18 11:31:46.828396 dv-neutron-743142-38-hyperv neutron-server[103626]: DEBUG neutron.notifiers.nova [None req-5fb13b39-3155-4b34-9081-658972f0e6d9 tempest-PortsAdminExtendedAttrsIpV6TestJSON-1661270429 tempest-PortsAdminExtendedAttrsIpV6TestJSON-1661270429-project-admin] device_id is not set on port 6d9e9fe3-685d-4950-b99a-1f82abef298c yet. {{(pid=103626) _can_notify /opt/stack/neutron/neutron/notifiers/nova.py:190}}
Jan 18 11:31:46.861219 dv-neutron-743142-38-hyperv neutron-server[103625]: DEBUG neutron.scheduler.l3_agent_scheduler [None req-ec482d91-3c23-4c92-a470-1011daebf9cb tempest-FloatingIPAdminTestJSON-911315997 tempest-FloatingIPAdminTestJSON-911315997-project] Router 1ab93d5a-ed67-4eb8-85e4-59d03ef0e2ab has already been hosted by L3 agent 26e6747f-135f-4343-a1a5-e70412181fc4 {{(pid=103625) _get_candidates /opt/stack/neutron/neutron/scheduler/l3_agent_scheduler.py:126}}
Jan 18 11:31:47.029325 dv-neutron-743142-38-hyperv neutron-server[103626]: DEBUG neutron.api.v2.base [None req-0f6b2b98-6d04-4688-8653-25c232106f8a tempest-PortsAdminExtendedAttrsTestJSON-1534762036 tempest-PortsAdminExtendedAttrsTestJSON-1534762036-project] Request body: {'network': {'name': 'tempest-PortsAdminExtendedAttrsTestJSON-test-network-745958824'}} {{(pid=103626) prepare_request_body /opt/stack/neutron/neutron/api/v2/base.py:729}}
Jan 18 11:31:47.158315 dv-neutron-743142-38-hyperv neutron-server[103626]: DEBUG neutron_lib.callbacks.manager [None req-9d1dce4b-d3e1-448a-b687-6ac83f6ce44a tempest-ExternalNetworksTestJSON-956212725 tempest-ExternalNetworksTestJSON-956212725-project-admin] Publish callbacks ['neutron.services.auto_allocate.db._ensure_external_network_default_value_callback-8785874761638'] for network (33d4a230-486a-4c08-adbb-79d05d4bcfd5), precommit_update {{(pid=103626) _notify_loop /usr/local/lib/python3.8/dist-packages/neutron_lib/callbacks/manager.py:176}}
Jan 18 11:31:47.181701 dv-neutron-743142-38-hyperv neutron-server[103625]: INFO neutron.wsgi [req-6ba2d1bb-fb3e-4de3-bc51-65c37369b931 req-7d86d94f-7b9d-463a-a8c0-42409dd46b4d tempest-ServersTestJSON-734880460 tempest-ServersTestJSON-734880460-project] 10.222.0.66 "GET /v2.0/ports?device_id=c42425b3-aaa3-4878-a12f-47c1f4981852 HTTP/1.1" status: 200 len: 210 time: 0.1743701
Jan 18 11:31:47.206628 dv-neutron-743142-38-hyperv neutron-server[103629]: DEBUG neutron.db.provisioning_blocks [None req-9e926348-bc00-4707-bdd3-00186ccb7d84 None None] Provisioning complete for port 095b8dc7-4c03-42fc-b042-e7a366eb201c triggered by entity DHCP. {{(pid=103629) provisioning_complete /opt/stack/neutron/neutron/db/provisioning_blocks.py:139}}
Jan 18 11:31:47.207506 dv-neutron-743142-38-hyperv neutron-server[103629]: DEBUG neutron_lib.callbacks.manager [None req-9e926348-bc00-4707-bdd3-00186ccb7d84 None None] Publish callbacks ['neutron.plugins.ml2.plugin.Ml2Plugin._port_provisioned-32818893'] for port (095b8dc7-4c03-42fc-b042-e7a366eb201c), provisioning_complete {{(pid=103629) _notify_loop /usr/local/lib/python3.8/dist-packages/neutron_lib/callbacks/manager.py:176}}
Jan 18 11:31:47.257742 dv-neutron-743142-38-hyperv neutron-server[103629]: DEBUG neutron.plugins.ml2.plugin [None req-9e926348-bc00-4707-bdd3-00186ccb7d84 None None] Port 095b8dc7-4c03-42fc-b042-e7a366eb201c cannot update to ACTIVE because it is not bound. {{(pid=103629) _port_provisioned /opt/stack/neutron/neutron/plugins/ml2/plugin.py:342}}
Jan 18 11:31:47.283837 dv-neutron-743142-38-hyperv neutron-server[103626]: INFO neutron.wsgi [req-f8aefad1-6c36-4c65-89db-fab7ac801262 req-d57e9335-cf1b-46ec-af4e-f5ad038f218e tempest-ServerActionsTestJSON-1929836702 tempest-ServerActionsTestJSON-1929836702-project] 10.222.0.66 "GET /v2.0/ports?device_id=f34d62eb-f1a3-4b9a-a482-db12143cf044 HTTP/1.1" status: 200 len: 210 time: 0.1470487
Jan 18 11:31:47.308187 dv-neutron-743142-38-hyperv neutron-server[103629]: DEBUG neutron_lib.callbacks.manager [None req-ba72e751-99fa-4571-a005-ad0bc67c9d6f None None] Publish callbacks ['neutron.services.segments.db._update_segment_host_mapping_for_agent-8785875321420', 'neutron.plugins.ml2.plugin.Ml2Plugin._retry_binding_revived_agents-32818812'] for agent (e58bcb7c-1127-4d4f-9794-db5828b4c794), after_update {{(pid=103629) _notify_loop /usr/local/lib/python3.8/dist-packages/neutron_lib/callbacks/manager.py:176}}
Jan 18 11:31:47.329980 dv-neutron-743142-38-hyperv neutron-server[103625]: INFO neutron.wsgi [req-7bc9c360-0699-4057-a343-c40496570481 req-7413cbf7-2fff-45a4-8830-80b3e3ac943b tempest-ServersTestManualDisk-320812923 tempest-ServersTestManualDisk-320812923-project] 10.222.0.66 "GET /v2.0/ports?device_id=6a0cdd2c-4bd9-4b07-9b87-507366495000 HTTP/1.1" status: 200 len: 210 time: 0.0425782
Jan 18 11:31:47.378400 dv-neutron-743142-38-hyperv neutron-server[103625]: DEBUG neutron.api.rpc.agentnotifiers.l3_rpc_agent_api [None req-ec482d91-3c23-4c92-a470-1011daebf9cb tempest-FloatingIPAdminTestJSON-911315997 tempest-FloatingIPAdminTestJSON-911315997-project] Notify agent at l3_agent.dv-neutron-743142-38-hyperv the message routers_updated {{(pid=103625) _agent_notification /opt/stack/neutron/neutron/api/rpc/agentnotifiers/l3_rpc_agent_api.py:65}}
Jan 18 11:31:47.385742 dv-neutron-743142-38-hyperv neutron-server[103625]: INFO neutron.wsgi [None req-ec482d91-3c23-4c92-a470-1011daebf9cb tempest-FloatingIPAdminTestJSON-911315997 tempest-FloatingIPAdminTestJSON-911315997-project] 10.222.0.66 "PUT /v2.0/routers/1ab93d5a-ed67-4eb8-85e4-59d03ef0e2ab/add_router_interface HTTP/1.1" status: 200 len: 503 time: 7.1587522
Jan 18 11:31:47.388536 dv-neutron-743142-38-hyperv neutron-server[103625]: DEBUG neutron.wsgi [-] (103625) accepted ('10.222.0.66', 41260) {{(pid=103625) server /usr/local/lib/python3.8/dist-packages/eventlet/wsgi.py:1004}}
Jan 18 11:31:47.390125 dv-neutron-743142-38-hyperv neutron-server[103629]: DEBUG neutron.api.rpc.handlers.l3_rpc [None req-a174dca7-d83a-40bb-9312-a7188f314094 None None] Sync routers for ids ['1ab93d5a-ed67-4eb8-85e4-59d03ef0e2ab'] in dv-neutron-743142-38-hyperv {{(pid=103629) sync_routers /opt/stack/neutron/neutron/api/rpc/handlers/l3_rpc.py:125}}
Jan 18 11:31:47.393936 dv-neutron-743142-38-hyperv neutron-server[103625]: DEBUG neutron.api.v2.base [None req-bed08056-45ad-49bd-8765-b4d776f3acbd tempest-FloatingIPAdminTestJSON-911315997 tempest-FloatingIPAdminTestJSON-911315997-project] Request body: {'port': {'network_id': 'ca310c2f-abcc-4bfb-a636-d11057ebf9c7', 'name': 'tempest-FloatingIPAdminTestJSON-1342777020'}} {{(pid=103625) prepare_request_body /opt/stack/neutron/neutron/api/v2/base.py:729}}
Jan 18 11:31:47.410080 dv-neutron-743142-38-hyperv neutron-server[103629]: DEBUG neutron.db.l3_dvrscheduler_db [None req-a174dca7-d83a-40bb-9312-a7188f314094 None None] Routers {'1ab93d5a-ed67-4eb8-85e4-59d03ef0e2ab'} bound to L3 agent in host dv-neutron-743142-38-hyperv {{(pid=103629) _get_router_ids_for_agent /opt/stack/neutron/neutron/db/l3_dvrscheduler_db.py:421}}
Jan 18 11:31:47.411106 dv-neutron-743142-38-hyperv neutron-server[103629]: DEBUG neutron.db.l3_hamode_db [None req-a174dca7-d83a-40bb-9312-a7188f314094 None None] neutron.services.l3_router.l3_router_plugin.L3RouterPlugin method get_ha_sync_data_for_host called with arguments (, 'dv-neutron-743142-38-hyperv', Agent(admin_state_up=True,agent_type='L3 agent',availability_zone='nova',binary='neutron-l3-agent',configurations={"agent_mode": "legacy", "ex_gw_ports": 4, "extensions": [], "floating_ips": 0, "handle_internal_only_routers": true, "interface_driver": "openvswitch", "interfaces": 4, "log_agent_heartbeats": false, "routers": 4},created_at=2022-01-18T11:23:14Z,description=,heartbeat_timestamp=2022-01-18T11:31:44Z,host='dv-neutron-743142-38-hyperv',id=26e6747f-135f-4343-a1a5-e70412181fc4,load=0,resource_versions=,resources_synced=,started_at=2022-01-18T11:23:15Z,topic='l3_agent')) {'router_ids': ['1ab93d5a-ed67-4eb8-85e4-59d03ef0e2ab'], 'active': True} {{(pid=103629) wrapper /usr/local/lib/python3.8/dist-packages/oslo_log/helpers.py:65}}
Jan 18 11:31:47.457635 dv-neutron-743142-38-hyperv neutron-server[103625]: DEBUG neutron_lib.callbacks.manager [None req-776afc53-f928-4d5e-b645-01a7997b9851 tempest-RoutersAdminNegativeTest-2015062501 tempest-RoutersAdminNegativeTest-2015062501-project-admin] Publish callbacks [] for router (b11b3e2a-6448-45b6-992c-1f31a5c77cc0), before_delete {{(pid=103625) _notify_loop /usr/local/lib/python3.8/dist-packages/neutron_lib/callbacks/manager.py:176}}
Jan 18 11:31:47.460684 dv-neutron-743142-38-hyperv neutron-server[103629]: DEBUG neutron.db.l3_hamode_db [None req-a174dca7-d83a-40bb-9312-a7188f314094 None None] neutron.services.l3_router.l3_router_plugin.L3RouterPlugin method _process_sync_ha_data called with arguments (, [], 'dv-neutron-743142-38-hyperv', False) {} {{(pid=103629) wrapper /usr/local/lib/python3.8/dist-packages/oslo_log/helpers.py:65}}
Jan 18 11:31:47.470818 dv-neutron-743142-38-hyperv neutron-server[103629]: DEBUG neutron.db.l3_dvrscheduler_db [None req-a174dca7-d83a-40bb-9312-a7188f314094 None None] Routers {'1ab93d5a-ed67-4eb8-85e4-59d03ef0e2ab'} bound to L3 agent in host dv-neutron-743142-38-hyperv {{(pid=103629) _get_router_ids_for_agent /opt/stack/neutron/neutron/db/l3_dvrscheduler_db.py:421}}
Jan 18 11:31:47.471827 dv-neutron-743142-38-hyperv neutron-server[103629]: DEBUG neutron.db.l3_hamode_db [None req-a174dca7-d83a-40bb-9312-a7188f314094 None None] neutron.services.l3_router.l3_router_plugin.L3RouterPlugin method get_ha_sync_data_for_host called with arguments (, 'dv-neutron-743142-38-hyperv', Agent(admin_state_up=True,agent_type='L3 agent',availability_zone='nova',binary='neutron-l3-agent',configurations={"agent_mode": "legacy", "ex_gw_ports": 4, "extensions": [], "floating_ips": 0, "handle_internal_only_routers": true, "interface_driver": "openvswitch", "interfaces": 4, "log_agent_heartbeats": false, "routers": 4},created_at=2022-01-18T11:23:14Z,description=,heartbeat_timestamp=2022-01-18T11:31:44Z,host='dv-neutron-743142-38-hyperv',id=26e6747f-135f-4343-a1a5-e70412181fc4,load=0,resource_versions=,resources_synced=,started_at=2022-01-18T11:23:15Z,topic='l3_agent')) {'router_ids': ['1ab93d5a-ed67-4eb8-85e4-59d03ef0e2ab'], 'active': True} {{(pid=103629) wrapper /usr/local/lib/python3.8/dist-packages/oslo_log/helpers.py:65}}
Jan 18 11:31:47.522538 dv-neutron-743142-38-hyperv neutron-server[103629]: DEBUG neutron.db.l3_hamode_db [None req-a174dca7-d83a-40bb-9312-a7188f314094 None None] neutron.services.l3_router.l3_router_plugin.L3RouterPlugin method _process_sync_ha_data called with arguments (, [], 'dv-neutron-743142-38-hyperv', False) {} {{(pid=103629) wrapper /usr/local/lib/python3.8/dist-packages/oslo_log/helpers.py:65}}
Jan 18 11:31:47.522538 dv-neutron-743142-38-hyperv neutron-server[103629]: DEBUG neutron.api.rpc.handlers.l3_rpc [None req-a174dca7-d83a-40bb-9312-a7188f314094 None None] The sync data for ids ['1ab93d5a-ed67-4eb8-85e4-59d03ef0e2ab'] in dv-neutron-743142-38-hyperv is: [] {{(pid=103629) sync_routers /opt/stack/neutron/neutron/api/rpc/handlers/l3_rpc.py:137}}
Jan 18 11:31:47.549721 dv-neutron-743142-38-hyperv neutron-server[103626]: DEBUG neutron.pecan_wsgi.hooks.quota_enforcement [None req-0f6b2b98-6d04-4688-8653-25c232106f8a tempest-PortsAdminExtendedAttrsTestJSON-1534762036 tempest-PortsAdminExtendedAttrsTestJSON-1534762036-project] Made reservation on behalf of 7b03cc1b6db84ee7b47c3758d6e67bd2 for: {'network': 1} {{(pid=103626) before /opt/stack/neutron/neutron/pecan_wsgi/hooks/quota_enforcement.py:53}}
Jan 18 11:31:47.554111 dv-neutron-743142-38-hyperv neutron-server[103626]: DEBUG neutron_lib.callbacks.manager [None req-0f6b2b98-6d04-4688-8653-25c232106f8a tempest-PortsAdminExtendedAttrsTestJSON-1534762036 tempest-PortsAdminExtendedAttrsTestJSON-1534762036-project] Publish callbacks ['neutron.plugins.ml2.plugin.SecurityGroupDbMixin._ensure_default_security_group_handler-33104616'] for network (None), before_create {{(pid=103626) _notify_loop /usr/local/lib/python3.8/dist-packages/neutron_lib/callbacks/manager.py:176}}
Jan 18 11:31:47.556469 dv-neutron-743142-38-hyperv neutron-server[103626]: DEBUG neutron_lib.callbacks.manager [None req-9d1dce4b-d3e1-448a-b687-6ac83f6ce44a tempest-ExternalNetworksTestJSON-956212725 tempest-ExternalNetworksTestJSON-956212725-project-admin] Publish callbacks ['neutron.plugins.ml2.ovo_rpc._ObjectChangeHandler.handle_event-715320', 'neutron.api.rpc.agentnotifiers.dhcp_rpc_agent_api.DhcpAgentNotifyAPI._native_event_send_dhcp_notification-567886'] for network (33d4a230-486a-4c08-adbb-79d05d4bcfd5), after_update {{(pid=103626) _notify_loop /usr/local/lib/python3.8/dist-packages/neutron_lib/callbacks/manager.py:176}}
Jan 18 11:31:47.605437 dv-neutron-743142-38-hyperv neutron-server[103626]: DEBUG neutron.api.rpc.agentnotifiers.dhcp_rpc_agent_api [None req-9d1dce4b-d3e1-448a-b687-6ac83f6ce44a tempest-ExternalNetworksTestJSON-956212725 tempest-ExternalNetworksTestJSON-956212725-project-admin] Network 33d4a230-486a-4c08-adbb-79d05d4bcfd5 is not hosted by any dhcp agent {{(pid=103626) _notify_agents /opt/stack/neutron/neutron/api/rpc/agentnotifiers/dhcp_rpc_agent_api.py:225}}
Jan 18 11:31:47.606567 dv-neutron-743142-38-hyperv neutron-server[103626]: DEBUG neutron.pecan_wsgi.hooks.policy_enforcement [None req-9d1dce4b-d3e1-448a-b687-6ac83f6ce44a tempest-ExternalNetworksTestJSON-956212725 tempest-ExternalNetworksTestJSON-956212725-project-admin] Attributes excluded by policy engine: ['standard_attr_id', 'vlan_transparent'] {{(pid=103626) _exclude_attributes_by_policy /opt/stack/neutron/neutron/pecan_wsgi/hooks/policy_enforcement.py:255}}
Jan 18 11:31:47.607159 dv-neutron-743142-38-hyperv neutron-server[103626]: DEBUG neutron_lib.callbacks.manager [None req-9d1dce4b-d3e1-448a-b687-6ac83f6ce44a tempest-ExternalNetworksTestJSON-956212725 tempest-ExternalNetworksTestJSON-956212725-project-admin] Publish callbacks [] for network (None), before_response {{(pid=103626) _notify_loop /usr/local/lib/python3.8/dist-packages/neutron_lib/callbacks/manager.py:176}}
Jan 18 11:31:47.608442 dv-neutron-743142-38-hyperv neutron-server[103626]: INFO neutron.wsgi [None req-9d1dce4b-d3e1-448a-b687-6ac83f6ce44a tempest-ExternalNetworksTestJSON-956212725 tempest-ExternalNetworksTestJSON-956212725-project-admin] 10.222.0.66 "PUT /v2.0/networks/33d4a230-486a-4c08-adbb-79d05d4bcfd5 HTTP/1.1" status: 200 len: 856 time: 1.0347800
Jan 18 11:31:47.609241 dv-neutron-743142-38-hyperv neutron-server[103626]: DEBUG neutron_lib.callbacks.manager [None req-0f6b2b98-6d04-4688-8653-25c232106f8a tempest-PortsAdminExtendedAttrsTestJSON-1534762036 tempest-PortsAdminExtendedAttrsTestJSON-1534762036-project] Publish callbacks [] for security_group (None), before_create {{(pid=103626) _notify_loop /usr/local/lib/python3.8/dist-packages/neutron_lib/callbacks/manager.py:176}}
Jan 18 11:31:47.638220 dv-neutron-743142-38-hyperv neutron-server[103625]: DEBUG neutron.wsgi [-] (103625) accepted ('10.222.0.66', 41264) {{(pid=103625) server /usr/local/lib/python3.8/dist-packages/eventlet/wsgi.py:1004}}
Jan 18 11:31:47.682415 dv-neutron-743142-38-hyperv neutron-server[103626]: DEBUG neutron.api.rpc.handlers.resources_rpc [None req-9d1dce4b-d3e1-448a-b687-6ac83f6ce44a tempest-ExternalNetworksTestJSON-956212725 tempest-ExternalNetworksTestJSON-956212725-project-admin] Pushing event updated for resources: {'Network': ['ID=33d4a230-486a-4c08-adbb-79d05d4bcfd5,revision_number=2']} {{(pid=103626) push /opt/stack/neutron/neutron/api/rpc/handlers/resources_rpc.py:237}}
Jan 18 11:31:47.701589 dv-neutron-743142-38-hyperv neutron-server[103626]: DEBUG neutron_lib.callbacks.manager [None req-5fb13b39-3155-4b34-9081-658972f0e6d9 tempest-PortsAdminExtendedAttrsIpV6TestJSON-1661270429 tempest-PortsAdminExtendedAttrsIpV6TestJSON-1661270429-project-admin] Publish callbacks [] for port (6d9e9fe3-685d-4950-b99a-1f82abef298c), precommit_create {{(pid=103626) _notify_loop /usr/local/lib/python3.8/dist-packages/neutron_lib/callbacks/manager.py:176}}
Jan 18 11:31:47.726412 dv-neutron-743142-38-hyperv neutron-server[103625]: DEBUG neutron_lib.callbacks.manager [None req-776afc53-f928-4d5e-b645-01a7997b9851 tempest-RoutersAdminNegativeTest-2015062501 tempest-RoutersAdminNegativeTest-2015062501-project-admin] Publish callbacks ['neutron.services.l3_router.l3_router_plugin.L3_HA_NAT_db_mixin._release_router_vr_id-366143', 'neutron.services.l3_router.service_providers.driver_controller.DriverController._clear_router_provider-32532'] for router (b11b3e2a-6448-45b6-992c-1f31a5c77cc0), precommit_delete {{(pid=103625) _notify_loop /usr/local/lib/python3.8/dist-packages/neutron_lib/callbacks/manager.py:176}}
Jan 18 11:31:47.732256 dv-neutron-743142-38-hyperv neutron-server[103625]: DEBUG neutron_lib.callbacks.manager [None req-776afc53-f928-4d5e-b645-01a7997b9851 tempest-RoutersAdminNegativeTest-2015062501 tempest-RoutersAdminNegativeTest-2015062501-project-admin] Publish callbacks [] for router_controller (b11b3e2a-6448-45b6-992c-1f31a5c77cc0), precommit_delete_associations {{(pid=103625) _notify_loop /usr/local/lib/python3.8/dist-packages/neutron_lib/callbacks/manager.py:176}}
Jan 18 11:31:47.781631 dv-neutron-743142-38-hyperv neutron-server[103626]: DEBUG neutron_lib.callbacks.manager [None req-0f6b2b98-6d04-4688-8653-25c232106f8a tempest-PortsAdminExtendedAttrsTestJSON-1534762036 tempest-PortsAdminExtendedAttrsTestJSON-1534762036-project] Publish callbacks [] for security_group (0fc22c02-bfc8-45ba-81b9-401d8dc944ff), precommit_create {{(pid=103626) _notify_loop /usr/local/lib/python3.8/dist-packages/neutron_lib/callbacks/manager.py:176}}
Jan 18 11:31:47.824324 dv-neutron-743142-38-hyperv neutron-server[103625]: DEBUG neutron_lib.callbacks.manager [None req-959061e9-b991-4c3b-8be6-a111faf668e3 tempest-ExternalNetworksTestJSON-956212725 tempest-ExternalNetworksTestJSON-956212725-project-admin] Publish callbacks ['neutron.plugins.ml2.plugin.External_net_db_mixin._before_network_delete_handler-33204224'] for network (33d4a230-486a-4c08-adbb-79d05d4bcfd5), before_delete {{(pid=103625) _notify_loop /usr/local/lib/python3.8/dist-packages/neutron_lib/callbacks/manager.py:176}}
Jan 18 11:31:47.911812 dv-neutron-743142-38-hyperv neutron-server[103625]: DEBUG neutron_lib.callbacks.manager [None req-959061e9-b991-4c3b-8be6-a111faf668e3 tempest-ExternalNetworksTestJSON-956212725 tempest-ExternalNetworksTestJSON-956212725-project-admin] Publish callbacks ['neutron.plugins.ml2.plugin.Ml2Plugin._network_delete_precommit_handler-33239862', 'neutron.services.segments.db._delete_segments_for_network-8785875321438'] for network (33d4a230-486a-4c08-adbb-79d05d4bcfd5), precommit_delete {{(pid=103625) _notify_loop /usr/local/lib/python3.8/dist-packages/neutron_lib/callbacks/manager.py:176}}
Jan 18 11:31:47.923376 dv-neutron-743142-38-hyperv neutron-server[103626]: DEBUG neutron_lib.callbacks.manager [None req-0f6b2b98-6d04-4688-8653-25c232106f8a tempest-PortsAdminExtendedAttrsTestJSON-1534762036 tempest-PortsAdminExtendedAttrsTestJSON-1534762036-project] Publish callbacks ['neutron.plugins.ml2.ovo_rpc._ObjectChangeHandler.handle_event-712174'] for security_group (0fc22c02-bfc8-45ba-81b9-401d8dc944ff), after_create {{(pid=103626) _notify_loop /usr/local/lib/python3.8/dist-packages/neutron_lib/callbacks/manager.py:176}}
Jan 18 11:31:47.927297 dv-neutron-743142-38-hyperv neutron-server[103626]: DEBUG neutron_lib.callbacks.manager [None req-5fb13b39-3155-4b34-9081-658972f0e6d9 tempest-PortsAdminExtendedAttrsIpV6TestJSON-1661270429 tempest-PortsAdminExtendedAttrsIpV6TestJSON-1661270429-project-admin] Publish callbacks ['neutron.plugins.ml2.plugin.SecurityGroupServerNotifierRpcMixin._notify_sg_on_port_change-33213016', 'neutron.plugins.ml2.ovo_rpc._ObjectChangeHandler.handle_event-920900', 'neutron.api.rpc.agentnotifiers.dhcp_rpc_agent_api.DhcpAgentNotifyAPI._native_event_send_dhcp_notification-567886', 'neutron.db.l3_dvrscheduler_db._notify_l3_agent_new_port-8785874757452', 'neutron.services.segments.plugin.NovaSegmentNotifier._notify_port_created_or_deleted-4042734'] for port (6d9e9fe3-685d-4950-b99a-1f82abef298c), after_create {{(pid=103626) _notify_loop /usr/local/lib/python3.8/dist-packages/neutron_lib/callbacks/manager.py:176}}
Jan 18 11:31:47.935447 dv-neutron-743142-38-hyperv neutron-server[103625]: DEBUG neutron.services.segments.db [None req-959061e9-b991-4c3b-8be6-a111faf668e3 tempest-ExternalNetworksTestJSON-956212725 tempest-ExternalNetworksTestJSON-956212725-project-admin] neutron.services.segments.plugin.Plugin method get_segments called with arguments (,) {'filters': {'network_id': ['33d4a230-486a-4c08-adbb-79d05d4bcfd5']}} {{(pid=103625) wrapper /usr/local/lib/python3.8/dist-packages/oslo_log/helpers.py:65}}
Jan 18 11:31:47.947833 dv-neutron-743142-38-hyperv neutron-server[103625]: DEBUG neutron.services.segments.db [None req-959061e9-b991-4c3b-8be6-a111faf668e3 tempest-ExternalNetworksTestJSON-956212725 tempest-ExternalNetworksTestJSON-956212725-project-admin] neutron.services.segments.plugin.Plugin method delete_segment called with arguments (, 'b9618c0f-2fac-48bc-8389-3b865ec8a099') {'for_net_delete': True} {{(pid=103625) wrapper /usr/local/lib/python3.8/dist-packages/oslo_log/helpers.py:65}}
Jan 18 11:31:47.948133 dv-neutron-743142-38-hyperv neutron-server[103625]: DEBUG neutron.services.segments.db [None req-959061e9-b991-4c3b-8be6-a111faf668e3 tempest-ExternalNetworksTestJSON-956212725 tempest-ExternalNetworksTestJSON-956212725-project-admin] neutron.services.segments.plugin.Plugin method get_segment called with arguments (, 'b9618c0f-2fac-48bc-8389-3b865ec8a099') {} {{(pid=103625) wrapper /usr/local/lib/python3.8/dist-packages/oslo_log/helpers.py:65}}
