Oct 24 09:59:02.906386 dv-neutron-743142-27-hyperv neutron-server[100438]: DEBUG neutron.db.db_base_plugin_common [None req-14b0d736-d153-4470-9692-8cadd083cee3 tempest-RoutersIpV6AdminTest-1713501845 tempest-RoutersIpV6AdminTest-1713501845-project-admin] Allocated IP 172.26.4.101 (beffc5c9-1841-48f8-8af0-5b5e4fda125f/993f8766-0ef8-47a0-83b0-3cae887a300c/79f9846b-951a-496e-8926-93d7d3104561) {{(pid=100438) _store_ip_allocation /opt/stack/neutron/neutron/db/db_base_plugin_common.py:131}}
Oct 24 09:59:02.914453 dv-neutron-743142-27-hyperv neutron-server[100438]: DEBUG neutron.api.v2.base [req-35f3dcb7-c047-4a78-89ba-663b16da4839 req-7ba45418-996e-4502-8f93-4d3d9dbc955b service neutron] Request body: {'port': {'device_id': 'ed8baee1-fe11-4224-aeaf-c00234613b18', 'device_owner': 'compute:nova', 'binding:host_id': 'hv-neutron-7431'}} {{(pid=100438) prepare_request_body /opt/stack/neutron/neutron/api/v2/base.py:729}}
Oct 24 09:59:02.920360 dv-neutron-743142-27-hyperv neutron-server[100438]: DEBUG neutron.plugins.ml2.plugin [None req-de67594b-8294-41ac-8310-ce98b680d2eb tempest-NetworksTestDHCPv6-2008434695 tempest-NetworksTestDHCPv6-2008434695-project] Deleting port 04ab775f-2cd4-4e2f-9fb6-5d89e0932845 {{(pid=100438) _pre_delete_port /opt/stack/neutron/neutron/plugins/ml2/plugin.py:1932}}
Oct 24 09:59:02.920740 dv-neutron-743142-27-hyperv neutron-server[100438]: DEBUG neutron_lib.callbacks.manager [None req-de67594b-8294-41ac-8310-ce98b680d2eb tempest-NetworksTestDHCPv6-2008434695 tempest-NetworksTestDHCPv6-2008434695-project] Publish callbacks ['neutron.db.l3_db.L3_NAT_dbonly_mixin._prevent_l3_port_delete_callback-8765097834244'] for port, before_delete {{(pid=100438) _notify_loop /usr/local/lib/python3.8/dist-packages/neutron_lib/callbacks/manager.py:175}}
Oct 24 09:59:02.923480 dv-neutron-743142-27-hyperv neutron-server[100439]: DEBUG neutron_lib.callbacks.manager [None req-05cba4cf-06cb-4ea2-9774-71a055a720b8 admin admin] Publish callbacks [] for security_group, before_delete {{(pid=100439) _notify_loop /usr/local/lib/python3.8/dist-packages/neutron_lib/callbacks/manager.py:175}}
Oct 24 09:59:02.955608 dv-neutron-743142-27-hyperv neutron-server[100439]: DEBUG neutron_lib.callbacks.manager [None req-05cba4cf-06cb-4ea2-9774-71a055a720b8 admin admin] Publish callbacks [] for security_group, precommit_delete {{(pid=100439) _notify_loop /usr/local/lib/python3.8/dist-packages/neutron_lib/callbacks/manager.py:175}}
Oct 24 09:59:03.041075 dv-neutron-743142-27-hyperv neutron-server[100439]: DEBUG neutron.wsgi [-] (100439) accepted ('10.222.0.24', 48616) {{(pid=100439) server /usr/local/lib/python3.8/dist-packages/eventlet/wsgi.py:982}}
Oct 24 09:59:03.069472 dv-neutron-743142-27-hyperv neutron-server[100439]: DEBUG neutron_lib.callbacks.manager [None req-05cba4cf-06cb-4ea2-9774-71a055a720b8 admin admin] Publish callbacks ['neutron.plugins.ml2.ovo_rpc._ObjectChangeHandler.handle_event-572684'] for security_group, after_delete {{(pid=100439) _notify_loop /usr/local/lib/python3.8/dist-packages/neutron_lib/callbacks/manager.py:175}}
Oct 24 09:59:03.074247 dv-neutron-743142-27-hyperv neutron-server[100439]: DEBUG neutron_lib.callbacks.manager [None req-05cba4cf-06cb-4ea2-9774-71a055a720b8 admin admin] Publish callbacks [] for security_group, before_response {{(pid=100439) _notify_loop /usr/local/lib/python3.8/dist-packages/neutron_lib/callbacks/manager.py:175}}
Oct 24 09:59:03.075441 dv-neutron-743142-27-hyperv neutron-server[100439]: INFO neutron.wsgi [None req-05cba4cf-06cb-4ea2-9774-71a055a720b8 admin admin] 10.222.0.24 "DELETE /v2.0/security-groups/3e0459b0-50c2-4f82-8b45-842085e75c45 HTTP/1.1" status: 204 len: 168 time: 0.2761958
Oct 24 09:59:03.106819 dv-neutron-743142-27-hyperv neutron-server[100439]: DEBUG neutron.api.rpc.handlers.resources_rpc [None req-05cba4cf-06cb-4ea2-9774-71a055a720b8 admin admin] Pushing event deleted for resources: {'SecurityGroup': ['ID=3e0459b0-50c2-4f82-8b45-842085e75c45,revision_number=None']} {{(pid=100439) push /opt/stack/neutron/neutron/api/rpc/handlers/resources_rpc.py:237}}
Oct 24 09:59:03.133355 dv-neutron-743142-27-hyperv neutron-server[100439]: DEBUG neutron.wsgi [-] (100439) accepted ('10.222.0.30', 53459) {{(pid=100439) server /usr/local/lib/python3.8/dist-packages/eventlet/wsgi.py:982}}
Oct 24 09:59:03.253662 dv-neutron-743142-27-hyperv neutron-server[100440]: DEBUG neutron.api.rpc.handlers.dhcp_rpc [None req-2d0dff58-13b9-4892-80e1-45f32fb448c1 None None] Network 266dc253-efe0-4f34-b0ab-c128a0dc8b45 requested from dv-neutron-743142-27-hyperv {{(pid=100440) get_network_info /opt/stack/neutron/neutron/api/rpc/handlers/dhcp_rpc.py:218}}
Oct 24 09:59:03.347501 dv-neutron-743142-27-hyperv neutron-server[100438]: DEBUG neutron_lib.callbacks.manager [req-35f3dcb7-c047-4a78-89ba-663b16da4839 req-7ba45418-996e-4502-8f93-4d3d9dbc955b service neutron] Publish callbacks ['neutron.plugins.ml2.plugin.SecurityGroupDbMixin._ensure_default_security_group_handler-1976140'] for port, before_update {{(pid=100438) _notify_loop /usr/local/lib/python3.8/dist-packages/neutron_lib/callbacks/manager.py:175}}
Oct 24 09:59:03.358573 dv-neutron-743142-27-hyperv neutron-server[100440]: DEBUG neutron.db.provisioning_blocks [None req-240beff3-27c2-4003-9822-40bcaf28c6ac None None] Provisioning complete for port 2ced04c5-fe37-4b5d-a573-1eb3528c5ffc triggered by entity DHCP. {{(pid=100440) provisioning_complete /opt/stack/neutron/neutron/db/provisioning_blocks.py:139}}
Oct 24 09:59:03.359218 dv-neutron-743142-27-hyperv neutron-server[100440]: DEBUG neutron_lib.callbacks.manager [None req-240beff3-27c2-4003-9822-40bcaf28c6ac None None] Publish callbacks ['neutron.plugins.ml2.plugin.Ml2Plugin._port_provisioned-1991806'] for port, provisioning_complete {{(pid=100440) _notify_loop /usr/local/lib/python3.8/dist-packages/neutron_lib/callbacks/manager.py:175}}
Oct 24 09:59:03.379297 dv-neutron-743142-27-hyperv neutron-server[100439]: DEBUG neutron.pecan_wsgi.hooks.policy_enforcement [req-c9518274-5dd8-419f-950f-9b8c36d75004 req-d99acc18-3956-4de2-aafa-ebd6e6f9aa56 tempest-ServersTestJSON-786781073 tempest-ServersTestJSON-786781073-project] Attributes excluded by policy engine: ['standard_attr_id', 'vlan_transparent', 'provider:network_type', 'provider:physical_network', 'provider:segmentation_id'] {{(pid=100439) _exclude_attributes_by_policy /opt/stack/neutron/neutron/pecan_wsgi/hooks/policy_enforcement.py:255}}
Oct 24 09:59:03.380995 dv-neutron-743142-27-hyperv neutron-server[100439]: INFO neutron.wsgi [req-c9518274-5dd8-419f-950f-9b8c36d75004 req-d99acc18-3956-4de2-aafa-ebd6e6f9aa56 tempest-ServersTestJSON-786781073 tempest-ServersTestJSON-786781073-project] 10.222.0.30 "GET /v2.0/networks?id=24a4a4c1-9487-4eb8-ba54-dd40e36483b9 HTTP/1.1" status: 200 len: 805 time: 0.2464588
Oct 24 09:59:03.387393 dv-neutron-743142-27-hyperv neutron-server[100439]: INFO neutron.wsgi [None req-82494e13-ffa7-43cb-823c-af80dfa93e23 admin admin] 10.222.0.24 "GET /v2.0/security-groups?tenant_id=10147fdae1f8481bb60f80beeb5009d5&name=default HTTP/1.1" status: 200 len: 2979 time: 0.3427455
Oct 24 09:59:03.387784 dv-neutron-743142-27-hyperv neutron-server[100439]: DEBUG neutron.wsgi [-] (100439) accepted ('10.222.0.24', 48620) {{(pid=100439) server /usr/local/lib/python3.8/dist-packages/eventlet/wsgi.py:982}}
Oct 24 09:59:03.392751 dv-neutron-743142-27-hyperv neutron-server[100438]: DEBUG neutron_lib.callbacks.manager [None req-de67594b-8294-41ac-8310-ce98b680d2eb tempest-NetworksTestDHCPv6-2008434695 tempest-NetworksTestDHCPv6-2008434695-project] Publish callbacks ['neutron.services.l3_router.l3_router_plugin.L3_NAT_dbonly_mixin._precommit_delete_port_callback-1011966'] for port, precommit_delete {{(pid=100438) _notify_loop /usr/local/lib/python3.8/dist-packages/neutron_lib/callbacks/manager.py:175}}
Oct 24 09:59:03.443528 dv-neutron-743142-27-hyperv neutron-server[100438]: DEBUG neutron.plugins.ml2.plugin [None req-de67594b-8294-41ac-8310-ce98b680d2eb tempest-NetworksTestDHCPv6-2008434695 tempest-NetworksTestDHCPv6-2008434695-project] Calling delete_port for 04ab775f-2cd4-4e2f-9fb6-5d89e0932845 owned by {{(pid=100438) delete_port /opt/stack/neutron/neutron/plugins/ml2/plugin.py:2010}}
Oct 24 09:59:03.461430 dv-neutron-743142-27-hyperv neutron-server[100439]: INFO neutron.wsgi [req-c9518274-5dd8-419f-950f-9b8c36d75004 req-909044c9-5af6-4039-86b9-dae3935d6881 tempest-ServersTestJSON-786781073 tempest-ServersTestJSON-786781073-project] 10.222.0.30 "GET /v2.0/security-groups?fields=id&fields=name&tenant_id=7a7452b1718b4b3db55d0eff888afa30 HTTP/1.1" status: 200 len: 379 time: 0.0661469
Oct 24 09:59:03.464661 dv-neutron-743142-27-hyperv neutron-server[100438]: DEBUG neutron.pecan_wsgi.hooks.policy_enforcement [req-e5c0d76b-43c0-4a8d-9664-81e00d163ba2 req-778e9682-82f0-4ea4-9578-be4475f3c419 tempest-ServerActionsTestJSON-231091495 tempest-ServerActionsTestJSON-231091495-project] Attributes excluded by policy engine: ['standard_attr_id', 'binding:profile', 'binding:host_id', 'binding:vif_type', 'binding:vif_details'] {{(pid=100438) _exclude_attributes_by_policy /opt/stack/neutron/neutron/pecan_wsgi/hooks/policy_enforcement.py:255}}
Oct 24 09:59:03.473596 dv-neutron-743142-27-hyperv neutron-server[100438]: INFO neutron.wsgi [req-e5c0d76b-43c0-4a8d-9664-81e00d163ba2 req-778e9682-82f0-4ea4-9578-be4475f3c419 tempest-ServerActionsTestJSON-231091495 tempest-ServerActionsTestJSON-231091495-project] 10.222.0.24 "GET /v2.0/ports?device_id=ed8baee1-fe11-4224-aeaf-c00234613b18 HTTP/1.1" status: 200 len: 931 time: 0.2441161
Oct 24 09:59:03.482141 dv-neutron-743142-27-hyperv neutron-server[100438]: DEBUG neutron_lib.callbacks.manager [None req-14b0d736-d153-4470-9692-8cadd083cee3 tempest-RoutersIpV6AdminTest-1713501845 tempest-RoutersIpV6AdminTest-1713501845-project-admin] Publish callbacks [] for port, precommit_create {{(pid=100438) _notify_loop /usr/local/lib/python3.8/dist-packages/neutron_lib/callbacks/manager.py:175}}
Oct 24 09:59:03.482774 dv-neutron-743142-27-hyperv neutron-server[100439]: DEBUG neutron.api.v2.base [req-c9518274-5dd8-419f-950f-9b8c36d75004 req-c277d4c9-ed02-4dbf-9bed-8a0f694df376 tempest-ServersTestJSON-786781073 tempest-ServersTestJSON-786781073-project] Request body: {'port': {'device_id': '68e16c8b-f2c7-4b9e-ae2b-39fb9d791c07', 'network_id': '24a4a4c1-9487-4eb8-ba54-dd40e36483b9', 'admin_state_up': True, 'tenant_id': '7a7452b1718b4b3db55d0eff888afa30', 'security_groups': ['edd37f12-2074-403f-9033-2d73ebaf2705']}} {{(pid=100439) prepare_request_body /opt/stack/neutron/neutron/api/v2/base.py:729}}
Oct 24 09:59:03.599072 dv-neutron-743142-27-hyperv neutron-server[100439]: DEBUG neutron.wsgi [-] (100439) accepted ('10.222.0.30', 53462) {{(pid=100439) server /usr/local/lib/python3.8/dist-packages/eventlet/wsgi.py:982}}
Oct 24 09:59:03.685082 dv-neutron-743142-27-hyperv neutron-server[100439]: DEBUG neutron_lib.callbacks.manager [None req-3d342199-3ca8-4c3c-81da-d35c83bb1a14 admin admin] Publish callbacks [] for security_group, before_delete {{(pid=100439) _notify_loop /usr/local/lib/python3.8/dist-packages/neutron_lib/callbacks/manager.py:175}}
Oct 24 09:59:03.696839 dv-neutron-743142-27-hyperv neutron-server[100438]: INFO neutron.wsgi [req-e5c0d76b-43c0-4a8d-9664-81e00d163ba2 req-80e86ab2-844e-4c5e-b2ba-f8f8208d724b tempest-ServerActionsTestJSON-231091495 tempest-ServerActionsTestJSON-231091495-project] 10.222.0.24 "GET /v2.0/security-groups?id=71f116cf-a8e6-415d-89da-8b7f9122c6d2&fields=id&fields=name HTTP/1.1" status: 200 len: 313 time: 0.2223470
Oct 24 09:59:03.713854 dv-neutron-743142-27-hyperv neutron-server[100439]: DEBUG neutron_lib.callbacks.manager [None req-3d342199-3ca8-4c3c-81da-d35c83bb1a14 admin admin] Publish callbacks [] for security_group, precommit_delete {{(pid=100439) _notify_loop /usr/local/lib/python3.8/dist-packages/neutron_lib/callbacks/manager.py:175}}
Oct 24 09:59:03.737681 dv-neutron-743142-27-hyperv neutron-server[100440]: DEBUG neutron.db.l3_hamode_db [None req-85584fb6-03d9-4568-bbfb-8dac35d53ab1 None None] neutron.services.l3_router.l3_router_plugin.L3RouterPlugin method _process_sync_ha_data called with arguments (, [{'id': '5f3af0cd-19d9-465a-815a-8f4c58be7bb2', 'name': 'tempest-snat-router-388987244', 'tenant_id': 'fa2c6ecbc2f54c15adf4b51869248a3f', 'admin_state_up': True, 'status': 'ACTIVE', 'external_gateway_info': {'network_id': 'beffc5c9-1841-48f8-8af0-5b5e4fda125f', 'external_fixed_ips': [{'subnet_id': '993f8766-0ef8-47a0-83b0-3cae887a300c', 'ip_address': '172.26.4.61'}], 'enable_snat': False}, 'gw_port_id': 'c3c6c7e4-e4b9-4052-8351-56acc19fd203', 'description': '', 'availability_zones': ['nova'], 'distributed': False, 'ha': False, 'ha_vr_id': 0, 'availability_zone_hints': [], 'routes': [], 'flavor_id': None, 'tags': [], 'created_at': '2021-10-24T09:58:55Z', 'updated_at': '2021-10-24T09:58:58Z', 'revision_number': 3, 'project_id': 'fa2c6ecbc2f54c15adf4b51869248a3f', 'gw_port': {'id': 'c3c6c7e4-e4b9-4052-8351-56acc19fd203', 'name': '', 'network_id': 'beffc5c9-1841-48f8-8af0-5b5e4fda125f', 'tenant_id': '', 'mac_address': 'fa:16:3e:b7:f1:63', 'admin_state_up': True, 'status': 'DOWN', 'device_id': '5f3af0cd-19d9-465a-815a-8f4c58be7bb2', 'device_owner': 'network:router_gateway', 'standard_attr_id': 196, 'fixed_ips': [{'subnet_id': '993f8766-0ef8-47a0-83b0-3cae887a300c', 'ip_address': '172.26.4.61', 'prefixlen': 24}], 'allowed_address_pairs': [], 'extra_dhcp_opts': [], 'security_groups': [], 'description': '', 'binding:vnic_type': 'normal', 'binding:profile': {}, 'binding:host_id': 'dv-neutron-743142-27-hyperv', 'binding:vif_type': 'ovs', 'binding:vif_details': {'connectivity': 'l2', 'port_filter': True, 'ovs_hybrid_plug': False, 'datapath_type': 'system', 'bridge_name': 'br-int'}, 'port_security_enabled': False, 'tags': [], 'created_at': '2021-10-24T09:58:57Z', 'updated_at': '2021-10-24T09:59:02Z', 'revision_number': 3, 'project_id': '', 'subnets': [{'id': '993f8766-0ef8-47a0-83b0-3cae887a300c', 'cidr': '172.26.4.0/24', 'gateway_ip': '172.26.4.1', 'dns_nameservers': [], 'ipv6_ra_mode': None, 'subnetpool_id': None}], 'extra_subnets': [], 'address_scopes': {4: None, 6: None}, 'mtu': 1500}, 'enable_snat': False, 'gw_port_host': 'dv-neutron-743142-27-hyperv'}], 'dv-neutron-743142-27-hyperv', False) {} {{(pid=100440) wrapper /usr/local/lib/python3.8/dist-packages/oslo_log/helpers.py:65}}
Oct 24 09:59:03.783225 dv-neutron-743142-27-hyperv neutron-server[100440]: DEBUG neutron.api.rpc.handlers.l3_rpc [None req-85584fb6-03d9-4568-bbfb-8dac35d53ab1 None None] The sync data for ids ['5f3af0cd-19d9-465a-815a-8f4c58be7bb2'] in dv-neutron-743142-27-hyperv is: [{'id': '5f3af0cd-19d9-465a-815a-8f4c58be7bb2', 'name': 'tempest-snat-router-388987244', 'tenant_id': 'fa2c6ecbc2f54c15adf4b51869248a3f', 'admin_state_up': True, 'status': 'ACTIVE', 'external_gateway_info': {'network_id': 'beffc5c9-1841-48f8-8af0-5b5e4fda125f', 'external_fixed_ips': [{'subnet_id': '993f8766-0ef8-47a0-83b0-3cae887a300c', 'ip_address': '172.26.4.61'}], 'enable_snat': False}, 'gw_port_id': 'c3c6c7e4-e4b9-4052-8351-56acc19fd203', 'description': '', 'availability_zones': ['nova'], 'distributed': False, 'ha': False, 'ha_vr_id': 0, 'availability_zone_hints': [], 'routes': [], 'flavor_id': None, 'tags': [], 'created_at': '2021-10-24T09:58:55Z', 'updated_at': '2021-10-24T09:58:58Z', 'revision_number': 3, 'project_id': 'fa2c6ecbc2f54c15adf4b51869248a3f', 'gw_port': {'id': 'c3c6c7e4-e4b9-4052-8351-56acc19fd203', 'name': '', 'network_id': 'beffc5c9-1841-48f8-8af0-5b5e4fda125f', 'tenant_id': '', 'mac_address': 'fa:16:3e:b7:f1:63', 'admin_state_up': True, 'status': 'DOWN', 'device_id': '5f3af0cd-19d9-465a-815a-8f4c58be7bb2', 'device_owner': 'network:router_gateway', 'standard_attr_id': 196, 'fixed_ips': [{'subnet_id': '993f8766-0ef8-47a0-83b0-3cae887a300c', 'ip_address': '172.26.4.61', 'prefixlen': 24}], 'allowed_address_pairs': [], 'extra_dhcp_opts': [], 'security_groups': [], 'description': '', 'binding:vnic_type': 'normal', 'binding:profile': {}, 'binding:host_id': 'dv-neutron-743142-27-hyperv', 'binding:vif_type': 'ovs', 'binding:vif_details': {'connectivity': 'l2', 'port_filter': True, 'ovs_hybrid_plug': False, 'datapath_type': 'system', 'bridge_name': 'br-int'}, 'port_security_enabled': False, 'tags': [], 'created_at': '2021-10-24T09:58:57Z', 'updated_at': '2021-10-24T09:59:02Z', 'revision_number': 3, 'project_id': '', 'subnets': [{'id': '993f8766-0ef8-47a0-83b0-3cae887a300c', 'cidr': '172.26.4.0/24', 'gateway_ip': '172.26.4.1', 'dns_nameservers': [], 'ipv6_ra_mode': None, 'subnetpool_id': None}], 'extra_subnets': [], 'address_scopes': {4: None, 6: None}, 'mtu': 1500}, 'enable_snat': False, 'gw_port_host': 'dv-neutron-743142-27-hyperv'}] {{(pid=100440) sync_routers /opt/stack/neutron/neutron/api/rpc/handlers/l3_rpc.py:137}}
Oct 24 09:59:03.789067 dv-neutron-743142-27-hyperv neutron-server[100439]: DEBUG neutron_lib.callbacks.manager [None req-3d342199-3ca8-4c3c-81da-d35c83bb1a14 admin admin] Publish callbacks ['neutron.plugins.ml2.ovo_rpc._ObjectChangeHandler.handle_event-572684'] for security_group, after_delete {{(pid=100439) _notify_loop /usr/local/lib/python3.8/dist-packages/neutron_lib/callbacks/manager.py:175}}
Oct 24 09:59:03.797873 dv-neutron-743142-27-hyperv neutron-server[100439]: DEBUG neutron_lib.callbacks.manager [None req-3d342199-3ca8-4c3c-81da-d35c83bb1a14 admin admin] Publish callbacks [] for security_group, before_response {{(pid=100439) _notify_loop /usr/local/lib/python3.8/dist-packages/neutron_lib/callbacks/manager.py:175}}
Oct 24 09:59:03.801679 dv-neutron-743142-27-hyperv neutron-server[100439]: INFO neutron.wsgi [None req-3d342199-3ca8-4c3c-81da-d35c83bb1a14 admin admin] 10.222.0.24 "DELETE /v2.0/security-groups/8b6929dd-181c-4282-b54d-6c1e3555aff2 HTTP/1.1" status: 204 len: 168 time: 0.4131379
Oct 24 09:59:03.825358 dv-neutron-743142-27-hyperv neutron-server[100440]: DEBUG neutron_lib.callbacks.manager [None req-240beff3-27c2-4003-9822-40bcaf28c6ac None None] Publish callbacks ['neutron.plugins.ml2.plugin.SecurityGroupDbMixin._ensure_default_security_group_handler-1976140'] for port, before_update {{(pid=100440) _notify_loop /usr/local/lib/python3.8/dist-packages/neutron_lib/callbacks/manager.py:175}}
Oct 24 09:59:03.857907 dv-neutron-743142-27-hyperv neutron-server[100439]: DEBUG neutron.api.rpc.handlers.resources_rpc [None req-3d342199-3ca8-4c3c-81da-d35c83bb1a14 admin admin] Pushing event deleted for resources: {'SecurityGroup': ['ID=8b6929dd-181c-4282-b54d-6c1e3555aff2,revision_number=None']} {{(pid=100439) push /opt/stack/neutron/neutron/api/rpc/handlers/resources_rpc.py:237}}
Oct 24 09:59:03.905735 dv-neutron-743142-27-hyperv neutron-server[100440]: DEBUG neutron.plugins.ml2.db [None req-240beff3-27c2-4003-9822-40bcaf28c6ac None None] For port 2ced04c5-fe37-4b5d-a573-1eb3528c5ffc, host dv-neutron-743142-27-hyperv, got binding levels [PortBindingLevel(driver='openvswitch',host='dv-neutron-743142-27-hyperv',level=0,port_id=2ced04c5-fe37-4b5d-a573-1eb3528c5ffc,segment=NetworkSegment(0ec2ac7e-a66c-4fd4-88e5-7bbd54136169),segment_id=0ec2ac7e-a66c-4fd4-88e5-7bbd54136169)] {{(pid=100440) get_binding_level_objs /opt/stack/neutron/neutron/plugins/ml2/db.py:74}}
Oct 24 09:59:03.940212 dv-neutron-743142-27-hyperv neutron-server[100440]: DEBUG neutron_lib.callbacks.manager [None req-240beff3-27c2-4003-9822-40bcaf28c6ac None None] Publish callbacks ['neutron.plugins.ml2.plugin.SecurityGroupServerNotifierRpcMixin._notify_sg_on_port_change-1975274', 'neutron.plugins.ml2.ovo_rpc._ObjectChangeHandler.handle_event-408406', 'neutron.api.rpc.agentnotifiers.dhcp_rpc_agent_api.DhcpAgentNotifyAPI._native_event_send_dhcp_notification-620937', 'neutron.db.l3_db.L3RpcNotifierMixin._notify_gateway_port_ip_changed-8765097903845', 'neutron.db.l3_dvrscheduler_db._notify_l3_agent_port_update-8765097428062', 'neutron.db.l3_hascheduler_db._notify_l3_agent_ha_port_update-8765097428080'] for port, after_update {{(pid=100440) _notify_loop /usr/local/lib/python3.8/dist-packages/neutron_lib/callbacks/manager.py:175}}
Oct 24 09:59:03.988173 dv-neutron-743142-27-hyperv neutron-server[100439]: DEBUG neutron.pecan_wsgi.hooks.quota_enforcement [req-c9518274-5dd8-419f-950f-9b8c36d75004 req-c277d4c9-ed02-4dbf-9bed-8a0f694df376 tempest-ServersTestJSON-786781073 tempest-ServersTestJSON-786781073-project] Made reservation on behalf of 7a7452b1718b4b3db55d0eff888afa30 for: {'port': 1} {{(pid=100439) before /opt/stack/neutron/neutron/pecan_wsgi/hooks/quota_enforcement.py:53}}
Oct 24 09:59:03.994691 dv-neutron-743142-27-hyperv neutron-server[100439]: DEBUG neutron_lib.callbacks.manager [req-c9518274-5dd8-419f-950f-9b8c36d75004 req-c277d4c9-ed02-4dbf-9bed-8a0f694df376 tempest-ServersTestJSON-786781073 tempest-ServersTestJSON-786781073-project] Publish callbacks ['neutron.plugins.ml2.plugin.SecurityGroupDbMixin._ensure_default_security_group_handler-1976140'] for port, before_create {{(pid=100439) _notify_loop /usr/local/lib/python3.8/dist-packages/neutron_lib/callbacks/manager.py:175}}
Oct 24 09:59:04.041824 dv-neutron-743142-27-hyperv neutron-server[100439]: DEBUG neutron.pecan_wsgi.hooks.policy_enforcement [req-23811a66-29ac-444b-b688-818f0e9c6ab8 req-21a3b464-1b9d-4ed1-bbcb-e02da559d43c tempest-ServersTestManualDisk-845857992 tempest-ServersTestManualDisk-845857992-project] Attributes excluded by policy engine: ['standard_attr_id', 'vlan_transparent', 'provider:network_type', 'provider:physical_network', 'provider:segmentation_id'] {{(pid=100439) _exclude_attributes_by_policy /opt/stack/neutron/neutron/pecan_wsgi/hooks/policy_enforcement.py:255}}
Oct 24 09:59:04.043525 dv-neutron-743142-27-hyperv neutron-server[100439]: INFO neutron.wsgi [req-23811a66-29ac-444b-b688-818f0e9c6ab8 req-21a3b464-1b9d-4ed1-bbcb-e02da559d43c tempest-ServersTestManualDisk-845857992 tempest-ServersTestManualDisk-845857992-project] 10.222.0.30 "GET /v2.0/networks?id=b42e9c78-7e3d-42f5-b89e-f07610a25e87 HTTP/1.1" status: 200 len: 812 time: 0.4392087
Oct 24 09:59:04.083475 dv-neutron-743142-27-hyperv neutron-server[100440]: DEBUG neutron.plugins.ml2.rpc [None req-22e81f49-a9a2-4fce-9b36-fdfea5023f49 None None] Device 2ced04c5-fe37-4b5d-a573-1eb3528c5ffc up at agent ovs-agent-dv-neutron-743142-27-hyperv {{(pid=100440) update_device_up /opt/stack/neutron/neutron/plugins/ml2/rpc.py:296}}
Oct 24 09:59:04.139867 dv-neutron-743142-27-hyperv neutron-server[100440]: DEBUG neutron.api.rpc.handlers.resources_rpc [None req-240beff3-27c2-4003-9822-40bcaf28c6ac None None] Pushing event updated for resources: {'Port': ['ID=2ced04c5-fe37-4b5d-a573-1eb3528c5ffc,revision_number=3']} {{(pid=100440) push /opt/stack/neutron/neutron/api/rpc/handlers/resources_rpc.py:237}}
Oct 24 09:59:04.145301 dv-neutron-743142-27-hyperv neutron-server[100438]: INFO neutron.wsgi [req-bf65a20f-9ae3-4e47-9bba-741c2241f5af req-2c8839d5-29b5-44f9-9a04-327b2dc0d920 tempest-ServersTestJSON-786781073 tempest-ServersTestJSON-786781073-project] 10.222.0.24 "GET /v2.0/ports?device_id=68e16c8b-f2c7-4b9e-ae2b-39fb9d791c07 HTTP/1.1" status: 200 len: 210 time: 0.1110184
Oct 24 09:59:04.186677 dv-neutron-743142-27-hyperv neutron-server[100438]: DEBUG neutron_lib.callbacks.manager [None req-14b0d736-d153-4470-9692-8cadd083cee3 tempest-RoutersIpV6AdminTest-1713501845 tempest-RoutersIpV6AdminTest-1713501845-project-admin] Publish callbacks ['neutron.plugins.ml2.plugin.SecurityGroupServerNotifierRpcMixin._notify_sg_on_port_change-1975274', 'neutron.plugins.ml2.ovo_rpc._ObjectChangeHandler.handle_event-408406', 'neutron.api.rpc.agentnotifiers.dhcp_rpc_agent_api.DhcpAgentNotifyAPI._native_event_send_dhcp_notification-620937', 'neutron.db.l3_dvrscheduler_db._notify_l3_agent_new_port-8765097428044', 'neutron.services.segments.plugin.NovaSegmentNotifier._notify_port_created_or_deleted-14238135'] for port, after_create {{(pid=100438) _notify_loop /usr/local/lib/python3.8/dist-packages/neutron_lib/callbacks/manager.py:175}}
Oct 24 09:59:04.220476 dv-neutron-743142-27-hyperv neutron-server[100440]: DEBUG neutron.db.provisioning_blocks [None req-22e81f49-a9a2-4fce-9b36-fdfea5023f49 None None] Provisioning complete for port 2ced04c5-fe37-4b5d-a573-1eb3528c5ffc triggered by entity L2. {{(pid=100440) provisioning_complete /opt/stack/neutron/neutron/db/provisioning_blocks.py:139}}
Oct 24 09:59:04.221301 dv-neutron-743142-27-hyperv neutron-server[100440]: DEBUG neutron_lib.callbacks.manager [None req-22e81f49-a9a2-4fce-9b36-fdfea5023f49 None None] Publish callbacks ['neutron.plugins.ml2.plugin.Ml2Plugin._port_provisioned-1991806'] for port, provisioning_complete {{(pid=100440) _notify_loop /usr/local/lib/python3.8/dist-packages/neutron_lib/callbacks/manager.py:175}}
Oct 24 09:59:04.248629 dv-neutron-743142-27-hyperv neutron-server[100439]: DEBUG neutron.db.db_base_plugin_common [None req-f0ee5159-e0db-4e2c-be1b-3d0c5c0e3027 tempest-FloatingIPAdminTestJSON-1416522478 tempest-FloatingIPAdminTestJSON-1416522478-project-admin] Allocated IP 172.26.4.65 (beffc5c9-1841-48f8-8af0-5b5e4fda125f/993f8766-0ef8-47a0-83b0-3cae887a300c/854cf9b4-31b0-4004-a2cf-f3a0db6a273b) {{(pid=100439) _store_ip_allocation /opt/stack/neutron/neutron/db/db_base_plugin_common.py:131}}
Oct 24 09:59:04.257021 dv-neutron-743142-27-hyperv neutron-server[100438]: INFO neutron.wsgi [req-ed5f5929-00e9-4565-adad-04a54f53ff6d req-c6f71cae-7f3b-42bb-ad87-52b944dfd5a2 tempest-ServersTestManualDisk-845857992 tempest-ServersTestManualDisk-845857992-project] 10.222.0.24 "GET /v2.0/ports?device_id=b14b5376-6a90-4f98-813a-ee5f8243fe54 HTTP/1.1" status: 200 len: 210 time: 0.0915272
Oct 24 09:59:04.281005 dv-neutron-743142-27-hyperv neutron-server[100439]: INFO neutron.wsgi [req-23811a66-29ac-444b-b688-818f0e9c6ab8 req-38e8de05-e548-4007-9f8c-01d6956381ea tempest-ServersTestManualDisk-845857992 tempest-ServersTestManualDisk-845857992-project] 10.222.0.30 "GET /v2.0/security-groups?fields=id&fields=name&tenant_id=ccd6ed0d53a041649e3ace6f155059db HTTP/1.1" status: 200 len: 380 time: 0.2241969
Oct 24 09:59:04.282325 dv-neutron-743142-27-hyperv neutron-server[100438]: DEBUG neutron.scheduler.dhcp_agent_scheduler [None req-14b0d736-d153-4470-9692-8cadd083cee3 tempest-RoutersIpV6AdminTest-1713501845 tempest-RoutersIpV6AdminTest-1713501845-project-admin] Network beffc5c9-1841-48f8-8af0-5b5e4fda125f is already hosted by enough agents. {{(pid=100438) _get_dhcp_agents_hosting_network /opt/stack/neutron/neutron/scheduler/dhcp_agent_scheduler.py:275}}
Oct 24 09:59:04.291612 dv-neutron-743142-27-hyperv neutron-server[100438]: DEBUG neutron.scheduler.base_scheduler [None req-14b0d736-d153-4470-9692-8cadd083cee3 tempest-RoutersIpV6AdminTest-1713501845 tempest-RoutersIpV6AdminTest-1713501845-project-admin] Resources bound (agent type, host, resource id): {{(pid=100438) schedule /opt/stack/neutron/neutron/scheduler/base_scheduler.py:57}}
Oct 24 09:59:04.294568 dv-neutron-743142-27-hyperv neutron-server[100438]: DEBUG neutron.db.l3_dvrscheduler_db [None req-14b0d736-d153-4470-9692-8cadd083cee3 tempest-RoutersIpV6AdminTest-1713501845 tempest-RoutersIpV6AdminTest-1713501845-project-admin] Received port after_create {{(pid=100438) _notify_l3_agent_new_port /opt/stack/neutron/neutron/db/l3_dvrscheduler_db.py:535}}
Oct 24 09:59:04.467984 dv-neutron-743142-27-hyperv neutron-server[100440]: DEBUG neutron.db.provisioning_blocks [None req-512a2e94-dba8-414d-afa6-0c1cdb364222 None None] Provisioning complete for port 2ced04c5-fe37-4b5d-a573-1eb3528c5ffc triggered by entity DHCP. {{(pid=100440) provisioning_complete /opt/stack/neutron/neutron/db/provisioning_blocks.py:139}}
Oct 24 09:59:04.468639 dv-neutron-743142-27-hyperv neutron-server[100440]: DEBUG neutron_lib.callbacks.manager [None req-512a2e94-dba8-414d-afa6-0c1cdb364222 None None] Publish callbacks ['neutron.plugins.ml2.plugin.Ml2Plugin._port_provisioned-1991806'] for port, provisioning_complete {{(pid=100440) _notify_loop /usr/local/lib/python3.8/dist-packages/neutron_lib/callbacks/manager.py:175}}
Oct 24 09:59:04.521448 dv-neutron-743142-27-hyperv neutron-server[100438]: DEBUG neutron.api.rpc.handlers.resources_rpc [None req-14b0d736-d153-4470-9692-8cadd083cee3 tempest-RoutersIpV6AdminTest-1713501845 tempest-RoutersIpV6AdminTest-1713501845-project-admin] Pushing event updated for resources: {'Port': ['ID=79f9846b-951a-496e-8926-93d7d3104561,revision_number=1']} {{(pid=100438) push /opt/stack/neutron/neutron/api/rpc/handlers/resources_rpc.py:237}}
Oct 24 09:59:04.538761 dv-neutron-743142-27-hyperv neutron-server[100439]: DEBUG neutron.api.v2.base [req-23811a66-29ac-444b-b688-818f0e9c6ab8 req-7bbda249-06ee-49ed-9080-74deb06ee8d5 tempest-ServersTestManualDisk-845857992 tempest-ServersTestManualDisk-845857992-project] Request body: {'port': {'device_id': 'b14b5376-6a90-4f98-813a-ee5f8243fe54', 'network_id': 'b42e9c78-7e3d-42f5-b89e-f07610a25e87', 'admin_state_up': True, 'tenant_id': 'ccd6ed0d53a041649e3ace6f155059db', 'security_groups': ['3acc6593-b2f5-498a-b43b-4a99137a0634']}} {{(pid=100439) prepare_request_body /opt/stack/neutron/neutron/api/v2/base.py:729}}
Oct 24 09:59:04.630697 dv-neutron-743142-27-hyperv neutron-server[100438]: DEBUG neutron_lib.callbacks.manager [None req-de67594b-8294-41ac-8310-ce98b680d2eb tempest-NetworksTestDHCPv6-2008434695 tempest-NetworksTestDHCPv6-2008434695-project] Publish callbacks ['neutron.plugins.ml2.plugin.SecurityGroupServerNotifierRpcMixin._notify_sg_on_port_change-1975274', 'neutron.plugins.ml2.ovo_rpc._ObjectChangeHandler.handle_event-408406', 'neutron.api.rpc.agentnotifiers.dhcp_rpc_agent_api.DhcpAgentNotifyAPI._native_event_send_dhcp_notification-620937', 'neutron.db.l3_db.L3RpcNotifierMixin._notify_routers_callback-8765097903827', 'neutron.db.l3_dvrscheduler_db._notify_port_delete-8765097428053', 'neutron.services.segments.plugin.NovaSegmentNotifier._notify_port_created_or_deleted-14238135'] for port, after_delete {{(pid=100438) _notify_loop /usr/local/lib/python3.8/dist-packages/neutron_lib/callbacks/manager.py:175}}
Oct 24 09:59:04.644973 dv-neutron-743142-27-hyperv neutron-server[100440]: DEBUG neutron.db.provisioning_blocks [None req-512a2e94-dba8-414d-afa6-0c1cdb364222 None None] Could not find standard attr ID for object 04ab775f-2cd4-4e2f-9fb6-5d89e0932845. {{(pid=100440) _get_standard_attr_id /opt/stack/neutron/neutron/db/provisioning_blocks.py:175}}
Oct 24 09:59:04.830723 dv-neutron-743142-27-hyperv neutron-server[100439]: DEBUG neutron_lib.callbacks.manager [None req-f0ee5159-e0db-4e2c-be1b-3d0c5c0e3027 tempest-FloatingIPAdminTestJSON-1416522478 tempest-FloatingIPAdminTestJSON-1416522478-project-admin] Publish callbacks [] for port, precommit_create {{(pid=100439) _notify_loop /usr/local/lib/python3.8/dist-packages/neutron_lib/callbacks/manager.py:175}}
Oct 24 09:59:04.863885 dv-neutron-743142-27-hyperv neutron-server[100440]: DEBUG neutron.db.provisioning_blocks [None req-ad994e85-7bfe-4501-b869-f57a2a2f6c3e None None] Could not find standard attr ID for object 04ab775f-2cd4-4e2f-9fb6-5d89e0932845. {{(pid=100440) _get_standard_attr_id /opt/stack/neutron/neutron/db/provisioning_blocks.py:175}}
Oct 24 09:59:04.895975 dv-neutron-743142-27-hyperv neutron-server[100439]: DEBUG neutron.wsgi [-] (100439) accepted ('10.222.0.24', 48666) {{(pid=100439) server /usr/local/lib/python3.8/dist-packages/eventlet/wsgi.py:982}}
Oct 24 09:59:04.911849 dv-neutron-743142-27-hyperv neutron-server[100439]: DEBUG neutron_lib.callbacks.manager [None req-f0ee5159-e0db-4e2c-be1b-3d0c5c0e3027 tempest-FloatingIPAdminTestJSON-1416522478 tempest-FloatingIPAdminTestJSON-1416522478-project-admin] Publish callbacks ['neutron.plugins.ml2.plugin.SecurityGroupServerNotifierRpcMixin._notify_sg_on_port_change-1975274', 'neutron.plugins.ml2.ovo_rpc._ObjectChangeHandler.handle_event-408406', 'neutron.api.rpc.agentnotifiers.dhcp_rpc_agent_api.DhcpAgentNotifyAPI._native_event_send_dhcp_notification-620937', 'neutron.db.l3_dvrscheduler_db._notify_l3_agent_new_port-8765097428044', 'neutron.services.segments.plugin.NovaSegmentNotifier._notify_port_created_or_deleted-13813960'] for port, after_create {{(pid=100439) _notify_loop /usr/local/lib/python3.8/dist-packages/neutron_lib/callbacks/manager.py:175}}
Oct 24 09:59:05.010419 dv-neutron-743142-27-hyperv neutron-server[100439]: DEBUG neutron.scheduler.dhcp_agent_scheduler [None req-f0ee5159-e0db-4e2c-be1b-3d0c5c0e3027 tempest-FloatingIPAdminTestJSON-1416522478 tempest-FloatingIPAdminTestJSON-1416522478-project-admin] Network beffc5c9-1841-48f8-8af0-5b5e4fda125f is already hosted by enough agents. {{(pid=100439) _get_dhcp_agents_hosting_network /opt/stack/neutron/neutron/scheduler/dhcp_agent_scheduler.py:275}}
Oct 24 09:59:05.023377 dv-neutron-743142-27-hyperv neutron-server[100439]: DEBUG neutron.scheduler.base_scheduler [None req-f0ee5159-e0db-4e2c-be1b-3d0c5c0e3027 tempest-FloatingIPAdminTestJSON-1416522478 tempest-FloatingIPAdminTestJSON-1416522478-project-admin] Resources bound (agent type, host, resource id): {{(pid=100439) schedule /opt/stack/neutron/neutron/scheduler/base_scheduler.py:57}}
Oct 24 09:59:05.031653 dv-neutron-743142-27-hyperv neutron-server[100439]: DEBUG neutron.db.l3_dvrscheduler_db [None req-f0ee5159-e0db-4e2c-be1b-3d0c5c0e3027 tempest-FloatingIPAdminTestJSON-1416522478 tempest-FloatingIPAdminTestJSON-1416522478-project-admin] Received port after_create {{(pid=100439) _notify_l3_agent_new_port /opt/stack/neutron/neutron/db/l3_dvrscheduler_db.py:535}}
Oct 24 09:59:05.035577 dv-neutron-743142-27-hyperv neutron-server[100439]: DEBUG neutron.db.db_base_plugin_common [req-c9518274-5dd8-419f-950f-9b8c36d75004 req-c277d4c9-ed02-4dbf-9bed-8a0f694df376 tempest-ServersTestJSON-786781073 tempest-ServersTestJSON-786781073-project] Allocated IP 172.20.0.11 (24a4a4c1-9487-4eb8-ba54-dd40e36483b9/ff09a88d-5b35-46e6-a126-044474d68cdd/4c6f9938-ce67-4b77-b1e5-764720334f15) {{(pid=100439) _store_ip_allocation /opt/stack/neutron/neutron/db/db_base_plugin_common.py:131}}
Oct 24 09:59:05.046074 dv-neutron-743142-27-hyperv neutron-server[100439]: DEBUG neutron.pecan_wsgi.hooks.quota_enforcement [req-23811a66-29ac-444b-b688-818f0e9c6ab8 req-7bbda249-06ee-49ed-9080-74deb06ee8d5 tempest-ServersTestManualDisk-845857992 tempest-ServersTestManualDisk-845857992-project] Made reservation on behalf of ccd6ed0d53a041649e3ace6f155059db for: {'port': 1} {{(pid=100439) before /opt/stack/neutron/neutron/pecan_wsgi/hooks/quota_enforcement.py:53}}
Oct 24 09:59:05.055353 dv-neutron-743142-27-hyperv neutron-server[100439]: DEBUG neutron_lib.callbacks.manager [req-23811a66-29ac-444b-b688-818f0e9c6ab8 req-7bbda249-06ee-49ed-9080-74deb06ee8d5 tempest-ServersTestManualDisk-845857992 tempest-ServersTestManualDisk-845857992-project] Publish callbacks ['neutron.plugins.ml2.plugin.SecurityGroupDbMixin._ensure_default_security_group_handler-1976140'] for port, before_create {{(pid=100439) _notify_loop /usr/local/lib/python3.8/dist-packages/neutron_lib/callbacks/manager.py:175}}
Oct 24 09:59:05.157642 dv-neutron-743142-27-hyperv neutron-server[100439]: DEBUG neutron.api.v2.base [None req-8e4ba055-68bf-4feb-93ed-9f00775e273a tempest-ExtraDHCPOptionsTestJSON-722536620 tempest-ExtraDHCPOptionsTestJSON-722536620-project] Request body: {'network': {'name': 'tempest-ExtraDHCPOptionsTestJSON-test-network-1616277218'}} {{(pid=100439) prepare_request_body /opt/stack/neutron/neutron/api/v2/base.py:729}}
Oct 24 09:59:05.180918 dv-neutron-743142-27-hyperv neutron-server[100438]: DEBUG neutron.api.rpc.handlers.resources_rpc [None req-de67594b-8294-41ac-8310-ce98b680d2eb tempest-NetworksTestDHCPv6-2008434695 tempest-NetworksTestDHCPv6-2008434695-project] Pushing event deleted for resources: {'Port': ['ID=04ab775f-2cd4-4e2f-9fb6-5d89e0932845,revision_number=None']} {{(pid=100438) push /opt/stack/neutron/neutron/api/rpc/handlers/resources_rpc.py:237}}
Oct 24 09:59:05.194674 dv-neutron-743142-27-hyperv neutron-server[100439]: DEBUG neutron.api.rpc.handlers.resources_rpc [None req-f0ee5159-e0db-4e2c-be1b-3d0c5c0e3027 tempest-FloatingIPAdminTestJSON-1416522478 tempest-FloatingIPAdminTestJSON-1416522478-project-admin] Pushing event updated for resources: {'Port': ['ID=854cf9b4-31b0-4004-a2cf-f3a0db6a273b,revision_number=1']} {{(pid=100439) push /opt/stack/neutron/neutron/api/rpc/handlers/resources_rpc.py:237}}
Oct 24 09:59:05.299875 dv-neutron-743142-27-hyperv neutron-server[100438]: DEBUG neutron_lib.callbacks.manager [None req-de67594b-8294-41ac-8310-ce98b680d2eb tempest-NetworksTestDHCPv6-2008434695 tempest-NetworksTestDHCPv6-2008434695-project] Publish callbacks ['neutron.notifiers.nova.Notifier._send_nova_notification-91142'] for port, before_response {{(pid=100438) _notify_loop /usr/local/lib/python3.8/dist-packages/neutron_lib/callbacks/manager.py:175}}
Oct 24 09:59:05.305612 dv-neutron-743142-27-hyperv neutron-server[100438]: INFO neutron.wsgi [None req-de67594b-8294-41ac-8310-ce98b680d2eb tempest-NetworksTestDHCPv6-2008434695 tempest-NetworksTestDHCPv6-2008434695-project] 10.222.0.24 "DELETE /v2.0/ports/04ab775f-2cd4-4e2f-9fb6-5d89e0932845 HTTP/1.1" status: 204 len: 168 time: 2.8971696
Oct 24 09:59:05.310390 dv-neutron-743142-27-hyperv neutron-server[100438]: DEBUG neutron.wsgi [-] (100438) accepted ('10.222.0.24', 48684) {{(pid=100438) server /usr/local/lib/python3.8/dist-packages/eventlet/wsgi.py:982}}
Oct 24 09:59:05.340884 dv-neutron-743142-27-hyperv neutron-server[100438]: INFO neutron.wsgi [req-6ff2ba87-9620-4664-84cc-d7a8ce0df852 req-c4b2d582-c603-45a7-88c6-85ce36b55352 tempest-ServersTestJSON-786781073 tempest-ServersTestJSON-786781073-project] 10.222.0.24 "GET /v2.0/ports?device_id=68e16c8b-f2c7-4b9e-ae2b-39fb9d791c07 HTTP/1.1" status: 200 len: 210 time: 0.0679359
Oct 24 09:59:05.387484 dv-neutron-743142-27-hyperv neutron-server[100439]: DEBUG neutron.db.db_base_plugin_common [req-23811a66-29ac-444b-b688-818f0e9c6ab8 req-7bbda249-06ee-49ed-9080-74deb06ee8d5 tempest-ServersTestManualDisk-845857992 tempest-ServersTestManualDisk-845857992-project] Allocated IP 172.20.0.8 (b42e9c78-7e3d-42f5-b89e-f07610a25e87/f7ccff75-61c1-46fd-9d0d-9eb567d87159/d3a5489a-939a-45ff-8ca0-6fbff7b45525) {{(pid=100439) _store_ip_allocation /opt/stack/neutron/neutron/db/db_base_plugin_common.py:131}}
Oct 24 09:59:05.408093 dv-neutron-743142-27-hyperv neutron-server[100438]: DEBUG neutron.pecan_wsgi.hooks.policy_enforcement [req-208c2a84-3dff-43d7-ad36-7804a4b5ed4c req-ff5845c0-b774-4c15-9de1-8cf01291b7a3 tempest-ServerActionsTestJSON-231091495 tempest-ServerActionsTestJSON-231091495-project] Attributes excluded by policy engine: ['standard_attr_id', 'binding:profile', 'binding:host_id', 'binding:vif_type', 'binding:vif_details'] {{(pid=100438) _exclude_attributes_by_policy /opt/stack/neutron/neutron/pecan_wsgi/hooks/policy_enforcement.py:255}}
Oct 24 09:59:05.410280 dv-neutron-743142-27-hyperv neutron-server[100438]: INFO neutron.wsgi [req-208c2a84-3dff-43d7-ad36-7804a4b5ed4c req-ff5845c0-b774-4c15-9de1-8cf01291b7a3 tempest-ServerActionsTestJSON-231091495 tempest-ServerActionsTestJSON-231091495-project] 10.222.0.24 "GET /v2.0/ports?device_id=ed8baee1-fe11-4224-aeaf-c00234613b18 HTTP/1.1" status: 200 len: 931 time: 0.3240492
Oct 24 09:59:05.449827 dv-neutron-743142-27-hyperv neutron-server[100439]: DEBUG neutron.pecan_wsgi.hooks.quota_enforcement [None req-8e4ba055-68bf-4feb-93ed-9f00775e273a tempest-ExtraDHCPOptionsTestJSON-722536620 tempest-ExtraDHCPOptionsTestJSON-722536620-project] Made reservation on behalf of 414c14f4fd064ced93209d2ad08da8e2 for: {'network': 1} {{(pid=100439) before /opt/stack/neutron/neutron/pecan_wsgi/hooks/quota_enforcement.py:53}}
Oct 24 09:59:05.453586 dv-neutron-743142-27-hyperv neutron-server[100439]: DEBUG neutron_lib.callbacks.manager [None req-8e4ba055-68bf-4feb-93ed-9f00775e273a tempest-ExtraDHCPOptionsTestJSON-722536620 tempest-ExtraDHCPOptionsTestJSON-722536620-project] Publish callbacks ['neutron.plugins.ml2.plugin.SecurityGroupDbMixin._ensure_default_security_group_handler-1976140'] for network, before_create {{(pid=100439) _notify_loop /usr/local/lib/python3.8/dist-packages/neutron_lib/callbacks/manager.py:175}}
Oct 24 09:59:05.476660 dv-neutron-743142-27-hyperv neutron-server[100439]: DEBUG neutron_lib.callbacks.manager [None req-8e4ba055-68bf-4feb-93ed-9f00775e273a tempest-ExtraDHCPOptionsTestJSON-722536620 tempest-ExtraDHCPOptionsTestJSON-722536620-project] Publish callbacks [] for security_group, before_create {{(pid=100439) _notify_loop /usr/local/lib/python3.8/dist-packages/neutron_lib/callbacks/manager.py:175}}
Oct 24 09:59:05.566173 dv-neutron-743142-27-hyperv neutron-server[100439]: DEBUG neutron_lib.callbacks.manager [None req-f0ee5159-e0db-4e2c-be1b-3d0c5c0e3027 tempest-FloatingIPAdminTestJSON-1416522478 tempest-FloatingIPAdminTestJSON-1416522478-project-admin] Publish callbacks [] for floatingip, precommit_create {{(pid=100439) _notify_loop /usr/local/lib/python3.8/dist-packages/neutron_lib/callbacks/manager.py:175}}
Oct 24 09:59:05.587084 dv-neutron-743142-27-hyperv neutron-server[100438]: DEBUG neutron.notifiers.nova [req-35f3dcb7-c047-4a78-89ba-663b16da4839 req-7ba45418-996e-4502-8f93-4d3d9dbc955b service neutron] Ignoring state change previous_port_status: DOWN current_port_status: DOWN port_id ff5712d6-5e37-4fde-b312-fdbc81b9a5f9 {{(pid=100438) record_port_status_changed /opt/stack/neutron/neutron/notifiers/nova.py:224}}
Oct 24 09:59:05.601983 dv-neutron-743142-27-hyperv neutron-server[100438]: INFO neutron.wsgi [req-0d0081a8-afe8-42c1-bcea-a66e63cd6ee4 req-567c7f82-67e5-4c25-afa5-7d46d57563b4 tempest-ServersTestManualDisk-845857992 tempest-ServersTestManualDisk-845857992-project] 10.222.0.24 "GET /v2.0/ports?device_id=b14b5376-6a90-4f98-813a-ee5f8243fe54 HTTP/1.1" status: 200 len: 210 time: 0.1142280
Oct 24 09:59:05.623042 dv-neutron-743142-27-hyperv neutron-server[100438]: DEBUG neutron_lib.callbacks.manager [req-35f3dcb7-c047-4a78-89ba-663b16da4839 req-7ba45418-996e-4502-8f93-4d3d9dbc955b service neutron] Publish callbacks [] for port, precommit_update {{(pid=100438) _notify_loop /usr/local/lib/python3.8/dist-packages/neutron_lib/callbacks/manager.py:175}}
Oct 24 09:59:05.653778 dv-neutron-743142-27-hyperv neutron-server[100438]: DEBUG neutron.pecan_wsgi.hooks.policy_enforcement [None req-e9526c1f-87cc-4a39-b11d-9dcc0ee2e04d tempest-NetworksTestDHCPv6-2008434695 tempest-NetworksTestDHCPv6-2008434695-project] Attributes excluded by policy engine: ['standard_attr_id', 'shared', 'segment_id'] {{(pid=100438) _exclude_attributes_by_policy /opt/stack/neutron/neutron/pecan_wsgi/hooks/policy_enforcement.py:255}}
Oct 24 09:59:05.657106 dv-neutron-743142-27-hyperv neutron-server[100438]: DEBUG neutron.pecan_wsgi.hooks.policy_enforcement [None req-e9526c1f-87cc-4a39-b11d-9dcc0ee2e04d tempest-NetworksTestDHCPv6-2008434695 tempest-NetworksTestDHCPv6-2008434695-project] Attributes excluded by policy engine: ['standard_attr_id', 'shared', 'segment_id'] {{(pid=100438) _exclude_attributes_by_policy /opt/stack/neutron/neutron/pecan_wsgi/hooks/policy_enforcement.py:255}}
Oct 24 09:59:05.658830 dv-neutron-743142-27-hyperv neutron-server[100438]: INFO neutron.wsgi [None req-e9526c1f-87cc-4a39-b11d-9dcc0ee2e04d tempest-NetworksTestDHCPv6-2008434695 tempest-NetworksTestDHCPv6-2008434695-project] 10.222.0.24 "GET /v2.0/subnets HTTP/1.1" status: 200 len: 1477 time: 0.3208702
Oct 24 09:59:05.666175 dv-neutron-743142-27-hyperv neutron-server[100438]: DEBUG neutron.wsgi [-] (100438) accepted ('10.222.0.24', 48692) {{(pid=100438) server /usr/local/lib/python3.8/dist-packages/eventlet/wsgi.py:982}}
Oct 24 09:59:05.706363 dv-neutron-743142-27-hyperv neutron-server[100439]: DEBUG neutron_lib.callbacks.manager [None req-f0ee5159-e0db-4e2c-be1b-3d0c5c0e3027 tempest-FloatingIPAdminTestJSON-1416522478 tempest-FloatingIPAdminTestJSON-1416522478-project-admin] Publish callbacks ['neutron.plugins.ml2.plugin.SecurityGroupDbMixin._ensure_default_security_group_handler-1976140'] for port, before_update {{(pid=100439) _notify_loop /usr/local/lib/python3.8/dist-packages/neutron_lib/callbacks/manager.py:175}}
Oct 24 09:59:05.713607 dv-neutron-743142-27-hyperv neutron-server[100438]: INFO neutron.wsgi [req-208c2a84-3dff-43d7-ad36-7804a4b5ed4c req-fa17300d-5cca-4248-a7d9-67beca289166 tempest-ServerActionsTestJSON-231091495 tempest-ServerActionsTestJSON-231091495-project] 10.222.0.24 "GET /v2.0/security-groups?id=71f116cf-a8e6-415d-89da-8b7f9122c6d2&fields=id&fields=name HTTP/1.1" status: 200 len: 313 time: 0.1964078
Oct 24 09:59:05.718076 dv-neutron-743142-27-hyperv neutron-server[100438]: DEBUG neutron.db.provisioning_blocks [req-35f3dcb7-c047-4a78-89ba-663b16da4839 req-7ba45418-996e-4502-8f93-4d3d9dbc955b service neutron] Transition to ACTIVE for port object ff5712d6-5e37-4fde-b312-fdbc81b9a5f9 will not be triggered until provisioned by entity L2. {{(pid=100438) add_provisioning_component /opt/stack/neutron/neutron/db/provisioning_blocks.py:73}}
Oct 24 09:59:05.729159 dv-neutron-743142-27-hyperv neutron-server[100438]: DEBUG neutron_lib.callbacks.manager [req-35f3dcb7-c047-4a78-89ba-663b16da4839 req-7ba45418-996e-4502-8f93-4d3d9dbc955b service neutron] Publish callbacks ['neutron.plugins.ml2.plugin.SecurityGroupServerNotifierRpcMixin._notify_sg_on_port_change-1975274', 'neutron.plugins.ml2.ovo_rpc._ObjectChangeHandler.handle_event-408406', 'neutron.api.rpc.agentnotifiers.dhcp_rpc_agent_api.DhcpAgentNotifyAPI._native_event_send_dhcp_notification-620937', 'neutron.db.l3_db.L3RpcNotifierMixin._notify_gateway_port_ip_changed-8765097903845', 'neutron.db.l3_dvrscheduler_db._notify_l3_agent_port_update-8765097428062', 'neutron.db.l3_hascheduler_db._notify_l3_agent_ha_port_update-8765097428080', 'neutron.services.segments.plugin.NovaSegmentNotifier._notify_port_updated-14238142'] for port, after_update {{(pid=100438) _notify_loop /usr/local/lib/python3.8/dist-packages/neutron_lib/callbacks/manager.py:175}}
Oct 24 09:59:05.765757 dv-neutron-743142-27-hyperv neutron-server[100438]: DEBUG neutron_lib.callbacks.manager [None req-14b0d736-d153-4470-9692-8cadd083cee3 tempest-RoutersIpV6AdminTest-1713501845 tempest-RoutersIpV6AdminTest-1713501845-project-admin] Publish callbacks [] for router_gateway, after_create {{(pid=100438) _notify_loop /usr/local/lib/python3.8/dist-packages/neutron_lib/callbacks/manager.py:175}}
Oct 24 09:59:05.797831 dv-neutron-743142-27-hyperv neutron-server[100439]: DEBUG neutron_lib.callbacks.manager [req-c9518274-5dd8-419f-950f-9b8c36d75004 req-c277d4c9-ed02-4dbf-9bed-8a0f694df376 tempest-ServersTestJSON-786781073 tempest-ServersTestJSON-786781073-project] Publish callbacks [] for port, precommit_create {{(pid=100439) _notify_loop /usr/local/lib/python3.8/dist-packages/neutron_lib/callbacks/manager.py:175}}
Oct 24 09:59:05.840267 dv-neutron-743142-27-hyperv neutron-server[100439]: DEBUG neutron_lib.callbacks.manager [None req-8e4ba055-68bf-4feb-93ed-9f00775e273a tempest-ExtraDHCPOptionsTestJSON-722536620 tempest-ExtraDHCPOptionsTestJSON-722536620-project] Publish callbacks [] for security_group, precommit_create {{(pid=100439) _notify_loop /usr/local/lib/python3.8/dist-packages/neutron_lib/callbacks/manager.py:175}}
Oct 24 09:59:05.882659 dv-neutron-743142-27-hyperv neutron-server[100438]: DEBUG neutron.db.db_base_plugin_v2 [None req-46613446-4971-401e-9d4b-8b543caf9971 tempest-NetworksTestDHCPv6-2008434695 tempest-NetworksTestDHCPv6-2008434695-project] Deleting subnet ec79a4fd-7a86-457a-8cec-dbb6bc1c755a {{(pid=100438) delete_subnet /opt/stack/neutron/neutron/db/db_base_plugin_v2.py:1058}}
Oct 24 09:59:05.918703 dv-neutron-743142-27-hyperv neutron-server[100439]: DEBUG neutron_lib.callbacks.manager [None req-8e4ba055-68bf-4feb-93ed-9f00775e273a tempest-ExtraDHCPOptionsTestJSON-722536620 tempest-ExtraDHCPOptionsTestJSON-722536620-project] Publish callbacks ['neutron.plugins.ml2.ovo_rpc._ObjectChangeHandler.handle_event-572684'] for security_group, after_create {{(pid=100439) _notify_loop /usr/local/lib/python3.8/dist-packages/neutron_lib/callbacks/manager.py:175}}
Oct 24 09:59:05.931526 dv-neutron-743142-27-hyperv neutron-server[100438]: DEBUG neutron_lib.callbacks.manager [None req-46613446-4971-401e-9d4b-8b543caf9971 tempest-NetworksTestDHCPv6-2008434695 tempest-NetworksTestDHCPv6-2008434695-project] Publish callbacks [] for subnet, before_delete {{(pid=100438) _notify_loop /usr/local/lib/python3.8/dist-packages/neutron_lib/callbacks/manager.py:175}}
Oct 24 09:59:05.962763 dv-neutron-743142-27-hyperv neutron-server[100439]: DEBUG neutron_lib.callbacks.manager [req-23811a66-29ac-444b-b688-818f0e9c6ab8 req-7bbda249-06ee-49ed-9080-74deb06ee8d5 tempest-ServersTestManualDisk-845857992 tempest-ServersTestManualDisk-845857992-project] Publish callbacks [] for port, precommit_create {{(pid=100439) _notify_loop /usr/local/lib/python3.8/dist-packages/neutron_lib/callbacks/manager.py:175}}
Oct 24 09:59:05.999317 dv-neutron-743142-27-hyperv neutron-server[100439]: DEBUG neutron.plugins.ml2.drivers.helpers [None req-8e4ba055-68bf-4feb-93ed-9f00775e273a tempest-ExtraDHCPOptionsTestJSON-722536620 tempest-ExtraDHCPOptionsTestJSON-722536620-project] vlan segment allocate from pool success with {'physical_network': 'physnet1', 'vlan_id': 300} {{(pid=100439) allocate_partially_specified_segment /opt/stack/neutron/neutron/plugins/ml2/drivers/helpers.py:153}}
Oct 24 09:59:06.017515 dv-neutron-743142-27-hyperv neutron-server[100438]: DEBUG neutron.api.rpc.handlers.resources_rpc [None req-7ba45418-996e-4502-8f93-4d3d9dbc955b service neutron] Pushing event updated for resources: {'Port': ['ID=ff5712d6-5e37-4fde-b312-fdbc81b9a5f9,revision_number=2']} {{(pid=100438) push /opt/stack/neutron/neutron/api/rpc/handlers/resources_rpc.py:237}}
Oct 24 09:59:06.052403 dv-neutron-743142-27-hyperv neutron-server[100440]: DEBUG neutron.plugins.ml2.rpc [None req-22e81f49-a9a2-4fce-9b36-fdfea5023f49 None None] Device 2ced04c5-fe37-4b5d-a573-1eb3528c5ffc up at agent ovs-agent-dv-neutron-743142-27-hyperv {{(pid=100440) update_device_up /opt/stack/neutron/neutron/plugins/ml2/rpc.py:296}}
