Oct 18 09:25:31.345878 dv-neutron-601336-101-hyperv devstack@n-api.service[99998]: DEBUG oslo_concurrency.lockutils [None req-7a1f6bdf-fe25-4650-a1be-b2d84867e729 None None] Lock "4a429c8e-e71c-4386-a1ae-f8a20452a817" released by "nova.context.set_target_cell..get_or_set_cached_cell_and_set_connections" :: held 0.002s {{(pid=99998) inner /usr/local/lib/python3.8/dist-packages/oslo_concurrency/lockutils.py:367}}
Oct 18 09:25:31.345988 dv-neutron-601336-101-hyperv devstack@n-api.service[99999]: DEBUG oslo_concurrency.lockutils [None req-82701770-7ccf-4697-a2c2-695aa71201c4 None None] Lock "4a429c8e-e71c-4386-a1ae-f8a20452a817" released by "nova.context.set_target_cell..get_or_set_cached_cell_and_set_connections" :: held 0.002s {{(pid=99999) inner /usr/local/lib/python3.8/dist-packages/oslo_concurrency/lockutils.py:367}}
Oct 18 09:25:31.358550 dv-neutron-601336-101-hyperv devstack@n-api.service[99999]: DEBUG oslo_db.sqlalchemy.engines [None req-82701770-7ccf-4697-a2c2-695aa71201c4 None None] MySQL server mode set to STRICT_TRANS_TABLES,STRICT_ALL_TABLES,NO_ZERO_IN_DATE,NO_ZERO_DATE,ERROR_FOR_DIVISION_BY_ZERO,TRADITIONAL,NO_ENGINE_SUBSTITUTION {{(pid=99999) _check_effective_sql_mode /usr/local/lib/python3.8/dist-packages/oslo_db/sqlalchemy/engines.py:314}}
Oct 18 09:25:31.359611 dv-neutron-601336-101-hyperv devstack@n-api.service[99999]: DEBUG oslo_db.sqlalchemy.engines [None req-82701770-7ccf-4697-a2c2-695aa71201c4 None None] MySQL server mode set to STRICT_TRANS_TABLES,STRICT_ALL_TABLES,NO_ZERO_IN_DATE,NO_ZERO_DATE,ERROR_FOR_DIVISION_BY_ZERO,TRADITIONAL,NO_ENGINE_SUBSTITUTION {{(pid=99999) _check_effective_sql_mode /usr/local/lib/python3.8/dist-packages/oslo_db/sqlalchemy/engines.py:314}}
Oct 18 09:25:31.362401 dv-neutron-601336-101-hyperv devstack@n-api.service[99998]: DEBUG oslo_db.sqlalchemy.engines [None req-7a1f6bdf-fe25-4650-a1be-b2d84867e729 None None] MySQL server mode set to STRICT_TRANS_TABLES,STRICT_ALL_TABLES,NO_ZERO_IN_DATE,NO_ZERO_DATE,ERROR_FOR_DIVISION_BY_ZERO,TRADITIONAL,NO_ENGINE_SUBSTITUTION {{(pid=99998) _check_effective_sql_mode /usr/local/lib/python3.8/dist-packages/oslo_db/sqlalchemy/engines.py:314}}
Oct 18 09:25:31.364684 dv-neutron-601336-101-hyperv devstack@n-api.service[99998]: DEBUG oslo_db.sqlalchemy.engines [None req-7a1f6bdf-fe25-4650-a1be-b2d84867e729 None None] MySQL server mode set to STRICT_TRANS_TABLES,STRICT_ALL_TABLES,NO_ZERO_IN_DATE,NO_ZERO_DATE,ERROR_FOR_DIVISION_BY_ZERO,TRADITIONAL,NO_ENGINE_SUBSTITUTION {{(pid=99998) _check_effective_sql_mode /usr/local/lib/python3.8/dist-packages/oslo_db/sqlalchemy/engines.py:314}}
Oct 18 09:25:31.626975 dv-neutron-601336-101-hyperv devstack@n-api.service[99998]: DEBUG oslo_db.sqlalchemy.engines [None req-7a1f6bdf-fe25-4650-a1be-b2d84867e729 None None] MySQL server mode set to STRICT_TRANS_TABLES,STRICT_ALL_TABLES,NO_ZERO_IN_DATE,NO_ZERO_DATE,ERROR_FOR_DIVISION_BY_ZERO,TRADITIONAL,NO_ENGINE_SUBSTITUTION {{(pid=99998) _check_effective_sql_mode /usr/local/lib/python3.8/dist-packages/oslo_db/sqlalchemy/engines.py:314}}
Oct 18 09:25:31.632061 dv-neutron-601336-101-hyperv devstack@n-api.service[99999]: DEBUG oslo_db.sqlalchemy.engines [None req-82701770-7ccf-4697-a2c2-695aa71201c4 None None] MySQL server mode set to STRICT_TRANS_TABLES,STRICT_ALL_TABLES,NO_ZERO_IN_DATE,NO_ZERO_DATE,ERROR_FOR_DIVISION_BY_ZERO,TRADITIONAL,NO_ENGINE_SUBSTITUTION {{(pid=99999) _check_effective_sql_mode /usr/local/lib/python3.8/dist-packages/oslo_db/sqlalchemy/engines.py:314}}
Oct 18 09:25:31.973535 dv-neutron-601336-101-hyperv devstack@n-api.service[99999]: WARNING keystonemiddleware.auth_token [None req-82701770-7ccf-4697-a2c2-695aa71201c4 None None] AuthToken middleware is set with keystone_authtoken.service_token_roles_required set to False. This is backwards compatible but deprecated behaviour. Please set this to True.
Oct 18 09:25:31.974708 dv-neutron-601336-101-hyperv devstack@n-api.service[99998]: WARNING keystonemiddleware.auth_token [None req-7a1f6bdf-fe25-4650-a1be-b2d84867e729 None None] AuthToken middleware is set with keystone_authtoken.service_token_roles_required set to False. This is backwards compatible but deprecated behaviour. Please set this to True.
Oct 18 09:25:31.979969 dv-neutron-601336-101-hyperv devstack@n-api.service[99999]: WARNING keystonemiddleware.auth_token [None req-82701770-7ccf-4697-a2c2-695aa71201c4 None None] Configuring www_authenticate_uri to point to the public identity endpoint is required; clients may not be able to authenticate against an admin endpoint
Oct 18 09:25:31.981343 dv-neutron-601336-101-hyperv devstack@n-api.service[99998]: WARNING keystonemiddleware.auth_token [None req-7a1f6bdf-fe25-4650-a1be-b2d84867e729 None None] Configuring www_authenticate_uri to point to the public identity endpoint is required; clients may not be able to authenticate against an admin endpoint
Oct 18 09:25:32.328522 dv-neutron-601336-101-hyperv devstack@n-api.service[99999]: WARNING keystonemiddleware.auth_token [None req-82701770-7ccf-4697-a2c2-695aa71201c4 None None] AuthToken middleware is set with keystone_authtoken.service_token_roles_required set to False. This is backwards compatible but deprecated behaviour. Please set this to True.
Oct 18 09:25:32.333485 dv-neutron-601336-101-hyperv devstack@n-api.service[99998]: WARNING keystonemiddleware.auth_token [None req-7a1f6bdf-fe25-4650-a1be-b2d84867e729 None None] AuthToken middleware is set with keystone_authtoken.service_token_roles_required set to False. This is backwards compatible but deprecated behaviour. Please set this to True.
Oct 18 09:25:32.333731 dv-neutron-601336-101-hyperv devstack@n-api.service[99999]: WARNING keystonemiddleware.auth_token [None req-82701770-7ccf-4697-a2c2-695aa71201c4 None None] Configuring www_authenticate_uri to point to the public identity endpoint is required; clients may not be able to authenticate against an admin endpoint
Oct 18 09:25:32.338644 dv-neutron-601336-101-hyperv devstack@n-api.service[99998]: WARNING keystonemiddleware.auth_token [None req-7a1f6bdf-fe25-4650-a1be-b2d84867e729 None None] Configuring www_authenticate_uri to point to the public identity endpoint is required; clients may not be able to authenticate against an admin endpoint
Oct 18 09:25:32.339887 dv-neutron-601336-101-hyperv devstack@n-api.service[99999]: WSGI app 0 (mountpoint='') ready in 6 seconds on interpreter 0x564ffc5c69c0 pid: 99999 (default app)
Oct 18 09:25:32.342211 dv-neutron-601336-101-hyperv devstack@n-api.service[99999]: DEBUG nova.api.openstack.wsgi [None req-82701770-7ccf-4697-a2c2-695aa71201c4 None None] Calling method '>' {{(pid=99999) _process_stack /opt/stack/nova/nova/api/openstack/wsgi.py:513}}
Oct 18 09:25:32.344087 dv-neutron-601336-101-hyperv devstack@n-api.service[99999]: INFO nova.api.openstack.requestlog [None req-82701770-7ccf-4697-a2c2-695aa71201c4 None None] 10.222.0.44 "GET /compute/v2.1/" status: 200 len: 388 microversion: 2.1 time: 0.001785
Oct 18 09:25:32.344496 dv-neutron-601336-101-hyperv devstack@n-api.service[99999]: [pid: 99999|app: 0|req: 1/1] 10.222.0.44 () {50 vars in 788 bytes} [Mon Oct 18 09:25:32 2021] GET /compute/v2.1/ => generated 388 bytes in 4 msecs (HTTP/1.1 200) 9 headers in 357 bytes (1 switches on core 0)
Oct 18 09:25:32.345460 dv-neutron-601336-101-hyperv devstack@n-api.service[99998]: WSGI app 0 (mountpoint='') ready in 6 seconds on interpreter 0x564ffc5c69c0 pid: 99998 (default app)
Oct 18 09:26:54.715122 dv-neutron-601336-101-hyperv devstack@n-api.service[99999]: DEBUG nova.api.openstack.wsgi [None req-82701770-7ccf-4697-a2c2-695aa71201c4 None None] Calling method '>' {{(pid=99999) _process_stack /opt/stack/nova/nova/api/openstack/wsgi.py:513}}
Oct 18 09:26:54.716387 dv-neutron-601336-101-hyperv devstack@n-api.service[99999]: INFO nova.api.openstack.requestlog [None req-82701770-7ccf-4697-a2c2-695aa71201c4 None None] 10.222.0.44 "GET /compute/v2.1" status: 200 len: 388 microversion: 2.1 time: 0.002350
Oct 18 09:26:54.716797 dv-neutron-601336-101-hyperv devstack@n-api.service[99999]: [pid: 99999|app: 0|req: 2/2] 10.222.0.44 () {54 vars in 930 bytes} [Mon Oct 18 09:26:54 2021] GET /compute/v2.1 => generated 388 bytes in 3 msecs (HTTP/1.1 200) 9 headers in 357 bytes (2 switches on core 0)
Oct 18 09:26:55.149291 dv-neutron-601336-101-hyperv devstack@n-api.service[99998]: DEBUG nova.api.openstack.wsgi [None req-c33f262d-8542-4745-9b86-aefd885bd1fe admin admin] Calling method '>' {{(pid=99998) _process_stack /opt/stack/nova/nova/api/openstack/wsgi.py:513}}
Oct 18 09:26:55.180286 dv-neutron-601336-101-hyperv devstack@n-api.service[99998]: INFO nova.api.openstack.requestlog [None req-c33f262d-8542-4745-9b86-aefd885bd1fe admin admin] 10.222.0.44 "GET /compute/v2.1/flavors/detail?is_public=True" status: 200 len: 15 microversion: 2.61 time: 0.456117
Oct 18 09:26:55.199223 dv-neutron-601336-101-hyperv devstack@n-api.service[99998]: [pid: 99998|app: 0|req: 1/3] 10.222.0.44 () {60 vars in 1291 bytes} [Mon Oct 18 09:26:54 2021] GET /compute/v2.1/flavors/detail?is_public=True => generated 15 bytes in 470 msecs (HTTP/1.1 200) 9 headers in 358 bytes (1 switches on core 0)
Oct 18 09:26:57.557295 dv-neutron-601336-101-hyperv devstack@n-api.service[99999]: DEBUG nova.api.openstack.wsgi [None req-82701770-7ccf-4697-a2c2-695aa71201c4 None None] Calling method '>' {{(pid=99999) _process_stack /opt/stack/nova/nova/api/openstack/wsgi.py:513}}
Oct 18 09:26:57.559138 dv-neutron-601336-101-hyperv devstack@n-api.service[99999]: INFO nova.api.openstack.requestlog [None req-82701770-7ccf-4697-a2c2-695aa71201c4 None None] 10.222.0.44 "GET /compute/v2.1" status: 200 len: 388 microversion: 2.1 time: 0.001460
Oct 18 09:26:57.559935 dv-neutron-601336-101-hyperv devstack@n-api.service[99999]: [pid: 99999|app: 0|req: 3/4] 10.222.0.44 () {54 vars in 930 bytes} [Mon Oct 18 09:26:57 2021] GET /compute/v2.1 => generated 388 bytes in 3 msecs (HTTP/1.1 200) 9 headers in 357 bytes (1 switches on core 0)
Oct 18 09:26:57.625840 dv-neutron-601336-101-hyperv devstack@n-api.service[99998]: DEBUG nova.api.openstack.wsgi [None req-d227315a-ec93-493a-ba5b-c2bfe4540835 admin admin] Action: 'create', calling method: >, body: {"flavor": {"name": "cirros256", "id": "c1", "swap": 0, "vcpus": 1, "OS-FLV-EXT-DATA:ephemeral": 0, "rxtx_factor": 1.0, "ram": 256, "disk": 1, "os-flavor-access:is_public": true}} {{(pid=99998) _process_stack /opt/stack/nova/nova/api/openstack/wsgi.py:511}}
Oct 18 09:26:57.644530 dv-neutron-601336-101-hyperv devstack@n-api.service[99998]: /usr/local/lib/python3.8/dist-packages/oslo_policy/policy.py:1064: UserWarning: Policy os_compute_api:os-flavor-manage:create failed scope check. The token used to make the request was project scoped but the policy requires ['system'] scope. This behavior may change in the future where using the intended scope is required
Oct 18 09:26:57.644530 dv-neutron-601336-101-hyperv devstack@n-api.service[99998]: warnings.warn(msg)
Oct 18 09:26:57.674482 dv-neutron-601336-101-hyperv devstack@n-api.service[99998]: INFO nova.api.openstack.requestlog [None req-d227315a-ec93-493a-ba5b-c2bfe4540835 admin admin] 10.222.0.44 "POST /compute/v2.1/flavors" status: 200 len: 407 microversion: 2.61 time: 0.106662
Oct 18 09:26:57.675311 dv-neutron-601336-101-hyperv devstack@n-api.service[99998]: [pid: 99998|app: 0|req: 2/5] 10.222.0.44 () {64 vars in 1282 bytes} [Mon Oct 18 09:26:57 2021] POST /compute/v2.1/flavors => generated 407 bytes in 108 msecs (HTTP/1.1 200) 9 headers in 359 bytes (1 switches on core 0)
Oct 18 09:26:57.895560 dv-neutron-601336-101-hyperv devstack@n-api.service[99999]: DEBUG nova.api.openstack.wsgi [None req-e6d994f5-7e2b-4db8-8435-e17befb6a393 admin admin] Action: 'create', calling method: >, body: {"extra_specs": {"hw_rng:allowed": "True"}} {{(pid=99999) _process_stack /opt/stack/nova/nova/api/openstack/wsgi.py:511}}
Oct 18 09:26:57.897882 dv-neutron-601336-101-hyperv devstack@n-api.service[99999]: /usr/local/lib/python3.8/dist-packages/oslo_policy/policy.py:1064: UserWarning: Policy os_compute_api:os-flavor-extra-specs:create failed scope check. The token used to make the request was project scoped but the policy requires ['system'] scope. This behavior may change in the future where using the intended scope is required
Oct 18 09:26:57.897882 dv-neutron-601336-101-hyperv devstack@n-api.service[99999]: warnings.warn(msg)
Oct 18 09:26:57.949411 dv-neutron-601336-101-hyperv devstack@n-api.service[99999]: INFO nova.api.openstack.requestlog [None req-e6d994f5-7e2b-4db8-8435-e17befb6a393 admin admin] 10.222.0.44 "POST /compute/v2.1/flavors/c1/os-extra_specs" status: 200 len: 43 microversion: 2.61 time: 0.264965
Oct 18 09:26:57.960810 dv-neutron-601336-101-hyperv devstack@n-api.service[99999]: [pid: 99999|app: 0|req: 4/6] 10.222.0.44 () {64 vars in 1335 bytes} [Mon Oct 18 09:26:57 2021] POST /compute/v2.1/flavors/c1/os-extra_specs => generated 43 bytes in 267 msecs (HTTP/1.1 200) 9 headers in 358 bytes (2 switches on core 0)
Oct 18 09:27:00.267908 dv-neutron-601336-101-hyperv devstack@n-api.service[99998]: DEBUG nova.api.openstack.wsgi [None req-d227315a-ec93-493a-ba5b-c2bfe4540835 admin admin] Calling method '>' {{(pid=99998) _process_stack /opt/stack/nova/nova/api/openstack/wsgi.py:513}}
Oct 18 09:27:00.269543 dv-neutron-601336-101-hyperv devstack@n-api.service[99998]: INFO nova.api.openstack.requestlog [None req-d227315a-ec93-493a-ba5b-c2bfe4540835 admin admin] 10.222.0.44 "GET /compute/v2.1" status: 200 len: 388 microversion: 2.1 time: 0.002082
Oct 18 09:27:00.270299 dv-neutron-601336-101-hyperv devstack@n-api.service[99998]: [pid: 99998|app: 0|req: 3/7] 10.222.0.44 () {54 vars in 930 bytes} [Mon Oct 18 09:27:00 2021] GET /compute/v2.1 => generated 388 bytes in 3 msecs (HTTP/1.1 200) 9 headers in 357 bytes (1 switches on core 0)
Oct 18 09:27:00.403432 dv-neutron-601336-101-hyperv devstack@n-api.service[99999]: DEBUG nova.api.openstack.wsgi [None req-ee173d3c-0948-47b0-8b1f-fff1b5eba33b admin admin] Action: 'create', calling method: >, body: {"flavor": {"rxtx_factor": 1.0, "disk": 5, "ram": 512, "OS-FLV-EXT-DATA:ephemeral": 0, "name": "ds512M", "os-flavor-access:is_public": true, "swap": 0, "vcpus": 1, "id": "d1"}} {{(pid=99999) _process_stack /opt/stack/nova/nova/api/openstack/wsgi.py:511}}
Oct 18 09:27:00.425464 dv-neutron-601336-101-hyperv devstack@n-api.service[99999]: /usr/local/lib/python3.8/dist-packages/oslo_policy/policy.py:1064: UserWarning: Policy os_compute_api:os-flavor-manage:create failed scope check. The token used to make the request was project scoped but the policy requires ['system'] scope. This behavior may change in the future where using the intended scope is required
Oct 18 09:27:00.425464 dv-neutron-601336-101-hyperv devstack@n-api.service[99999]: warnings.warn(msg)
Oct 18 09:27:00.448060 dv-neutron-601336-101-hyperv devstack@n-api.service[99999]: INFO nova.api.openstack.requestlog [None req-ee173d3c-0948-47b0-8b1f-fff1b5eba33b admin admin] 10.222.0.44 "POST /compute/v2.1/flavors" status: 200 len: 404 microversion: 2.61 time: 0.171506
Oct 18 09:27:00.450070 dv-neutron-601336-101-hyperv devstack@n-api.service[99999]: [pid: 99999|app: 0|req: 5/8] 10.222.0.44 () {64 vars in 1282 bytes} [Mon Oct 18 09:27:00 2021] POST /compute/v2.1/flavors => generated 404 bytes in 174 msecs (HTTP/1.1 200) 9 headers in 359 bytes (1 switches on core 0)
Oct 18 09:27:00.462761 dv-neutron-601336-101-hyperv devstack@n-api.service[99998]: DEBUG nova.api.openstack.wsgi [None req-f381814e-a2e1-46d2-84a3-f77f9d024caf admin admin] Action: 'create', calling method: >, body: {"extra_specs": {"hw_rng:allowed": "True"}} {{(pid=99998) _process_stack /opt/stack/nova/nova/api/openstack/wsgi.py:511}}
Oct 18 09:27:00.466173 dv-neutron-601336-101-hyperv devstack@n-api.service[99998]: /usr/local/lib/python3.8/dist-packages/oslo_policy/policy.py:1064: UserWarning: Policy os_compute_api:os-flavor-extra-specs:create failed scope check. The token used to make the request was project scoped but the policy requires ['system'] scope. This behavior may change in the future where using the intended scope is required
Oct 18 09:27:00.466173 dv-neutron-601336-101-hyperv devstack@n-api.service[99998]: warnings.warn(msg)
Oct 18 09:27:00.502560 dv-neutron-601336-101-hyperv devstack@n-api.service[99998]: INFO nova.api.openstack.requestlog [None req-f381814e-a2e1-46d2-84a3-f77f9d024caf admin admin] 10.222.0.44 "POST /compute/v2.1/flavors/d1/os-extra_specs" status: 200 len: 43 microversion: 2.61 time: 0.043803
Oct 18 09:27:00.503482 dv-neutron-601336-101-hyperv devstack@n-api.service[99998]: [pid: 99998|app: 0|req: 4/9] 10.222.0.44 () {64 vars in 1335 bytes} [Mon Oct 18 09:27:00 2021] POST /compute/v2.1/flavors/d1/os-extra_specs => generated 43 bytes in 45 msecs (HTTP/1.1 200) 9 headers in 358 bytes (1 switches on core 0)
Oct 18 09:27:02.936633 dv-neutron-601336-101-hyperv devstack@n-api.service[99999]: DEBUG nova.api.openstack.wsgi [None req-ee173d3c-0948-47b0-8b1f-fff1b5eba33b admin admin] Calling method '>' {{(pid=99999) _process_stack /opt/stack/nova/nova/api/openstack/wsgi.py:513}}
Oct 18 09:27:02.938281 dv-neutron-601336-101-hyperv devstack@n-api.service[99999]: INFO nova.api.openstack.requestlog [None req-ee173d3c-0948-47b0-8b1f-fff1b5eba33b admin admin] 10.222.0.44 "GET /compute/v2.1" status: 200 len: 388 microversion: 2.1 time: 0.002096
Oct 18 09:27:02.944908 dv-neutron-601336-101-hyperv devstack@n-api.service[99999]: [pid: 99999|app: 0|req: 6/10] 10.222.0.44 () {54 vars in 930 bytes} [Mon Oct 18 09:27:02 2021] GET /compute/v2.1 => generated 388 bytes in 3 msecs (HTTP/1.1 200) 9 headers in 357 bytes (1 switches on core 0)
Oct 18 09:27:03.003315 dv-neutron-601336-101-hyperv devstack@n-api.service[99998]: DEBUG nova.api.openstack.wsgi [None req-f66d0cc1-f4d9-47e0-81a4-4f671cb4f045 admin admin] Action: 'create', calling method: >, body: {"flavor": {"ram": 1024, "name": "ds1G", "rxtx_factor": 1.0, "id": "d2", "disk": 10, "os-flavor-access:is_public": true, "vcpus": 1, "OS-FLV-EXT-DATA:ephemeral": 0, "swap": 0}} {{(pid=99998) _process_stack /opt/stack/nova/nova/api/openstack/wsgi.py:511}}
Oct 18 09:27:03.024681 dv-neutron-601336-101-hyperv devstack@n-api.service[99998]: INFO nova.api.openstack.requestlog [None req-f66d0cc1-f4d9-47e0-81a4-4f671cb4f045 admin admin] 10.222.0.44 "POST /compute/v2.1/flavors" status: 200 len: 404 microversion: 2.61 time: 0.077777
Oct 18 09:27:03.038579 dv-neutron-601336-101-hyperv devstack@n-api.service[99999]: DEBUG nova.api.openstack.wsgi [None req-d1b087bb-95c5-4e66-adb5-5d9210b0124b admin admin] Action: 'create', calling method: >, body: {"extra_specs": {"hw_rng:allowed": "True"}} {{(pid=99999) _process_stack /opt/stack/nova/nova/api/openstack/wsgi.py:511}}
Oct 18 09:27:03.043384 dv-neutron-601336-101-hyperv devstack@n-api.service[99998]: [pid: 99998|app: 0|req: 5/11] 10.222.0.44 () {64 vars in 1282 bytes} [Mon Oct 18 09:27:02 2021] POST /compute/v2.1/flavors => generated 404 bytes in 87 msecs (HTTP/1.1 200) 9 headers in 359 bytes (1 switches on core 0)
Oct 18 09:27:03.064362 dv-neutron-601336-101-hyperv devstack@n-api.service[99999]: INFO nova.api.openstack.requestlog [None req-d1b087bb-95c5-4e66-adb5-5d9210b0124b admin admin] 10.222.0.44 "POST /compute/v2.1/flavors/d2/os-extra_specs" status: 200 len: 43 microversion: 2.61 time: 0.029772
Oct 18 09:27:03.065654 dv-neutron-601336-101-hyperv devstack@n-api.service[99999]: [pid: 99999|app: 0|req: 7/12] 10.222.0.44 () {64 vars in 1335 bytes} [Mon Oct 18 09:27:03 2021] POST /compute/v2.1/flavors/d2/os-extra_specs => generated 43 bytes in 32 msecs (HTTP/1.1 200) 9 headers in 358 bytes (1 switches on core 0)
Oct 18 09:27:05.481746 dv-neutron-601336-101-hyperv devstack@n-api.service[99998]: DEBUG nova.api.openstack.wsgi [None req-f66d0cc1-f4d9-47e0-81a4-4f671cb4f045 admin admin] Calling method '>' {{(pid=99998) _process_stack /opt/stack/nova/nova/api/openstack/wsgi.py:513}}
Oct 18 09:27:05.483498 dv-neutron-601336-101-hyperv devstack@n-api.service[99998]: INFO nova.api.openstack.requestlog [None req-f66d0cc1-f4d9-47e0-81a4-4f671cb4f045 admin admin] 10.222.0.44 "GET /compute/v2.1" status: 200 len: 388 microversion: 2.1 time: 0.002189
Oct 18 09:27:05.484427 dv-neutron-601336-101-hyperv devstack@n-api.service[99998]: [pid: 99998|app: 0|req: 6/13] 10.222.0.44 () {54 vars in 930 bytes} [Mon Oct 18 09:27:05 2021] GET /compute/v2.1 => generated 388 bytes in 3 msecs (HTTP/1.1 200) 9 headers in 357 bytes (1 switches on core 0)
Oct 18 09:27:05.552280 dv-neutron-601336-101-hyperv devstack@n-api.service[99999]: DEBUG nova.api.openstack.wsgi [None req-5ea1e790-ee2d-4f24-a79f-71c8219eed75 admin admin] Action: 'create', calling method: >, body: {"flavor": {"swap": 0, "vcpus": 2, "ram": 2048, "id": "d3", "os-flavor-access:is_public": true, "OS-FLV-EXT-DATA:ephemeral": 0, "disk": 10, "name": "ds2G", "rxtx_factor": 1.0}} {{(pid=99999) _process_stack /opt/stack/nova/nova/api/openstack/wsgi.py:511}}
Oct 18 09:27:05.574665 dv-neutron-601336-101-hyperv devstack@n-api.service[99999]: INFO nova.api.openstack.requestlog [None req-5ea1e790-ee2d-4f24-a79f-71c8219eed75 admin admin] 10.222.0.44 "POST /compute/v2.1/flavors" status: 200 len: 404 microversion: 2.61 time: 0.082217
Oct 18 09:27:05.583449 dv-neutron-601336-101-hyperv devstack@n-api.service[99999]: [pid: 99999|app: 0|req: 8/14] 10.222.0.44 () {64 vars in 1282 bytes} [Mon Oct 18 09:27:05 2021] POST /compute/v2.1/flavors => generated 404 bytes in 92 msecs (HTTP/1.1 200) 9 headers in 359 bytes (1 switches on core 0)
Oct 18 09:27:05.593330 dv-neutron-601336-101-hyperv devstack@n-api.service[99998]: DEBUG nova.api.openstack.wsgi [None req-1c20cb85-03d8-4288-9711-0a84ace5ebdd admin admin] Action: 'create', calling method: >, body: {"extra_specs": {"hw_rng:allowed": "True"}} {{(pid=99998) _process_stack /opt/stack/nova/nova/api/openstack/wsgi.py:511}}
Oct 18 09:27:05.656389 dv-neutron-601336-101-hyperv devstack@n-api.service[99998]: INFO nova.api.openstack.requestlog [None req-1c20cb85-03d8-4288-9711-0a84ace5ebdd admin admin] 10.222.0.44 "POST /compute/v2.1/flavors/d3/os-extra_specs" status: 200 len: 43 microversion: 2.61 time: 0.068352
Oct 18 09:27:05.676905 dv-neutron-601336-101-hyperv devstack@n-api.service[99998]: [pid: 99998|app: 0|req: 7/15] 10.222.0.44 () {64 vars in 1335 bytes} [Mon Oct 18 09:27:05 2021] POST /compute/v2.1/flavors/d3/os-extra_specs => generated 43 bytes in 91 msecs (HTTP/1.1 200) 9 headers in 358 bytes (1 switches on core 0)
Oct 18 09:27:08.187692 dv-neutron-601336-101-hyperv devstack@n-api.service[99999]: DEBUG nova.api.openstack.wsgi [None req-5ea1e790-ee2d-4f24-a79f-71c8219eed75 admin admin] Calling method '>' {{(pid=99999) _process_stack /opt/stack/nova/nova/api/openstack/wsgi.py:513}}
Oct 18 09:27:08.188694 dv-neutron-601336-101-hyperv devstack@n-api.service[99999]: INFO nova.api.openstack.requestlog [None req-5ea1e790-ee2d-4f24-a79f-71c8219eed75 admin admin] 10.222.0.44 "GET /compute/v2.1" status: 200 len: 388 microversion: 2.1 time: 0.001512
Oct 18 09:27:08.189100 dv-neutron-601336-101-hyperv devstack@n-api.service[99999]: [pid: 99999|app: 0|req: 9/16] 10.222.0.44 () {54 vars in 930 bytes} [Mon Oct 18 09:27:08 2021] GET /compute/v2.1 => generated 388 bytes in 2 msecs (HTTP/1.1 200) 9 headers in 357 bytes (1 switches on core 0)
Oct 18 09:27:08.257765 dv-neutron-601336-101-hyperv devstack@n-api.service[99998]: DEBUG nova.api.openstack.wsgi [None req-261fd731-e626-42fc-bbc2-c82c478e51cf admin admin] Action: 'create', calling method: >, body: {"flavor": {"swap": 0, "OS-FLV-EXT-DATA:ephemeral": 0, "id": "d4", "ram": 4096, "vcpus": 4, "os-flavor-access:is_public": true, "disk": 20, "rxtx_factor": 1.0, "name": "ds4G"}} {{(pid=99998) _process_stack /opt/stack/nova/nova/api/openstack/wsgi.py:511}}
Oct 18 09:27:08.280691 dv-neutron-601336-101-hyperv devstack@n-api.service[99998]: INFO nova.api.openstack.requestlog [None req-261fd731-e626-42fc-bbc2-c82c478e51cf admin admin] 10.222.0.44 "POST /compute/v2.1/flavors" status: 200 len: 404 microversion: 2.61 time: 0.084139
Oct 18 09:27:08.281245 dv-neutron-601336-101-hyperv devstack@n-api.service[99998]: [pid: 99998|app: 0|req: 8/17] 10.222.0.44 () {64 vars in 1282 bytes} [Mon Oct 18 09:27:08 2021] POST /compute/v2.1/flavors => generated 404 bytes in 85 msecs (HTTP/1.1 200) 9 headers in 359 bytes (1 switches on core 0)
Oct 18 09:27:08.294016 dv-neutron-601336-101-hyperv devstack@n-api.service[99999]: DEBUG nova.api.openstack.wsgi [None req-f7d6fabe-aa4d-4911-af88-ba82d99b7b80 admin admin] Action: 'create', calling method: >, body: {"extra_specs": {"hw_rng:allowed": "True"}} {{(pid=99999) _process_stack /opt/stack/nova/nova/api/openstack/wsgi.py:511}}
Oct 18 09:27:08.322385 dv-neutron-601336-101-hyperv devstack@n-api.service[99999]: INFO nova.api.openstack.requestlog [None req-f7d6fabe-aa4d-4911-af88-ba82d99b7b80 admin admin] 10.222.0.44 "POST /compute/v2.1/flavors/d4/os-extra_specs" status: 200 len: 43 microversion: 2.61 time: 0.032076
Oct 18 09:27:08.322989 dv-neutron-601336-101-hyperv devstack@n-api.service[99999]: [pid: 99999|app: 0|req: 10/18] 10.222.0.44 () {64 vars in 1335 bytes} [Mon Oct 18 09:27:08 2021] POST /compute/v2.1/flavors/d4/os-extra_specs => generated 43 bytes in 33 msecs (HTTP/1.1 200) 9 headers in 358 bytes (2 switches on core 0)
Oct 18 09:27:10.835312 dv-neutron-601336-101-hyperv devstack@n-api.service[99998]: DEBUG nova.api.openstack.wsgi [None req-261fd731-e626-42fc-bbc2-c82c478e51cf admin admin] Calling method '>' {{(pid=99998) _process_stack /opt/stack/nova/nova/api/openstack/wsgi.py:513}}
Oct 18 09:27:10.836965 dv-neutron-601336-101-hyperv devstack@n-api.service[99998]: INFO nova.api.openstack.requestlog [None req-261fd731-e626-42fc-bbc2-c82c478e51cf admin admin] 10.222.0.44 "GET /compute/v2.1" status: 200 len: 388 microversion: 2.1 time: 0.002158
Oct 18 09:27:10.844956 dv-neutron-601336-101-hyperv devstack@n-api.service[99998]: [pid: 99998|app: 0|req: 9/19] 10.222.0.44 () {54 vars in 930 bytes} [Mon Oct 18 09:27:10 2021] GET /compute/v2.1 => generated 388 bytes in 10 msecs (HTTP/1.1 200) 9 headers in 357 bytes (1 switches on core 0)
Oct 18 09:27:10.906136 dv-neutron-601336-101-hyperv devstack@n-api.service[99999]: DEBUG nova.api.openstack.wsgi [None req-0d2d2484-6912-4f80-836a-96480869345b admin admin] Calling method '>' {{(pid=99999) _process_stack /opt/stack/nova/nova/api/openstack/wsgi.py:513}}
Oct 18 09:27:10.933688 dv-neutron-601336-101-hyperv devstack@n-api.service[99999]: INFO nova.api.openstack.requestlog [None req-0d2d2484-6912-4f80-836a-96480869345b admin admin] 10.222.0.44 "GET /compute/v2.1/flavors/detail?is_public=True" status: 200 len: 2106 microversion: 2.61 time: 0.086071
Oct 18 09:27:10.946852 dv-neutron-601336-101-hyperv devstack@n-api.service[99999]: [pid: 99999|app: 0|req: 11/20] 10.222.0.44 () {60 vars in 1291 bytes} [Mon Oct 18 09:27:10 2021] GET /compute/v2.1/flavors/detail?is_public=True => generated 2106 bytes in 90 msecs (HTTP/1.1 200) 9 headers in 360 bytes (2 switches on core 0)
Oct 18 09:27:13.332710 dv-neutron-601336-101-hyperv devstack@n-api.service[99998]: DEBUG nova.api.openstack.wsgi [None req-261fd731-e626-42fc-bbc2-c82c478e51cf admin admin] Calling method '>' {{(pid=99998) _process_stack /opt/stack/nova/nova/api/openstack/wsgi.py:513}}
Oct 18 09:27:13.334294 dv-neutron-601336-101-hyperv devstack@n-api.service[99998]: INFO nova.api.openstack.requestlog [None req-261fd731-e626-42fc-bbc2-c82c478e51cf admin admin] 10.222.0.44 "GET /compute/v2.1" status: 200 len: 388 microversion: 2.1 time: 0.002009
Oct 18 09:27:13.335242 dv-neutron-601336-101-hyperv devstack@n-api.service[99998]: [pid: 99998|app: 0|req: 10/21] 10.222.0.44 () {54 vars in 930 bytes} [Mon Oct 18 09:27:13 2021] GET /compute/v2.1 => generated 388 bytes in 3 msecs (HTTP/1.1 200) 9 headers in 357 bytes (1 switches on core 0)
Oct 18 09:27:13.399106 dv-neutron-601336-101-hyperv devstack@n-api.service[99999]: DEBUG nova.api.openstack.wsgi [None req-c29a6a05-1014-4b2d-9cd6-706d3a3fed1b admin admin] Action: 'create', calling method: >, body: {"flavor": {"id": "1", "vcpus": 1, "OS-FLV-EXT-DATA:ephemeral": 0, "swap": 0, "ram": 512, "name": "m1.tiny", "os-flavor-access:is_public": true, "rxtx_factor": 1.0, "disk": 1}} {{(pid=99999) _process_stack /opt/stack/nova/nova/api/openstack/wsgi.py:511}}
Oct 18 09:27:13.420949 dv-neutron-601336-101-hyperv devstack@n-api.service[99999]: INFO nova.api.openstack.requestlog [None req-c29a6a05-1014-4b2d-9cd6-706d3a3fed1b admin admin] 10.222.0.44 "POST /compute/v2.1/flavors" status: 200 len: 402 microversion: 2.61 time: 0.078581
Oct 18 09:27:13.422072 dv-neutron-601336-101-hyperv devstack@n-api.service[99999]: [pid: 99999|app: 0|req: 12/22] 10.222.0.44 () {64 vars in 1282 bytes} [Mon Oct 18 09:27:13 2021] POST /compute/v2.1/flavors => generated 402 bytes in 80 msecs (HTTP/1.1 200) 9 headers in 359 bytes (2 switches on core 0)
Oct 18 09:27:13.435859 dv-neutron-601336-101-hyperv devstack@n-api.service[99998]: DEBUG nova.api.openstack.wsgi [None req-cac7a040-f412-447b-8be4-9f23c22ef950 admin admin] Action: 'create', calling method: >, body: {"extra_specs": {"hw_rng:allowed": "True"}} {{(pid=99998) _process_stack /opt/stack/nova/nova/api/openstack/wsgi.py:511}}
Oct 18 09:27:13.468827 dv-neutron-601336-101-hyperv devstack@n-api.service[99998]: INFO nova.api.openstack.requestlog [None req-cac7a040-f412-447b-8be4-9f23c22ef950 admin admin] 10.222.0.44 "POST /compute/v2.1/flavors/1/os-extra_specs" status: 200 len: 43 microversion: 2.61 time: 0.038112
Oct 18 09:27:13.469788 dv-neutron-601336-101-hyperv devstack@n-api.service[99998]: [pid: 99998|app: 0|req: 11/23] 10.222.0.44 () {64 vars in 1332 bytes} [Mon Oct 18 09:27:13 2021] POST /compute/v2.1/flavors/1/os-extra_specs => generated 43 bytes in 40 msecs (HTTP/1.1 200) 9 headers in 358 bytes (2 switches on core 0)
Oct 18 09:27:15.800463 dv-neutron-601336-101-hyperv devstack@n-api.service[99999]: DEBUG nova.api.openstack.wsgi [None req-c29a6a05-1014-4b2d-9cd6-706d3a3fed1b admin admin] Calling method '>' {{(pid=99999) _process_stack /opt/stack/nova/nova/api/openstack/wsgi.py:513}}
Oct 18 09:27:15.801476 dv-neutron-601336-101-hyperv devstack@n-api.service[99999]: INFO nova.api.openstack.requestlog [None req-c29a6a05-1014-4b2d-9cd6-706d3a3fed1b admin admin] 10.222.0.44 "GET /compute/v2.1" status: 200 len: 388 microversion: 2.1 time: 0.001446
Oct 18 09:27:15.801882 dv-neutron-601336-101-hyperv devstack@n-api.service[99999]: [pid: 99999|app: 0|req: 13/24] 10.222.0.44 () {54 vars in 930 bytes} [Mon Oct 18 09:27:15 2021] GET /compute/v2.1 => generated 388 bytes in 2 msecs (HTTP/1.1 200) 9 headers in 357 bytes (1 switches on core 0)
Oct 18 09:27:15.860602 dv-neutron-601336-101-hyperv devstack@n-api.service[99998]: DEBUG nova.api.openstack.wsgi [None req-c9e0690b-423a-4347-b203-1bd7a2a3f4c7 admin admin] Action: 'create', calling method: >, body: {"flavor": {"name": "m1.small", "swap": 0, "id": "2", "os-flavor-access:is_public": true, "OS-FLV-EXT-DATA:ephemeral": 0, "ram": 2048, "rxtx_factor": 1.0, "vcpus": 1, "disk": 20}} {{(pid=99998) _process_stack /opt/stack/nova/nova/api/openstack/wsgi.py:511}}
Oct 18 09:27:15.877984 dv-neutron-601336-101-hyperv devstack@n-api.service[99998]: INFO nova.api.openstack.requestlog [None req-c9e0690b-423a-4347-b203-1bd7a2a3f4c7 admin admin] 10.222.0.44 "POST /compute/v2.1/flavors" status: 200 len: 405 microversion: 2.61 time: 0.069392
Oct 18 09:27:15.878810 dv-neutron-601336-101-hyperv devstack@n-api.service[99998]: [pid: 99998|app: 0|req: 12/25] 10.222.0.44 () {64 vars in 1282 bytes} [Mon Oct 18 09:27:15 2021] POST /compute/v2.1/flavors => generated 405 bytes in 71 msecs (HTTP/1.1 200) 9 headers in 359 bytes (2 switches on core 0)
Oct 18 09:27:15.891463 dv-neutron-601336-101-hyperv devstack@n-api.service[99999]: DEBUG nova.api.openstack.wsgi [None req-c8a04aa7-1c5d-49d0-a49d-74c600ceada9 admin admin] Action: 'create', calling method: >, body: {"extra_specs": {"hw_rng:allowed": "True"}} {{(pid=99999) _process_stack /opt/stack/nova/nova/api/openstack/wsgi.py:511}}
Oct 18 09:27:15.914928 dv-neutron-601336-101-hyperv devstack@n-api.service[99999]: INFO nova.api.openstack.requestlog [None req-c8a04aa7-1c5d-49d0-a49d-74c600ceada9 admin admin] 10.222.0.44 "POST /compute/v2.1/flavors/2/os-extra_specs" status: 200 len: 43 microversion: 2.61 time: 0.027604
Oct 18 09:27:15.915514 dv-neutron-601336-101-hyperv devstack@n-api.service[99999]: [pid: 99999|app: 0|req: 14/26] 10.222.0.44 () {64 vars in 1332 bytes} [Mon Oct 18 09:27:15 2021] POST /compute/v2.1/flavors/2/os-extra_specs => generated 43 bytes in 29 msecs (HTTP/1.1 200) 9 headers in 358 bytes (2 switches on core 0)
Oct 18 09:27:18.197200 dv-neutron-601336-101-hyperv devstack@n-api.service[99998]: DEBUG nova.api.openstack.wsgi [None req-c9e0690b-423a-4347-b203-1bd7a2a3f4c7 admin admin] Calling method '>' {{(pid=99998) _process_stack /opt/stack/nova/nova/api/openstack/wsgi.py:513}}
Oct 18 09:27:18.198808 dv-neutron-601336-101-hyperv devstack@n-api.service[99998]: INFO nova.api.openstack.requestlog [None req-c9e0690b-423a-4347-b203-1bd7a2a3f4c7 admin admin] 10.222.0.44 "GET /compute/v2.1" status: 200 len: 388 microversion: 2.1 time: 0.002048
Oct 18 09:27:18.199297 dv-neutron-601336-101-hyperv devstack@n-api.service[99998]: [pid: 99998|app: 0|req: 13/27] 10.222.0.44 () {54 vars in 930 bytes} [Mon Oct 18 09:27:18 2021] GET /compute/v2.1 => generated 388 bytes in 3 msecs (HTTP/1.1 200) 9 headers in 357 bytes (1 switches on core 0)
Oct 18 09:27:18.263872 dv-neutron-601336-101-hyperv devstack@n-api.service[99999]: DEBUG nova.api.openstack.wsgi [None req-50771055-289d-4083-b3c0-8b75c59655fe admin admin] Action: 'create', calling method: >, body: {"flavor": {"OS-FLV-EXT-DATA:ephemeral": 0, "swap": 0, "disk": 40, "name": "m1.medium", "vcpus": 2, "id": "3", "rxtx_factor": 1.0, "os-flavor-access:is_public": true, "ram": 4096}} {{(pid=99999) _process_stack /opt/stack/nova/nova/api/openstack/wsgi.py:511}}
Oct 18 09:27:18.283008 dv-neutron-601336-101-hyperv devstack@n-api.service[99999]: INFO nova.api.openstack.requestlog [None req-50771055-289d-4083-b3c0-8b75c59655fe admin admin] 10.222.0.44 "POST /compute/v2.1/flavors" status: 200 len: 406 microversion: 2.61 time: 0.077246
Oct 18 09:27:18.283646 dv-neutron-601336-101-hyperv devstack@n-api.service[99999]: [pid: 99999|app: 0|req: 15/28] 10.222.0.44 () {64 vars in 1282 bytes} [Mon Oct 18 09:27:18 2021] POST /compute/v2.1/flavors => generated 406 bytes in 79 msecs (HTTP/1.1 200) 9 headers in 359 bytes (1 switches on core 0)
Oct 18 09:27:18.297456 dv-neutron-601336-101-hyperv devstack@n-api.service[99998]: DEBUG nova.api.openstack.wsgi [None req-303ea516-d895-42e8-955f-3390d04466ce admin admin] Action: 'create', calling method: >, body: {"extra_specs": {"hw_rng:allowed": "True"}} {{(pid=99998) _process_stack /opt/stack/nova/nova/api/openstack/wsgi.py:511}}
Oct 18 09:27:18.322250 dv-neutron-601336-101-hyperv devstack@n-api.service[99998]: INFO nova.api.openstack.requestlog [None req-303ea516-d895-42e8-955f-3390d04466ce admin admin] 10.222.0.44 "POST /compute/v2.1/flavors/3/os-extra_specs" status: 200 len: 43 microversion: 2.61 time: 0.029010
Oct 18 09:27:18.323111 dv-neutron-601336-101-hyperv devstack@n-api.service[99998]: [pid: 99998|app: 0|req: 14/29] 10.222.0.44 () {64 vars in 1332 bytes} [Mon Oct 18 09:27:18 2021] POST /compute/v2.1/flavors/3/os-extra_specs => generated 43 bytes in 31 msecs (HTTP/1.1 200) 9 headers in 358 bytes (2 switches on core 0)
Oct 18 09:27:20.623865 dv-neutron-601336-101-hyperv devstack@n-api.service[99999]: DEBUG nova.api.openstack.wsgi [None req-50771055-289d-4083-b3c0-8b75c59655fe admin admin] Calling method '>' {{(pid=99999) _process_stack /opt/stack/nova/nova/api/openstack/wsgi.py:513}}
Oct 18 09:27:20.624892 dv-neutron-601336-101-hyperv devstack@n-api.service[99999]: INFO nova.api.openstack.requestlog [None req-50771055-289d-4083-b3c0-8b75c59655fe admin admin] 10.222.0.44 "GET /compute/v2.1" status: 200 len: 388 microversion: 2.1 time: 0.001511
Oct 18 09:27:20.625505 dv-neutron-601336-101-hyperv devstack@n-api.service[99999]: [pid: 99999|app: 0|req: 16/30] 10.222.0.44 () {54 vars in 930 bytes} [Mon Oct 18 09:27:20 2021] GET /compute/v2.1 => generated 388 bytes in 3 msecs (HTTP/1.1 200) 9 headers in 357 bytes (1 switches on core 0)
Oct 18 09:27:20.689847 dv-neutron-601336-101-hyperv devstack@n-api.service[99998]: DEBUG nova.api.openstack.wsgi [None req-030b5378-5a84-4d77-9e7f-8009067a5306 admin admin] Action: 'create', calling method: >, body: {"flavor": {"rxtx_factor": 1.0, "vcpus": 4, "ram": 8192, "os-flavor-access:is_public": true, "name": "m1.large", "id": "4", "disk": 80, "swap": 0, "OS-FLV-EXT-DATA:ephemeral": 0}} {{(pid=99998) _process_stack /opt/stack/nova/nova/api/openstack/wsgi.py:511}}
Oct 18 09:27:20.708553 dv-neutron-601336-101-hyperv devstack@n-api.service[99998]: INFO nova.api.openstack.requestlog [None req-030b5378-5a84-4d77-9e7f-8009067a5306 admin admin] 10.222.0.44 "POST /compute/v2.1/flavors" status: 200 len: 405 microversion: 2.61 time: 0.076303
Oct 18 09:27:20.709113 dv-neutron-601336-101-hyperv devstack@n-api.service[99998]: [pid: 99998|app: 0|req: 15/31] 10.222.0.44 () {64 vars in 1282 bytes} [Mon Oct 18 09:27:20 2021] POST /compute/v2.1/flavors => generated 405 bytes in 77 msecs (HTTP/1.1 200) 9 headers in 359 bytes (1 switches on core 0)
Oct 18 09:27:20.721586 dv-neutron-601336-101-hyperv devstack@n-api.service[99999]: DEBUG nova.api.openstack.wsgi [None req-b1b0716d-9424-4e70-8d32-7bf78630e1ef admin admin] Action: 'create', calling method: >, body: {"extra_specs": {"hw_rng:allowed": "True"}} {{(pid=99999) _process_stack /opt/stack/nova/nova/api/openstack/wsgi.py:511}}
Oct 18 09:27:20.746452 dv-neutron-601336-101-hyperv devstack@n-api.service[99999]: INFO nova.api.openstack.requestlog [None req-b1b0716d-9424-4e70-8d32-7bf78630e1ef admin admin] 10.222.0.44 "POST /compute/v2.1/flavors/4/os-extra_specs" status: 200 len: 43 microversion: 2.61 time: 0.027324
Oct 18 09:27:20.747070 dv-neutron-601336-101-hyperv devstack@n-api.service[99999]: [pid: 99999|app: 0|req: 17/32] 10.222.0.44 () {64 vars in 1332 bytes} [Mon Oct 18 09:27:20 2021] POST /compute/v2.1/flavors/4/os-extra_specs => generated 43 bytes in 30 msecs (HTTP/1.1 200) 9 headers in 358 bytes (1 switches on core 0)
Oct 18 09:27:23.450380 dv-neutron-601336-101-hyperv devstack@n-api.service[99998]: DEBUG nova.api.openstack.wsgi [None req-030b5378-5a84-4d77-9e7f-8009067a5306 admin admin] Calling method '>' {{(pid=99998) _process_stack /opt/stack/nova/nova/api/openstack/wsgi.py:513}}
Oct 18 09:27:23.451451 dv-neutron-601336-101-hyperv devstack@n-api.service[99998]: INFO nova.api.openstack.requestlog [None req-030b5378-5a84-4d77-9e7f-8009067a5306 admin admin] 10.222.0.44 "GET /compute/v2.1" status: 200 len: 388 microversion: 2.1 time: 0.001515
Oct 18 09:27:23.451857 dv-neutron-601336-101-hyperv devstack@n-api.service[99998]: [pid: 99998|app: 0|req: 16/33] 10.222.0.44 () {54 vars in 930 bytes} [Mon Oct 18 09:27:23 2021] GET /compute/v2.1 => generated 388 bytes in 2 msecs (HTTP/1.1 200) 9 headers in 357 bytes (1 switches on core 0)
Oct 18 09:27:23.518987 dv-neutron-601336-101-hyperv devstack@n-api.service[99999]: DEBUG nova.api.openstack.wsgi [None req-c3a13338-07eb-4315-8d3a-70a5040338ce admin admin] Action: 'create', calling method: >, body: {"flavor": {"rxtx_factor": 1.0, "id": "5", "disk": 160, "ram": 16384, "OS-FLV-EXT-DATA:ephemeral": 0, "vcpus": 8, "os-flavor-access:is_public": true, "name": "m1.xlarge", "swap": 0}} {{(pid=99999) _process_stack /opt/stack/nova/nova/api/openstack/wsgi.py:511}}
Oct 18 09:27:23.536837 dv-neutron-601336-101-hyperv devstack@n-api.service[99999]: INFO nova.api.openstack.requestlog [None req-c3a13338-07eb-4315-8d3a-70a5040338ce admin admin] 10.222.0.44 "POST /compute/v2.1/flavors" status: 200 len: 408 microversion: 2.61 time: 0.078521
Oct 18 09:27:23.537658 dv-neutron-601336-101-hyperv devstack@n-api.service[99999]: [pid: 99999|app: 0|req: 18/34] 10.222.0.44 () {64 vars in 1282 bytes} [Mon Oct 18 09:27:23 2021] POST /compute/v2.1/flavors => generated 408 bytes in 80 msecs (HTTP/1.1 200) 9 headers in 359 bytes (1 switches on core 0)
Oct 18 09:27:23.551092 dv-neutron-601336-101-hyperv devstack@n-api.service[99998]: DEBUG nova.api.openstack.wsgi [None req-ac60838a-c9d7-43bb-9aea-90b4b1d466eb admin admin] Action: 'create', calling method: >, body: {"extra_specs": {"hw_rng:allowed": "True"}} {{(pid=99998) _process_stack /opt/stack/nova/nova/api/openstack/wsgi.py:511}}
Oct 18 09:27:23.577563 dv-neutron-601336-101-hyperv devstack@n-api.service[99998]: INFO nova.api.openstack.requestlog [None req-ac60838a-c9d7-43bb-9aea-90b4b1d466eb admin admin] 10.222.0.44 "POST /compute/v2.1/flavors/5/os-extra_specs" status: 200 len: 43 microversion: 2.61 time: 0.030440
Oct 18 09:27:23.578148 dv-neutron-601336-101-hyperv devstack@n-api.service[99998]: [pid: 99998|app: 0|req: 17/35] 10.222.0.44 () {64 vars in 1332 bytes} [Mon Oct 18 09:27:23 2021] POST /compute/v2.1/flavors/5/os-extra_specs => generated 43 bytes in 32 msecs (HTTP/1.1 200) 9 headers in 358 bytes (1 switches on core 0)
Oct 18 09:28:12.246202 dv-neutron-601336-101-hyperv devstack@n-api.service[99999]: DEBUG nova.api.openstack.wsgi [None req-c3a13338-07eb-4315-8d3a-70a5040338ce admin admin] Calling method '>' {{(pid=99999) _process_stack /opt/stack/nova/nova/api/openstack/wsgi.py:513}}
Oct 18 09:28:12.247228 dv-neutron-601336-101-hyperv devstack@n-api.service[99999]: INFO nova.api.openstack.requestlog [None req-c3a13338-07eb-4315-8d3a-70a5040338ce admin admin] 10.222.0.44 "GET /compute/v2.1" status: 200 len: 388 microversion: 2.1 time: 0.001413
Oct 18 09:28:12.247632 dv-neutron-601336-101-hyperv devstack@n-api.service[99999]: [pid: 99999|app: 0|req: 19/36] 10.222.0.44 () {54 vars in 930 bytes} [Mon Oct 18 09:28:12 2021] GET /compute/v2.1 => generated 388 bytes in 2 msecs (HTTP/1.1 200) 9 headers in 357 bytes (1 switches on core 0)
Oct 18 09:28:12.304852 dv-neutron-601336-101-hyperv devstack@n-api.service[99998]: DEBUG nova.api.openstack.wsgi [None req-286d88ce-0909-43ca-a1a5-71c34cc82243 admin admin] Calling method '>' {{(pid=99998) _process_stack /opt/stack/nova/nova/api/openstack/wsgi.py:513}}
Oct 18 09:28:12.321797 dv-neutron-601336-101-hyperv devstack@n-api.service[99998]: INFO nova.api.openstack.requestlog [None req-286d88ce-0909-43ca-a1a5-71c34cc82243 admin admin] 10.222.0.44 "GET /compute/v2.1/flavors/detail?is_public=True" status: 200 len: 4202 microversion: 2.61 time: 0.067265
Oct 18 09:28:12.322327 dv-neutron-601336-101-hyperv devstack@n-api.service[99998]: [pid: 99998|app: 0|req: 18/37] 10.222.0.44 () {60 vars in 1291 bytes} [Mon Oct 18 09:28:12 2021] GET /compute/v2.1/flavors/detail?is_public=True => generated 4202 bytes in 68 msecs (HTTP/1.1 200) 9 headers in 360 bytes (1 switches on core 0)
Oct 18 09:28:13.828523 dv-neutron-601336-101-hyperv devstack@n-api.service[99999]: DEBUG nova.api.openstack.wsgi [None req-c3a13338-07eb-4315-8d3a-70a5040338ce admin admin] Calling method '>' {{(pid=99999) _process_stack /opt/stack/nova/nova/api/openstack/wsgi.py:513}}
Oct 18 09:28:13.829518 dv-neutron-601336-101-hyperv devstack@n-api.service[99999]: INFO nova.api.openstack.requestlog [None req-c3a13338-07eb-4315-8d3a-70a5040338ce admin admin] 10.222.0.44 "GET /compute/v2.1" status: 200 len: 388 microversion: 2.1 time: 0.001448
Oct 18 09:28:13.829916 dv-neutron-601336-101-hyperv devstack@n-api.service[99999]: [pid: 99999|app: 0|req: 20/38] 10.222.0.44 () {56 vars in 1074 bytes} [Mon Oct 18 09:28:13 2021] GET /compute/v2.1 => generated 388 bytes in 2 msecs (HTTP/1.1 200) 9 headers in 357 bytes (1 switches on core 0)
Oct 18 09:28:14.047967 dv-neutron-601336-101-hyperv devstack@n-api.service[99998]: DEBUG nova.api.openstack.wsgi [None req-ff6b4601-3301-457c-9cba-693d0bcc422b admin admin] Calling method '>' {{(pid=99998) _process_stack /opt/stack/nova/nova/api/openstack/wsgi.py:513}}
Oct 18 09:28:14.053353 dv-neutron-601336-101-hyperv devstack@n-api.service[99998]: INFO nova.api.openstack.wsgi [None req-ff6b4601-3301-457c-9cba-693d0bcc422b admin admin] HTTP exception thrown: Flavor 42 could not be found.
Oct 18 09:28:14.053922 dv-neutron-601336-101-hyperv devstack@n-api.service[99998]: DEBUG nova.api.openstack.wsgi [None req-ff6b4601-3301-457c-9cba-693d0bcc422b admin admin] Returning 404 to user: Flavor 42 could not be found. {{(pid=99998) __call__ /opt/stack/nova/nova/api/openstack/wsgi.py:936}}
Oct 18 09:28:14.054744 dv-neutron-601336-101-hyperv devstack@n-api.service[99998]: INFO nova.api.openstack.requestlog [None req-ff6b4601-3301-457c-9cba-693d0bcc422b admin admin] 10.222.0.44 "GET /compute/v2.1/flavors/42" status: 404 len: 75 microversion: 2.90 time: 0.060136
Oct 18 09:28:14.055835 dv-neutron-601336-101-hyperv devstack@n-api.service[99998]: [pid: 99998|app: 0|req: 19/39] 10.222.0.44 () {60 vars in 1190 bytes} [Mon Oct 18 09:28:13 2021] GET /compute/v2.1/flavors/42 => generated 75 bytes in 62 msecs (HTTP/1.1 404) 9 headers in 380 bytes (1 switches on core 0)
Oct 18 09:28:14.065668 dv-neutron-601336-101-hyperv devstack@n-api.service[99999]: DEBUG nova.api.openstack.wsgi [None req-4f8089c4-04b8-403c-95ed-697fe72da3d8 admin admin] Calling method '>' {{(pid=99999) _process_stack /opt/stack/nova/nova/api/openstack/wsgi.py:513}}
Oct 18 09:28:14.087142 dv-neutron-601336-101-hyperv devstack@n-api.service[99999]: INFO nova.api.openstack.requestlog [None req-4f8089c4-04b8-403c-95ed-697fe72da3d8 admin admin] 10.222.0.44 "GET /compute/v2.1/flavors?is_public=None" status: 200 len: 2056 microversion: 2.90 time: 0.024862
Oct 18 09:28:14.087694 dv-neutron-601336-101-hyperv devstack@n-api.service[99999]: [pid: 99999|app: 0|req: 21/40] 10.222.0.44 () {60 vars in 1210 bytes} [Mon Oct 18 09:28:14 2021] GET /compute/v2.1/flavors?is_public=None => generated 2056 bytes in 26 msecs (HTTP/1.1 200) 9 headers in 360 bytes (1 switches on core 0)
Oct 18 09:28:14.097751 dv-neutron-601336-101-hyperv devstack@n-api.service[99998]: DEBUG nova.api.openstack.wsgi [None req-6f635ff9-386a-410c-a36f-3b04911f4e50 admin admin] Calling method '>' {{(pid=99998) _process_stack /opt/stack/nova/nova/api/openstack/wsgi.py:513}}
Oct 18 09:28:14.118955 dv-neutron-601336-101-hyperv devstack@n-api.service[99998]: INFO nova.api.openstack.requestlog [None req-6f635ff9-386a-410c-a36f-3b04911f4e50 admin admin] 10.222.0.44 "GET /compute/v2.1/flavors?is_public=None" status: 200 len: 2056 microversion: 2.90 time: 0.024640
Oct 18 09:28:14.119479 dv-neutron-601336-101-hyperv devstack@n-api.service[99998]: [pid: 99998|app: 0|req: 20/41] 10.222.0.44 () {60 vars in 1210 bytes} [Mon Oct 18 09:28:14 2021] GET /compute/v2.1/flavors?is_public=None => generated 2056 bytes in 26 msecs (HTTP/1.1 200) 9 headers in 360 bytes (1 switches on core 0)
Oct 18 09:28:14.129113 dv-neutron-601336-101-hyperv devstack@n-api.service[99999]: DEBUG nova.api.openstack.wsgi [None req-074fcd95-285e-4bf7-b09e-2e7aace21afa admin admin] Calling method '>' {{(pid=99999) _process_stack /opt/stack/nova/nova/api/openstack/wsgi.py:513}}
Oct 18 09:28:14.135111 dv-neutron-601336-101-hyperv devstack@n-api.service[99999]: INFO nova.api.openstack.wsgi [None req-074fcd95-285e-4bf7-b09e-2e7aace21afa admin admin] HTTP exception thrown: Flavor 42 could not be found.
Oct 18 09:28:14.135682 dv-neutron-601336-101-hyperv devstack@n-api.service[99999]: DEBUG nova.api.openstack.wsgi [None req-074fcd95-285e-4bf7-b09e-2e7aace21afa admin admin] Returning 404 to user: Flavor 42 could not be found. {{(pid=99999) __call__ /opt/stack/nova/nova/api/openstack/wsgi.py:936}}
Oct 18 09:28:14.136469 dv-neutron-601336-101-hyperv devstack@n-api.service[99999]: INFO nova.api.openstack.requestlog [None req-074fcd95-285e-4bf7-b09e-2e7aace21afa admin admin] 10.222.0.44 "GET /compute/v2.1/flavors/42" status: 404 len: 75 microversion: 2.90 time: 0.010894
Oct 18 09:28:14.136963 dv-neutron-601336-101-hyperv devstack@n-api.service[99999]: [pid: 99999|app: 0|req: 22/42] 10.222.0.44 () {60 vars in 1190 bytes} [Mon Oct 18 09:28:14 2021] GET /compute/v2.1/flavors/42 => generated 75 bytes in 12 msecs (HTTP/1.1 404) 9 headers in 380 bytes (1 switches on core 0)
Oct 18 09:28:15.547348 dv-neutron-601336-101-hyperv devstack@n-api.service[99998]: DEBUG nova.api.openstack.wsgi [None req-6f635ff9-386a-410c-a36f-3b04911f4e50 admin admin] Calling method '>' {{(pid=99998) _process_stack /opt/stack/nova/nova/api/openstack/wsgi.py:513}}
Oct 18 09:28:15.548355 dv-neutron-601336-101-hyperv devstack@n-api.service[99998]: INFO nova.api.openstack.requestlog [None req-6f635ff9-386a-410c-a36f-3b04911f4e50 admin admin] 10.222.0.44 "GET /compute/v2.1" status: 200 len: 388 microversion: 2.1 time: 0.001479
Oct 18 09:28:15.548753 dv-neutron-601336-101-hyperv devstack@n-api.service[99998]: [pid: 99998|app: 0|req: 21/43] 10.222.0.44 () {56 vars in 1074 bytes} [Mon Oct 18 09:28:15 2021] GET /compute/v2.1 => generated 388 bytes in 2 msecs (HTTP/1.1 200) 9 headers in 357 bytes (1 switches on core 0)
Oct 18 09:28:15.739820 dv-neutron-601336-101-hyperv devstack@n-api.service[99999]: DEBUG nova.api.openstack.wsgi [None req-7e8a84ce-05ab-4bd2-a2c2-479a57c197b8 admin admin] Calling method '>' {{(pid=99999) _process_stack /opt/stack/nova/nova/api/openstack/wsgi.py:513}}
Oct 18 09:28:15.745738 dv-neutron-601336-101-hyperv devstack@n-api.service[99999]: INFO nova.api.openstack.wsgi [None req-7e8a84ce-05ab-4bd2-a2c2-479a57c197b8 admin admin] HTTP exception thrown: Flavor 84 could not be found.
Oct 18 09:28:15.746295 dv-neutron-601336-101-hyperv devstack@n-api.service[99999]: DEBUG nova.api.openstack.wsgi [None req-7e8a84ce-05ab-4bd2-a2c2-479a57c197b8 admin admin] Returning 404 to user: Flavor 84 could not be found. {{(pid=99999) __call__ /opt/stack/nova/nova/api/openstack/wsgi.py:936}}
