Sep 10 10:59:25.216839 dv-neutron-601336-100-hyperv neutron-server[94623]: DEBUG neutron_lib.callbacks.manager [None req-2ebbc658-74d6-4379-99e5-f5c03908a44d tempest-ExternalNetworksTestJSON-2015980686 tempest-ExternalNetworksTestJSON-2015980686-project-admin] Notify callbacks ['neutron.plugins.ml2.plugin.Ml2Plugin._network_delete_after_delete_handler-16755692', 'neutron.plugins.ml2.ovo_rpc._ObjectChangeHandler.handle_event-1006331', 'neutron.api.rpc.agentnotifiers.dhcp_rpc_agent_api.DhcpAgentNotifyAPI._native_event_send_dhcp_notification-539064', 'neutron.services.l3_router.l3_router_plugin.DVRResourceOperationHandler.delete_fip_namespaces_for_ext_net-548136'] for network, after_delete {{(pid=94623) _notify_loop /usr/local/lib/python3.8/dist-packages/neutron_lib/callbacks/manager.py:192}}
Sep 10 10:59:25.273302 dv-neutron-601336-100-hyperv neutron-server[94623]: DEBUG neutron.pecan_wsgi.hooks.policy_enforcement [None req-631298ca-9177-46a2-abdd-b46d4bd81eab tempest-AllowedAddressPairTestJSON-160741504 tempest-AllowedAddressPairTestJSON-160741504-project] Attributes excluded by policy engine: ['standard_attr_id', 'binding:profile', 'binding:host_id', 'binding:vif_type', 'binding:vif_details'] {{(pid=94623) _exclude_attributes_by_policy /opt/stack/neutron/neutron/pecan_wsgi/hooks/policy_enforcement.py:255}}
Sep 10 10:59:25.280060 dv-neutron-601336-100-hyperv neutron-server[94623]: DEBUG neutron.pecan_wsgi.hooks.policy_enforcement [None req-631298ca-9177-46a2-abdd-b46d4bd81eab tempest-AllowedAddressPairTestJSON-160741504 tempest-AllowedAddressPairTestJSON-160741504-project] Attributes excluded by policy engine: ['standard_attr_id', 'binding:profile', 'binding:host_id', 'binding:vif_type', 'binding:vif_details'] {{(pid=94623) _exclude_attributes_by_policy /opt/stack/neutron/neutron/pecan_wsgi/hooks/policy_enforcement.py:255}}
Sep 10 10:59:25.286722 dv-neutron-601336-100-hyperv neutron-server[94623]: DEBUG neutron.pecan_wsgi.hooks.policy_enforcement [None req-631298ca-9177-46a2-abdd-b46d4bd81eab tempest-AllowedAddressPairTestJSON-160741504 tempest-AllowedAddressPairTestJSON-160741504-project] Attributes excluded by policy engine: ['standard_attr_id', 'binding:profile', 'binding:host_id', 'binding:vif_type', 'binding:vif_details'] {{(pid=94623) _exclude_attributes_by_policy /opt/stack/neutron/neutron/pecan_wsgi/hooks/policy_enforcement.py:255}}
Sep 10 10:59:25.289260 dv-neutron-601336-100-hyperv neutron-server[94623]: INFO neutron.wsgi [None req-631298ca-9177-46a2-abdd-b46d4bd81eab tempest-AllowedAddressPairTestJSON-160741504 tempest-AllowedAddressPairTestJSON-160741504-project] 10.222.0.39 "GET /v2.0/ports HTTP/1.1" status: 200 len: 2478 time: 0.4561374
Sep 10 10:59:25.297542 dv-neutron-601336-100-hyperv neutron-server[94623]: DEBUG neutron.wsgi [-] (94623) accepted ('10.222.0.39', 58086) {{(pid=94623) server /usr/local/lib/python3.8/dist-packages/eventlet/wsgi.py:982}}
Sep 10 10:59:25.299444 dv-neutron-601336-100-hyperv neutron-server[94623]: DEBUG neutron.api.rpc.agentnotifiers.l3_rpc_agent_api [None req-2ebbc658-74d6-4379-99e5-f5c03908a44d tempest-ExternalNetworksTestJSON-2015980686 tempest-ExternalNetworksTestJSON-2015980686-project-admin] Fanout notify agent at l3_agent the message fipnamespace_delete_on_ext_net for external_network 483abdf3-21d1-486e-9d98-c9148e1343dc {{(pid=94623) _notification_fanout /opt/stack/neutron/neutron/api/rpc/agentnotifiers/l3_rpc_agent_api.py:120}}
Sep 10 10:59:25.347385 dv-neutron-601336-100-hyperv neutron-server[94623]: DEBUG neutron.api.rpc.handlers.resources_rpc [None req-2ebbc658-74d6-4379-99e5-f5c03908a44d tempest-ExternalNetworksTestJSON-2015980686 tempest-ExternalNetworksTestJSON-2015980686-project-admin] Pushing event deleted for resources: {'Network': ['ID=483abdf3-21d1-486e-9d98-c9148e1343dc,revision_number=None']} {{(pid=94623) push /opt/stack/neutron/neutron/api/rpc/handlers/resources_rpc.py:237}}
Sep 10 10:59:25.356155 dv-neutron-601336-100-hyperv neutron-server[94623]: DEBUG neutron_lib.callbacks.manager [None req-2ebbc658-74d6-4379-99e5-f5c03908a44d tempest-ExternalNetworksTestJSON-2015980686 tempest-ExternalNetworksTestJSON-2015980686-project-admin] Notify callbacks ['neutron.api.rpc.agentnotifiers.dhcp_rpc_agent_api.DhcpAgentNotifyAPI._send_dhcp_notification-539046'] for network, before_response {{(pid=94623) _notify_loop /usr/local/lib/python3.8/dist-packages/neutron_lib/callbacks/manager.py:192}}
Sep 10 10:59:25.357689 dv-neutron-601336-100-hyperv neutron-server[94624]: DEBUG neutron_lib.callbacks.manager [None req-fcb8325c-ab77-4382-843b-ec20a8585e0d tempest-PortsAdminExtendedAttrsTestJSON-798828821 tempest-PortsAdminExtendedAttrsTestJSON-798828821-project-admin] Notify callbacks ['neutron.plugins.ml2.plugin.SecurityGroupDbMixin._ensure_default_security_group_handler-16736960'] for port, before_update {{(pid=94624) _notify_loop /usr/local/lib/python3.8/dist-packages/neutron_lib/callbacks/manager.py:192}}
Sep 10 10:59:25.361598 dv-neutron-601336-100-hyperv neutron-server[94623]: INFO neutron.wsgi [None req-2ebbc658-74d6-4379-99e5-f5c03908a44d tempest-ExternalNetworksTestJSON-2015980686 tempest-ExternalNetworksTestJSON-2015980686-project-admin] 10.222.0.39 "DELETE /v2.0/networks/483abdf3-21d1-486e-9d98-c9148e1343dc HTTP/1.1" status: 204 len: 168 time: 1.6265492
Sep 10 10:59:25.391016 dv-neutron-601336-100-hyperv neutron-server[94625]: DEBUG neutron.plugins.ml2.rpc [None req-ef3a45b6-89e0-4c4a-95c9-89a93ccd7545 None None] Device 3dcf9bd3-9cdc-4064-9fb5-177a1f34ea75 up at agent ovs-agent-dv-neutron-601336-100-hyperv {{(pid=94625) update_device_up /opt/stack/neutron/neutron/plugins/ml2/rpc.py:298}}
Sep 10 10:59:25.396476 dv-neutron-601336-100-hyperv neutron-server[94624]: DEBUG neutron.wsgi [-] (94624) accepted ('10.222.0.39', 58088) {{(pid=94624) server /usr/local/lib/python3.8/dist-packages/eventlet/wsgi.py:982}}
Sep 10 10:59:25.433971 dv-neutron-601336-100-hyperv neutron-server[94623]: DEBUG neutron_lib.callbacks.manager [None req-dafac058-b8b1-423e-91da-965476a040d7 tempest-ServersTestJSON-584662950 tempest-ServersTestJSON-584662950-project] Notify callbacks ['neutron.plugins.ml2.plugin.SecurityGroupServerNotifierRpcMixin._notify_sg_on_port_change-16736911', 'neutron.plugins.ml2.ovo_rpc._ObjectChangeHandler.handle_event-12833', 'neutron.api.rpc.agentnotifiers.dhcp_rpc_agent_api.DhcpAgentNotifyAPI._native_event_send_dhcp_notification-539064', 'neutron.db.l3_dvrscheduler_db._notify_l3_agent_new_port-8736273062750', 'neutron.services.segments.plugin.NovaSegmentNotifier._notify_port_created_or_deleted-2788062'] for port, after_create {{(pid=94623) _notify_loop /usr/local/lib/python3.8/dist-packages/neutron_lib/callbacks/manager.py:192}}
Sep 10 10:59:25.454645 dv-neutron-601336-100-hyperv neutron-server[94623]: DEBUG neutron.wsgi [-] (94623) accepted ('10.222.0.39', 58096) {{(pid=94623) server /usr/local/lib/python3.8/dist-packages/eventlet/wsgi.py:982}}
Sep 10 10:59:25.491620 dv-neutron-601336-100-hyperv neutron-server[94623]: WARNING keystonemiddleware.auth_token [-] A valid token was submitted as a service token, but it was not a valid service token. This is incorrect but backwards compatible behaviour. This will be removed in future releases.
Sep 10 10:59:25.500899 dv-neutron-601336-100-hyperv neutron-server[94625]: DEBUG neutron.db.provisioning_blocks [None req-ef3a45b6-89e0-4c4a-95c9-89a93ccd7545 None None] Provisioning complete for port 3dcf9bd3-9cdc-4064-9fb5-177a1f34ea75 triggered by entity L2. {{(pid=94625) provisioning_complete /opt/stack/neutron/neutron/db/provisioning_blocks.py:139}}
Sep 10 10:59:25.501276 dv-neutron-601336-100-hyperv neutron-server[94625]: DEBUG neutron_lib.callbacks.manager [None req-ef3a45b6-89e0-4c4a-95c9-89a93ccd7545 None None] Notify callbacks ['neutron.plugins.ml2.plugin.Ml2Plugin._port_provisioned-16759704'] for port, provisioning_complete {{(pid=94625) _notify_loop /usr/local/lib/python3.8/dist-packages/neutron_lib/callbacks/manager.py:192}}
Sep 10 10:59:25.557994 dv-neutron-601336-100-hyperv neutron-server[94623]: DEBUG neutron.scheduler.dhcp_agent_scheduler [None req-dafac058-b8b1-423e-91da-965476a040d7 tempest-ServersTestJSON-584662950 tempest-ServersTestJSON-584662950-project] Network ff9f51e6-ed81-4e49-93aa-0524b95abfc1 is already hosted by enough agents. {{(pid=94623) _get_dhcp_agents_hosting_network /opt/stack/neutron/neutron/scheduler/dhcp_agent_scheduler.py:275}}
Sep 10 10:59:25.572619 dv-neutron-601336-100-hyperv neutron-server[94623]: DEBUG neutron.scheduler.base_scheduler [None req-dafac058-b8b1-423e-91da-965476a040d7 tempest-ServersTestJSON-584662950 tempest-ServersTestJSON-584662950-project] Resources bound (agent type, host, resource id): {{(pid=94623) schedule /opt/stack/neutron/neutron/scheduler/base_scheduler.py:57}}
Sep 10 10:59:25.578367 dv-neutron-601336-100-hyperv neutron-server[94623]: DEBUG neutron.db.l3_dvrscheduler_db [None req-dafac058-b8b1-423e-91da-965476a040d7 tempest-ServersTestJSON-584662950 tempest-ServersTestJSON-584662950-project] Received port after_create {{(pid=94623) _notify_l3_agent_new_port /opt/stack/neutron/neutron/db/l3_dvrscheduler_db.py:535}}
Sep 10 10:59:25.581417 dv-neutron-601336-100-hyperv neutron-server[94623]: DEBUG neutron.api.rpc.handlers.resources_rpc [None req-dafac058-b8b1-423e-91da-965476a040d7 tempest-ServersTestJSON-584662950 tempest-ServersTestJSON-584662950-project] Pushing event updated for resources: {'Port': ['ID=0e852f17-5ee9-4e8e-90ed-fa659574f5bd,revision_number=1']} {{(pid=94623) push /opt/stack/neutron/neutron/api/rpc/handlers/resources_rpc.py:237}}
Sep 10 10:59:25.614263 dv-neutron-601336-100-hyperv neutron-server[94624]: DEBUG neutron.notifiers.nova [None req-fcb8325c-ab77-4382-843b-ec20a8585e0d tempest-PortsAdminExtendedAttrsTestJSON-798828821 tempest-PortsAdminExtendedAttrsTestJSON-798828821-project-admin] device_id is not set on port ff019a32-b7c5-4562-a25b-0a7be94b4b1c yet. {{(pid=94624) _can_notify /opt/stack/neutron/neutron/notifiers/nova.py:190}}
Sep 10 10:59:25.623241 dv-neutron-601336-100-hyperv neutron-server[94624]: DEBUG neutron_lib.callbacks.manager [None req-fcb8325c-ab77-4382-843b-ec20a8585e0d tempest-PortsAdminExtendedAttrsTestJSON-798828821 tempest-PortsAdminExtendedAttrsTestJSON-798828821-project-admin] Notify callbacks [] for port, precommit_update {{(pid=94624) _notify_loop /usr/local/lib/python3.8/dist-packages/neutron_lib/callbacks/manager.py:192}}
Sep 10 10:59:25.640038 dv-neutron-601336-100-hyperv neutron-server[94624]: DEBUG neutron.db.provisioning_blocks [None req-fcb8325c-ab77-4382-843b-ec20a8585e0d tempest-PortsAdminExtendedAttrsTestJSON-798828821 tempest-PortsAdminExtendedAttrsTestJSON-798828821-project-admin] Transition to ACTIVE for port object ff019a32-b7c5-4562-a25b-0a7be94b4b1c will not be triggered until provisioned by entity L2. {{(pid=94624) add_provisioning_component /opt/stack/neutron/neutron/db/provisioning_blocks.py:73}}
Sep 10 10:59:25.654471 dv-neutron-601336-100-hyperv neutron-server[94624]: DEBUG neutron.api.v2.base [None req-faae9192-f203-4bec-afb1-d310df26d6f2 tempest-ExternalNetworksTestJSON-2015980686 tempest-ExternalNetworksTestJSON-2015980686-project-admin] Request body: {'network': {'name': 'tempest-network--155953659'}} {{(pid=94624) prepare_request_body /opt/stack/neutron/neutron/api/v2/base.py:730}}
Sep 10 10:59:25.663980 dv-neutron-601336-100-hyperv neutron-server[94623]: INFO neutron.wsgi [req-86c880e1-28e5-4842-a40a-dc12421d014b req-eae6aefb-fe7a-4bff-8a41-5544c8cd0d16 tempest-ServersTestManualDisk-1761799043 tempest-ServersTestManualDisk-1761799043-project] 10.222.0.39 "GET /v2.0/security-groups?name=tempest-securitygroup--1383160039&fields=id&tenant_id=b4b039dc4d3f437497383a158598a1eb HTTP/1.1" status: 200 len: 267 time: 0.1954455
Sep 10 10:59:25.683705 dv-neutron-601336-100-hyperv neutron-server[94624]: DEBUG neutron_lib.callbacks.manager [None req-fcb8325c-ab77-4382-843b-ec20a8585e0d tempest-PortsAdminExtendedAttrsTestJSON-798828821 tempest-PortsAdminExtendedAttrsTestJSON-798828821-project-admin] Notify callbacks ['neutron.plugins.ml2.plugin.SecurityGroupServerNotifierRpcMixin._notify_sg_on_port_change-16736911', 'neutron.plugins.ml2.ovo_rpc._ObjectChangeHandler.handle_event-12833', 'neutron.api.rpc.agentnotifiers.dhcp_rpc_agent_api.DhcpAgentNotifyAPI._native_event_send_dhcp_notification-539064', 'neutron.db.l3_db.L3RpcNotifierMixin._notify_gateway_port_ip_changed-8736273632579', 'neutron.db.l3_dvrscheduler_db._notify_l3_agent_port_update-8736273062768', 'neutron.db.l3_hascheduler_db._notify_l3_agent_ha_port_update-8736273062786', 'neutron.services.segments.plugin.NovaSegmentNotifier._notify_port_updated-2144921'] for port, after_update {{(pid=94624) _notify_loop /usr/local/lib/python3.8/dist-packages/neutron_lib/callbacks/manager.py:192}}
Sep 10 10:59:25.699375 dv-neutron-601336-100-hyperv neutron-server[94625]: DEBUG neutron.plugins.ml2.rpc [None req-ef3a45b6-89e0-4c4a-95c9-89a93ccd7545 None None] Device 55dec1e3-42c2-452d-b9a5-7aa1ad55a52a up at agent ovs-agent-dv-neutron-601336-100-hyperv {{(pid=94625) update_device_up /opt/stack/neutron/neutron/plugins/ml2/rpc.py:298}}
Sep 10 10:59:25.706769 dv-neutron-601336-100-hyperv neutron-server[94624]: DEBUG neutron.api.rpc.handlers.resources_rpc [None req-385b5682-d8ea-4031-a7ed-a7e21f2ae482 tempest-ServerActionsTestJSON-212319278 tempest-ServerActionsTestJSON-212319278-project] Pushing event updated for resources: {'Port': ['ID=5797f77a-688d-451c-96bf-9478007a448c,revision_number=2']} {{(pid=94624) push /opt/stack/neutron/neutron/api/rpc/handlers/resources_rpc.py:237}}
Sep 10 10:59:25.761840 dv-neutron-601336-100-hyperv neutron-server[94625]: DEBUG neutron.db.provisioning_blocks [None req-ef3a45b6-89e0-4c4a-95c9-89a93ccd7545 None None] Provisioning for port 55dec1e3-42c2-452d-b9a5-7aa1ad55a52a completed by entity L2. {{(pid=94625) provisioning_complete /opt/stack/neutron/neutron/db/provisioning_blocks.py:133}}
Sep 10 10:59:25.762203 dv-neutron-601336-100-hyperv neutron-server[94624]: DEBUG neutron.api.rpc.handlers.resources_rpc [None req-d8f01daa-d9be-4bca-b3f5-76ede87261cb tempest-PortsAdminExtendedAttrsIpV6TestJSON-366698140 tempest-PortsAdminExtendedAttrsIpV6TestJSON-366698140-project-admin] Pushing event updated for resources: {'Port': ['ID=5a832e9e-a8a2-45c8-a284-626b80c3e34d,revision_number=1']} {{(pid=94624) push /opt/stack/neutron/neutron/api/rpc/handlers/resources_rpc.py:237}}
Sep 10 10:59:25.767592 dv-neutron-601336-100-hyperv neutron-server[94625]: DEBUG neutron.db.provisioning_blocks [None req-ef3a45b6-89e0-4c4a-95c9-89a93ccd7545 None None] Provisioning complete for port 55dec1e3-42c2-452d-b9a5-7aa1ad55a52a triggered by entity L2. {{(pid=94625) provisioning_complete /opt/stack/neutron/neutron/db/provisioning_blocks.py:139}}
Sep 10 10:59:25.769926 dv-neutron-601336-100-hyperv neutron-server[94625]: DEBUG neutron_lib.callbacks.manager [None req-ef3a45b6-89e0-4c4a-95c9-89a93ccd7545 None None] Notify callbacks ['neutron.plugins.ml2.plugin.Ml2Plugin._port_provisioned-16759704'] for port, provisioning_complete {{(pid=94625) _notify_loop /usr/local/lib/python3.8/dist-packages/neutron_lib/callbacks/manager.py:192}}
Sep 10 10:59:25.818883 dv-neutron-601336-100-hyperv neutron-server[94624]: DEBUG neutron.pecan_wsgi.hooks.quota_enforcement [None req-faae9192-f203-4bec-afb1-d310df26d6f2 tempest-ExternalNetworksTestJSON-2015980686 tempest-ExternalNetworksTestJSON-2015980686-project-admin] Made reservation on behalf of 9301d65b41e44da78680ff25e5e9fcbd for: {'network': 1} {{(pid=94624) before /opt/stack/neutron/neutron/pecan_wsgi/hooks/quota_enforcement.py:53}}
Sep 10 10:59:25.821846 dv-neutron-601336-100-hyperv neutron-server[94624]: DEBUG neutron_lib.callbacks.manager [None req-faae9192-f203-4bec-afb1-d310df26d6f2 tempest-ExternalNetworksTestJSON-2015980686 tempest-ExternalNetworksTestJSON-2015980686-project-admin] Notify callbacks ['neutron.plugins.ml2.plugin.SecurityGroupDbMixin._ensure_default_security_group_handler-16736960'] for network, before_create {{(pid=94624) _notify_loop /usr/local/lib/python3.8/dist-packages/neutron_lib/callbacks/manager.py:192}}
Sep 10 10:59:25.843547 dv-neutron-601336-100-hyperv neutron-server[94624]: DEBUG neutron.api.rpc.handlers.resources_rpc [None req-fcb8325c-ab77-4382-843b-ec20a8585e0d tempest-PortsAdminExtendedAttrsTestJSON-798828821 tempest-PortsAdminExtendedAttrsTestJSON-798828821-project-admin] Pushing event updated for resources: {'Port': ['ID=ff019a32-b7c5-4562-a25b-0a7be94b4b1c,revision_number=2']} {{(pid=94624) push /opt/stack/neutron/neutron/api/rpc/handlers/resources_rpc.py:237}}
Sep 10 10:59:25.863351 dv-neutron-601336-100-hyperv neutron-server[94624]: DEBUG neutron.scheduler.dhcp_agent_scheduler [None req-d8f01daa-d9be-4bca-b3f5-76ede87261cb tempest-PortsAdminExtendedAttrsIpV6TestJSON-366698140 tempest-PortsAdminExtendedAttrsIpV6TestJSON-366698140-project-admin] Network bb68bad0-a424-4bb5-9277-86c635887736 is scheduled to be hosted by DHCP agent 5a39d534-ebda-4237-aa63-00831e618892 with binding_index 1 {{(pid=94624) bind /opt/stack/neutron/neutron/scheduler/dhcp_agent_scheduler.py:227}}
Sep 10 10:59:25.871349 dv-neutron-601336-100-hyperv neutron-server[94624]: DEBUG neutron_lib.callbacks.manager [None req-385b5682-d8ea-4031-a7ed-a7e21f2ae482 tempest-ServerActionsTestJSON-212319278 tempest-ServerActionsTestJSON-212319278-project] Notify callbacks ['neutron.services.l3_router.l3_router_plugin.DVRResourceOperationHandler._create_dvr_floating_gw_port-548135'] for floatingip, after_create {{(pid=94624) _notify_loop /usr/local/lib/python3.8/dist-packages/neutron_lib/callbacks/manager.py:192}}
Sep 10 10:59:25.886123 dv-neutron-601336-100-hyperv neutron-server[94624]: DEBUG neutron.scheduler.base_scheduler [None req-d8f01daa-d9be-4bca-b3f5-76ede87261cb tempest-PortsAdminExtendedAttrsIpV6TestJSON-366698140 tempest-PortsAdminExtendedAttrsIpV6TestJSON-366698140-project-admin] Resources bound (agent type, host, resource id): (DHCP agent, dv-neutron-601336-100-hyperv, bb68bad0-a424-4bb5-9277-86c635887736) {{(pid=94624) schedule /opt/stack/neutron/neutron/scheduler/base_scheduler.py:57}}
Sep 10 10:59:25.894353 dv-neutron-601336-100-hyperv neutron-server[94624]: DEBUG neutron.db.l3_dvrscheduler_db [None req-d8f01daa-d9be-4bca-b3f5-76ede87261cb tempest-PortsAdminExtendedAttrsIpV6TestJSON-366698140 tempest-PortsAdminExtendedAttrsIpV6TestJSON-366698140-project-admin] Received port after_create {{(pid=94624) _notify_l3_agent_new_port /opt/stack/neutron/neutron/db/l3_dvrscheduler_db.py:535}}
Sep 10 10:59:25.903289 dv-neutron-601336-100-hyperv neutron-server[94624]: DEBUG neutron_lib.callbacks.manager [None req-385b5682-d8ea-4031-a7ed-a7e21f2ae482 tempest-ServerActionsTestJSON-212319278 tempest-ServerActionsTestJSON-212319278-project] Notify callbacks ['neutron.notifiers.nova.Notifier._send_nova_notification-14630'] for floatingip, before_response {{(pid=94624) _notify_loop /usr/local/lib/python3.8/dist-packages/neutron_lib/callbacks/manager.py:192}}
Sep 10 10:59:25.904730 dv-neutron-601336-100-hyperv neutron-server[94624]: INFO neutron.wsgi [None req-385b5682-d8ea-4031-a7ed-a7e21f2ae482 tempest-ServerActionsTestJSON-212319278 tempest-ServerActionsTestJSON-212319278-project] 10.222.0.39 "POST /v2.0/floatingips HTTP/1.1" status: 201 len: 692 time: 4.5504019
Sep 10 10:59:25.915153 dv-neutron-601336-100-hyperv neutron-server[94625]: DEBUG neutron_lib.callbacks.manager [None req-ef3a45b6-89e0-4c4a-95c9-89a93ccd7545 None None] Notify callbacks ['neutron.plugins.ml2.plugin.SecurityGroupDbMixin._ensure_default_security_group_handler-16736960'] for port, before_update {{(pid=94625) _notify_loop /usr/local/lib/python3.8/dist-packages/neutron_lib/callbacks/manager.py:192}}
Sep 10 10:59:25.917856 dv-neutron-601336-100-hyperv neutron-server[94625]: DEBUG neutron.api.rpc.handlers.dhcp_rpc [None req-a4a8bf3b-8927-4477-ba00-e5e0f3d72402 None None] Network bb68bad0-a424-4bb5-9277-86c635887736 requested from dv-neutron-601336-100-hyperv {{(pid=94625) get_network_info /opt/stack/neutron/neutron/api/rpc/handlers/dhcp_rpc.py:218}}
Sep 10 10:59:25.926221 dv-neutron-601336-100-hyperv neutron-server[94624]: DEBUG neutron.plugins.ml2.drivers.helpers [None req-faae9192-f203-4bec-afb1-d310df26d6f2 tempest-ExternalNetworksTestJSON-2015980686 tempest-ExternalNetworksTestJSON-2015980686-project-admin] vlan segment allocate from pool success with {'physical_network': 'physnet1', 'vlan_id': 407} {{(pid=94624) allocate_partially_specified_segment /opt/stack/neutron/neutron/plugins/ml2/drivers/helpers.py:153}}
Sep 10 10:59:25.935670 dv-neutron-601336-100-hyperv neutron-server[94624]: DEBUG neutron.plugins.ml2.managers [None req-d8f01daa-d9be-4bca-b3f5-76ede87261cb tempest-PortsAdminExtendedAttrsIpV6TestJSON-366698140 tempest-PortsAdminExtendedAttrsIpV6TestJSON-366698140-project-admin] Attempting to bind port 5a832e9e-a8a2-45c8-a284-626b80c3e34d on host hv-neutron-6013 for vnic_type normal with profile {{(pid=94624) bind_port /opt/stack/neutron/neutron/plugins/ml2/managers.py:790}}
Sep 10 10:59:25.936091 dv-neutron-601336-100-hyperv neutron-server[94624]: DEBUG neutron.plugins.ml2.managers [None req-d8f01daa-d9be-4bca-b3f5-76ede87261cb tempest-PortsAdminExtendedAttrsIpV6TestJSON-366698140 tempest-PortsAdminExtendedAttrsIpV6TestJSON-366698140-project-admin] Attempting to bind port 5a832e9e-a8a2-45c8-a284-626b80c3e34d by drivers openvswitch,hyperv on host hv-neutron-6013 at level 0 using segments [{'id': 'b1865acb-fd9e-4d84-aa21-2df0c8063763', 'network_type': 'vlan', 'physical_network': 'physnet1', 'segmentation_id': 400, 'network_id': 'bb68bad0-a424-4bb5-9277-86c635887736'}] {{(pid=94624) _bind_port_level /opt/stack/neutron/neutron/plugins/ml2/managers.py:815}}
Sep 10 10:59:25.936546 dv-neutron-601336-100-hyperv neutron-server[94624]: DEBUG neutron.plugins.ml2.drivers.mech_agent [None req-d8f01daa-d9be-4bca-b3f5-76ede87261cb tempest-PortsAdminExtendedAttrsIpV6TestJSON-366698140 tempest-PortsAdminExtendedAttrsIpV6TestJSON-366698140-project-admin] Attempting to bind port 5a832e9e-a8a2-45c8-a284-626b80c3e34d on network bb68bad0-a424-4bb5-9277-86c635887736 {{(pid=94624) bind_port /opt/stack/neutron/neutron/plugins/ml2/drivers/mech_agent.py:85}}
Sep 10 10:59:25.943840 dv-neutron-601336-100-hyperv neutron-server[94624]: DEBUG neutron.plugins.ml2.drivers.mech_agent [None req-d8f01daa-d9be-4bca-b3f5-76ede87261cb tempest-PortsAdminExtendedAttrsIpV6TestJSON-366698140 tempest-PortsAdminExtendedAttrsIpV6TestJSON-366698140-project-admin] Port 5a832e9e-a8a2-45c8-a284-626b80c3e34d on network bb68bad0-a424-4bb5-9277-86c635887736 not bound, no agent of type Open vSwitch agent registered on host hv-neutron-6013 {{(pid=94624) bind_port /opt/stack/neutron/neutron/plugins/ml2/drivers/mech_agent.py:97}}
Sep 10 10:59:25.944304 dv-neutron-601336-100-hyperv neutron-server[94624]: ERROR neutron.plugins.ml2.managers [None req-d8f01daa-d9be-4bca-b3f5-76ede87261cb tempest-PortsAdminExtendedAttrsIpV6TestJSON-366698140 tempest-PortsAdminExtendedAttrsIpV6TestJSON-366698140-project-admin] Failed to bind port 5a832e9e-a8a2-45c8-a284-626b80c3e34d on host hv-neutron-6013 for vnic_type normal using segments [{'id': 'b1865acb-fd9e-4d84-aa21-2df0c8063763', 'network_type': 'vlan', 'physical_network': 'physnet1', 'segmentation_id': 400, 'network_id': 'bb68bad0-a424-4bb5-9277-86c635887736'}]
Sep 10 10:59:25.945161 dv-neutron-601336-100-hyperv neutron-server[94624]: DEBUG neutron.plugins.ml2.managers [None req-fcb8325c-ab77-4382-843b-ec20a8585e0d tempest-PortsAdminExtendedAttrsTestJSON-798828821 tempest-PortsAdminExtendedAttrsTestJSON-798828821-project-admin] Attempting to bind port ff019a32-b7c5-4562-a25b-0a7be94b4b1c on host hv-neutron-6013 for vnic_type normal with profile {{(pid=94624) bind_port /opt/stack/neutron/neutron/plugins/ml2/managers.py:790}}
Sep 10 10:59:25.945748 dv-neutron-601336-100-hyperv neutron-server[94624]: DEBUG neutron.plugins.ml2.managers [None req-fcb8325c-ab77-4382-843b-ec20a8585e0d tempest-PortsAdminExtendedAttrsTestJSON-798828821 tempest-PortsAdminExtendedAttrsTestJSON-798828821-project-admin] Attempting to bind port ff019a32-b7c5-4562-a25b-0a7be94b4b1c by drivers openvswitch,hyperv on host hv-neutron-6013 at level 0 using segments [{'id': 'ddc3bbf0-3c99-4b9b-ab44-bf70b615111b', 'network_type': 'vlan', 'physical_network': 'physnet1', 'segmentation_id': 421, 'network_id': '86a63ee5-e2bd-4afb-bf62-d799d8f6eb2b'}] {{(pid=94624) _bind_port_level /opt/stack/neutron/neutron/plugins/ml2/managers.py:815}}
Sep 10 10:59:25.946763 dv-neutron-601336-100-hyperv neutron-server[94624]: DEBUG neutron.plugins.ml2.drivers.mech_agent [None req-fcb8325c-ab77-4382-843b-ec20a8585e0d tempest-PortsAdminExtendedAttrsTestJSON-798828821 tempest-PortsAdminExtendedAttrsTestJSON-798828821-project-admin] Attempting to bind port ff019a32-b7c5-4562-a25b-0a7be94b4b1c on network 86a63ee5-e2bd-4afb-bf62-d799d8f6eb2b {{(pid=94624) bind_port /opt/stack/neutron/neutron/plugins/ml2/drivers/mech_agent.py:85}}
Sep 10 10:59:25.953353 dv-neutron-601336-100-hyperv neutron-server[94624]: INFO neutron.plugins.ml2.plugin [None req-d8f01daa-d9be-4bca-b3f5-76ede87261cb tempest-PortsAdminExtendedAttrsIpV6TestJSON-366698140 tempest-PortsAdminExtendedAttrsIpV6TestJSON-366698140-project-admin] Attempt 2 to bind port 5a832e9e-a8a2-45c8-a284-626b80c3e34d
Sep 10 10:59:25.984303 dv-neutron-601336-100-hyperv neutron-server[94624]: DEBUG neutron_lib.callbacks.manager [None req-faae9192-f203-4bec-afb1-d310df26d6f2 tempest-ExternalNetworksTestJSON-2015980686 tempest-ExternalNetworksTestJSON-2015980686-project-admin] Notify callbacks ['neutron.plugins.ml2.plugin.Ml2Plugin._handle_segment_change-16768683'] for segment, precommit_create {{(pid=94624) _notify_loop /usr/local/lib/python3.8/dist-packages/neutron_lib/callbacks/manager.py:192}}
Sep 10 10:59:25.985023 dv-neutron-601336-100-hyperv neutron-server[94624]: INFO neutron.db.segments_db [None req-faae9192-f203-4bec-afb1-d310df26d6f2 tempest-ExternalNetworksTestJSON-2015980686 tempest-ExternalNetworksTestJSON-2015980686-project-admin] Added segment 794e69a9-94f7-430d-9966-37c8b153cdc1 of type vlan for network 9306fed5-8812-45e4-a5bf-513839bd1410
Sep 10 10:59:25.990543 dv-neutron-601336-100-hyperv neutron-server[94624]: DEBUG neutron.plugins.ml2.managers [None req-d8f01daa-d9be-4bca-b3f5-76ede87261cb tempest-PortsAdminExtendedAttrsIpV6TestJSON-366698140 tempest-PortsAdminExtendedAttrsIpV6TestJSON-366698140-project-admin] Attempting to bind port 5a832e9e-a8a2-45c8-a284-626b80c3e34d on host hv-neutron-6013 for vnic_type normal with profile {{(pid=94624) bind_port /opt/stack/neutron/neutron/plugins/ml2/managers.py:790}}
Sep 10 10:59:25.990999 dv-neutron-601336-100-hyperv neutron-server[94624]: DEBUG neutron.plugins.ml2.managers [None req-d8f01daa-d9be-4bca-b3f5-76ede87261cb tempest-PortsAdminExtendedAttrsIpV6TestJSON-366698140 tempest-PortsAdminExtendedAttrsIpV6TestJSON-366698140-project-admin] Attempting to bind port 5a832e9e-a8a2-45c8-a284-626b80c3e34d by drivers openvswitch,hyperv on host hv-neutron-6013 at level 0 using segments [{'id': 'b1865acb-fd9e-4d84-aa21-2df0c8063763', 'network_type': 'vlan', 'physical_network': 'physnet1', 'segmentation_id': 400, 'network_id': 'bb68bad0-a424-4bb5-9277-86c635887736'}] {{(pid=94624) _bind_port_level /opt/stack/neutron/neutron/plugins/ml2/managers.py:815}}
Sep 10 10:59:25.992178 dv-neutron-601336-100-hyperv neutron-server[94624]: DEBUG neutron.plugins.ml2.drivers.mech_agent [None req-d8f01daa-d9be-4bca-b3f5-76ede87261cb tempest-PortsAdminExtendedAttrsIpV6TestJSON-366698140 tempest-PortsAdminExtendedAttrsIpV6TestJSON-366698140-project-admin] Attempting to bind port 5a832e9e-a8a2-45c8-a284-626b80c3e34d on network bb68bad0-a424-4bb5-9277-86c635887736 {{(pid=94624) bind_port /opt/stack/neutron/neutron/plugins/ml2/drivers/mech_agent.py:85}}
Sep 10 10:59:25.999290 dv-neutron-601336-100-hyperv neutron-server[94623]: DEBUG neutron.plugins.ml2.plugin [None req-826e3a75-84a5-40ed-b513-549200cee965 tempest-AllowedAddressPairTestJSON-160741504 tempest-AllowedAddressPairTestJSON-160741504-project] Deleting port e9056760-2b61-4fa2-a8da-a46a32c5f63d {{(pid=94623) _pre_delete_port /opt/stack/neutron/neutron/plugins/ml2/plugin.py:1931}}
Sep 10 10:59:25.999874 dv-neutron-601336-100-hyperv neutron-server[94623]: DEBUG neutron_lib.callbacks.manager [None req-826e3a75-84a5-40ed-b513-549200cee965 tempest-AllowedAddressPairTestJSON-160741504 tempest-AllowedAddressPairTestJSON-160741504-project] Notify callbacks ['neutron.db.l3_db.L3_NAT_dbonly_mixin._prevent_l3_port_delete_callback-8736273625793'] for port, before_delete {{(pid=94623) _notify_loop /usr/local/lib/python3.8/dist-packages/neutron_lib/callbacks/manager.py:192}}
Sep 10 10:59:26.019947 dv-neutron-601336-100-hyperv neutron-server[94624]: DEBUG neutron.plugins.ml2.drivers.mech_agent [None req-fcb8325c-ab77-4382-843b-ec20a8585e0d tempest-PortsAdminExtendedAttrsTestJSON-798828821 tempest-PortsAdminExtendedAttrsTestJSON-798828821-project-admin] Port ff019a32-b7c5-4562-a25b-0a7be94b4b1c on network 86a63ee5-e2bd-4afb-bf62-d799d8f6eb2b not bound, no agent of type Open vSwitch agent registered on host hv-neutron-6013 {{(pid=94624) bind_port /opt/stack/neutron/neutron/plugins/ml2/drivers/mech_agent.py:97}}
Sep 10 10:59:26.020450 dv-neutron-601336-100-hyperv neutron-server[94624]: ERROR neutron.plugins.ml2.managers [None req-fcb8325c-ab77-4382-843b-ec20a8585e0d tempest-PortsAdminExtendedAttrsTestJSON-798828821 tempest-PortsAdminExtendedAttrsTestJSON-798828821-project-admin] Failed to bind port ff019a32-b7c5-4562-a25b-0a7be94b4b1c on host hv-neutron-6013 for vnic_type normal using segments [{'id': 'ddc3bbf0-3c99-4b9b-ab44-bf70b615111b', 'network_type': 'vlan', 'physical_network': 'physnet1', 'segmentation_id': 421, 'network_id': '86a63ee5-e2bd-4afb-bf62-d799d8f6eb2b'}]
Sep 10 10:59:26.025786 dv-neutron-601336-100-hyperv neutron-server[94624]: INFO neutron.plugins.ml2.plugin [None req-fcb8325c-ab77-4382-843b-ec20a8585e0d tempest-PortsAdminExtendedAttrsTestJSON-798828821 tempest-PortsAdminExtendedAttrsTestJSON-798828821-project-admin] Attempt 2 to bind port ff019a32-b7c5-4562-a25b-0a7be94b4b1c
Sep 10 10:59:26.083861 dv-neutron-601336-100-hyperv neutron-server[94623]: DEBUG neutron_lib.callbacks.manager [None req-dafac058-b8b1-423e-91da-965476a040d7 tempest-ServersTestJSON-584662950 tempest-ServersTestJSON-584662950-project] Notify callbacks [] for floatingip, precommit_create {{(pid=94623) _notify_loop /usr/local/lib/python3.8/dist-packages/neutron_lib/callbacks/manager.py:192}}
Sep 10 10:59:26.094490 dv-neutron-601336-100-hyperv neutron-server[94623]: DEBUG neutron.pecan_wsgi.hooks.policy_enforcement [req-86c880e1-28e5-4842-a40a-dc12421d014b req-9a4d36d6-ad40-46a3-bfae-b4e26371a94f tempest-ServersTestManualDisk-1761799043 tempest-ServersTestManualDisk-1761799043-project] Attributes excluded by policy engine: ['standard_attr_id', 'vlan_transparent', 'provider:network_type', 'provider:physical_network', 'provider:segmentation_id'] {{(pid=94623) _exclude_attributes_by_policy /opt/stack/neutron/neutron/pecan_wsgi/hooks/policy_enforcement.py:255}}
Sep 10 10:59:26.102027 dv-neutron-601336-100-hyperv neutron-server[94623]: INFO neutron.wsgi [req-86c880e1-28e5-4842-a40a-dc12421d014b req-9a4d36d6-ad40-46a3-bfae-b4e26371a94f tempest-ServersTestManualDisk-1761799043 tempest-ServersTestManualDisk-1761799043-project] 10.222.0.39 "GET /v2.0/networks?id=7dc72bb3-8ab4-48d5-9b5a-d781576ca12f HTTP/1.1" status: 200 len: 812 time: 0.4372089
Sep 10 10:59:26.108663 dv-neutron-601336-100-hyperv neutron-server[94624]: DEBUG neutron.plugins.ml2.managers [None req-fcb8325c-ab77-4382-843b-ec20a8585e0d tempest-PortsAdminExtendedAttrsTestJSON-798828821 tempest-PortsAdminExtendedAttrsTestJSON-798828821-project-admin] Attempting to bind port ff019a32-b7c5-4562-a25b-0a7be94b4b1c on host hv-neutron-6013 for vnic_type normal with profile {{(pid=94624) bind_port /opt/stack/neutron/neutron/plugins/ml2/managers.py:790}}
Sep 10 10:59:26.109436 dv-neutron-601336-100-hyperv neutron-server[94624]: DEBUG neutron.plugins.ml2.managers [None req-fcb8325c-ab77-4382-843b-ec20a8585e0d tempest-PortsAdminExtendedAttrsTestJSON-798828821 tempest-PortsAdminExtendedAttrsTestJSON-798828821-project-admin] Attempting to bind port ff019a32-b7c5-4562-a25b-0a7be94b4b1c by drivers openvswitch,hyperv on host hv-neutron-6013 at level 0 using segments [{'id': 'ddc3bbf0-3c99-4b9b-ab44-bf70b615111b', 'network_type': 'vlan', 'physical_network': 'physnet1', 'segmentation_id': 421, 'network_id': '86a63ee5-e2bd-4afb-bf62-d799d8f6eb2b'}] {{(pid=94624) _bind_port_level /opt/stack/neutron/neutron/plugins/ml2/managers.py:815}}
Sep 10 10:59:26.111293 dv-neutron-601336-100-hyperv neutron-server[94624]: DEBUG neutron.plugins.ml2.drivers.mech_agent [None req-fcb8325c-ab77-4382-843b-ec20a8585e0d tempest-PortsAdminExtendedAttrsTestJSON-798828821 tempest-PortsAdminExtendedAttrsTestJSON-798828821-project-admin] Attempting to bind port ff019a32-b7c5-4562-a25b-0a7be94b4b1c on network 86a63ee5-e2bd-4afb-bf62-d799d8f6eb2b {{(pid=94624) bind_port /opt/stack/neutron/neutron/plugins/ml2/drivers/mech_agent.py:85}}
Sep 10 10:59:26.123440 dv-neutron-601336-100-hyperv neutron-server[94624]: DEBUG neutron.plugins.ml2.drivers.mech_agent [None req-d8f01daa-d9be-4bca-b3f5-76ede87261cb tempest-PortsAdminExtendedAttrsIpV6TestJSON-366698140 tempest-PortsAdminExtendedAttrsIpV6TestJSON-366698140-project-admin] Port 5a832e9e-a8a2-45c8-a284-626b80c3e34d on network bb68bad0-a424-4bb5-9277-86c635887736 not bound, no agent of type Open vSwitch agent registered on host hv-neutron-6013 {{(pid=94624) bind_port /opt/stack/neutron/neutron/plugins/ml2/drivers/mech_agent.py:97}}
Sep 10 10:59:26.123936 dv-neutron-601336-100-hyperv neutron-server[94624]: ERROR neutron.plugins.ml2.managers [None req-d8f01daa-d9be-4bca-b3f5-76ede87261cb tempest-PortsAdminExtendedAttrsIpV6TestJSON-366698140 tempest-PortsAdminExtendedAttrsIpV6TestJSON-366698140-project-admin] Failed to bind port 5a832e9e-a8a2-45c8-a284-626b80c3e34d on host hv-neutron-6013 for vnic_type normal using segments [{'id': 'b1865acb-fd9e-4d84-aa21-2df0c8063763', 'network_type': 'vlan', 'physical_network': 'physnet1', 'segmentation_id': 400, 'network_id': 'bb68bad0-a424-4bb5-9277-86c635887736'}]
Sep 10 10:59:26.136328 dv-neutron-601336-100-hyperv neutron-server[94624]: INFO neutron.plugins.ml2.plugin [None req-d8f01daa-d9be-4bca-b3f5-76ede87261cb tempest-PortsAdminExtendedAttrsIpV6TestJSON-366698140 tempest-PortsAdminExtendedAttrsIpV6TestJSON-366698140-project-admin] Attempt 3 to bind port 5a832e9e-a8a2-45c8-a284-626b80c3e34d
Sep 10 10:59:26.168431 dv-neutron-601336-100-hyperv neutron-server[94624]: DEBUG neutron_lib.callbacks.manager [None req-faae9192-f203-4bec-afb1-d310df26d6f2 tempest-ExternalNetworksTestJSON-2015980686 tempest-ExternalNetworksTestJSON-2015980686-project-admin] Notify callbacks ['neutron.services.auto_allocate.db._ensure_external_network_default_value_callback-8736273095873'] for network, precommit_create {{(pid=94624) _notify_loop /usr/local/lib/python3.8/dist-packages/neutron_lib/callbacks/manager.py:192}}
Sep 10 10:59:26.169447 dv-neutron-601336-100-hyperv neutron-server[94625]: DEBUG neutron.plugins.ml2.db [None req-ef3a45b6-89e0-4c4a-95c9-89a93ccd7545 None None] For port 55dec1e3-42c2-452d-b9a5-7aa1ad55a52a, host dv-neutron-601336-100-hyperv, got binding levels [PortBindingLevel(driver='openvswitch',host='dv-neutron-601336-100-hyperv',level=0,port_id=55dec1e3-42c2-452d-b9a5-7aa1ad55a52a,segment=NetworkSegment(b0f13bce-cd5a-4e32-9e03-ed8847ea0700),segment_id=b0f13bce-cd5a-4e32-9e03-ed8847ea0700)] {{(pid=94625) get_binding_level_objs /opt/stack/neutron/neutron/plugins/ml2/db.py:74}}
Sep 10 10:59:26.240393 dv-neutron-601336-100-hyperv neutron-server[94623]: INFO neutron.wsgi [req-86c880e1-28e5-4842-a40a-dc12421d014b req-663a4a28-ca40-4668-9449-4be3ff2c1494 tempest-ServersTestManualDisk-1761799043 tempest-ServersTestManualDisk-1761799043-project] 10.222.0.39 "GET /v2.0/quotas/b4b039dc4d3f437497383a158598a1eb HTTP/1.1" status: 200 len: 375 time: 0.1374183
Sep 10 10:59:26.248403 dv-neutron-601336-100-hyperv neutron-server[94624]: DEBUG neutron.plugins.ml2.drivers.mech_agent [None req-fcb8325c-ab77-4382-843b-ec20a8585e0d tempest-PortsAdminExtendedAttrsTestJSON-798828821 tempest-PortsAdminExtendedAttrsTestJSON-798828821-project-admin] Port ff019a32-b7c5-4562-a25b-0a7be94b4b1c on network 86a63ee5-e2bd-4afb-bf62-d799d8f6eb2b not bound, no agent of type Open vSwitch agent registered on host hv-neutron-6013 {{(pid=94624) bind_port /opt/stack/neutron/neutron/plugins/ml2/drivers/mech_agent.py:97}}
Sep 10 10:59:26.250271 dv-neutron-601336-100-hyperv neutron-server[94624]: ERROR neutron.plugins.ml2.managers [None req-fcb8325c-ab77-4382-843b-ec20a8585e0d tempest-PortsAdminExtendedAttrsTestJSON-798828821 tempest-PortsAdminExtendedAttrsTestJSON-798828821-project-admin] Failed to bind port ff019a32-b7c5-4562-a25b-0a7be94b4b1c on host hv-neutron-6013 for vnic_type normal using segments [{'id': 'ddc3bbf0-3c99-4b9b-ab44-bf70b615111b', 'network_type': 'vlan', 'physical_network': 'physnet1', 'segmentation_id': 421, 'network_id': '86a63ee5-e2bd-4afb-bf62-d799d8f6eb2b'}]
Sep 10 10:59:26.273538 dv-neutron-601336-100-hyperv neutron-server[94624]: INFO neutron.plugins.ml2.plugin [None req-fcb8325c-ab77-4382-843b-ec20a8585e0d tempest-PortsAdminExtendedAttrsTestJSON-798828821 tempest-PortsAdminExtendedAttrsTestJSON-798828821-project-admin] Attempt 3 to bind port ff019a32-b7c5-4562-a25b-0a7be94b4b1c
Sep 10 10:59:26.291921 dv-neutron-601336-100-hyperv neutron-server[94625]: DEBUG neutron_lib.callbacks.manager [None req-ef3a45b6-89e0-4c4a-95c9-89a93ccd7545 None None] Notify callbacks ['neutron.plugins.ml2.plugin.SecurityGroupServerNotifierRpcMixin._notify_sg_on_port_change-16736911', 'neutron.plugins.ml2.ovo_rpc._ObjectChangeHandler.handle_event-12833', 'neutron.api.rpc.agentnotifiers.dhcp_rpc_agent_api.DhcpAgentNotifyAPI._native_event_send_dhcp_notification-539064', 'neutron.db.l3_db.L3RpcNotifierMixin._notify_gateway_port_ip_changed-8736273632579', 'neutron.db.l3_dvrscheduler_db._notify_l3_agent_port_update-8736273062768', 'neutron.db.l3_hascheduler_db._notify_l3_agent_ha_port_update-8736273062786'] for port, after_update {{(pid=94625) _notify_loop /usr/local/lib/python3.8/dist-packages/neutron_lib/callbacks/manager.py:192}}
Sep 10 10:59:26.309851 dv-neutron-601336-100-hyperv neutron-server[94623]: DEBUG neutron_lib.callbacks.manager [None req-dafac058-b8b1-423e-91da-965476a040d7 tempest-ServersTestJSON-584662950 tempest-ServersTestJSON-584662950-project] Notify callbacks ['neutron.plugins.ml2.plugin.SecurityGroupDbMixin._ensure_default_security_group_handler-16736960'] for port, before_update {{(pid=94623) _notify_loop /usr/local/lib/python3.8/dist-packages/neutron_lib/callbacks/manager.py:192}}
Sep 10 10:59:26.343460 dv-neutron-601336-100-hyperv neutron-server[94623]: DEBUG neutron_lib.callbacks.manager [None req-826e3a75-84a5-40ed-b513-549200cee965 tempest-AllowedAddressPairTestJSON-160741504 tempest-AllowedAddressPairTestJSON-160741504-project] Notify callbacks ['neutron.services.l3_router.l3_router_plugin.L3_NAT_dbonly_mixin._precommit_delete_port_callback-546283'] for port, precommit_delete {{(pid=94623) _notify_loop /usr/local/lib/python3.8/dist-packages/neutron_lib/callbacks/manager.py:192}}
Sep 10 10:59:26.351698 dv-neutron-601336-100-hyperv neutron-server[94624]: DEBUG neutron_lib.callbacks.manager [None req-faae9192-f203-4bec-afb1-d310df26d6f2 tempest-ExternalNetworksTestJSON-2015980686 tempest-ExternalNetworksTestJSON-2015980686-project-admin] Notify callbacks ['neutron.plugins.ml2.ovo_rpc._ObjectChangeHandler.handle_event-1006331', 'neutron.api.rpc.agentnotifiers.dhcp_rpc_agent_api.DhcpAgentNotifyAPI._native_event_send_dhcp_notification-539064'] for network, after_create {{(pid=94624) _notify_loop /usr/local/lib/python3.8/dist-packages/neutron_lib/callbacks/manager.py:192}}
Sep 10 10:59:26.353161 dv-neutron-601336-100-hyperv neutron-server[94624]: DEBUG neutron.pecan_wsgi.hooks.policy_enforcement [None req-faae9192-f203-4bec-afb1-d310df26d6f2 tempest-ExternalNetworksTestJSON-2015980686 tempest-ExternalNetworksTestJSON-2015980686-project-admin] Attributes excluded by policy engine: ['standard_attr_id', 'vlan_transparent'] {{(pid=94624) _exclude_attributes_by_policy /opt/stack/neutron/neutron/pecan_wsgi/hooks/policy_enforcement.py:255}}
Sep 10 10:59:26.355532 dv-neutron-601336-100-hyperv neutron-server[94624]: DEBUG neutron_lib.callbacks.manager [None req-faae9192-f203-4bec-afb1-d310df26d6f2 tempest-ExternalNetworksTestJSON-2015980686 tempest-ExternalNetworksTestJSON-2015980686-project-admin] Notify callbacks ['neutron.api.rpc.agentnotifiers.dhcp_rpc_agent_api.DhcpAgentNotifyAPI._send_dhcp_notification-539046'] for network, before_response {{(pid=94624) _notify_loop /usr/local/lib/python3.8/dist-packages/neutron_lib/callbacks/manager.py:192}}
Sep 10 10:59:26.373272 dv-neutron-601336-100-hyperv neutron-server[94623]: DEBUG neutron.plugins.ml2.plugin [None req-826e3a75-84a5-40ed-b513-549200cee965 tempest-AllowedAddressPairTestJSON-160741504 tempest-AllowedAddressPairTestJSON-160741504-project] Calling delete_port for e9056760-2b61-4fa2-a8da-a46a32c5f63d owned by {{(pid=94623) delete_port /opt/stack/neutron/neutron/plugins/ml2/plugin.py:2009}}
Sep 10 10:59:26.428839 dv-neutron-601336-100-hyperv neutron-server[94623]: INFO neutron.wsgi [req-86c880e1-28e5-4842-a40a-dc12421d014b req-446784c6-1a60-4f48-96a4-23e81481be8b tempest-ServersTestManualDisk-1761799043 tempest-ServersTestManualDisk-1761799043-project] 10.222.0.39 "GET /v2.0/ports?tenant_id=b4b039dc4d3f437497383a158598a1eb&fields=id HTTP/1.1" status: 200 len: 348 time: 0.1826475
Sep 10 10:59:26.445174 dv-neutron-601336-100-hyperv neutron-server[94624]: DEBUG neutron.plugins.ml2.managers [None req-d8f01daa-d9be-4bca-b3f5-76ede87261cb tempest-PortsAdminExtendedAttrsIpV6TestJSON-366698140 tempest-PortsAdminExtendedAttrsIpV6TestJSON-366698140-project-admin] Attempting to bind port 5a832e9e-a8a2-45c8-a284-626b80c3e34d on host hv-neutron-6013 for vnic_type normal with profile {{(pid=94624) bind_port /opt/stack/neutron/neutron/plugins/ml2/managers.py:790}}
Sep 10 10:59:26.445511 dv-neutron-601336-100-hyperv neutron-server[94624]: DEBUG neutron.plugins.ml2.managers [None req-d8f01daa-d9be-4bca-b3f5-76ede87261cb tempest-PortsAdminExtendedAttrsIpV6TestJSON-366698140 tempest-PortsAdminExtendedAttrsIpV6TestJSON-366698140-project-admin] Attempting to bind port 5a832e9e-a8a2-45c8-a284-626b80c3e34d by drivers openvswitch,hyperv on host hv-neutron-6013 at level 0 using segments [{'id': 'b1865acb-fd9e-4d84-aa21-2df0c8063763', 'network_type': 'vlan', 'physical_network': 'physnet1', 'segmentation_id': 400, 'network_id': 'bb68bad0-a424-4bb5-9277-86c635887736'}] {{(pid=94624) _bind_port_level /opt/stack/neutron/neutron/plugins/ml2/managers.py:815}}
Sep 10 10:59:26.445846 dv-neutron-601336-100-hyperv neutron-server[94624]: DEBUG neutron.plugins.ml2.drivers.mech_agent [None req-d8f01daa-d9be-4bca-b3f5-76ede87261cb tempest-PortsAdminExtendedAttrsIpV6TestJSON-366698140 tempest-PortsAdminExtendedAttrsIpV6TestJSON-366698140-project-admin] Attempting to bind port 5a832e9e-a8a2-45c8-a284-626b80c3e34d on network bb68bad0-a424-4bb5-9277-86c635887736 {{(pid=94624) bind_port /opt/stack/neutron/neutron/plugins/ml2/drivers/mech_agent.py:85}}
Sep 10 10:59:26.574497 dv-neutron-601336-100-hyperv neutron-server[94625]: DEBUG neutron.api.rpc.handlers.resources_rpc [None req-ef3a45b6-89e0-4c4a-95c9-89a93ccd7545 None None] Pushing event updated for resources: {'Port': ['ID=55dec1e3-42c2-452d-b9a5-7aa1ad55a52a,revision_number=5']} {{(pid=94625) push /opt/stack/neutron/neutron/api/rpc/handlers/resources_rpc.py:237}}
Sep 10 10:59:26.629642 dv-neutron-601336-100-hyperv neutron-server[94624]: DEBUG neutron.plugins.ml2.managers [None req-fcb8325c-ab77-4382-843b-ec20a8585e0d tempest-PortsAdminExtendedAttrsTestJSON-798828821 tempest-PortsAdminExtendedAttrsTestJSON-798828821-project-admin] Attempting to bind port ff019a32-b7c5-4562-a25b-0a7be94b4b1c on host hv-neutron-6013 for vnic_type normal with profile {{(pid=94624) bind_port /opt/stack/neutron/neutron/plugins/ml2/managers.py:790}}
Sep 10 10:59:26.630202 dv-neutron-601336-100-hyperv neutron-server[94624]: DEBUG neutron.plugins.ml2.managers [None req-fcb8325c-ab77-4382-843b-ec20a8585e0d tempest-PortsAdminExtendedAttrsTestJSON-798828821 tempest-PortsAdminExtendedAttrsTestJSON-798828821-project-admin] Attempting to bind port ff019a32-b7c5-4562-a25b-0a7be94b4b1c by drivers openvswitch,hyperv on host hv-neutron-6013 at level 0 using segments [{'id': 'ddc3bbf0-3c99-4b9b-ab44-bf70b615111b', 'network_type': 'vlan', 'physical_network': 'physnet1', 'segmentation_id': 421, 'network_id': '86a63ee5-e2bd-4afb-bf62-d799d8f6eb2b'}] {{(pid=94624) _bind_port_level /opt/stack/neutron/neutron/plugins/ml2/managers.py:815}}
Sep 10 10:59:26.630689 dv-neutron-601336-100-hyperv neutron-server[94624]: DEBUG neutron.plugins.ml2.drivers.mech_agent [None req-fcb8325c-ab77-4382-843b-ec20a8585e0d tempest-PortsAdminExtendedAttrsTestJSON-798828821 tempest-PortsAdminExtendedAttrsTestJSON-798828821-project-admin] Attempting to bind port ff019a32-b7c5-4562-a25b-0a7be94b4b1c on network 86a63ee5-e2bd-4afb-bf62-d799d8f6eb2b {{(pid=94624) bind_port /opt/stack/neutron/neutron/plugins/ml2/drivers/mech_agent.py:85}}
Sep 10 10:59:26.633927 dv-neutron-601336-100-hyperv neutron-server[94624]: DEBUG neutron.wsgi [-] (94624) accepted ('10.222.0.39', 58124) {{(pid=94624) server /usr/local/lib/python3.8/dist-packages/eventlet/wsgi.py:982}}
Sep 10 10:59:26.642601 dv-neutron-601336-100-hyperv neutron-server[94624]: WARNING keystonemiddleware.auth_token [-] A valid token was submitted as a service token, but it was not a valid service token. This is incorrect but backwards compatible behaviour. This will be removed in future releases.
Sep 10 10:59:26.646582 dv-neutron-601336-100-hyperv neutron-server[94624]: DEBUG neutron.api.rpc.handlers.resources_rpc [None req-faae9192-f203-4bec-afb1-d310df26d6f2 tempest-ExternalNetworksTestJSON-2015980686 tempest-ExternalNetworksTestJSON-2015980686-project-admin] Pushing event updated for resources: {'Network': ['ID=9306fed5-8812-45e4-a5bf-513839bd1410,revision_number=1']} {{(pid=94624) push /opt/stack/neutron/neutron/api/rpc/handlers/resources_rpc.py:237}}
Sep 10 10:59:26.653952 dv-neutron-601336-100-hyperv neutron-server[94624]: DEBUG neutron.plugins.ml2.drivers.mech_agent [None req-d8f01daa-d9be-4bca-b3f5-76ede87261cb tempest-PortsAdminExtendedAttrsIpV6TestJSON-366698140 tempest-PortsAdminExtendedAttrsIpV6TestJSON-366698140-project-admin] Port 5a832e9e-a8a2-45c8-a284-626b80c3e34d on network bb68bad0-a424-4bb5-9277-86c635887736 not bound, no agent of type Open vSwitch agent registered on host hv-neutron-6013 {{(pid=94624) bind_port /opt/stack/neutron/neutron/plugins/ml2/drivers/mech_agent.py:97}}
Sep 10 10:59:26.654280 dv-neutron-601336-100-hyperv neutron-server[94624]: ERROR neutron.plugins.ml2.managers [None req-d8f01daa-d9be-4bca-b3f5-76ede87261cb tempest-PortsAdminExtendedAttrsIpV6TestJSON-366698140 tempest-PortsAdminExtendedAttrsIpV6TestJSON-366698140-project-admin] Failed to bind port 5a832e9e-a8a2-45c8-a284-626b80c3e34d on host hv-neutron-6013 for vnic_type normal using segments [{'id': 'b1865acb-fd9e-4d84-aa21-2df0c8063763', 'network_type': 'vlan', 'physical_network': 'physnet1', 'segmentation_id': 400, 'network_id': 'bb68bad0-a424-4bb5-9277-86c635887736'}]
Sep 10 10:59:26.656451 dv-neutron-601336-100-hyperv neutron-server[94624]: INFO neutron.plugins.ml2.plugin [None req-d8f01daa-d9be-4bca-b3f5-76ede87261cb tempest-PortsAdminExtendedAttrsIpV6TestJSON-366698140 tempest-PortsAdminExtendedAttrsIpV6TestJSON-366698140-project-admin] Attempt 4 to bind port 5a832e9e-a8a2-45c8-a284-626b80c3e34d
Sep 10 10:59:26.660076 dv-neutron-601336-100-hyperv neutron-server[94625]: DEBUG neutron.plugins.ml2.rpc [None req-ef3a45b6-89e0-4c4a-95c9-89a93ccd7545 None None] Network 9306fed5-8812-45e4-a5bf-513839bd1410 details requested by agent ovs-agent-dv-neutron-601336-100-hyperv with host dv-neutron-601336-100-hyperv {{(pid=94625) get_network_details /opt/stack/neutron/neutron/plugins/ml2/rpc.py:250}}
Sep 10 10:59:26.673633 dv-neutron-601336-100-hyperv neutron-server[94624]: DEBUG neutron.plugins.ml2.drivers.mech_agent [None req-fcb8325c-ab77-4382-843b-ec20a8585e0d tempest-PortsAdminExtendedAttrsTestJSON-798828821 tempest-PortsAdminExtendedAttrsTestJSON-798828821-project-admin] Port ff019a32-b7c5-4562-a25b-0a7be94b4b1c on network 86a63ee5-e2bd-4afb-bf62-d799d8f6eb2b not bound, no agent of type Open vSwitch agent registered on host hv-neutron-6013 {{(pid=94624) bind_port /opt/stack/neutron/neutron/plugins/ml2/drivers/mech_agent.py:97}}
Sep 10 10:59:26.673964 dv-neutron-601336-100-hyperv neutron-server[94624]: ERROR neutron.plugins.ml2.managers [None req-fcb8325c-ab77-4382-843b-ec20a8585e0d tempest-PortsAdminExtendedAttrsTestJSON-798828821 tempest-PortsAdminExtendedAttrsTestJSON-798828821-project-admin] Failed to bind port ff019a32-b7c5-4562-a25b-0a7be94b4b1c on host hv-neutron-6013 for vnic_type normal using segments [{'id': 'ddc3bbf0-3c99-4b9b-ab44-bf70b615111b', 'network_type': 'vlan', 'physical_network': 'physnet1', 'segmentation_id': 421, 'network_id': '86a63ee5-e2bd-4afb-bf62-d799d8f6eb2b'}]
Sep 10 10:59:26.684796 dv-neutron-601336-100-hyperv neutron-server[94624]: INFO neutron.plugins.ml2.plugin [None req-fcb8325c-ab77-4382-843b-ec20a8585e0d tempest-PortsAdminExtendedAttrsTestJSON-798828821 tempest-PortsAdminExtendedAttrsTestJSON-798828821-project-admin] Attempt 4 to bind port ff019a32-b7c5-4562-a25b-0a7be94b4b1c
