Oct 23 00:47:44.034103 dv-osbrick-master-4-smb devstack@keystone.service[81566]: DEBUG keystone.server.flask.request_processing.middleware.auth_context [None req-1fd5caf0-e1f1-491f-9b6e-8b44d88a99f6 None admin] RBAC: auth_context: {'token': , 'domain_id': None, 'trust_id': None, 'trustor_id': None, 'trustee_id': None, 'domain_name': None, 'group_ids': [], 'user_id': '177d44517e8e4a9c8bfb77e2f916403c', 'user_domain_id': 'default', 'system_scope': 'all', 'project_id': None, 'project_domain_id': None, 'roles': ['admin', 'member', 'reader'], 'is_admin_project': True, 'service_user_id': None, 'service_user_domain_id': None, 'service_project_id': None, 'service_project_domain_id': None, 'service_roles': []} {{(pid=81566) fill_context /opt/stack/keystone/keystone/server/flask/request_processing/middleware/auth_context.py:478}}
Oct 23 00:47:44.035132 dv-osbrick-master-4-smb devstack@keystone.service[81566]: DEBUG keystone.server.flask.request_processing.req_logging [None req-1fd5caf0-e1f1-491f-9b6e-8b44d88a99f6 None admin] REQUEST_METHOD: `GET` {{(pid=81566) log_request_info /opt/stack/keystone/keystone/server/flask/request_processing/req_logging.py:27}}
Oct 23 00:47:44.035531 dv-osbrick-master-4-smb devstack@keystone.service[81565]: DEBUG keystone.common.rbac_enforcer.enforcer [None req-0a4e7ae5-4974-431a-a89e-5a101bd556d0 None admin] RBAC: Authorizing `identity:get_domain(domain_id=default)` {{(pid=81565) enforce_call /opt/stack/keystone/keystone/common/rbac_enforcer/enforcer.py:449}}
Oct 23 00:47:44.035755 dv-osbrick-master-4-smb devstack@keystone.service[81566]: DEBUG keystone.server.flask.request_processing.req_logging [None req-1fd5caf0-e1f1-491f-9b6e-8b44d88a99f6 None admin] SCRIPT_NAME: `/identity` {{(pid=81566) log_request_info /opt/stack/keystone/keystone/server/flask/request_processing/req_logging.py:28}}
Oct 23 00:47:44.036022 dv-osbrick-master-4-smb devstack@keystone.service[81566]: DEBUG keystone.server.flask.request_processing.req_logging [None req-1fd5caf0-e1f1-491f-9b6e-8b44d88a99f6 None admin] PATH_INFO: `/v3/users/171ddc9043454da0b2214abbd611e663` {{(pid=81566) log_request_info /opt/stack/keystone/keystone/server/flask/request_processing/req_logging.py:29}}
Oct 23 00:47:44.038123 dv-osbrick-master-4-smb devstack@keystone.service[81566]: DEBUG keystone.common.rbac_enforcer.enforcer [None req-1fd5caf0-e1f1-491f-9b6e-8b44d88a99f6 None admin] RBAC: Authorizing `identity:get_user(user_id=171ddc9043454da0b2214abbd611e663)` {{(pid=81566) enforce_call /opt/stack/keystone/keystone/common/rbac_enforcer/enforcer.py:449}}
Oct 23 00:47:44.039038 dv-osbrick-master-4-smb devstack@keystone.service[81565]: DEBUG keystone.common.rbac_enforcer.enforcer [None req-0a4e7ae5-4974-431a-a89e-5a101bd556d0 None admin] RBAC: Authorization granted {{(pid=81565) enforce_call /opt/stack/keystone/keystone/common/rbac_enforcer/enforcer.py:457}}
Oct 23 00:47:44.040696 dv-osbrick-master-4-smb devstack@keystone.service[81566]: DEBUG keystone.common.rbac_enforcer.enforcer [None req-1fd5caf0-e1f1-491f-9b6e-8b44d88a99f6 None admin] RBAC: Authorization granted {{(pid=81566) enforce_call /opt/stack/keystone/keystone/common/rbac_enforcer/enforcer.py:457}}
Oct 23 00:47:44.042355 dv-osbrick-master-4-smb devstack@keystone.service[81565]: [pid: 81565|app: 0|req: 57/110] 10.222.0.40 () {56 vars in 1108 bytes} [Sun Oct 23 00:47:43 2022] GET /identity/v3/domains/default => generated 199 bytes in 278 msecs (HTTP/1.1 200) 5 headers in 177 bytes (1 switches on core 0)
Oct 23 00:47:44.043890 dv-osbrick-master-4-smb devstack@keystone.service[81566]: [pid: 81566|app: 0|req: 54/111] 10.222.0.40 () {56 vars in 1177 bytes} [Sun Oct 23 00:47:43 2022] GET /identity/v3/users/171ddc9043454da0b2214abbd611e663 => generated 275 bytes in 234 msecs (HTTP/1.1 200) 5 headers in 177 bytes (1 switches on core 0)
Oct 23 00:47:44.044209 dv-osbrick-master-4-smb devstack@keystone.service[81565]: DEBUG keystone.server.flask.request_processing.middleware.auth_context [None req-0a4e7ae5-4974-431a-a89e-5a101bd556d0 None admin] Authenticating user token {{(pid=81565) process_request /usr/local/lib/python3.8/dist-packages/keystonemiddleware/auth_token/__init__.py:407}}
Oct 23 00:47:44.045803 dv-osbrick-master-4-smb devstack@keystone.service[81566]: DEBUG keystone.server.flask.request_processing.middleware.auth_context [None req-1fd5caf0-e1f1-491f-9b6e-8b44d88a99f6 None admin] Authenticating user token {{(pid=81566) process_request /usr/local/lib/python3.8/dist-packages/keystonemiddleware/auth_token/__init__.py:407}}
Oct 23 00:47:44.062807 dv-osbrick-master-4-smb devstack@keystone.service[81566]: DEBUG dbcounter [-] [81566] Writing DB stats keystone:SELECT=100 {{(pid=81566) stat_writer /usr/local/lib/python3.8/dist-packages/dbcounter.py:114}}
Oct 23 00:47:44.187429 dv-osbrick-master-4-smb devstack@keystone.service[81566]: DEBUG keystone.server.flask.request_processing.middleware.auth_context [None req-1fd5caf0-e1f1-491f-9b6e-8b44d88a99f6 None admin] Validating token access rules against request {{(pid=81566) validate_allowed_request /usr/local/lib/python3.8/dist-packages/keystonemiddleware/auth_token/__init__.py:545}}
Oct 23 00:47:44.188052 dv-osbrick-master-4-smb devstack@keystone.service[81565]: DEBUG keystone.server.flask.request_processing.middleware.auth_context [None req-0a4e7ae5-4974-431a-a89e-5a101bd556d0 None admin] Validating token access rules against request {{(pid=81565) validate_allowed_request /usr/local/lib/python3.8/dist-packages/keystonemiddleware/auth_token/__init__.py:545}}
Oct 23 00:47:44.232214 dv-osbrick-master-4-smb devstack@keystone.service[81565]: DEBUG keystone.server.flask.request_processing.middleware.auth_context [None req-a6f306f7-dea9-4c09-ad49-357223b96c68 None admin] RBAC: auth_context: {'token': , 'domain_id': None, 'trust_id': None, 'trustor_id': None, 'trustee_id': None, 'domain_name': None, 'group_ids': [], 'user_id': '177d44517e8e4a9c8bfb77e2f916403c', 'user_domain_id': 'default', 'system_scope': 'all', 'project_id': None, 'project_domain_id': None, 'roles': ['admin', 'member', 'reader'], 'is_admin_project': True, 'service_user_id': None, 'service_user_domain_id': None, 'service_project_id': None, 'service_project_domain_id': None, 'service_roles': []} {{(pid=81565) fill_context /opt/stack/keystone/keystone/server/flask/request_processing/middleware/auth_context.py:478}}
Oct 23 00:47:44.232967 dv-osbrick-master-4-smb devstack@keystone.service[81565]: DEBUG keystone.server.flask.request_processing.req_logging [None req-a6f306f7-dea9-4c09-ad49-357223b96c68 None admin] REQUEST_METHOD: `GET` {{(pid=81565) log_request_info /opt/stack/keystone/keystone/server/flask/request_processing/req_logging.py:27}}
Oct 23 00:47:44.233316 dv-osbrick-master-4-smb devstack@keystone.service[81565]: DEBUG keystone.server.flask.request_processing.req_logging [None req-a6f306f7-dea9-4c09-ad49-357223b96c68 None admin] SCRIPT_NAME: `/identity` {{(pid=81565) log_request_info /opt/stack/keystone/keystone/server/flask/request_processing/req_logging.py:28}}
Oct 23 00:47:44.233649 dv-osbrick-master-4-smb devstack@keystone.service[81565]: DEBUG keystone.server.flask.request_processing.req_logging [None req-a6f306f7-dea9-4c09-ad49-357223b96c68 None admin] PATH_INFO: `/v3/roles` {{(pid=81565) log_request_info /opt/stack/keystone/keystone/server/flask/request_processing/req_logging.py:29}}
Oct 23 00:47:44.234402 dv-osbrick-master-4-smb devstack@keystone.service[81565]: DEBUG keystone.common.rbac_enforcer.enforcer [None req-a6f306f7-dea9-4c09-ad49-357223b96c68 None admin] RBAC: Adding query filter params (name=anotherrole) {{(pid=81565) _extract_filter_values /opt/stack/keystone/keystone/common/rbac_enforcer/enforcer.py:167}}
Oct 23 00:47:44.234802 dv-osbrick-master-4-smb devstack@keystone.service[81565]: DEBUG keystone.common.rbac_enforcer.enforcer [None req-a6f306f7-dea9-4c09-ad49-357223b96c68 None admin] RBAC: Authorizing `identity:list_roles()` {{(pid=81565) enforce_call /opt/stack/keystone/keystone/common/rbac_enforcer/enforcer.py:449}}
Oct 23 00:47:44.236509 dv-osbrick-master-4-smb devstack@keystone.service[81565]: DEBUG keystone.common.rbac_enforcer.enforcer [None req-a6f306f7-dea9-4c09-ad49-357223b96c68 None admin] RBAC: Authorization granted {{(pid=81565) enforce_call /opt/stack/keystone/keystone/common/rbac_enforcer/enforcer.py:457}}
Oct 23 00:47:44.243764 dv-osbrick-master-4-smb devstack@keystone.service[81566]: DEBUG keystone.server.flask.request_processing.middleware.auth_context [None req-e1e8820f-84a4-4576-ad21-7f187b436d9c None admin] RBAC: auth_context: {'token': , 'domain_id': None, 'trust_id': None, 'trustor_id': None, 'trustee_id': None, 'domain_name': None, 'group_ids': [], 'user_id': '177d44517e8e4a9c8bfb77e2f916403c', 'user_domain_id': 'default', 'system_scope': 'all', 'project_id': None, 'project_domain_id': None, 'roles': ['admin', 'member', 'reader'], 'is_admin_project': True, 'service_user_id': None, 'service_user_domain_id': None, 'service_project_id': None, 'service_project_domain_id': None, 'service_roles': []} {{(pid=81566) fill_context /opt/stack/keystone/keystone/server/flask/request_processing/middleware/auth_context.py:478}}
Oct 23 00:47:44.244774 dv-osbrick-master-4-smb devstack@keystone.service[81566]: DEBUG keystone.server.flask.request_processing.req_logging [None req-e1e8820f-84a4-4576-ad21-7f187b436d9c None admin] REQUEST_METHOD: `GET` {{(pid=81566) log_request_info /opt/stack/keystone/keystone/server/flask/request_processing/req_logging.py:27}}
Oct 23 00:47:44.245068 dv-osbrick-master-4-smb devstack@keystone.service[81566]: DEBUG keystone.server.flask.request_processing.req_logging [None req-e1e8820f-84a4-4576-ad21-7f187b436d9c None admin] SCRIPT_NAME: `/identity` {{(pid=81566) log_request_info /opt/stack/keystone/keystone/server/flask/request_processing/req_logging.py:28}}
Oct 23 00:47:44.245348 dv-osbrick-master-4-smb devstack@keystone.service[81566]: DEBUG keystone.server.flask.request_processing.req_logging [None req-e1e8820f-84a4-4576-ad21-7f187b436d9c None admin] PATH_INFO: `/v3/users/9fea4db7aeda4be99e8db9c2dd050294` {{(pid=81566) log_request_info /opt/stack/keystone/keystone/server/flask/request_processing/req_logging.py:29}}
Oct 23 00:47:44.246231 dv-osbrick-master-4-smb devstack@keystone.service[81565]: [pid: 81565|app: 0|req: 58/112] 10.222.0.40 () {56 vars in 1111 bytes} [Sun Oct 23 00:47:44 2022] GET /identity/v3/roles?name=anotherrole => generated 334 bytes in 203 msecs (HTTP/1.1 200) 5 headers in 177 bytes (1 switches on core 0)
Oct 23 00:47:44.251215 dv-osbrick-master-4-smb devstack@keystone.service[81565]: DEBUG keystone.server.flask.request_processing.middleware.auth_context [None req-a6f306f7-dea9-4c09-ad49-357223b96c68 None admin] Authenticating user token {{(pid=81565) process_request /usr/local/lib/python3.8/dist-packages/keystonemiddleware/auth_token/__init__.py:407}}
Oct 23 00:47:44.261869 dv-osbrick-master-4-smb devstack@keystone.service[81566]: DEBUG keystone.common.rbac_enforcer.enforcer [None req-e1e8820f-84a4-4576-ad21-7f187b436d9c None admin] RBAC: Authorizing `identity:get_user(user_id=9fea4db7aeda4be99e8db9c2dd050294)` {{(pid=81566) enforce_call /opt/stack/keystone/keystone/common/rbac_enforcer/enforcer.py:449}}
Oct 23 00:47:44.264032 dv-osbrick-master-4-smb devstack@keystone.service[81566]: DEBUG keystone.common.rbac_enforcer.enforcer [None req-e1e8820f-84a4-4576-ad21-7f187b436d9c None admin] RBAC: Authorization granted {{(pid=81566) enforce_call /opt/stack/keystone/keystone/common/rbac_enforcer/enforcer.py:457}}
Oct 23 00:47:44.266038 dv-osbrick-master-4-smb devstack@keystone.service[81566]: [pid: 81566|app: 0|req: 55/113] 10.222.0.40 () {56 vars in 1177 bytes} [Sun Oct 23 00:47:44 2022] GET /identity/v3/users/9fea4db7aeda4be99e8db9c2dd050294 => generated 289 bytes in 222 msecs (HTTP/1.1 200) 5 headers in 177 bytes (1 switches on core 0)
Oct 23 00:47:44.267019 dv-osbrick-master-4-smb devstack@keystone.service[81566]: DEBUG keystone.server.flask.request_processing.middleware.auth_context [None req-e1e8820f-84a4-4576-ad21-7f187b436d9c None admin] Authenticating user token {{(pid=81566) process_request /usr/local/lib/python3.8/dist-packages/keystonemiddleware/auth_token/__init__.py:407}}
Oct 23 00:47:44.278830 dv-osbrick-master-4-smb devstack@keystone.service[81565]: DEBUG dbcounter [-] [81565] Writing DB stats keystone:SELECT=100 {{(pid=81565) stat_writer /usr/local/lib/python3.8/dist-packages/dbcounter.py:114}}
Oct 23 00:47:44.361158 dv-osbrick-master-4-smb devstack@keystone.service[81565]: DEBUG keystone.server.flask.request_processing.middleware.auth_context [None req-a6f306f7-dea9-4c09-ad49-357223b96c68 None admin] Validating token access rules against request {{(pid=81565) validate_allowed_request /usr/local/lib/python3.8/dist-packages/keystonemiddleware/auth_token/__init__.py:545}}
Oct 23 00:47:44.368756 dv-osbrick-master-4-smb devstack@keystone.service[81566]: DEBUG dbcounter [-] [81566] Writing DB stats keystone:SELECT=100 {{(pid=81566) stat_writer /usr/local/lib/python3.8/dist-packages/dbcounter.py:114}}
Oct 23 00:47:44.400838 dv-osbrick-master-4-smb devstack@keystone.service[81565]: DEBUG keystone.server.flask.request_processing.middleware.auth_context [None req-986c92be-5fcf-4b9e-b453-4032cbfc216d None admin] RBAC: auth_context: {'token': , 'domain_id': None, 'trust_id': None, 'trustor_id': None, 'trustee_id': None, 'domain_name': None, 'group_ids': [], 'user_id': '177d44517e8e4a9c8bfb77e2f916403c', 'user_domain_id': 'default', 'system_scope': 'all', 'project_id': None, 'project_domain_id': None, 'roles': ['admin', 'member', 'reader'], 'is_admin_project': True, 'service_user_id': None, 'service_user_domain_id': None, 'service_project_id': None, 'service_project_domain_id': None, 'service_roles': []} {{(pid=81565) fill_context /opt/stack/keystone/keystone/server/flask/request_processing/middleware/auth_context.py:478}}
Oct 23 00:47:44.401867 dv-osbrick-master-4-smb devstack@keystone.service[81565]: DEBUG keystone.server.flask.request_processing.req_logging [None req-986c92be-5fcf-4b9e-b453-4032cbfc216d None admin] REQUEST_METHOD: `POST` {{(pid=81565) log_request_info /opt/stack/keystone/keystone/server/flask/request_processing/req_logging.py:27}}
Oct 23 00:47:44.402366 dv-osbrick-master-4-smb devstack@keystone.service[81565]: DEBUG keystone.server.flask.request_processing.req_logging [None req-986c92be-5fcf-4b9e-b453-4032cbfc216d None admin] SCRIPT_NAME: `/identity` {{(pid=81565) log_request_info /opt/stack/keystone/keystone/server/flask/request_processing/req_logging.py:28}}
Oct 23 00:47:44.402854 dv-osbrick-master-4-smb devstack@keystone.service[81565]: DEBUG keystone.server.flask.request_processing.req_logging [None req-986c92be-5fcf-4b9e-b453-4032cbfc216d None admin] PATH_INFO: `/v3/projects` {{(pid=81565) log_request_info /opt/stack/keystone/keystone/server/flask/request_processing/req_logging.py:29}}
Oct 23 00:47:44.404680 dv-osbrick-master-4-smb devstack@keystone.service[81565]: DEBUG keystone.common.rbac_enforcer.enforcer [None req-986c92be-5fcf-4b9e-b453-4032cbfc216d None admin] RBAC: Authorizing `identity:create_project()` {{(pid=81565) enforce_call /opt/stack/keystone/keystone/common/rbac_enforcer/enforcer.py:449}}
Oct 23 00:47:44.407264 dv-osbrick-master-4-smb devstack@keystone.service[81565]: DEBUG keystone.common.rbac_enforcer.enforcer [None req-986c92be-5fcf-4b9e-b453-4032cbfc216d None admin] RBAC: Authorization granted {{(pid=81565) enforce_call /opt/stack/keystone/keystone/common/rbac_enforcer/enforcer.py:457}}
Oct 23 00:47:44.409290 dv-osbrick-master-4-smb devstack@keystone.service[81566]: DEBUG keystone.server.flask.request_processing.middleware.auth_context [None req-e1e8820f-84a4-4576-ad21-7f187b436d9c None admin] Validating token access rules against request {{(pid=81566) validate_allowed_request /usr/local/lib/python3.8/dist-packages/keystonemiddleware/auth_token/__init__.py:545}}
Oct 23 00:47:44.453043 dv-osbrick-master-4-smb devstack@keystone.service[81566]: DEBUG keystone.server.flask.request_processing.middleware.auth_context [None req-048afbcf-e0b1-4b81-bfbc-22cd7686bdb5 None admin] RBAC: auth_context: {'token': , 'domain_id': None, 'trust_id': None, 'trustor_id': None, 'trustee_id': None, 'domain_name': None, 'group_ids': [], 'user_id': '177d44517e8e4a9c8bfb77e2f916403c', 'user_domain_id': 'default', 'system_scope': 'all', 'project_id': None, 'project_domain_id': None, 'roles': ['admin', 'member', 'reader'], 'is_admin_project': True, 'service_user_id': None, 'service_user_domain_id': None, 'service_project_id': None, 'service_project_domain_id': None, 'service_roles': []} {{(pid=81566) fill_context /opt/stack/keystone/keystone/server/flask/request_processing/middleware/auth_context.py:478}}
Oct 23 00:47:44.453752 dv-osbrick-master-4-smb devstack@keystone.service[81566]: DEBUG keystone.server.flask.request_processing.req_logging [None req-048afbcf-e0b1-4b81-bfbc-22cd7686bdb5 None admin] REQUEST_METHOD: `GET` {{(pid=81566) log_request_info /opt/stack/keystone/keystone/server/flask/request_processing/req_logging.py:27}}
Oct 23 00:47:44.453929 dv-osbrick-master-4-smb devstack@keystone.service[81566]: DEBUG keystone.server.flask.request_processing.req_logging [None req-048afbcf-e0b1-4b81-bfbc-22cd7686bdb5 None admin] SCRIPT_NAME: `/identity` {{(pid=81566) log_request_info /opt/stack/keystone/keystone/server/flask/request_processing/req_logging.py:28}}
Oct 23 00:47:44.454203 dv-osbrick-master-4-smb devstack@keystone.service[81566]: DEBUG keystone.server.flask.request_processing.req_logging [None req-048afbcf-e0b1-4b81-bfbc-22cd7686bdb5 None admin] PATH_INFO: `/v3/auth/tokens` {{(pid=81566) log_request_info /opt/stack/keystone/keystone/server/flask/request_processing/req_logging.py:29}}
Oct 23 00:47:44.508739 dv-osbrick-master-4-smb devstack@keystone.service[81565]: [pid: 81565|app: 0|req: 59/114] 10.222.0.40 () {60 vars in 1141 bytes} [Sun Oct 23 00:47:44 2022] POST /identity/v3/projects => generated 302 bytes in 252 msecs (HTTP/1.1 201) 5 headers in 182 bytes (1 switches on core 0)
Oct 23 00:47:44.508739 dv-osbrick-master-4-smb devstack@keystone.service[81565]: DEBUG keystone.server.flask.request_processing.middleware.auth_context [None req-986c92be-5fcf-4b9e-b453-4032cbfc216d None admin] Authenticating user token {{(pid=81565) process_request /usr/local/lib/python3.8/dist-packages/keystonemiddleware/auth_token/__init__.py:407}}
Oct 23 00:47:44.576919 dv-osbrick-master-4-smb devstack@keystone.service[81566]: DEBUG keystone.common.rbac_enforcer.enforcer [None req-048afbcf-e0b1-4b81-bfbc-22cd7686bdb5 None admin] RBAC: Authorizing `identity:validate_token()` {{(pid=81566) enforce_call /opt/stack/keystone/keystone/common/rbac_enforcer/enforcer.py:449}}
Oct 23 00:47:44.579269 dv-osbrick-master-4-smb devstack@keystone.service[81566]: DEBUG keystone.common.rbac_enforcer.enforcer [None req-048afbcf-e0b1-4b81-bfbc-22cd7686bdb5 None admin] RBAC: Authorization granted {{(pid=81566) enforce_call /opt/stack/keystone/keystone/common/rbac_enforcer/enforcer.py:457}}
Oct 23 00:47:44.634003 dv-osbrick-master-4-smb devstack@keystone.service[81565]: DEBUG dbcounter [-] [81565] Writing DB stats keystone:SELECT=99,keystone:INSERT=1 {{(pid=81565) stat_writer /usr/local/lib/python3.8/dist-packages/dbcounter.py:114}}
Oct 23 00:47:44.682076 dv-osbrick-master-4-smb devstack@keystone.service[81565]: DEBUG keystone.server.flask.request_processing.middleware.auth_context [None req-986c92be-5fcf-4b9e-b453-4032cbfc216d None admin] Validating token access rules against request {{(pid=81565) validate_allowed_request /usr/local/lib/python3.8/dist-packages/keystonemiddleware/auth_token/__init__.py:545}}
Oct 23 00:47:44.693279 dv-osbrick-master-4-smb devstack@keystone.service[81566]: DEBUG dbcounter [-] [81566] Writing DB stats keystone:SELECT=100 {{(pid=81566) stat_writer /usr/local/lib/python3.8/dist-packages/dbcounter.py:114}}
Oct 23 00:47:44.743347 dv-osbrick-master-4-smb devstack@keystone.service[81565]: DEBUG keystone.server.flask.request_processing.middleware.auth_context [None req-cb51da70-beaf-4795-a77c-0dbcaac0eca9 None admin] RBAC: auth_context: {'token': , 'domain_id': None, 'trust_id': None, 'trustor_id': None, 'trustee_id': None, 'domain_name': None, 'group_ids': [], 'user_id': '177d44517e8e4a9c8bfb77e2f916403c', 'user_domain_id': 'default', 'system_scope': 'all', 'project_id': None, 'project_domain_id': None, 'roles': ['admin', 'member', 'reader'], 'is_admin_project': True, 'service_user_id': None, 'service_user_domain_id': None, 'service_project_id': None, 'service_project_domain_id': None, 'service_roles': []} {{(pid=81565) fill_context /opt/stack/keystone/keystone/server/flask/request_processing/middleware/auth_context.py:478}}
Oct 23 00:47:44.744800 dv-osbrick-master-4-smb devstack@keystone.service[81565]: DEBUG keystone.server.flask.request_processing.req_logging [None req-cb51da70-beaf-4795-a77c-0dbcaac0eca9 None admin] REQUEST_METHOD: `GET` {{(pid=81565) log_request_info /opt/stack/keystone/keystone/server/flask/request_processing/req_logging.py:27}}
Oct 23 00:47:44.745877 dv-osbrick-master-4-smb devstack@keystone.service[81565]: DEBUG keystone.server.flask.request_processing.req_logging [None req-cb51da70-beaf-4795-a77c-0dbcaac0eca9 None admin] SCRIPT_NAME: `/identity` {{(pid=81565) log_request_info /opt/stack/keystone/keystone/server/flask/request_processing/req_logging.py:28}}
Oct 23 00:47:44.746320 dv-osbrick-master-4-smb devstack@keystone.service[81565]: DEBUG keystone.server.flask.request_processing.req_logging [None req-cb51da70-beaf-4795-a77c-0dbcaac0eca9 None admin] PATH_INFO: `/v3/roles/member` {{(pid=81565) log_request_info /opt/stack/keystone/keystone/server/flask/request_processing/req_logging.py:29}}
Oct 23 00:47:44.760957 dv-osbrick-master-4-smb devstack@keystone.service[81566]: [pid: 81566|app: 0|req: 56/115] 10.222.0.40 () {58 vars in 1282 bytes} [Sun Oct 23 00:47:44 2022] GET /identity/v3/auth/tokens => generated 799 bytes in 494 msecs (HTTP/1.1 200) 6 headers in 358 bytes (1 switches on core 0)
Oct 23 00:47:44.762938 dv-osbrick-master-4-smb devstack@keystone.service[81566]: DEBUG keystone.server.flask.request_processing.middleware.auth_context [None req-048afbcf-e0b1-4b81-bfbc-22cd7686bdb5 None admin] Authenticating user token {{(pid=81566) process_request /usr/local/lib/python3.8/dist-packages/keystonemiddleware/auth_token/__init__.py:407}}
Oct 23 00:47:44.769528 dv-osbrick-master-4-smb devstack@keystone.service[81565]: DEBUG keystone.common.rbac_enforcer.enforcer [None req-cb51da70-beaf-4795-a77c-0dbcaac0eca9 None admin] Extracting inferred target data resulted in "NOT FOUND (404)". {{(pid=81565) enforce_call /opt/stack/keystone/keystone/common/rbac_enforcer/enforcer.py:409}}
Oct 23 00:47:44.775474 dv-osbrick-master-4-smb devstack@keystone.service[81565]: ERROR keystone.server.flask.application [None req-cb51da70-beaf-4795-a77c-0dbcaac0eca9 None admin] Could not find role: member.: keystone.exception.RoleNotFound: Could not find role: member.
Oct 23 00:47:44.775474 dv-osbrick-master-4-smb devstack@keystone.service[81565]: ERROR keystone.server.flask.application
Traceback (most recent call last):
Oct 23 00:47:44.775474 dv-osbrick-master-4-smb devstack@keystone.service[81565]: ERROR keystone.server.flask.application
File "/usr/local/lib/python3.8/dist-packages/flask/app.py", line 1820, in full_dispatch_request
Oct 23 00:47:44.775474 dv-osbrick-master-4-smb devstack@keystone.service[81565]: ERROR keystone.server.flask.application rv = self.dispatch_request()
Oct 23 00:47:44.775474 dv-osbrick-master-4-smb devstack@keystone.service[81565]: ERROR keystone.server.flask.application
File "/usr/local/lib/python3.8/dist-packages/flask/app.py", line 1796, in dispatch_request
Oct 23 00:47:44.775474 dv-osbrick-master-4-smb devstack@keystone.service[81565]: ERROR keystone.server.flask.application return self.ensure_sync(self.view_functions[rule.endpoint])(**view_args)
Oct 23 00:47:44.775474 dv-osbrick-master-4-smb devstack@keystone.service[81565]: ERROR keystone.server.flask.application
File "/usr/local/lib/python3.8/dist-packages/flask_restful/__init__.py", line 467, in wrapper
Oct 23 00:47:44.775474 dv-osbrick-master-4-smb devstack@keystone.service[81565]: ERROR keystone.server.flask.application resp = resource(*args, **kwargs)
Oct 23 00:47:44.775474 dv-osbrick-master-4-smb devstack@keystone.service[81565]: ERROR keystone.server.flask.application
File "/usr/local/lib/python3.8/dist-packages/flask/views.py", line 107, in view
Oct 23 00:47:44.775474 dv-osbrick-master-4-smb devstack@keystone.service[81565]: ERROR keystone.server.flask.application return current_app.ensure_sync(self.dispatch_request)(**kwargs)
Oct 23 00:47:44.775474 dv-osbrick-master-4-smb devstack@keystone.service[81565]: ERROR keystone.server.flask.application
File "/usr/local/lib/python3.8/dist-packages/flask_restful/__init__.py", line 582, in dispatch_request
Oct 23 00:47:44.775474 dv-osbrick-master-4-smb devstack@keystone.service[81565]: ERROR keystone.server.flask.application resp = meth(*args, **kwargs)
Oct 23 00:47:44.775474 dv-osbrick-master-4-smb devstack@keystone.service[81565]: ERROR keystone.server.flask.application
File "/opt/stack/keystone/keystone/api/roles.py", line 50, in get
Oct 23 00:47:44.775474 dv-osbrick-master-4-smb devstack@keystone.service[81565]: ERROR keystone.server.flask.application return self._get_role(role_id)
Oct 23 00:47:44.775474 dv-osbrick-master-4-smb devstack@keystone.service[81565]: ERROR keystone.server.flask.application
File "/opt/stack/keystone/keystone/api/roles.py", line 70, in _get_role
Oct 23 00:47:44.775474 dv-osbrick-master-4-smb devstack@keystone.service[81565]: ERROR keystone.server.flask.application ENFORCER.enforce_call(action='identity:get_role')
Oct 23 00:47:44.777174 dv-osbrick-master-4-smb devstack@keystone.service[81565]: ERROR keystone.server.flask.application
File "/opt/stack/keystone/keystone/common/rbac_enforcer/enforcer.py", line 402, in enforce_call
Oct 23 00:47:44.777174 dv-osbrick-master-4-smb devstack@keystone.service[81565]: ERROR keystone.server.flask.application policy_dict.update(cls._extract_member_target_data(
Oct 23 00:47:44.777174 dv-osbrick-master-4-smb devstack@keystone.service[81565]: ERROR keystone.server.flask.application
File "/opt/stack/keystone/keystone/common/rbac_enforcer/enforcer.py", line 234, in _extract_member_target_data
Oct 23 00:47:44.777174 dv-osbrick-master-4-smb devstack@keystone.service[81565]: ERROR keystone.server.flask.application member_name: func(flask.request.view_args[key])
Oct 23 00:47:44.777174 dv-osbrick-master-4-smb devstack@keystone.service[81565]: ERROR keystone.server.flask.application
File "/opt/stack/keystone/keystone/common/manager.py", line 115, in wrapped
Oct 23 00:47:44.777174 dv-osbrick-master-4-smb devstack@keystone.service[81565]: ERROR keystone.server.flask.application __ret_val = __f(*args, **kwargs)
Oct 23 00:47:44.777174 dv-osbrick-master-4-smb devstack@keystone.service[81565]: ERROR keystone.server.flask.application
File "/usr/local/lib/python3.8/dist-packages/decorator.py", line 232, in fun
Oct 23 00:47:44.777174 dv-osbrick-master-4-smb devstack@keystone.service[81565]: ERROR keystone.server.flask.application return caller(func, *(extras + args), **kw)
Oct 23 00:47:44.777174 dv-osbrick-master-4-smb devstack@keystone.service[81565]: ERROR keystone.server.flask.application
File "/usr/local/lib/python3.8/dist-packages/dogpile/cache/region.py", line 1577, in get_or_create_for_user_func
Oct 23 00:47:44.777174 dv-osbrick-master-4-smb devstack@keystone.service[81565]: ERROR keystone.server.flask.application return self.get_or_create(
Oct 23 00:47:44.777174 dv-osbrick-master-4-smb devstack@keystone.service[81565]: ERROR keystone.server.flask.application
File "/usr/local/lib/python3.8/dist-packages/dogpile/cache/region.py", line 1042, in get_or_create
Oct 23 00:47:44.777174 dv-osbrick-master-4-smb devstack@keystone.service[81565]: ERROR keystone.server.flask.application with Lock(
Oct 23 00:47:44.777174 dv-osbrick-master-4-smb devstack@keystone.service[81565]: ERROR keystone.server.flask.application
File "/usr/local/lib/python3.8/dist-packages/dogpile/lock.py", line 185, in __enter__
Oct 23 00:47:44.777174 dv-osbrick-master-4-smb devstack@keystone.service[81565]: ERROR keystone.server.flask.application return self._enter()
Oct 23 00:47:44.777174 dv-osbrick-master-4-smb devstack@keystone.service[81565]: ERROR keystone.server.flask.application
File "/usr/local/lib/python3.8/dist-packages/dogpile/lock.py", line 94, in _enter
Oct 23 00:47:44.777174 dv-osbrick-master-4-smb devstack@keystone.service[81565]: ERROR keystone.server.flask.application generated = self._enter_create(value, createdtime)
Oct 23 00:47:44.778339 dv-osbrick-master-4-smb devstack@keystone.service[81565]: ERROR keystone.server.flask.application
File "/usr/local/lib/python3.8/dist-packages/dogpile/lock.py", line 178, in _enter_create
Oct 23 00:47:44.778339 dv-osbrick-master-4-smb devstack@keystone.service[81565]: ERROR keystone.server.flask.application return self.creator()
Oct 23 00:47:44.778339 dv-osbrick-master-4-smb devstack@keystone.service[81565]: ERROR keystone.server.flask.application
File "/usr/local/lib/python3.8/dist-packages/dogpile/cache/region.py", line 995, in gen_value
Oct 23 00:47:44.778339 dv-osbrick-master-4-smb devstack@keystone.service[81565]: ERROR keystone.server.flask.application created_value = creator(
Oct 23 00:47:44.778339 dv-osbrick-master-4-smb devstack@keystone.service[81565]: ERROR keystone.server.flask.application
File "/opt/stack/keystone/keystone/assignment/core.py", line 1276, in get_role
Oct 23 00:47:44.778339 dv-osbrick-master-4-smb devstack@keystone.service[81565]: ERROR keystone.server.flask.application return self.driver.get_role(role_id)
Oct 23 00:47:44.778339 dv-osbrick-master-4-smb devstack@keystone.service[81565]: ERROR keystone.server.flask.application
File "/opt/stack/keystone/keystone/assignment/role_backends/sql.py", line 70, in get_role
Oct 23 00:47:44.778339 dv-osbrick-master-4-smb devstack@keystone.service[81565]: ERROR keystone.server.flask.application return self._get_role(session, role_id).to_dict()
Oct 23 00:47:44.778339 dv-osbrick-master-4-smb devstack@keystone.service[81565]: ERROR keystone.server.flask.application
File "/opt/stack/keystone/keystone/assignment/role_backends/sql.py", line 65, in _get_role
Oct 23 00:47:44.778339 dv-osbrick-master-4-smb devstack@keystone.service[81565]: ERROR keystone.server.flask.application raise exception.RoleNotFound(role_id=role_id)
Oct 23 00:47:44.778339 dv-osbrick-master-4-smb devstack@keystone.service[81565]: ERROR keystone.server.flask.application keystone.exception.RoleNotFound: Could not find role: member.
Oct 23 00:47:44.778339 dv-osbrick-master-4-smb devstack@keystone.service[81565]: ERROR keystone.server.flask.application
Oct 23 00:47:44.778339 dv-osbrick-master-4-smb devstack@keystone.service[81565]: [pid: 81565|app: 0|req: 60/116] 10.222.0.40 () {56 vars in 1099 bytes} [Sun Oct 23 00:47:44 2022] GET /identity/v3/roles/member => generated 84 bytes in 277 msecs (HTTP/1.1 404) 5 headers in 183 bytes (1 switches on core 0)
Oct 23 00:47:44.778339 dv-osbrick-master-4-smb devstack@keystone.service[81565]: DEBUG keystone.server.flask.request_processing.middleware.auth_context [None req-cb51da70-beaf-4795-a77c-0dbcaac0eca9 None admin] Authenticating user token {{(pid=81565) process_request /usr/local/lib/python3.8/dist-packages/keystonemiddleware/auth_token/__init__.py:407}}
Oct 23 00:47:44.911755 dv-osbrick-master-4-smb devstack@keystone.service[81565]: DEBUG keystone.server.flask.request_processing.middleware.auth_context [None req-cb51da70-beaf-4795-a77c-0dbcaac0eca9 None admin] Validating token access rules against request {{(pid=81565) validate_allowed_request /usr/local/lib/python3.8/dist-packages/keystonemiddleware/auth_token/__init__.py:545}}
Oct 23 00:47:44.951045 dv-osbrick-master-4-smb devstack@keystone.service[81566]: DEBUG keystone.server.flask.request_processing.middleware.auth_context [None req-048afbcf-e0b1-4b81-bfbc-22cd7686bdb5 None admin] Validating token access rules against request {{(pid=81566) validate_allowed_request /usr/local/lib/python3.8/dist-packages/keystonemiddleware/auth_token/__init__.py:545}}
Oct 23 00:47:44.961818 dv-osbrick-master-4-smb devstack@keystone.service[81565]: DEBUG keystone.server.flask.request_processing.middleware.auth_context [None req-a7976214-9028-47bc-96f2-e8469e3f553c None admin] RBAC: auth_context: {'token': , 'domain_id': None, 'trust_id': None, 'trustor_id': None, 'trustee_id': None, 'domain_name': None, 'group_ids': [], 'user_id': '177d44517e8e4a9c8bfb77e2f916403c', 'user_domain_id': 'default', 'system_scope': 'all', 'project_id': None, 'project_domain_id': None, 'roles': ['admin', 'member', 'reader'], 'is_admin_project': True, 'service_user_id': None, 'service_user_domain_id': None, 'service_project_id': None, 'service_project_domain_id': None, 'service_roles': []} {{(pid=81565) fill_context /opt/stack/keystone/keystone/server/flask/request_processing/middleware/auth_context.py:478}}
Oct 23 00:47:44.963093 dv-osbrick-master-4-smb devstack@keystone.service[81565]: DEBUG keystone.server.flask.request_processing.req_logging [None req-a7976214-9028-47bc-96f2-e8469e3f553c None admin] REQUEST_METHOD: `GET` {{(pid=81565) log_request_info /opt/stack/keystone/keystone/server/flask/request_processing/req_logging.py:27}}
Oct 23 00:47:44.963706 dv-osbrick-master-4-smb devstack@keystone.service[81565]: DEBUG keystone.server.flask.request_processing.req_logging [None req-a7976214-9028-47bc-96f2-e8469e3f553c None admin] SCRIPT_NAME: `/identity` {{(pid=81565) log_request_info /opt/stack/keystone/keystone/server/flask/request_processing/req_logging.py:28}}
Oct 23 00:47:44.964327 dv-osbrick-master-4-smb devstack@keystone.service[81565]: DEBUG keystone.server.flask.request_processing.req_logging [None req-a7976214-9028-47bc-96f2-e8469e3f553c None admin] PATH_INFO: `/v3/projects/ed76862889bd49e4bd5aaa8561677a82` {{(pid=81565) log_request_info /opt/stack/keystone/keystone/server/flask/request_processing/req_logging.py:29}}
Oct 23 00:47:44.966404 dv-osbrick-master-4-smb devstack@keystone.service[81565]: DEBUG keystone.common.rbac_enforcer.enforcer [None req-a7976214-9028-47bc-96f2-e8469e3f553c None admin] RBAC: Authorizing `identity:get_project(project_id=ed76862889bd49e4bd5aaa8561677a82)` {{(pid=81565) enforce_call /opt/stack/keystone/keystone/common/rbac_enforcer/enforcer.py:449}}
Oct 23 00:47:44.969179 dv-osbrick-master-4-smb devstack@keystone.service[81565]: DEBUG keystone.common.rbac_enforcer.enforcer [None req-a7976214-9028-47bc-96f2-e8469e3f553c None admin] RBAC: Authorization granted {{(pid=81565) enforce_call /opt/stack/keystone/keystone/common/rbac_enforcer/enforcer.py:457}}
Oct 23 00:47:44.972581 dv-osbrick-master-4-smb devstack@keystone.service[81565]: [pid: 81565|app: 0|req: 61/117] 10.222.0.40 () {56 vars in 1186 bytes} [Sun Oct 23 00:47:44 2022] GET /identity/v3/projects/ed76862889bd49e4bd5aaa8561677a82 => generated 298 bytes in 195 msecs (HTTP/1.1 200) 5 headers in 177 bytes (1 switches on core 0)
Oct 23 00:47:44.973856 dv-osbrick-master-4-smb devstack@keystone.service[81565]: DEBUG keystone.server.flask.request_processing.middleware.auth_context [None req-a7976214-9028-47bc-96f2-e8469e3f553c None admin] Authenticating user token {{(pid=81565) process_request /usr/local/lib/python3.8/dist-packages/keystonemiddleware/auth_token/__init__.py:407}}
Oct 23 00:47:44.980976 dv-osbrick-master-4-smb devstack@keystone.service[81565]: DEBUG dbcounter [-] [81565] Writing DB stats keystone:SELECT=100 {{(pid=81565) stat_writer /usr/local/lib/python3.8/dist-packages/dbcounter.py:114}}
Oct 23 00:47:44.997543 dv-osbrick-master-4-smb devstack@keystone.service[81566]: DEBUG keystone.server.flask.request_processing.middleware.auth_context [None req-9f8a613d-97d2-4402-8356-476f43169409 None admin] RBAC: auth_context: {'token': , 'domain_id': None, 'trust_id': None, 'trustor_id': None, 'trustee_id': None, 'domain_name': None, 'group_ids': [], 'user_id': '177d44517e8e4a9c8bfb77e2f916403c', 'user_domain_id': 'default', 'system_scope': 'all', 'project_id': None, 'project_domain_id': None, 'roles': ['admin', 'member', 'reader'], 'is_admin_project': True, 'service_user_id': None, 'service_user_domain_id': None, 'service_project_id': None, 'service_project_domain_id': None, 'service_roles': []} {{(pid=81566) fill_context /opt/stack/keystone/keystone/server/flask/request_processing/middleware/auth_context.py:478}}
Oct 23 00:47:44.998810 dv-osbrick-master-4-smb devstack@keystone.service[81566]: DEBUG keystone.server.flask.request_processing.req_logging [None req-9f8a613d-97d2-4402-8356-476f43169409 None admin] REQUEST_METHOD: `GET` {{(pid=81566) log_request_info /opt/stack/keystone/keystone/server/flask/request_processing/req_logging.py:27}}
Oct 23 00:47:44.999301 dv-osbrick-master-4-smb devstack@keystone.service[81566]: DEBUG keystone.server.flask.request_processing.req_logging [None req-9f8a613d-97d2-4402-8356-476f43169409 None admin] SCRIPT_NAME: `/identity` {{(pid=81566) log_request_info /opt/stack/keystone/keystone/server/flask/request_processing/req_logging.py:28}}
Oct 23 00:47:44.999545 dv-osbrick-master-4-smb devstack@keystone.service[81566]: DEBUG keystone.server.flask.request_processing.req_logging [None req-9f8a613d-97d2-4402-8356-476f43169409 None admin] PATH_INFO: `/v3/users/171ddc9043454da0b2214abbd611e663` {{(pid=81566) log_request_info /opt/stack/keystone/keystone/server/flask/request_processing/req_logging.py:29}}
Oct 23 00:47:45.000875 dv-osbrick-master-4-smb devstack@keystone.service[81566]: DEBUG keystone.common.rbac_enforcer.enforcer [None req-9f8a613d-97d2-4402-8356-476f43169409 None admin] RBAC: Authorizing `identity:get_user(user_id=171ddc9043454da0b2214abbd611e663)` {{(pid=81566) enforce_call /opt/stack/keystone/keystone/common/rbac_enforcer/enforcer.py:449}}
Oct 23 00:47:45.002449 dv-osbrick-master-4-smb devstack@keystone.service[81566]: DEBUG keystone.common.rbac_enforcer.enforcer [None req-9f8a613d-97d2-4402-8356-476f43169409 None admin] RBAC: Authorization granted {{(pid=81566) enforce_call /opt/stack/keystone/keystone/common/rbac_enforcer/enforcer.py:457}}
Oct 23 00:47:45.004276 dv-osbrick-master-4-smb devstack@keystone.service[81566]: [pid: 81566|app: 0|req: 57/118] 10.222.0.40 () {56 vars in 1177 bytes} [Sun Oct 23 00:47:44 2022] GET /identity/v3/users/171ddc9043454da0b2214abbd611e663 => generated 275 bytes in 243 msecs (HTTP/1.1 200) 5 headers in 177 bytes (1 switches on core 0)
Oct 23 00:47:45.009875 dv-osbrick-master-4-smb devstack@keystone.service[81566]: DEBUG keystone.server.flask.request_processing.middleware.auth_context [None req-9f8a613d-97d2-4402-8356-476f43169409 None admin] Authenticating user token {{(pid=81566) process_request /usr/local/lib/python3.8/dist-packages/keystonemiddleware/auth_token/__init__.py:407}}
Oct 23 00:47:45.052283 dv-osbrick-master-4-smb devstack@keystone.service[81566]: DEBUG dbcounter [-] [81566] Writing DB stats keystone:SELECT=100 {{(pid=81566) stat_writer /usr/local/lib/python3.8/dist-packages/dbcounter.py:114}}
Oct 23 00:47:45.119822 dv-osbrick-master-4-smb devstack@keystone.service[81565]: DEBUG keystone.server.flask.request_processing.middleware.auth_context [None req-a7976214-9028-47bc-96f2-e8469e3f553c None admin] Validating token access rules against request {{(pid=81565) validate_allowed_request /usr/local/lib/python3.8/dist-packages/keystonemiddleware/auth_token/__init__.py:545}}
Oct 23 00:47:45.152373 dv-osbrick-master-4-smb devstack@keystone.service[81566]: DEBUG keystone.server.flask.request_processing.middleware.auth_context [None req-9f8a613d-97d2-4402-8356-476f43169409 None admin] Validating token access rules against request {{(pid=81566) validate_allowed_request /usr/local/lib/python3.8/dist-packages/keystonemiddleware/auth_token/__init__.py:545}}
Oct 23 00:47:45.164338 dv-osbrick-master-4-smb devstack@keystone.service[81565]: DEBUG keystone.server.flask.request_processing.middleware.auth_context [None req-0f15ed76-fbb2-4bd5-a95d-dca9b5d5a23c None admin] RBAC: auth_context: {'token': , 'domain_id': None, 'trust_id': None, 'trustor_id': None, 'trustee_id': None, 'domain_name': None, 'group_ids': [], 'user_id': '177d44517e8e4a9c8bfb77e2f916403c', 'user_domain_id': 'default', 'system_scope': 'all', 'project_id': None, 'project_domain_id': None, 'roles': ['admin', 'member', 'reader'], 'is_admin_project': True, 'service_user_id': None, 'service_user_domain_id': None, 'service_project_id': None, 'service_project_domain_id': None, 'service_roles': []} {{(pid=81565) fill_context /opt/stack/keystone/keystone/server/flask/request_processing/middleware/auth_context.py:478}}
Oct 23 00:47:45.165029 dv-osbrick-master-4-smb devstack@keystone.service[81565]: DEBUG keystone.server.flask.request_processing.req_logging [None req-0f15ed76-fbb2-4bd5-a95d-dca9b5d5a23c None admin] REQUEST_METHOD: `GET` {{(pid=81565) log_request_info /opt/stack/keystone/keystone/server/flask/request_processing/req_logging.py:27}}
Oct 23 00:47:45.165307 dv-osbrick-master-4-smb devstack@keystone.service[81565]: DEBUG keystone.server.flask.request_processing.req_logging [None req-0f15ed76-fbb2-4bd5-a95d-dca9b5d5a23c None admin] SCRIPT_NAME: `/identity` {{(pid=81565) log_request_info /opt/stack/keystone/keystone/server/flask/request_processing/req_logging.py:28}}
Oct 23 00:47:45.165576 dv-osbrick-master-4-smb devstack@keystone.service[81565]: DEBUG keystone.server.flask.request_processing.req_logging [None req-0f15ed76-fbb2-4bd5-a95d-dca9b5d5a23c None admin] PATH_INFO: `/v3/projects/ed76862889bd49e4bd5aaa8561677a82` {{(pid=81565) log_request_info /opt/stack/keystone/keystone/server/flask/request_processing/req_logging.py:29}}
Oct 23 00:47:45.167011 dv-osbrick-master-4-smb devstack@keystone.service[81565]: DEBUG keystone.common.rbac_enforcer.enforcer [None req-0f15ed76-fbb2-4bd5-a95d-dca9b5d5a23c None admin] RBAC: Authorizing `identity:get_project(project_id=ed76862889bd49e4bd5aaa8561677a82)` {{(pid=81565) enforce_call /opt/stack/keystone/keystone/common/rbac_enforcer/enforcer.py:449}}
Oct 23 00:47:45.169503 dv-osbrick-master-4-smb devstack@keystone.service[81565]: DEBUG keystone.common.rbac_enforcer.enforcer [None req-0f15ed76-fbb2-4bd5-a95d-dca9b5d5a23c None admin] RBAC: Authorization granted {{(pid=81565) enforce_call /opt/stack/keystone/keystone/common/rbac_enforcer/enforcer.py:457}}
Oct 23 00:47:45.178033 dv-osbrick-master-4-smb devstack@keystone.service[81565]: [pid: 81565|app: 0|req: 62/119] 10.222.0.40 () {56 vars in 1186 bytes} [Sun Oct 23 00:47:44 2022] GET /identity/v3/projects/ed76862889bd49e4bd5aaa8561677a82 => generated 298 bytes in 205 msecs (HTTP/1.1 200) 5 headers in 177 bytes (1 switches on core 0)
Oct 23 00:47:45.181526 dv-osbrick-master-4-smb devstack@keystone.service[81565]: DEBUG keystone.server.flask.request_processing.middleware.auth_context [None req-0f15ed76-fbb2-4bd5-a95d-dca9b5d5a23c None admin] Authenticating user token {{(pid=81565) process_request /usr/local/lib/python3.8/dist-packages/keystonemiddleware/auth_token/__init__.py:407}}
Oct 23 00:47:45.206581 dv-osbrick-master-4-smb devstack@keystone.service[81566]: DEBUG keystone.server.flask.request_processing.middleware.auth_context [None req-34986133-55e3-4e0c-9f11-309c12707cc9 None admin] RBAC: auth_context: {'token': , 'domain_id': None, 'trust_id': None, 'trustor_id': None, 'trustee_id': None, 'domain_name': None, 'group_ids': [], 'user_id': '177d44517e8e4a9c8bfb77e2f916403c', 'user_domain_id': 'default', 'system_scope': 'all', 'project_id': None, 'project_domain_id': None, 'roles': ['admin', 'member', 'reader'], 'is_admin_project': True, 'service_user_id': None, 'service_user_domain_id': None, 'service_project_id': None, 'service_project_domain_id': None, 'service_roles': []} {{(pid=81566) fill_context /opt/stack/keystone/keystone/server/flask/request_processing/middleware/auth_context.py:478}}
Oct 23 00:47:45.207623 dv-osbrick-master-4-smb devstack@keystone.service[81566]: DEBUG keystone.server.flask.request_processing.req_logging [None req-34986133-55e3-4e0c-9f11-309c12707cc9 None admin] REQUEST_METHOD: `GET` {{(pid=81566) log_request_info /opt/stack/keystone/keystone/server/flask/request_processing/req_logging.py:27}}
Oct 23 00:47:45.208164 dv-osbrick-master-4-smb devstack@keystone.service[81566]: DEBUG keystone.server.flask.request_processing.req_logging [None req-34986133-55e3-4e0c-9f11-309c12707cc9 None admin] SCRIPT_NAME: `/identity` {{(pid=81566) log_request_info /opt/stack/keystone/keystone/server/flask/request_processing/req_logging.py:28}}
Oct 23 00:47:45.208472 dv-osbrick-master-4-smb devstack@keystone.service[81566]: DEBUG keystone.server.flask.request_processing.req_logging [None req-34986133-55e3-4e0c-9f11-309c12707cc9 None admin] PATH_INFO: `/v3/roles` {{(pid=81566) log_request_info /opt/stack/keystone/keystone/server/flask/request_processing/req_logging.py:29}}
Oct 23 00:47:45.209428 dv-osbrick-master-4-smb devstack@keystone.service[81566]: DEBUG keystone.common.rbac_enforcer.enforcer [None req-34986133-55e3-4e0c-9f11-309c12707cc9 None admin] RBAC: Adding query filter params (name=member) {{(pid=81566) _extract_filter_values /opt/stack/keystone/keystone/common/rbac_enforcer/enforcer.py:167}}
Oct 23 00:47:45.209985 dv-osbrick-master-4-smb devstack@keystone.service[81566]: DEBUG keystone.common.rbac_enforcer.enforcer [None req-34986133-55e3-4e0c-9f11-309c12707cc9 None admin] RBAC: Authorizing `identity:list_roles()` {{(pid=81566) enforce_call /opt/stack/keystone/keystone/common/rbac_enforcer/enforcer.py:449}}
Oct 23 00:47:45.212670 dv-osbrick-master-4-smb devstack@keystone.service[81566]: DEBUG keystone.common.rbac_enforcer.enforcer [None req-34986133-55e3-4e0c-9f11-309c12707cc9 None admin] RBAC: Authorization granted {{(pid=81566) enforce_call /opt/stack/keystone/keystone/common/rbac_enforcer/enforcer.py:457}}
Oct 23 00:47:45.224621 dv-osbrick-master-4-smb devstack@keystone.service[81566]: [pid: 81566|app: 0|req: 58/120] 10.222.0.40 () {56 vars in 1101 bytes} [Sun Oct 23 00:47:45 2022] GET /identity/v3/roles?name=member => generated 341 bytes in 220 msecs (HTTP/1.1 200) 5 headers in 177 bytes (1 switches on core 0)
Oct 23 00:47:45.229673 dv-osbrick-master-4-smb devstack@keystone.service[81566]: DEBUG keystone.server.flask.request_processing.middleware.auth_context [None req-34986133-55e3-4e0c-9f11-309c12707cc9 None admin] Authenticating user token {{(pid=81566) process_request /usr/local/lib/python3.8/dist-packages/keystonemiddleware/auth_token/__init__.py:407}}
Oct 23 00:47:45.281942 dv-osbrick-master-4-smb devstack@keystone.service[81565]: DEBUG dbcounter [-] [81565] Writing DB stats keystone:SELECT=100 {{(pid=81565) stat_writer /usr/local/lib/python3.8/dist-packages/dbcounter.py:114}}
Oct 23 00:47:45.320731 dv-osbrick-master-4-smb devstack@keystone.service[81565]: DEBUG keystone.server.flask.request_processing.middleware.auth_context [None req-0f15ed76-fbb2-4bd5-a95d-dca9b5d5a23c None admin] Validating token access rules against request {{(pid=81565) validate_allowed_request /usr/local/lib/python3.8/dist-packages/keystonemiddleware/auth_token/__init__.py:545}}
Oct 23 00:47:45.351467 dv-osbrick-master-4-smb devstack@keystone.service[81566]: DEBUG dbcounter [-] [81566] Writing DB stats keystone:SELECT=100 {{(pid=81566) stat_writer /usr/local/lib/python3.8/dist-packages/dbcounter.py:114}}
Oct 23 00:47:45.362006 dv-osbrick-master-4-smb devstack@keystone.service[81566]: DEBUG keystone.server.flask.request_processing.middleware.auth_context [None req-34986133-55e3-4e0c-9f11-309c12707cc9 None admin] Validating token access rules against request {{(pid=81566) validate_allowed_request /usr/local/lib/python3.8/dist-packages/keystonemiddleware/auth_token/__init__.py:545}}
Oct 23 00:47:45.370853 dv-osbrick-master-4-smb devstack@keystone.service[81565]: DEBUG keystone.server.flask.request_processing.middleware.auth_context [None req-c24bf947-8add-47d5-b620-d16d8453b876 None admin] RBAC: auth_context: {'token': , 'domain_id': None, 'trust_id': None, 'trustor_id': None, 'trustee_id': None, 'domain_name': None, 'group_ids': [], 'user_id': '177d44517e8e4a9c8bfb77e2f916403c', 'user_domain_id': 'default', 'system_scope': 'all', 'project_id': None, 'project_domain_id': None, 'roles': ['admin', 'member', 'reader'], 'is_admin_project': True, 'service_user_id': None, 'service_user_domain_id': None, 'service_project_id': None, 'service_project_domain_id': None, 'service_roles': []} {{(pid=81565) fill_context /opt/stack/keystone/keystone/server/flask/request_processing/middleware/auth_context.py:478}}
Oct 23 00:47:45.371532 dv-osbrick-master-4-smb devstack@keystone.service[81565]: DEBUG keystone.server.flask.request_processing.req_logging [None req-c24bf947-8add-47d5-b620-d16d8453b876 None admin] REQUEST_METHOD: `PUT` {{(pid=81565) log_request_info /opt/stack/keystone/keystone/server/flask/request_processing/req_logging.py:27}}
Oct 23 00:47:45.371803 dv-osbrick-master-4-smb devstack@keystone.service[81565]: DEBUG keystone.server.flask.request_processing.req_logging [None req-c24bf947-8add-47d5-b620-d16d8453b876 None admin] SCRIPT_NAME: `/identity` {{(pid=81565) log_request_info /opt/stack/keystone/keystone/server/flask/request_processing/req_logging.py:28}}
Oct 23 00:47:45.372080 dv-osbrick-master-4-smb devstack@keystone.service[81565]: DEBUG keystone.server.flask.request_processing.req_logging [None req-c24bf947-8add-47d5-b620-d16d8453b876 None admin] PATH_INFO: `/v3/projects/ed76862889bd49e4bd5aaa8561677a82/users/9fea4db7aeda4be99e8db9c2dd050294/roles/5506ab001c1a4136870c97b5dceca8c7` {{(pid=81565) log_request_info /opt/stack/keystone/keystone/server/flask/request_processing/req_logging.py:29}}
