Oct 16 00:42:45.000639 dv-osbrick-master-4-smb devstack@keystone.service[81393]: DEBUG keystone.server.flask.request_processing.req_logging [None req-1e84cddb-cee9-4403-9784-e92ca585daad None None] PATH_INFO: `/` {{(pid=81393) log_request_info /opt/stack/keystone/keystone/server/flask/request_processing/req_logging.py:29}}
Oct 16 00:42:45.002146 dv-osbrick-master-4-smb devstack@keystone.service[81393]: [pid: 81393|app: 0|req: 51/100] 10.222.0.30 () {54 vars in 927 bytes} [Sun Oct 16 00:42:44 2022] GET /identity => generated 270 bytes in 3 msecs (HTTP/1.1 300) 6 headers in 234 bytes (1 switches on core 0)
Oct 16 00:42:45.007342 dv-osbrick-master-4-smb devstack@keystone.service[81393]: DEBUG keystone.server.flask.request_processing.middleware.auth_context [None req-1e84cddb-cee9-4403-9784-e92ca585daad None None] Authenticating user token {{(pid=81393) process_request /usr/local/lib/python3.8/dist-packages/keystonemiddleware/auth_token/__init__.py:407}}
Oct 16 00:42:45.012330 dv-osbrick-master-4-smb devstack@keystone.service[81392]: DEBUG dbcounter [-] [81392] Writing DB stats keystone:SELECT=100 {{(pid=81392) stat_writer /usr/local/lib/python3.8/dist-packages/dbcounter.py:114}}
Oct 16 00:42:45.079030 dv-osbrick-master-4-smb devstack@keystone.service[81392]: DEBUG keystone.server.flask.request_processing.middleware.auth_context [None req-aaae81d4-eac9-4e0b-8b96-c9b32c8dfdb8 None admin] Validating token access rules against request {{(pid=81392) validate_allowed_request /usr/local/lib/python3.8/dist-packages/keystonemiddleware/auth_token/__init__.py:545}}
Oct 16 00:42:45.118383 dv-osbrick-master-4-smb devstack@keystone.service[81392]: DEBUG keystone.server.flask.request_processing.middleware.auth_context [None req-85cc171f-0b55-4356-958e-22c26c2f29ca None admin] RBAC: auth_context: {'token': , 'domain_id': None, 'trust_id': None, 'trustor_id': None, 'trustee_id': None, 'domain_name': None, 'group_ids': [], 'user_id': '456f4b59e37a4fda973dbd40cb3d8a99', 'user_domain_id': 'default', 'system_scope': 'all', 'project_id': None, 'project_domain_id': None, 'roles': ['admin', 'member', 'reader'], 'is_admin_project': True, 'service_user_id': None, 'service_user_domain_id': None, 'service_project_id': None, 'service_project_domain_id': None, 'service_roles': []} {{(pid=81392) fill_context /opt/stack/keystone/keystone/server/flask/request_processing/middleware/auth_context.py:478}}
Oct 16 00:42:45.118941 dv-osbrick-master-4-smb devstack@keystone.service[81392]: DEBUG keystone.server.flask.request_processing.req_logging [None req-85cc171f-0b55-4356-958e-22c26c2f29ca None admin] REQUEST_METHOD: `POST` {{(pid=81392) log_request_info /opt/stack/keystone/keystone/server/flask/request_processing/req_logging.py:27}}
Oct 16 00:42:45.119264 dv-osbrick-master-4-smb devstack@keystone.service[81392]: DEBUG keystone.server.flask.request_processing.req_logging [None req-85cc171f-0b55-4356-958e-22c26c2f29ca None admin] SCRIPT_NAME: `/identity` {{(pid=81392) log_request_info /opt/stack/keystone/keystone/server/flask/request_processing/req_logging.py:28}}
Oct 16 00:42:45.119544 dv-osbrick-master-4-smb devstack@keystone.service[81392]: DEBUG keystone.server.flask.request_processing.req_logging [None req-85cc171f-0b55-4356-958e-22c26c2f29ca None admin] PATH_INFO: `/v3/projects` {{(pid=81392) log_request_info /opt/stack/keystone/keystone/server/flask/request_processing/req_logging.py:29}}
Oct 16 00:42:45.120225 dv-osbrick-master-4-smb devstack@keystone.service[81392]: DEBUG keystone.common.rbac_enforcer.enforcer [None req-85cc171f-0b55-4356-958e-22c26c2f29ca None admin] RBAC: Authorizing `identity:create_project()` {{(pid=81392) enforce_call /opt/stack/keystone/keystone/common/rbac_enforcer/enforcer.py:449}}
Oct 16 00:42:45.121883 dv-osbrick-master-4-smb devstack@keystone.service[81392]: DEBUG keystone.common.rbac_enforcer.enforcer [None req-85cc171f-0b55-4356-958e-22c26c2f29ca None admin] RBAC: Authorization granted {{(pid=81392) enforce_call /opt/stack/keystone/keystone/common/rbac_enforcer/enforcer.py:457}}
Oct 16 00:42:45.159343 dv-osbrick-master-4-smb devstack@keystone.service[81393]: DEBUG keystone.server.flask.request_processing.middleware.auth_context [None req-1e84cddb-cee9-4403-9784-e92ca585daad None None] Validating token access rules against request {{(pid=81393) validate_allowed_request /usr/local/lib/python3.8/dist-packages/keystonemiddleware/auth_token/__init__.py:545}}
Oct 16 00:42:45.160332 dv-osbrick-master-4-smb devstack@keystone.service[81392]: [pid: 81392|app: 0|req: 50/101] 10.222.0.30 () {60 vars in 1141 bytes} [Sun Oct 16 00:42:44 2022] POST /identity/v3/projects => generated 302 bytes in 202 msecs (HTTP/1.1 201) 5 headers in 182 bytes (1 switches on core 0)
Oct 16 00:42:45.161271 dv-osbrick-master-4-smb devstack@keystone.service[81392]: DEBUG keystone.server.flask.request_processing.middleware.auth_context [None req-85cc171f-0b55-4356-958e-22c26c2f29ca None admin] Authenticating user token {{(pid=81392) process_request /usr/local/lib/python3.8/dist-packages/keystonemiddleware/auth_token/__init__.py:407}}
Oct 16 00:42:45.176720 dv-osbrick-master-4-smb devstack@keystone.service[81393]: DEBUG dbcounter [-] [81393] Writing DB stats keystone:SELECT=100 {{(pid=81393) stat_writer /usr/local/lib/python3.8/dist-packages/dbcounter.py:114}}
Oct 16 00:42:45.209233 dv-osbrick-master-4-smb devstack@keystone.service[81393]: DEBUG keystone.server.flask.request_processing.middleware.auth_context [None req-5dd137ab-dcc8-4230-8f79-90803f51e192 None admin] RBAC: auth_context: {'token': , 'domain_id': None, 'trust_id': None, 'trustor_id': None, 'trustee_id': None, 'domain_name': None, 'group_ids': [], 'user_id': '456f4b59e37a4fda973dbd40cb3d8a99', 'user_domain_id': 'default', 'system_scope': 'all', 'project_id': None, 'project_domain_id': None, 'roles': ['admin', 'member', 'reader'], 'is_admin_project': True, 'service_user_id': None, 'service_user_domain_id': None, 'service_project_id': None, 'service_project_domain_id': None, 'service_roles': []} {{(pid=81393) fill_context /opt/stack/keystone/keystone/server/flask/request_processing/middleware/auth_context.py:478}}
Oct 16 00:42:45.211018 dv-osbrick-master-4-smb devstack@keystone.service[81393]: DEBUG keystone.server.flask.request_processing.req_logging [None req-5dd137ab-dcc8-4230-8f79-90803f51e192 None admin] REQUEST_METHOD: `GET` {{(pid=81393) log_request_info /opt/stack/keystone/keystone/server/flask/request_processing/req_logging.py:27}}
Oct 16 00:42:45.211777 dv-osbrick-master-4-smb devstack@keystone.service[81393]: DEBUG keystone.server.flask.request_processing.req_logging [None req-5dd137ab-dcc8-4230-8f79-90803f51e192 None admin] SCRIPT_NAME: `/identity` {{(pid=81393) log_request_info /opt/stack/keystone/keystone/server/flask/request_processing/req_logging.py:28}}
Oct 16 00:42:45.212239 dv-osbrick-master-4-smb devstack@keystone.service[81393]: DEBUG keystone.server.flask.request_processing.req_logging [None req-5dd137ab-dcc8-4230-8f79-90803f51e192 None admin] PATH_INFO: `/v3/roles` {{(pid=81393) log_request_info /opt/stack/keystone/keystone/server/flask/request_processing/req_logging.py:29}}
Oct 16 00:42:45.213243 dv-osbrick-master-4-smb devstack@keystone.service[81393]: DEBUG keystone.common.rbac_enforcer.enforcer [None req-5dd137ab-dcc8-4230-8f79-90803f51e192 None admin] RBAC: Adding query filter params (name=member) {{(pid=81393) _extract_filter_values /opt/stack/keystone/keystone/common/rbac_enforcer/enforcer.py:167}}
Oct 16 00:42:45.213737 dv-osbrick-master-4-smb devstack@keystone.service[81393]: DEBUG keystone.common.rbac_enforcer.enforcer [None req-5dd137ab-dcc8-4230-8f79-90803f51e192 None admin] RBAC: Authorizing `identity:list_roles()` {{(pid=81393) enforce_call /opt/stack/keystone/keystone/common/rbac_enforcer/enforcer.py:449}}
Oct 16 00:42:45.215594 dv-osbrick-master-4-smb devstack@keystone.service[81393]: DEBUG keystone.common.rbac_enforcer.enforcer [None req-5dd137ab-dcc8-4230-8f79-90803f51e192 None admin] RBAC: Authorization granted {{(pid=81393) enforce_call /opt/stack/keystone/keystone/common/rbac_enforcer/enforcer.py:457}}
Oct 16 00:42:45.225371 dv-osbrick-master-4-smb devstack@keystone.service[81393]: [pid: 81393|app: 0|req: 52/102] 10.222.0.30 () {56 vars in 1101 bytes} [Sun Oct 16 00:42:45 2022] GET /identity/v3/roles?name=member => generated 341 bytes in 218 msecs (HTTP/1.1 200) 5 headers in 177 bytes (1 switches on core 0)
Oct 16 00:42:45.226913 dv-osbrick-master-4-smb devstack@keystone.service[81393]: DEBUG keystone.server.flask.request_processing.req_logging [None req-89441ef5-57b3-404b-bd3a-d32c2856b0d1 None None] REQUEST_METHOD: `POST` {{(pid=81393) log_request_info /opt/stack/keystone/keystone/server/flask/request_processing/req_logging.py:27}}
Oct 16 00:42:45.227523 dv-osbrick-master-4-smb devstack@keystone.service[81393]: DEBUG keystone.server.flask.request_processing.req_logging [None req-89441ef5-57b3-404b-bd3a-d32c2856b0d1 None None] SCRIPT_NAME: `/identity` {{(pid=81393) log_request_info /opt/stack/keystone/keystone/server/flask/request_processing/req_logging.py:28}}
Oct 16 00:42:45.228075 dv-osbrick-master-4-smb devstack@keystone.service[81393]: DEBUG keystone.server.flask.request_processing.req_logging [None req-89441ef5-57b3-404b-bd3a-d32c2856b0d1 None None] PATH_INFO: `/v3/auth/tokens` {{(pid=81393) log_request_info /opt/stack/keystone/keystone/server/flask/request_processing/req_logging.py:29}}
Oct 16 00:42:45.251174 dv-osbrick-master-4-smb devstack@keystone.service[81393]: DEBUG keystone.auth.core [None req-89441ef5-57b3-404b-bd3a-d32c2856b0d1 None None] MFA Rules not processed for user `456f4b59e37a4fda973dbd40cb3d8a99`. Rule list: `[]` (Enabled: `True`). {{(pid=81393) check_auth_methods_against_rules /opt/stack/keystone/keystone/auth/core.py:438}}
Oct 16 00:42:45.252841 dv-osbrick-master-4-smb devstack@keystone.service[81393]: DEBUG keystone.common.fernet_utils [None req-89441ef5-57b3-404b-bd3a-d32c2856b0d1 None None] Loaded 2 Fernet keys from /etc/keystone/fernet-keys/, but `[fernet_tokens] max_active_keys = 3`; perhaps there have not been enough key rotations to reach `max_active_keys` yet? {{(pid=81393) load_keys /opt/stack/keystone/keystone/common/fernet_utils.py:286}}
Oct 16 00:42:45.305209 dv-osbrick-master-4-smb devstack@keystone.service[81392]: DEBUG dbcounter [-] [81392] Writing DB stats keystone:SELECT=99,keystone:INSERT=1 {{(pid=81392) stat_writer /usr/local/lib/python3.8/dist-packages/dbcounter.py:114}}
Oct 16 00:42:45.314488 dv-osbrick-master-4-smb devstack@keystone.service[81392]: DEBUG keystone.server.flask.request_processing.middleware.auth_context [None req-85cc171f-0b55-4356-958e-22c26c2f29ca None admin] Validating token access rules against request {{(pid=81392) validate_allowed_request /usr/local/lib/python3.8/dist-packages/keystonemiddleware/auth_token/__init__.py:545}}
Oct 16 00:42:45.354997 dv-osbrick-master-4-smb devstack@keystone.service[81393]: [pid: 81393|app: 0|req: 53/103] 10.222.0.30 () {58 vars in 1024 bytes} [Sun Oct 16 00:42:45 2022] POST /identity/v3/auth/tokens => generated 799 bytes in 122 msecs (HTTP/1.1 201) 6 headers in 363 bytes (1 switches on core 0)
Oct 16 00:42:45.354997 dv-osbrick-master-4-smb devstack@keystone.service[81393]: DEBUG keystone.server.flask.request_processing.middleware.auth_context [None req-89441ef5-57b3-404b-bd3a-d32c2856b0d1 None None] Authenticating user token {{(pid=81393) process_request /usr/local/lib/python3.8/dist-packages/keystonemiddleware/auth_token/__init__.py:407}}
Oct 16 00:42:45.361741 dv-osbrick-master-4-smb devstack@keystone.service[81392]: DEBUG keystone.server.flask.request_processing.middleware.auth_context [None req-82778e06-a460-4393-8885-6c82281a3be8 None admin] RBAC: auth_context: {'token': , 'domain_id': None, 'trust_id': None, 'trustor_id': None, 'trustee_id': None, 'domain_name': None, 'group_ids': [], 'user_id': '456f4b59e37a4fda973dbd40cb3d8a99', 'user_domain_id': 'default', 'system_scope': 'all', 'project_id': None, 'project_domain_id': None, 'roles': ['admin', 'member', 'reader'], 'is_admin_project': True, 'service_user_id': None, 'service_user_domain_id': None, 'service_project_id': None, 'service_project_domain_id': None, 'service_roles': []} {{(pid=81392) fill_context /opt/stack/keystone/keystone/server/flask/request_processing/middleware/auth_context.py:478}}
Oct 16 00:42:45.362450 dv-osbrick-master-4-smb devstack@keystone.service[81392]: DEBUG keystone.server.flask.request_processing.req_logging [None req-82778e06-a460-4393-8885-6c82281a3be8 None admin] REQUEST_METHOD: `GET` {{(pid=81392) log_request_info /opt/stack/keystone/keystone/server/flask/request_processing/req_logging.py:27}}
Oct 16 00:42:45.362735 dv-osbrick-master-4-smb devstack@keystone.service[81392]: DEBUG keystone.server.flask.request_processing.req_logging [None req-82778e06-a460-4393-8885-6c82281a3be8 None admin] SCRIPT_NAME: `/identity` {{(pid=81392) log_request_info /opt/stack/keystone/keystone/server/flask/request_processing/req_logging.py:28}}
Oct 16 00:42:45.363074 dv-osbrick-master-4-smb devstack@keystone.service[81392]: DEBUG keystone.server.flask.request_processing.req_logging [None req-82778e06-a460-4393-8885-6c82281a3be8 None admin] PATH_INFO: `/v3/projects/c4f7fbceab4d47dbb0a4fc5723b44590` {{(pid=81392) log_request_info /opt/stack/keystone/keystone/server/flask/request_processing/req_logging.py:29}}
Oct 16 00:42:45.364355 dv-osbrick-master-4-smb devstack@keystone.service[81392]: DEBUG keystone.common.rbac_enforcer.enforcer [None req-82778e06-a460-4393-8885-6c82281a3be8 None admin] RBAC: Authorizing `identity:get_project(project_id=c4f7fbceab4d47dbb0a4fc5723b44590)` {{(pid=81392) enforce_call /opt/stack/keystone/keystone/common/rbac_enforcer/enforcer.py:449}}
Oct 16 00:42:45.366060 dv-osbrick-master-4-smb devstack@keystone.service[81392]: DEBUG keystone.common.rbac_enforcer.enforcer [None req-82778e06-a460-4393-8885-6c82281a3be8 None admin] RBAC: Authorization granted {{(pid=81392) enforce_call /opt/stack/keystone/keystone/common/rbac_enforcer/enforcer.py:457}}
Oct 16 00:42:45.367978 dv-osbrick-master-4-smb devstack@keystone.service[81392]: [pid: 81392|app: 0|req: 51/104] 10.222.0.30 () {56 vars in 1186 bytes} [Sun Oct 16 00:42:45 2022] GET /identity/v3/projects/c4f7fbceab4d47dbb0a4fc5723b44590 => generated 298 bytes in 207 msecs (HTTP/1.1 200) 5 headers in 177 bytes (1 switches on core 0)
Oct 16 00:42:45.368847 dv-osbrick-master-4-smb devstack@keystone.service[81392]: DEBUG keystone.server.flask.request_processing.middleware.auth_context [None req-82778e06-a460-4393-8885-6c82281a3be8 None admin] Authenticating user token {{(pid=81392) process_request /usr/local/lib/python3.8/dist-packages/keystonemiddleware/auth_token/__init__.py:407}}
Oct 16 00:42:45.486687 dv-osbrick-master-4-smb devstack@keystone.service[81392]: DEBUG keystone.server.flask.request_processing.middleware.auth_context [None req-82778e06-a460-4393-8885-6c82281a3be8 None admin] Validating token access rules against request {{(pid=81392) validate_allowed_request /usr/local/lib/python3.8/dist-packages/keystonemiddleware/auth_token/__init__.py:545}}
Oct 16 00:42:45.488301 dv-osbrick-master-4-smb devstack@keystone.service[81393]: DEBUG keystone.server.flask.request_processing.middleware.auth_context [None req-89441ef5-57b3-404b-bd3a-d32c2856b0d1 None None] Validating token access rules against request {{(pid=81393) validate_allowed_request /usr/local/lib/python3.8/dist-packages/keystonemiddleware/auth_token/__init__.py:545}}
Oct 16 00:42:45.491545 dv-osbrick-master-4-smb devstack@keystone.service[81393]: DEBUG dbcounter [-] [81393] Writing DB stats keystone:SELECT=100 {{(pid=81393) stat_writer /usr/local/lib/python3.8/dist-packages/dbcounter.py:114}}
Oct 16 00:42:45.526887 dv-osbrick-master-4-smb devstack@keystone.service[81392]: DEBUG keystone.server.flask.request_processing.middleware.auth_context [None req-1297204c-c16a-4646-b46f-3fcee3aee054 None admin] RBAC: auth_context: {'token': , 'domain_id': None, 'trust_id': None, 'trustor_id': None, 'trustee_id': None, 'domain_name': None, 'group_ids': [], 'user_id': '456f4b59e37a4fda973dbd40cb3d8a99', 'user_domain_id': 'default', 'system_scope': 'all', 'project_id': None, 'project_domain_id': None, 'roles': ['admin', 'member', 'reader'], 'is_admin_project': True, 'service_user_id': None, 'service_user_domain_id': None, 'service_project_id': None, 'service_project_domain_id': None, 'service_roles': []} {{(pid=81392) fill_context /opt/stack/keystone/keystone/server/flask/request_processing/middleware/auth_context.py:478}}
Oct 16 00:42:45.527822 dv-osbrick-master-4-smb devstack@keystone.service[81392]: DEBUG keystone.server.flask.request_processing.req_logging [None req-1297204c-c16a-4646-b46f-3fcee3aee054 None admin] REQUEST_METHOD: `GET` {{(pid=81392) log_request_info /opt/stack/keystone/keystone/server/flask/request_processing/req_logging.py:27}}
Oct 16 00:42:45.528346 dv-osbrick-master-4-smb devstack@keystone.service[81392]: DEBUG keystone.server.flask.request_processing.req_logging [None req-1297204c-c16a-4646-b46f-3fcee3aee054 None admin] SCRIPT_NAME: `/identity` {{(pid=81392) log_request_info /opt/stack/keystone/keystone/server/flask/request_processing/req_logging.py:28}}
Oct 16 00:42:45.528881 dv-osbrick-master-4-smb devstack@keystone.service[81392]: DEBUG keystone.server.flask.request_processing.req_logging [None req-1297204c-c16a-4646-b46f-3fcee3aee054 None admin] PATH_INFO: `/v3/roles/admin` {{(pid=81392) log_request_info /opt/stack/keystone/keystone/server/flask/request_processing/req_logging.py:29}}
Oct 16 00:42:45.534980 dv-osbrick-master-4-smb devstack@keystone.service[81393]: DEBUG keystone.server.flask.request_processing.middleware.auth_context [None req-e2fc6887-a80e-4ea7-97fb-df4e6702aae1 None admin] RBAC: auth_context: {'token': , 'domain_id': None, 'trust_id': None, 'trustor_id': None, 'trustee_id': None, 'domain_name': None, 'group_ids': [], 'user_id': '456f4b59e37a4fda973dbd40cb3d8a99', 'user_domain_id': 'default', 'system_scope': 'all', 'project_id': None, 'project_domain_id': None, 'roles': ['admin', 'member', 'reader'], 'is_admin_project': True, 'service_user_id': None, 'service_user_domain_id': None, 'service_project_id': None, 'service_project_domain_id': None, 'service_roles': []} {{(pid=81393) fill_context /opt/stack/keystone/keystone/server/flask/request_processing/middleware/auth_context.py:478}}
Oct 16 00:42:45.535704 dv-osbrick-master-4-smb devstack@keystone.service[81393]: DEBUG keystone.server.flask.request_processing.req_logging [None req-e2fc6887-a80e-4ea7-97fb-df4e6702aae1 None admin] REQUEST_METHOD: `GET` {{(pid=81393) log_request_info /opt/stack/keystone/keystone/server/flask/request_processing/req_logging.py:27}}
Oct 16 00:42:45.536057 dv-osbrick-master-4-smb devstack@keystone.service[81393]: DEBUG keystone.server.flask.request_processing.req_logging [None req-e2fc6887-a80e-4ea7-97fb-df4e6702aae1 None admin] SCRIPT_NAME: `/identity` {{(pid=81393) log_request_info /opt/stack/keystone/keystone/server/flask/request_processing/req_logging.py:28}}
Oct 16 00:42:45.536409 dv-osbrick-master-4-smb devstack@keystone.service[81393]: DEBUG keystone.server.flask.request_processing.req_logging [None req-e2fc6887-a80e-4ea7-97fb-df4e6702aae1 None admin] PATH_INFO: `/v3/users/03604b29713647b097a6c37fbe8149a3` {{(pid=81393) log_request_info /opt/stack/keystone/keystone/server/flask/request_processing/req_logging.py:29}}
Oct 16 00:42:45.537866 dv-osbrick-master-4-smb devstack@keystone.service[81393]: DEBUG keystone.common.rbac_enforcer.enforcer [None req-e2fc6887-a80e-4ea7-97fb-df4e6702aae1 None admin] RBAC: Authorizing `identity:get_user(user_id=03604b29713647b097a6c37fbe8149a3)` {{(pid=81393) enforce_call /opt/stack/keystone/keystone/common/rbac_enforcer/enforcer.py:449}}
Oct 16 00:42:45.539813 dv-osbrick-master-4-smb devstack@keystone.service[81393]: DEBUG keystone.common.rbac_enforcer.enforcer [None req-e2fc6887-a80e-4ea7-97fb-df4e6702aae1 None admin] RBAC: Authorization granted {{(pid=81393) enforce_call /opt/stack/keystone/keystone/common/rbac_enforcer/enforcer.py:457}}
Oct 16 00:42:45.541353 dv-osbrick-master-4-smb devstack@keystone.service[81392]: DEBUG keystone.common.rbac_enforcer.enforcer [None req-1297204c-c16a-4646-b46f-3fcee3aee054 None admin] Extracting inferred target data resulted in "NOT FOUND (404)". {{(pid=81392) enforce_call /opt/stack/keystone/keystone/common/rbac_enforcer/enforcer.py:409}}
Oct 16 00:42:45.542037 dv-osbrick-master-4-smb devstack@keystone.service[81393]: [pid: 81393|app: 0|req: 54/105] 10.222.0.30 () {56 vars in 1177 bytes} [Sun Oct 16 00:42:45 2022] GET /identity/v3/users/03604b29713647b097a6c37fbe8149a3 => generated 275 bytes in 193 msecs (HTTP/1.1 200) 5 headers in 177 bytes (1 switches on core 0)
Oct 16 00:42:45.543065 dv-osbrick-master-4-smb devstack@keystone.service[81393]: DEBUG keystone.server.flask.request_processing.req_logging [None req-374f4733-bdb2-4f43-b031-739b5c175a19 None None] REQUEST_METHOD: `GET` {{(pid=81393) log_request_info /opt/stack/keystone/keystone/server/flask/request_processing/req_logging.py:27}}
Oct 16 00:42:45.543422 dv-osbrick-master-4-smb devstack@keystone.service[81393]: DEBUG keystone.server.flask.request_processing.req_logging [None req-374f4733-bdb2-4f43-b031-739b5c175a19 None None] SCRIPT_NAME: `/identity` {{(pid=81393) log_request_info /opt/stack/keystone/keystone/server/flask/request_processing/req_logging.py:28}}
Oct 16 00:42:45.543769 dv-osbrick-master-4-smb devstack@keystone.service[81393]: DEBUG keystone.server.flask.request_processing.req_logging [None req-374f4733-bdb2-4f43-b031-739b5c175a19 None None] PATH_INFO: `/` {{(pid=81393) log_request_info /opt/stack/keystone/keystone/server/flask/request_processing/req_logging.py:29}}
Oct 16 00:42:45.545175 dv-osbrick-master-4-smb devstack@keystone.service[81393]: [pid: 81393|app: 0|req: 55/106] 10.222.0.30 () {54 vars in 927 bytes} [Sun Oct 16 00:42:45 2022] GET /identity => generated 270 bytes in 3 msecs (HTTP/1.1 300) 6 headers in 234 bytes (1 switches on core 0)
Oct 16 00:42:45.545787 dv-osbrick-master-4-smb devstack@keystone.service[81393]: DEBUG keystone.server.flask.request_processing.middleware.auth_context [None req-374f4733-bdb2-4f43-b031-739b5c175a19 None None] Authenticating user token {{(pid=81393) process_request /usr/local/lib/python3.8/dist-packages/keystonemiddleware/auth_token/__init__.py:407}}
Oct 16 00:42:45.548888 dv-osbrick-master-4-smb devstack@keystone.service[81392]: ERROR keystone.server.flask.application [None req-1297204c-c16a-4646-b46f-3fcee3aee054 None admin] Could not find role: admin.: keystone.exception.RoleNotFound: Could not find role: admin.
Oct 16 00:42:45.548888 dv-osbrick-master-4-smb devstack@keystone.service[81392]: ERROR keystone.server.flask.application
Traceback (most recent call last):
Oct 16 00:42:45.548888 dv-osbrick-master-4-smb devstack@keystone.service[81392]: ERROR keystone.server.flask.application
File "/usr/local/lib/python3.8/dist-packages/flask/app.py", line 1820, in full_dispatch_request
Oct 16 00:42:45.548888 dv-osbrick-master-4-smb devstack@keystone.service[81392]: ERROR keystone.server.flask.application rv = self.dispatch_request()
Oct 16 00:42:45.548888 dv-osbrick-master-4-smb devstack@keystone.service[81392]: ERROR keystone.server.flask.application
File "/usr/local/lib/python3.8/dist-packages/flask/app.py", line 1796, in dispatch_request
Oct 16 00:42:45.548888 dv-osbrick-master-4-smb devstack@keystone.service[81392]: ERROR keystone.server.flask.application return self.ensure_sync(self.view_functions[rule.endpoint])(**view_args)
Oct 16 00:42:45.548888 dv-osbrick-master-4-smb devstack@keystone.service[81392]: ERROR keystone.server.flask.application
File "/usr/local/lib/python3.8/dist-packages/flask_restful/__init__.py", line 467, in wrapper
Oct 16 00:42:45.548888 dv-osbrick-master-4-smb devstack@keystone.service[81392]: ERROR keystone.server.flask.application resp = resource(*args, **kwargs)
Oct 16 00:42:45.548888 dv-osbrick-master-4-smb devstack@keystone.service[81392]: ERROR keystone.server.flask.application
File "/usr/local/lib/python3.8/dist-packages/flask/views.py", line 107, in view
Oct 16 00:42:45.548888 dv-osbrick-master-4-smb devstack@keystone.service[81392]: ERROR keystone.server.flask.application return current_app.ensure_sync(self.dispatch_request)(**kwargs)
Oct 16 00:42:45.548888 dv-osbrick-master-4-smb devstack@keystone.service[81392]: ERROR keystone.server.flask.application
File "/usr/local/lib/python3.8/dist-packages/flask_restful/__init__.py", line 582, in dispatch_request
Oct 16 00:42:45.548888 dv-osbrick-master-4-smb devstack@keystone.service[81392]: ERROR keystone.server.flask.application resp = meth(*args, **kwargs)
Oct 16 00:42:45.548888 dv-osbrick-master-4-smb devstack@keystone.service[81392]: ERROR keystone.server.flask.application
File "/opt/stack/keystone/keystone/api/roles.py", line 50, in get
Oct 16 00:42:45.548888 dv-osbrick-master-4-smb devstack@keystone.service[81392]: ERROR keystone.server.flask.application return self._get_role(role_id)
Oct 16 00:42:45.548888 dv-osbrick-master-4-smb devstack@keystone.service[81392]: ERROR keystone.server.flask.application
File "/opt/stack/keystone/keystone/api/roles.py", line 70, in _get_role
Oct 16 00:42:45.548888 dv-osbrick-master-4-smb devstack@keystone.service[81392]: ERROR keystone.server.flask.application ENFORCER.enforce_call(action='identity:get_role')
Oct 16 00:42:45.550284 dv-osbrick-master-4-smb devstack@keystone.service[81392]: ERROR keystone.server.flask.application
File "/opt/stack/keystone/keystone/common/rbac_enforcer/enforcer.py", line 402, in enforce_call
Oct 16 00:42:45.550284 dv-osbrick-master-4-smb devstack@keystone.service[81392]: ERROR keystone.server.flask.application policy_dict.update(cls._extract_member_target_data(
Oct 16 00:42:45.550284 dv-osbrick-master-4-smb devstack@keystone.service[81392]: ERROR keystone.server.flask.application
File "/opt/stack/keystone/keystone/common/rbac_enforcer/enforcer.py", line 234, in _extract_member_target_data
Oct 16 00:42:45.550284 dv-osbrick-master-4-smb devstack@keystone.service[81392]: ERROR keystone.server.flask.application member_name: func(flask.request.view_args[key])
Oct 16 00:42:45.550284 dv-osbrick-master-4-smb devstack@keystone.service[81392]: ERROR keystone.server.flask.application
File "/opt/stack/keystone/keystone/common/manager.py", line 115, in wrapped
Oct 16 00:42:45.550284 dv-osbrick-master-4-smb devstack@keystone.service[81392]: ERROR keystone.server.flask.application __ret_val = __f(*args, **kwargs)
Oct 16 00:42:45.550284 dv-osbrick-master-4-smb devstack@keystone.service[81392]: ERROR keystone.server.flask.application
File "/usr/local/lib/python3.8/dist-packages/decorator.py", line 232, in fun
Oct 16 00:42:45.550284 dv-osbrick-master-4-smb devstack@keystone.service[81392]: ERROR keystone.server.flask.application return caller(func, *(extras + args), **kw)
Oct 16 00:42:45.550284 dv-osbrick-master-4-smb devstack@keystone.service[81392]: ERROR keystone.server.flask.application
File "/usr/local/lib/python3.8/dist-packages/dogpile/cache/region.py", line 1577, in get_or_create_for_user_func
Oct 16 00:42:45.550284 dv-osbrick-master-4-smb devstack@keystone.service[81392]: ERROR keystone.server.flask.application return self.get_or_create(
Oct 16 00:42:45.550284 dv-osbrick-master-4-smb devstack@keystone.service[81392]: ERROR keystone.server.flask.application
File "/usr/local/lib/python3.8/dist-packages/dogpile/cache/region.py", line 1042, in get_or_create
Oct 16 00:42:45.550284 dv-osbrick-master-4-smb devstack@keystone.service[81392]: ERROR keystone.server.flask.application with Lock(
Oct 16 00:42:45.550284 dv-osbrick-master-4-smb devstack@keystone.service[81392]: ERROR keystone.server.flask.application
File "/usr/local/lib/python3.8/dist-packages/dogpile/lock.py", line 185, in __enter__
Oct 16 00:42:45.550284 dv-osbrick-master-4-smb devstack@keystone.service[81392]: ERROR keystone.server.flask.application return self._enter()
Oct 16 00:42:45.550284 dv-osbrick-master-4-smb devstack@keystone.service[81392]: ERROR keystone.server.flask.application
File "/usr/local/lib/python3.8/dist-packages/dogpile/lock.py", line 94, in _enter
Oct 16 00:42:45.550284 dv-osbrick-master-4-smb devstack@keystone.service[81392]: ERROR keystone.server.flask.application generated = self._enter_create(value, createdtime)
Oct 16 00:42:45.551206 dv-osbrick-master-4-smb devstack@keystone.service[81392]: ERROR keystone.server.flask.application
File "/usr/local/lib/python3.8/dist-packages/dogpile/lock.py", line 178, in _enter_create
Oct 16 00:42:45.551206 dv-osbrick-master-4-smb devstack@keystone.service[81392]: ERROR keystone.server.flask.application return self.creator()
Oct 16 00:42:45.551206 dv-osbrick-master-4-smb devstack@keystone.service[81392]: ERROR keystone.server.flask.application
File "/usr/local/lib/python3.8/dist-packages/dogpile/cache/region.py", line 995, in gen_value
Oct 16 00:42:45.551206 dv-osbrick-master-4-smb devstack@keystone.service[81392]: ERROR keystone.server.flask.application created_value = creator(
Oct 16 00:42:45.551206 dv-osbrick-master-4-smb devstack@keystone.service[81392]: ERROR keystone.server.flask.application
File "/opt/stack/keystone/keystone/assignment/core.py", line 1276, in get_role
Oct 16 00:42:45.551206 dv-osbrick-master-4-smb devstack@keystone.service[81392]: ERROR keystone.server.flask.application return self.driver.get_role(role_id)
Oct 16 00:42:45.551206 dv-osbrick-master-4-smb devstack@keystone.service[81392]: ERROR keystone.server.flask.application
File "/opt/stack/keystone/keystone/assignment/role_backends/sql.py", line 70, in get_role
Oct 16 00:42:45.551206 dv-osbrick-master-4-smb devstack@keystone.service[81392]: ERROR keystone.server.flask.application return self._get_role(session, role_id).to_dict()
Oct 16 00:42:45.551206 dv-osbrick-master-4-smb devstack@keystone.service[81392]: ERROR keystone.server.flask.application
File "/opt/stack/keystone/keystone/assignment/role_backends/sql.py", line 65, in _get_role
Oct 16 00:42:45.551206 dv-osbrick-master-4-smb devstack@keystone.service[81392]: ERROR keystone.server.flask.application raise exception.RoleNotFound(role_id=role_id)
Oct 16 00:42:45.551206 dv-osbrick-master-4-smb devstack@keystone.service[81392]: ERROR keystone.server.flask.application keystone.exception.RoleNotFound: Could not find role: admin.
Oct 16 00:42:45.551206 dv-osbrick-master-4-smb devstack@keystone.service[81392]: ERROR keystone.server.flask.application
Oct 16 00:42:45.553225 dv-osbrick-master-4-smb devstack@keystone.service[81392]: [pid: 81392|app: 0|req: 52/107] 10.222.0.30 () {56 vars in 1096 bytes} [Sun Oct 16 00:42:45 2022] GET /identity/v3/roles/admin => generated 83 bytes in 185 msecs (HTTP/1.1 404) 5 headers in 183 bytes (1 switches on core 0)
Oct 16 00:42:45.554277 dv-osbrick-master-4-smb devstack@keystone.service[81392]: DEBUG keystone.server.flask.request_processing.middleware.auth_context [None req-1297204c-c16a-4646-b46f-3fcee3aee054 None admin] Authenticating user token {{(pid=81392) process_request /usr/local/lib/python3.8/dist-packages/keystonemiddleware/auth_token/__init__.py:407}}
Oct 16 00:42:45.581998 dv-osbrick-master-4-smb devstack@keystone.service[81392]: DEBUG dbcounter [-] [81392] Writing DB stats keystone:SELECT=100 {{(pid=81392) stat_writer /usr/local/lib/python3.8/dist-packages/dbcounter.py:114}}
Oct 16 00:42:45.665803 dv-osbrick-master-4-smb devstack@keystone.service[81392]: DEBUG keystone.server.flask.request_processing.middleware.auth_context [None req-1297204c-c16a-4646-b46f-3fcee3aee054 None admin] Validating token access rules against request {{(pid=81392) validate_allowed_request /usr/local/lib/python3.8/dist-packages/keystonemiddleware/auth_token/__init__.py:545}}
Oct 16 00:42:45.681140 dv-osbrick-master-4-smb devstack@keystone.service[81393]: DEBUG keystone.server.flask.request_processing.middleware.auth_context [None req-374f4733-bdb2-4f43-b031-739b5c175a19 None None] Validating token access rules against request {{(pid=81393) validate_allowed_request /usr/local/lib/python3.8/dist-packages/keystonemiddleware/auth_token/__init__.py:545}}
Oct 16 00:42:45.699185 dv-osbrick-master-4-smb devstack@keystone.service[81392]: DEBUG keystone.server.flask.request_processing.middleware.auth_context [None req-2b8b7706-3540-47e2-9c08-6988c3e11c23 None admin] RBAC: auth_context: {'token': , 'domain_id': None, 'trust_id': None, 'trustor_id': None, 'trustee_id': None, 'domain_name': None, 'group_ids': [], 'user_id': '456f4b59e37a4fda973dbd40cb3d8a99', 'user_domain_id': 'default', 'system_scope': 'all', 'project_id': None, 'project_domain_id': None, 'roles': ['admin', 'member', 'reader'], 'is_admin_project': True, 'service_user_id': None, 'service_user_domain_id': None, 'service_project_id': None, 'service_project_domain_id': None, 'service_roles': []} {{(pid=81392) fill_context /opt/stack/keystone/keystone/server/flask/request_processing/middleware/auth_context.py:478}}
Oct 16 00:42:45.699799 dv-osbrick-master-4-smb devstack@keystone.service[81392]: DEBUG keystone.server.flask.request_processing.req_logging [None req-2b8b7706-3540-47e2-9c08-6988c3e11c23 None admin] REQUEST_METHOD: `GET` {{(pid=81392) log_request_info /opt/stack/keystone/keystone/server/flask/request_processing/req_logging.py:27}}
Oct 16 00:42:45.700186 dv-osbrick-master-4-smb devstack@keystone.service[81392]: DEBUG keystone.server.flask.request_processing.req_logging [None req-2b8b7706-3540-47e2-9c08-6988c3e11c23 None admin] SCRIPT_NAME: `/identity` {{(pid=81392) log_request_info /opt/stack/keystone/keystone/server/flask/request_processing/req_logging.py:28}}
Oct 16 00:42:45.700360 dv-osbrick-master-4-smb devstack@keystone.service[81392]: DEBUG keystone.server.flask.request_processing.req_logging [None req-2b8b7706-3540-47e2-9c08-6988c3e11c23 None admin] PATH_INFO: `/v3/auth/tokens` {{(pid=81392) log_request_info /opt/stack/keystone/keystone/server/flask/request_processing/req_logging.py:29}}
Oct 16 00:42:45.720169 dv-osbrick-master-4-smb devstack@keystone.service[81393]: DEBUG keystone.server.flask.request_processing.middleware.auth_context [None req-9d9233f3-33cf-4a0b-aa48-308b09b82a47 None admin] RBAC: auth_context: {'token': , 'domain_id': None, 'trust_id': None, 'trustor_id': None, 'trustee_id': None, 'domain_name': None, 'group_ids': [], 'user_id': '456f4b59e37a4fda973dbd40cb3d8a99', 'user_domain_id': 'default', 'system_scope': 'all', 'project_id': None, 'project_domain_id': None, 'roles': ['admin', 'member', 'reader'], 'is_admin_project': True, 'service_user_id': None, 'service_user_domain_id': None, 'service_project_id': None, 'service_project_domain_id': None, 'service_roles': []} {{(pid=81393) fill_context /opt/stack/keystone/keystone/server/flask/request_processing/middleware/auth_context.py:478}}
Oct 16 00:42:45.721129 dv-osbrick-master-4-smb devstack@keystone.service[81393]: DEBUG keystone.server.flask.request_processing.req_logging [None req-9d9233f3-33cf-4a0b-aa48-308b09b82a47 None admin] REQUEST_METHOD: `PUT` {{(pid=81393) log_request_info /opt/stack/keystone/keystone/server/flask/request_processing/req_logging.py:27}}
Oct 16 00:42:45.721592 dv-osbrick-master-4-smb devstack@keystone.service[81393]: DEBUG keystone.server.flask.request_processing.req_logging [None req-9d9233f3-33cf-4a0b-aa48-308b09b82a47 None admin] SCRIPT_NAME: `/identity` {{(pid=81393) log_request_info /opt/stack/keystone/keystone/server/flask/request_processing/req_logging.py:28}}
Oct 16 00:42:45.722045 dv-osbrick-master-4-smb devstack@keystone.service[81393]: DEBUG keystone.server.flask.request_processing.req_logging [None req-9d9233f3-33cf-4a0b-aa48-308b09b82a47 None admin] PATH_INFO: `/v3/projects/c4f7fbceab4d47dbb0a4fc5723b44590/users/99985651f92a486ea48bb3a6b798ba45/roles/eb116bbc081e48e4aa23b3989ab9f625` {{(pid=81393) log_request_info /opt/stack/keystone/keystone/server/flask/request_processing/req_logging.py:29}}
Oct 16 00:42:45.724175 dv-osbrick-master-4-smb devstack@keystone.service[81393]: DEBUG keystone.common.rbac_enforcer.enforcer [None req-9d9233f3-33cf-4a0b-aa48-308b09b82a47 None admin] RBAC: Authorizing `identity:create_grant(project_id=c4f7fbceab4d47dbb0a4fc5723b44590, user_id=99985651f92a486ea48bb3a6b798ba45, role_id=eb116bbc081e48e4aa23b3989ab9f625)` {{(pid=81393) enforce_call /opt/stack/keystone/keystone/common/rbac_enforcer/enforcer.py:449}}
Oct 16 00:42:45.725800 dv-osbrick-master-4-smb devstack@keystone.service[81393]: DEBUG keystone.common.rbac_enforcer.enforcer [None req-9d9233f3-33cf-4a0b-aa48-308b09b82a47 None admin] RBAC: Authorization granted {{(pid=81393) enforce_call /opt/stack/keystone/keystone/common/rbac_enforcer/enforcer.py:457}}
Oct 16 00:42:45.740564 dv-osbrick-master-4-smb devstack@keystone.service[81393]: [pid: 81393|app: 0|req: 56/108] 10.222.0.30 () {58 vars in 1439 bytes} [Sun Oct 16 00:42:45 2022] PUT /identity/v3/projects/c4f7fbceab4d47dbb0a4fc5723b44590/users/99985651f92a486ea48bb3a6b798ba45/roles/eb116bbc081e48e4aa23b3989ab9f625 => generated 0 bytes in 195 msecs (HTTP/1.1 204) 3 headers in 132 bytes (0 switches on core 0)
Oct 16 00:42:45.748909 dv-osbrick-master-4-smb devstack@keystone.service[81393]: DEBUG keystone.server.flask.request_processing.req_logging [None req-f23ed456-8f9a-4fac-a5b9-85214e6009fa None None] REQUEST_METHOD: `POST` {{(pid=81393) log_request_info /opt/stack/keystone/keystone/server/flask/request_processing/req_logging.py:27}}
Oct 16 00:42:45.749786 dv-osbrick-master-4-smb devstack@keystone.service[81393]: DEBUG keystone.server.flask.request_processing.req_logging [None req-f23ed456-8f9a-4fac-a5b9-85214e6009fa None None] SCRIPT_NAME: `/identity` {{(pid=81393) log_request_info /opt/stack/keystone/keystone/server/flask/request_processing/req_logging.py:28}}
Oct 16 00:42:45.750240 dv-osbrick-master-4-smb devstack@keystone.service[81393]: DEBUG keystone.server.flask.request_processing.req_logging [None req-f23ed456-8f9a-4fac-a5b9-85214e6009fa None None] PATH_INFO: `/v3/auth/tokens` {{(pid=81393) log_request_info /opt/stack/keystone/keystone/server/flask/request_processing/req_logging.py:29}}
Oct 16 00:42:45.777335 dv-osbrick-master-4-smb devstack@keystone.service[81393]: DEBUG keystone.auth.core [None req-f23ed456-8f9a-4fac-a5b9-85214e6009fa None None] MFA Rules not processed for user `456f4b59e37a4fda973dbd40cb3d8a99`. Rule list: `[]` (Enabled: `True`). {{(pid=81393) check_auth_methods_against_rules /opt/stack/keystone/keystone/auth/core.py:438}}
Oct 16 00:42:45.779814 dv-osbrick-master-4-smb devstack@keystone.service[81393]: DEBUG keystone.common.fernet_utils [None req-f23ed456-8f9a-4fac-a5b9-85214e6009fa None None] Loaded 2 Fernet keys from /etc/keystone/fernet-keys/, but `[fernet_tokens] max_active_keys = 3`; perhaps there have not been enough key rotations to reach `max_active_keys` yet? {{(pid=81393) load_keys /opt/stack/keystone/keystone/common/fernet_utils.py:286}}
Oct 16 00:42:45.780451 dv-osbrick-master-4-smb devstack@keystone.service[81392]: DEBUG keystone.common.rbac_enforcer.enforcer [None req-2b8b7706-3540-47e2-9c08-6988c3e11c23 None admin] RBAC: Authorizing `identity:validate_token()` {{(pid=81392) enforce_call /opt/stack/keystone/keystone/common/rbac_enforcer/enforcer.py:449}}
Oct 16 00:42:45.782218 dv-osbrick-master-4-smb devstack@keystone.service[81392]: DEBUG keystone.common.rbac_enforcer.enforcer [None req-2b8b7706-3540-47e2-9c08-6988c3e11c23 None admin] RBAC: Authorization granted {{(pid=81392) enforce_call /opt/stack/keystone/keystone/common/rbac_enforcer/enforcer.py:457}}
Oct 16 00:42:45.816879 dv-osbrick-master-4-smb devstack@keystone.service[81393]: DEBUG dbcounter [-] [81393] Writing DB stats keystone:SELECT=99,keystone:INSERT=1 {{(pid=81393) stat_writer /usr/local/lib/python3.8/dist-packages/dbcounter.py:114}}
Oct 16 00:42:45.817991 dv-osbrick-master-4-smb devstack@keystone.service[81392]: DEBUG dbcounter [-] [81392] Writing DB stats keystone:SELECT=100 {{(pid=81392) stat_writer /usr/local/lib/python3.8/dist-packages/dbcounter.py:114}}
Oct 16 00:42:45.880159 dv-osbrick-master-4-smb devstack@keystone.service[81393]: [pid: 81393|app: 0|req: 57/109] 10.222.0.30 () {58 vars in 1024 bytes} [Sun Oct 16 00:42:45 2022] POST /identity/v3/auth/tokens => generated 799 bytes in 139 msecs (HTTP/1.1 201) 6 headers in 363 bytes (1 switches on core 0)
Oct 16 00:42:45.887694 dv-osbrick-master-4-smb devstack@keystone.service[81393]: DEBUG keystone.server.flask.request_processing.middleware.auth_context [None req-f23ed456-8f9a-4fac-a5b9-85214e6009fa None None] Authenticating user token {{(pid=81393) process_request /usr/local/lib/python3.8/dist-packages/keystonemiddleware/auth_token/__init__.py:407}}
Oct 16 00:42:45.933422 dv-osbrick-master-4-smb devstack@keystone.service[81392]: [pid: 81392|app: 0|req: 53/110] 10.222.0.30 () {58 vars in 1282 bytes} [Sun Oct 16 00:42:45 2022] GET /identity/v3/auth/tokens => generated 799 bytes in 379 msecs (HTTP/1.1 200) 6 headers in 358 bytes (1 switches on core 0)
Oct 16 00:42:45.934221 dv-osbrick-master-4-smb devstack@keystone.service[81392]: DEBUG keystone.server.flask.request_processing.middleware.auth_context [None req-2b8b7706-3540-47e2-9c08-6988c3e11c23 None admin] Authenticating user token {{(pid=81392) process_request /usr/local/lib/python3.8/dist-packages/keystonemiddleware/auth_token/__init__.py:407}}
Oct 16 00:42:46.037270 dv-osbrick-master-4-smb devstack@keystone.service[81393]: DEBUG keystone.server.flask.request_processing.middleware.auth_context [None req-f23ed456-8f9a-4fac-a5b9-85214e6009fa None None] Validating token access rules against request {{(pid=81393) validate_allowed_request /usr/local/lib/python3.8/dist-packages/keystonemiddleware/auth_token/__init__.py:545}}
Oct 16 00:42:46.067227 dv-osbrick-master-4-smb devstack@keystone.service[81392]: DEBUG keystone.server.flask.request_processing.middleware.auth_context [None req-2b8b7706-3540-47e2-9c08-6988c3e11c23 None admin] Validating token access rules against request {{(pid=81392) validate_allowed_request /usr/local/lib/python3.8/dist-packages/keystonemiddleware/auth_token/__init__.py:545}}
Oct 16 00:42:46.100734 dv-osbrick-master-4-smb devstack@keystone.service[81393]: DEBUG keystone.server.flask.request_processing.middleware.auth_context [None req-5c27fb6b-d1a1-4ce2-96c8-44b0a9e0bbb9 None admin] RBAC: auth_context: {'token': , 'domain_id': None, 'trust_id': None, 'trustor_id': None, 'trustee_id': None, 'domain_name': None, 'group_ids': [], 'user_id': '456f4b59e37a4fda973dbd40cb3d8a99', 'user_domain_id': 'default', 'system_scope': 'all', 'project_id': None, 'project_domain_id': None, 'roles': ['admin', 'member', 'reader'], 'is_admin_project': True, 'service_user_id': None, 'service_user_domain_id': None, 'service_project_id': None, 'service_project_domain_id': None, 'service_roles': []} {{(pid=81393) fill_context /opt/stack/keystone/keystone/server/flask/request_processing/middleware/auth_context.py:478}}
Oct 16 00:42:46.101376 dv-osbrick-master-4-smb devstack@keystone.service[81393]: DEBUG keystone.server.flask.request_processing.req_logging [None req-5c27fb6b-d1a1-4ce2-96c8-44b0a9e0bbb9 None admin] REQUEST_METHOD: `GET` {{(pid=81393) log_request_info /opt/stack/keystone/keystone/server/flask/request_processing/req_logging.py:27}}
Oct 16 00:42:46.101662 dv-osbrick-master-4-smb devstack@keystone.service[81393]: DEBUG keystone.server.flask.request_processing.req_logging [None req-5c27fb6b-d1a1-4ce2-96c8-44b0a9e0bbb9 None admin] SCRIPT_NAME: `/identity` {{(pid=81393) log_request_info /opt/stack/keystone/keystone/server/flask/request_processing/req_logging.py:28}}
Oct 16 00:42:46.101942 dv-osbrick-master-4-smb devstack@keystone.service[81393]: DEBUG keystone.server.flask.request_processing.req_logging [None req-5c27fb6b-d1a1-4ce2-96c8-44b0a9e0bbb9 None admin] PATH_INFO: `/v3/roles` {{(pid=81393) log_request_info /opt/stack/keystone/keystone/server/flask/request_processing/req_logging.py:29}}
Oct 16 00:42:46.102620 dv-osbrick-master-4-smb devstack@keystone.service[81393]: DEBUG keystone.common.rbac_enforcer.enforcer [None req-5c27fb6b-d1a1-4ce2-96c8-44b0a9e0bbb9 None admin] RBAC: Adding query filter params (name=admin) {{(pid=81393) _extract_filter_values /opt/stack/keystone/keystone/common/rbac_enforcer/enforcer.py:167}}
Oct 16 00:42:46.102931 dv-osbrick-master-4-smb devstack@keystone.service[81393]: DEBUG keystone.common.rbac_enforcer.enforcer [None req-5c27fb6b-d1a1-4ce2-96c8-44b0a9e0bbb9 None admin] RBAC: Authorizing `identity:list_roles()` {{(pid=81393) enforce_call /opt/stack/keystone/keystone/common/rbac_enforcer/enforcer.py:449}}
Oct 16 00:42:46.109964 dv-osbrick-master-4-smb devstack@keystone.service[81393]: DEBUG keystone.common.rbac_enforcer.enforcer [None req-5c27fb6b-d1a1-4ce2-96c8-44b0a9e0bbb9 None admin] RBAC: Authorization granted {{(pid=81393) enforce_call /opt/stack/keystone/keystone/common/rbac_enforcer/enforcer.py:457}}
Oct 16 00:42:46.113064 dv-osbrick-master-4-smb devstack@keystone.service[81392]: DEBUG dbcounter [-] [81392] Writing DB stats keystone:SELECT=100 {{(pid=81392) stat_writer /usr/local/lib/python3.8/dist-packages/dbcounter.py:114}}
Oct 16 00:42:46.126137 dv-osbrick-master-4-smb devstack@keystone.service[81393]: [pid: 81393|app: 0|req: 58/111] 10.222.0.30 () {56 vars in 1099 bytes} [Sun Oct 16 00:42:45 2022] GET /identity/v3/roles?name=admin => generated 339 bytes in 245 msecs (HTTP/1.1 200) 5 headers in 177 bytes (1 switches on core 0)
Oct 16 00:42:46.127037 dv-osbrick-master-4-smb devstack@keystone.service[81393]: DEBUG keystone.server.flask.request_processing.middleware.auth_context [None req-5c27fb6b-d1a1-4ce2-96c8-44b0a9e0bbb9 None admin] Authenticating user token {{(pid=81393) process_request /usr/local/lib/python3.8/dist-packages/keystonemiddleware/auth_token/__init__.py:407}}
Oct 16 00:42:46.136199 dv-osbrick-master-4-smb devstack@keystone.service[81392]: DEBUG keystone.server.flask.request_processing.middleware.auth_context [None req-3ceb11e4-cec1-44ca-9fcc-e2b729d6662f None admin] RBAC: auth_context: {'token': , 'domain_id': None, 'trust_id': None, 'trustor_id': None, 'trustee_id': None, 'domain_name': None, 'group_ids': [], 'user_id': '456f4b59e37a4fda973dbd40cb3d8a99', 'user_domain_id': 'default', 'system_scope': 'all', 'project_id': None, 'project_domain_id': None, 'roles': ['admin', 'member', 'reader'], 'is_admin_project': True, 'service_user_id': None, 'service_user_domain_id': None, 'service_project_id': None, 'service_project_domain_id': None, 'service_roles': []} {{(pid=81392) fill_context /opt/stack/keystone/keystone/server/flask/request_processing/middleware/auth_context.py:478}}
Oct 16 00:42:46.136845 dv-osbrick-master-4-smb devstack@keystone.service[81392]: DEBUG keystone.server.flask.request_processing.req_logging [None req-3ceb11e4-cec1-44ca-9fcc-e2b729d6662f None admin] REQUEST_METHOD: `GET` {{(pid=81392) log_request_info /opt/stack/keystone/keystone/server/flask/request_processing/req_logging.py:27}}
Oct 16 00:42:46.137130 dv-osbrick-master-4-smb devstack@keystone.service[81392]: DEBUG keystone.server.flask.request_processing.req_logging [None req-3ceb11e4-cec1-44ca-9fcc-e2b729d6662f None admin] SCRIPT_NAME: `/identity` {{(pid=81392) log_request_info /opt/stack/keystone/keystone/server/flask/request_processing/req_logging.py:28}}
Oct 16 00:42:46.137409 dv-osbrick-master-4-smb devstack@keystone.service[81392]: DEBUG keystone.server.flask.request_processing.req_logging [None req-3ceb11e4-cec1-44ca-9fcc-e2b729d6662f None admin] PATH_INFO: `/v3/roles/anotherrole` {{(pid=81392) log_request_info /opt/stack/keystone/keystone/server/flask/request_processing/req_logging.py:29}}
Oct 16 00:42:46.156707 dv-osbrick-master-4-smb devstack@keystone.service[81392]: DEBUG keystone.common.rbac_enforcer.enforcer [None req-3ceb11e4-cec1-44ca-9fcc-e2b729d6662f None admin] Extracting inferred target data resulted in "NOT FOUND (404)". {{(pid=81392) enforce_call /opt/stack/keystone/keystone/common/rbac_enforcer/enforcer.py:409}}
Oct 16 00:42:46.166734 dv-osbrick-master-4-smb devstack@keystone.service[81392]: ERROR keystone.server.flask.application [None req-3ceb11e4-cec1-44ca-9fcc-e2b729d6662f None admin] Could not find role: anotherrole.: keystone.exception.RoleNotFound: Could not find role: anotherrole.
Oct 16 00:42:46.166734 dv-osbrick-master-4-smb devstack@keystone.service[81392]: ERROR keystone.server.flask.application
Traceback (most recent call last):
Oct 16 00:42:46.166734 dv-osbrick-master-4-smb devstack@keystone.service[81392]: ERROR keystone.server.flask.application
File "/usr/local/lib/python3.8/dist-packages/flask/app.py", line 1820, in full_dispatch_request
Oct 16 00:42:46.166734 dv-osbrick-master-4-smb devstack@keystone.service[81392]: ERROR keystone.server.flask.application rv = self.dispatch_request()
Oct 16 00:42:46.166734 dv-osbrick-master-4-smb devstack@keystone.service[81392]: ERROR keystone.server.flask.application
File "/usr/local/lib/python3.8/dist-packages/flask/app.py", line 1796, in dispatch_request
Oct 16 00:42:46.166734 dv-osbrick-master-4-smb devstack@keystone.service[81392]: ERROR keystone.server.flask.application return self.ensure_sync(self.view_functions[rule.endpoint])(**view_args)
Oct 16 00:42:46.166734 dv-osbrick-master-4-smb devstack@keystone.service[81392]: ERROR keystone.server.flask.application
File "/usr/local/lib/python3.8/dist-packages/flask_restful/__init__.py", line 467, in wrapper
Oct 16 00:42:46.166734 dv-osbrick-master-4-smb devstack@keystone.service[81392]: ERROR keystone.server.flask.application resp = resource(*args, **kwargs)
Oct 16 00:42:46.166734 dv-osbrick-master-4-smb devstack@keystone.service[81392]: ERROR keystone.server.flask.application
File "/usr/local/lib/python3.8/dist-packages/flask/views.py", line 107, in view
