Aug 28 00:44:37.539131 dv-osbrick-master-4-smb devstack@keystone.service[81416]: ERROR keystone.server.flask.application
File "/usr/local/lib/python3.8/dist-packages/decorator.py", line 232, in fun
Aug 28 00:44:37.539131 dv-osbrick-master-4-smb devstack@keystone.service[81416]: ERROR keystone.server.flask.application return caller(func, *(extras + args), **kw)
Aug 28 00:44:37.539131 dv-osbrick-master-4-smb devstack@keystone.service[81416]: ERROR keystone.server.flask.application
File "/usr/local/lib/python3.8/dist-packages/dogpile/cache/region.py", line 1577, in get_or_create_for_user_func
Aug 28 00:44:37.539131 dv-osbrick-master-4-smb devstack@keystone.service[81416]: ERROR keystone.server.flask.application return self.get_or_create(
Aug 28 00:44:37.539131 dv-osbrick-master-4-smb devstack@keystone.service[81416]: ERROR keystone.server.flask.application
File "/usr/local/lib/python3.8/dist-packages/dogpile/cache/region.py", line 1042, in get_or_create
Aug 28 00:44:37.539131 dv-osbrick-master-4-smb devstack@keystone.service[81416]: ERROR keystone.server.flask.application with Lock(
Aug 28 00:44:37.539131 dv-osbrick-master-4-smb devstack@keystone.service[81416]: ERROR keystone.server.flask.application
File "/usr/local/lib/python3.8/dist-packages/dogpile/lock.py", line 185, in __enter__
Aug 28 00:44:37.539131 dv-osbrick-master-4-smb devstack@keystone.service[81416]: ERROR keystone.server.flask.application return self._enter()
Aug 28 00:44:37.539131 dv-osbrick-master-4-smb devstack@keystone.service[81416]: ERROR keystone.server.flask.application
File "/usr/local/lib/python3.8/dist-packages/dogpile/lock.py", line 94, in _enter
Aug 28 00:44:37.539131 dv-osbrick-master-4-smb devstack@keystone.service[81416]: ERROR keystone.server.flask.application generated = self._enter_create(value, createdtime)
Aug 28 00:44:37.539947 dv-osbrick-master-4-smb devstack@keystone.service[81416]: ERROR keystone.server.flask.application
File "/usr/local/lib/python3.8/dist-packages/dogpile/lock.py", line 178, in _enter_create
Aug 28 00:44:37.539947 dv-osbrick-master-4-smb devstack@keystone.service[81416]: ERROR keystone.server.flask.application return self.creator()
Aug 28 00:44:37.539947 dv-osbrick-master-4-smb devstack@keystone.service[81416]: ERROR keystone.server.flask.application
File "/usr/local/lib/python3.8/dist-packages/dogpile/cache/region.py", line 995, in gen_value
Aug 28 00:44:37.539947 dv-osbrick-master-4-smb devstack@keystone.service[81416]: ERROR keystone.server.flask.application created_value = creator(
Aug 28 00:44:37.539947 dv-osbrick-master-4-smb devstack@keystone.service[81416]: ERROR keystone.server.flask.application
File "/opt/stack/keystone/keystone/assignment/core.py", line 1276, in get_role
Aug 28 00:44:37.539947 dv-osbrick-master-4-smb devstack@keystone.service[81416]: ERROR keystone.server.flask.application return self.driver.get_role(role_id)
Aug 28 00:44:37.539947 dv-osbrick-master-4-smb devstack@keystone.service[81416]: ERROR keystone.server.flask.application
File "/opt/stack/keystone/keystone/assignment/role_backends/sql.py", line 70, in get_role
Aug 28 00:44:37.539947 dv-osbrick-master-4-smb devstack@keystone.service[81416]: ERROR keystone.server.flask.application return self._get_role(session, role_id).to_dict()
Aug 28 00:44:37.539947 dv-osbrick-master-4-smb devstack@keystone.service[81416]: ERROR keystone.server.flask.application
File "/opt/stack/keystone/keystone/assignment/role_backends/sql.py", line 65, in _get_role
Aug 28 00:44:37.539947 dv-osbrick-master-4-smb devstack@keystone.service[81416]: ERROR keystone.server.flask.application raise exception.RoleNotFound(role_id=role_id)
Aug 28 00:44:37.539947 dv-osbrick-master-4-smb devstack@keystone.service[81416]: ERROR keystone.server.flask.application keystone.exception.RoleNotFound: Could not find role: member.
Aug 28 00:44:37.539947 dv-osbrick-master-4-smb devstack@keystone.service[81416]: ERROR keystone.server.flask.application
Aug 28 00:44:37.543981 dv-osbrick-master-4-smb devstack@keystone.service[81416]: [pid: 81416|app: 0|req: 111/213] 10.222.0.45 () {56 vars in 1099 bytes} [Sun Aug 28 00:44:37 2022] GET /identity/v3/roles/member => generated 84 bytes in 178 msecs (HTTP/1.1 404) 5 headers in 183 bytes (1 switches on core 0)
Aug 28 00:44:37.545821 dv-osbrick-master-4-smb devstack@keystone.service[81416]: DEBUG keystone.server.flask.request_processing.req_logging [None req-08bdcb8e-8b3e-4f87-8ff3-4eff721b0f75 None None] REQUEST_METHOD: `GET` {{(pid=81416) log_request_info /opt/stack/keystone/keystone/server/flask/request_processing/req_logging.py:27}}
Aug 28 00:44:37.546112 dv-osbrick-master-4-smb devstack@keystone.service[81416]: DEBUG keystone.server.flask.request_processing.req_logging [None req-08bdcb8e-8b3e-4f87-8ff3-4eff721b0f75 None None] SCRIPT_NAME: `/identity` {{(pid=81416) log_request_info /opt/stack/keystone/keystone/server/flask/request_processing/req_logging.py:28}}
Aug 28 00:44:37.546394 dv-osbrick-master-4-smb devstack@keystone.service[81416]: DEBUG keystone.server.flask.request_processing.req_logging [None req-08bdcb8e-8b3e-4f87-8ff3-4eff721b0f75 None None] PATH_INFO: `/` {{(pid=81416) log_request_info /opt/stack/keystone/keystone/server/flask/request_processing/req_logging.py:29}}
Aug 28 00:44:37.547662 dv-osbrick-master-4-smb devstack@keystone.service[81416]: [pid: 81416|app: 0|req: 112/214] 10.222.0.45 () {54 vars in 927 bytes} [Sun Aug 28 00:44:37 2022] GET /identity => generated 270 bytes in 3 msecs (HTTP/1.1 300) 6 headers in 234 bytes (1 switches on core 0)
Aug 28 00:44:37.553658 dv-osbrick-master-4-smb devstack@keystone.service[81416]: DEBUG keystone.server.flask.request_processing.middleware.auth_context [None req-08bdcb8e-8b3e-4f87-8ff3-4eff721b0f75 None None] Authenticating user token {{(pid=81416) process_request /usr/local/lib/python3.8/dist-packages/keystonemiddleware/auth_token/__init__.py:407}}
Aug 28 00:44:37.565570 dv-osbrick-master-4-smb devstack@keystone.service[81415]: DEBUG keystone.server.flask.request_processing.middleware.auth_context [None req-f7a4255b-b94a-44ce-a4ed-67b2eefdfa9b None admin] RBAC: auth_context: {'token': , 'domain_id': None, 'trust_id': None, 'trustor_id': None, 'trustee_id': None, 'domain_name': None, 'group_ids': [], 'user_id': '244d6e9519d540fcb92f34c8c93318e5', 'user_domain_id': 'default', 'system_scope': 'all', 'project_id': None, 'project_domain_id': None, 'roles': ['admin', 'member', 'reader'], 'is_admin_project': True, 'service_user_id': None, 'service_user_domain_id': None, 'service_project_id': None, 'service_project_domain_id': None, 'service_roles': []} {{(pid=81415) fill_context /opt/stack/keystone/keystone/server/flask/request_processing/middleware/auth_context.py:478}}
Aug 28 00:44:37.566515 dv-osbrick-master-4-smb devstack@keystone.service[81415]: DEBUG keystone.server.flask.request_processing.req_logging [None req-f7a4255b-b94a-44ce-a4ed-67b2eefdfa9b None admin] REQUEST_METHOD: `GET` {{(pid=81415) log_request_info /opt/stack/keystone/keystone/server/flask/request_processing/req_logging.py:27}}
Aug 28 00:44:37.566867 dv-osbrick-master-4-smb devstack@keystone.service[81415]: DEBUG keystone.server.flask.request_processing.req_logging [None req-f7a4255b-b94a-44ce-a4ed-67b2eefdfa9b None admin] SCRIPT_NAME: `/identity` {{(pid=81415) log_request_info /opt/stack/keystone/keystone/server/flask/request_processing/req_logging.py:28}}
Aug 28 00:44:37.567127 dv-osbrick-master-4-smb devstack@keystone.service[81415]: DEBUG keystone.server.flask.request_processing.req_logging [None req-f7a4255b-b94a-44ce-a4ed-67b2eefdfa9b None admin] PATH_INFO: `/v3/domains/default` {{(pid=81415) log_request_info /opt/stack/keystone/keystone/server/flask/request_processing/req_logging.py:29}}
Aug 28 00:44:37.568186 dv-osbrick-master-4-smb devstack@keystone.service[81415]: DEBUG keystone.common.rbac_enforcer.enforcer [None req-f7a4255b-b94a-44ce-a4ed-67b2eefdfa9b None admin] RBAC: Authorizing `identity:get_domain(domain_id=default)` {{(pid=81415) enforce_call /opt/stack/keystone/keystone/common/rbac_enforcer/enforcer.py:449}}
Aug 28 00:44:37.570218 dv-osbrick-master-4-smb devstack@keystone.service[81415]: DEBUG keystone.common.rbac_enforcer.enforcer [None req-f7a4255b-b94a-44ce-a4ed-67b2eefdfa9b None admin] RBAC: Authorization granted {{(pid=81415) enforce_call /opt/stack/keystone/keystone/common/rbac_enforcer/enforcer.py:457}}
Aug 28 00:44:37.576012 dv-osbrick-master-4-smb devstack@keystone.service[81415]: [pid: 81415|app: 0|req: 103/215] 10.222.0.45 () {56 vars in 1108 bytes} [Sun Aug 28 00:44:37 2022] GET /identity/v3/domains/default => generated 199 bytes in 164 msecs (HTTP/1.1 200) 5 headers in 177 bytes (1 switches on core 0)
Aug 28 00:44:37.576012 dv-osbrick-master-4-smb devstack@keystone.service[81415]: DEBUG keystone.server.flask.request_processing.req_logging [None req-15ac377a-4c46-477a-af85-2eb9eacec211 None None] REQUEST_METHOD: `POST` {{(pid=81415) log_request_info /opt/stack/keystone/keystone/server/flask/request_processing/req_logging.py:27}}
Aug 28 00:44:37.576012 dv-osbrick-master-4-smb devstack@keystone.service[81415]: DEBUG keystone.server.flask.request_processing.req_logging [None req-15ac377a-4c46-477a-af85-2eb9eacec211 None None] SCRIPT_NAME: `/identity` {{(pid=81415) log_request_info /opt/stack/keystone/keystone/server/flask/request_processing/req_logging.py:28}}
Aug 28 00:44:37.576012 dv-osbrick-master-4-smb devstack@keystone.service[81415]: DEBUG keystone.server.flask.request_processing.req_logging [None req-15ac377a-4c46-477a-af85-2eb9eacec211 None None] PATH_INFO: `/v3/auth/tokens` {{(pid=81415) log_request_info /opt/stack/keystone/keystone/server/flask/request_processing/req_logging.py:29}}
Aug 28 00:44:37.591329 dv-osbrick-master-4-smb devstack@keystone.service[81415]: DEBUG keystone.auth.core [None req-15ac377a-4c46-477a-af85-2eb9eacec211 None None] MFA Rules not processed for user `244d6e9519d540fcb92f34c8c93318e5`. Rule list: `[]` (Enabled: `True`). {{(pid=81415) check_auth_methods_against_rules /opt/stack/keystone/keystone/auth/core.py:438}}
Aug 28 00:44:37.592536 dv-osbrick-master-4-smb devstack@keystone.service[81415]: DEBUG keystone.common.fernet_utils [None req-15ac377a-4c46-477a-af85-2eb9eacec211 None None] Loaded 2 Fernet keys from /etc/keystone/fernet-keys/, but `[fernet_tokens] max_active_keys = 3`; perhaps there have not been enough key rotations to reach `max_active_keys` yet? {{(pid=81415) load_keys /opt/stack/keystone/keystone/common/fernet_utils.py:286}}
Aug 28 00:44:37.607463 dv-osbrick-master-4-smb devstack@keystone.service[81415]: DEBUG dbcounter [-] [81415] Writing DB stats keystone:SELECT=100 {{(pid=81415) stat_writer /usr/local/lib/python3.8/dist-packages/dbcounter.py:114}}
Aug 28 00:44:37.666028 dv-osbrick-master-4-smb devstack@keystone.service[81416]: DEBUG keystone.server.flask.request_processing.middleware.auth_context [None req-08bdcb8e-8b3e-4f87-8ff3-4eff721b0f75 None None] Validating token access rules against request {{(pid=81416) validate_allowed_request /usr/local/lib/python3.8/dist-packages/keystonemiddleware/auth_token/__init__.py:545}}
Aug 28 00:44:37.672194 dv-osbrick-master-4-smb devstack@keystone.service[81415]: [pid: 81415|app: 0|req: 104/216] 10.222.0.45 () {58 vars in 1024 bytes} [Sun Aug 28 00:44:37 2022] POST /identity/v3/auth/tokens => generated 799 bytes in 95 msecs (HTTP/1.1 201) 6 headers in 363 bytes (1 switches on core 0)
Aug 28 00:44:37.672194 dv-osbrick-master-4-smb devstack@keystone.service[81415]: DEBUG keystone.server.flask.request_processing.middleware.auth_context [None req-15ac377a-4c46-477a-af85-2eb9eacec211 None None] Authenticating user token {{(pid=81415) process_request /usr/local/lib/python3.8/dist-packages/keystonemiddleware/auth_token/__init__.py:407}}
Aug 28 00:44:37.717133 dv-osbrick-master-4-smb devstack@keystone.service[81416]: DEBUG keystone.server.flask.request_processing.middleware.auth_context [None req-bb2e3f4f-41e1-4b47-a6b1-bfd7bc1e63b1 None admin] RBAC: auth_context: {'token': , 'domain_id': None, 'trust_id': None, 'trustor_id': None, 'trustee_id': None, 'domain_name': None, 'group_ids': [], 'user_id': '244d6e9519d540fcb92f34c8c93318e5', 'user_domain_id': 'default', 'system_scope': 'all', 'project_id': None, 'project_domain_id': None, 'roles': ['admin', 'member', 'reader'], 'is_admin_project': True, 'service_user_id': None, 'service_user_domain_id': None, 'service_project_id': None, 'service_project_domain_id': None, 'service_roles': []} {{(pid=81416) fill_context /opt/stack/keystone/keystone/server/flask/request_processing/middleware/auth_context.py:478}}
Aug 28 00:44:37.718699 dv-osbrick-master-4-smb devstack@keystone.service[81416]: DEBUG keystone.server.flask.request_processing.req_logging [None req-bb2e3f4f-41e1-4b47-a6b1-bfd7bc1e63b1 None admin] REQUEST_METHOD: `GET` {{(pid=81416) log_request_info /opt/stack/keystone/keystone/server/flask/request_processing/req_logging.py:27}}
Aug 28 00:44:37.719089 dv-osbrick-master-4-smb devstack@keystone.service[81416]: DEBUG keystone.server.flask.request_processing.req_logging [None req-bb2e3f4f-41e1-4b47-a6b1-bfd7bc1e63b1 None admin] SCRIPT_NAME: `/identity` {{(pid=81416) log_request_info /opt/stack/keystone/keystone/server/flask/request_processing/req_logging.py:28}}
Aug 28 00:44:37.719440 dv-osbrick-master-4-smb devstack@keystone.service[81416]: DEBUG keystone.server.flask.request_processing.req_logging [None req-bb2e3f4f-41e1-4b47-a6b1-bfd7bc1e63b1 None admin] PATH_INFO: `/v3/roles` {{(pid=81416) log_request_info /opt/stack/keystone/keystone/server/flask/request_processing/req_logging.py:29}}
Aug 28 00:44:37.720272 dv-osbrick-master-4-smb devstack@keystone.service[81416]: DEBUG keystone.common.rbac_enforcer.enforcer [None req-bb2e3f4f-41e1-4b47-a6b1-bfd7bc1e63b1 None admin] RBAC: Adding query filter params (name=member) {{(pid=81416) _extract_filter_values /opt/stack/keystone/keystone/common/rbac_enforcer/enforcer.py:167}}
Aug 28 00:44:37.720647 dv-osbrick-master-4-smb devstack@keystone.service[81416]: DEBUG keystone.common.rbac_enforcer.enforcer [None req-bb2e3f4f-41e1-4b47-a6b1-bfd7bc1e63b1 None admin] RBAC: Authorizing `identity:list_roles()` {{(pid=81416) enforce_call /opt/stack/keystone/keystone/common/rbac_enforcer/enforcer.py:449}}
Aug 28 00:44:37.722107 dv-osbrick-master-4-smb devstack@keystone.service[81416]: DEBUG keystone.common.rbac_enforcer.enforcer [None req-bb2e3f4f-41e1-4b47-a6b1-bfd7bc1e63b1 None admin] RBAC: Authorization granted {{(pid=81416) enforce_call /opt/stack/keystone/keystone/common/rbac_enforcer/enforcer.py:457}}
Aug 28 00:44:37.735034 dv-osbrick-master-4-smb devstack@keystone.service[81416]: [pid: 81416|app: 0|req: 113/217] 10.222.0.45 () {56 vars in 1101 bytes} [Sun Aug 28 00:44:37 2022] GET /identity/v3/roles?name=member => generated 341 bytes in 186 msecs (HTTP/1.1 200) 5 headers in 177 bytes (2 switches on core 0)
Aug 28 00:44:37.740297 dv-osbrick-master-4-smb devstack@keystone.service[81416]: DEBUG keystone.server.flask.request_processing.middleware.auth_context [None req-bb2e3f4f-41e1-4b47-a6b1-bfd7bc1e63b1 None admin] Authenticating user token {{(pid=81416) process_request /usr/local/lib/python3.8/dist-packages/keystonemiddleware/auth_token/__init__.py:407}}
Aug 28 00:44:37.801405 dv-osbrick-master-4-smb devstack@keystone.service[81415]: DEBUG keystone.server.flask.request_processing.middleware.auth_context [None req-15ac377a-4c46-477a-af85-2eb9eacec211 None None] Validating token access rules against request {{(pid=81415) validate_allowed_request /usr/local/lib/python3.8/dist-packages/keystonemiddleware/auth_token/__init__.py:545}}
Aug 28 00:44:37.802585 dv-osbrick-master-4-smb devstack@keystone.service[81416]: DEBUG dbcounter [-] [81416] Writing DB stats keystone:SELECT=100 {{(pid=81416) stat_writer /usr/local/lib/python3.8/dist-packages/dbcounter.py:114}}
Aug 28 00:44:37.846106 dv-osbrick-master-4-smb devstack@keystone.service[81415]: DEBUG keystone.server.flask.request_processing.middleware.auth_context [None req-eab35f58-a919-43d7-ba85-31ebca8841d8 None admin] RBAC: auth_context: {'token': , 'domain_id': None, 'trust_id': None, 'trustor_id': None, 'trustee_id': None, 'domain_name': None, 'group_ids': [], 'user_id': '244d6e9519d540fcb92f34c8c93318e5', 'user_domain_id': 'default', 'system_scope': 'all', 'project_id': None, 'project_domain_id': None, 'roles': ['admin', 'member', 'reader'], 'is_admin_project': True, 'service_user_id': None, 'service_user_domain_id': None, 'service_project_id': None, 'service_project_domain_id': None, 'service_roles': []} {{(pid=81415) fill_context /opt/stack/keystone/keystone/server/flask/request_processing/middleware/auth_context.py:478}}
Aug 28 00:44:37.846717 dv-osbrick-master-4-smb devstack@keystone.service[81415]: DEBUG keystone.server.flask.request_processing.req_logging [None req-eab35f58-a919-43d7-ba85-31ebca8841d8 None admin] REQUEST_METHOD: `POST` {{(pid=81415) log_request_info /opt/stack/keystone/keystone/server/flask/request_processing/req_logging.py:27}}
Aug 28 00:44:37.846995 dv-osbrick-master-4-smb devstack@keystone.service[81415]: DEBUG keystone.server.flask.request_processing.req_logging [None req-eab35f58-a919-43d7-ba85-31ebca8841d8 None admin] SCRIPT_NAME: `/identity` {{(pid=81415) log_request_info /opt/stack/keystone/keystone/server/flask/request_processing/req_logging.py:28}}
Aug 28 00:44:37.847396 dv-osbrick-master-4-smb devstack@keystone.service[81415]: DEBUG keystone.server.flask.request_processing.req_logging [None req-eab35f58-a919-43d7-ba85-31ebca8841d8 None admin] PATH_INFO: `/v3/users` {{(pid=81415) log_request_info /opt/stack/keystone/keystone/server/flask/request_processing/req_logging.py:29}}
Aug 28 00:44:37.848070 dv-osbrick-master-4-smb devstack@keystone.service[81415]: DEBUG keystone.common.rbac_enforcer.enforcer [None req-eab35f58-a919-43d7-ba85-31ebca8841d8 None admin] RBAC: Authorizing `identity:create_user()` {{(pid=81415) enforce_call /opt/stack/keystone/keystone/common/rbac_enforcer/enforcer.py:449}}
Aug 28 00:44:37.850221 dv-osbrick-master-4-smb devstack@keystone.service[81415]: DEBUG keystone.common.rbac_enforcer.enforcer [None req-eab35f58-a919-43d7-ba85-31ebca8841d8 None admin] RBAC: Authorization granted {{(pid=81415) enforce_call /opt/stack/keystone/keystone/common/rbac_enforcer/enforcer.py:457}}
Aug 28 00:44:37.851997 dv-osbrick-master-4-smb devstack@keystone.service[81416]: DEBUG keystone.server.flask.request_processing.middleware.auth_context [None req-bb2e3f4f-41e1-4b47-a6b1-bfd7bc1e63b1 None admin] Validating token access rules against request {{(pid=81416) validate_allowed_request /usr/local/lib/python3.8/dist-packages/keystonemiddleware/auth_token/__init__.py:545}}
Aug 28 00:44:37.880299 dv-osbrick-master-4-smb devstack@keystone.service[81415]: [pid: 81415|app: 0|req: 105/218] 10.222.0.45 () {60 vars in 1132 bytes} [Sun Aug 28 00:44:37 2022] POST /identity/v3/users => generated 297 bytes in 212 msecs (HTTP/1.1 201) 5 headers in 182 bytes (1 switches on core 0)
Aug 28 00:44:37.897544 dv-osbrick-master-4-smb devstack@keystone.service[81416]: DEBUG keystone.server.flask.request_processing.middleware.auth_context [None req-477a1e7f-e8b9-4c42-9c61-43bf3c25ab8c None admin] RBAC: auth_context: {'token': , 'domain_id': None, 'trust_id': None, 'trustor_id': None, 'trustee_id': None, 'domain_name': None, 'group_ids': [], 'user_id': '244d6e9519d540fcb92f34c8c93318e5', 'user_domain_id': 'default', 'system_scope': 'all', 'project_id': None, 'project_domain_id': None, 'roles': ['admin', 'member', 'reader'], 'is_admin_project': True, 'service_user_id': None, 'service_user_domain_id': None, 'service_project_id': None, 'service_project_domain_id': None, 'service_roles': []} {{(pid=81416) fill_context /opt/stack/keystone/keystone/server/flask/request_processing/middleware/auth_context.py:478}}
Aug 28 00:44:37.899205 dv-osbrick-master-4-smb devstack@keystone.service[81416]: DEBUG keystone.server.flask.request_processing.req_logging [None req-477a1e7f-e8b9-4c42-9c61-43bf3c25ab8c None admin] REQUEST_METHOD: `GET` {{(pid=81416) log_request_info /opt/stack/keystone/keystone/server/flask/request_processing/req_logging.py:27}}
Aug 28 00:44:37.899711 dv-osbrick-master-4-smb devstack@keystone.service[81416]: DEBUG keystone.server.flask.request_processing.req_logging [None req-477a1e7f-e8b9-4c42-9c61-43bf3c25ab8c None admin] SCRIPT_NAME: `/identity` {{(pid=81416) log_request_info /opt/stack/keystone/keystone/server/flask/request_processing/req_logging.py:28}}
Aug 28 00:44:37.900246 dv-osbrick-master-4-smb devstack@keystone.service[81416]: DEBUG keystone.server.flask.request_processing.req_logging [None req-477a1e7f-e8b9-4c42-9c61-43bf3c25ab8c None admin] PATH_INFO: `/v3/users/c75f17f4f6e24aad81e14e4f44fc6352` {{(pid=81416) log_request_info /opt/stack/keystone/keystone/server/flask/request_processing/req_logging.py:29}}
Aug 28 00:44:37.916969 dv-osbrick-master-4-smb devstack@keystone.service[81416]: DEBUG keystone.common.rbac_enforcer.enforcer [None req-477a1e7f-e8b9-4c42-9c61-43bf3c25ab8c None admin] RBAC: Authorizing `identity:get_user(user_id=c75f17f4f6e24aad81e14e4f44fc6352)` {{(pid=81416) enforce_call /opt/stack/keystone/keystone/common/rbac_enforcer/enforcer.py:449}}
Aug 28 00:44:37.918893 dv-osbrick-master-4-smb devstack@keystone.service[81416]: DEBUG keystone.common.rbac_enforcer.enforcer [None req-477a1e7f-e8b9-4c42-9c61-43bf3c25ab8c None admin] RBAC: Authorization granted {{(pid=81416) enforce_call /opt/stack/keystone/keystone/common/rbac_enforcer/enforcer.py:457}}
Aug 28 00:44:37.920997 dv-osbrick-master-4-smb devstack@keystone.service[81416]: [pid: 81416|app: 0|req: 114/219] 10.222.0.45 () {56 vars in 1177 bytes} [Sun Aug 28 00:44:37 2022] GET /identity/v3/users/c75f17f4f6e24aad81e14e4f44fc6352 => generated 297 bytes in 181 msecs (HTTP/1.1 200) 5 headers in 177 bytes (2 switches on core 0)
Aug 28 00:44:37.929490 dv-osbrick-master-4-smb devstack@keystone.service[81415]: DEBUG keystone.server.flask.request_processing.middleware.auth_context [None req-eab35f58-a919-43d7-ba85-31ebca8841d8 None admin] Authenticating user token {{(pid=81415) process_request /usr/local/lib/python3.8/dist-packages/keystonemiddleware/auth_token/__init__.py:407}}
Aug 28 00:44:37.931033 dv-osbrick-master-4-smb devstack@keystone.service[81415]: DEBUG dbcounter [-] [81415] Writing DB stats keystone:SELECT=97,keystone:INSERT=3 {{(pid=81415) stat_writer /usr/local/lib/python3.8/dist-packages/dbcounter.py:114}}
Aug 28 00:44:37.958056 dv-osbrick-master-4-smb devstack@keystone.service[81416]: DEBUG keystone.server.flask.request_processing.middleware.auth_context [None req-477a1e7f-e8b9-4c42-9c61-43bf3c25ab8c None admin] Authenticating user token {{(pid=81416) process_request /usr/local/lib/python3.8/dist-packages/keystonemiddleware/auth_token/__init__.py:407}}
Aug 28 00:44:38.046825 dv-osbrick-master-4-smb devstack@keystone.service[81415]: DEBUG keystone.server.flask.request_processing.middleware.auth_context [None req-eab35f58-a919-43d7-ba85-31ebca8841d8 None admin] Validating token access rules against request {{(pid=81415) validate_allowed_request /usr/local/lib/python3.8/dist-packages/keystonemiddleware/auth_token/__init__.py:545}}
Aug 28 00:44:38.076561 dv-osbrick-master-4-smb devstack@keystone.service[81416]: DEBUG keystone.server.flask.request_processing.middleware.auth_context [None req-477a1e7f-e8b9-4c42-9c61-43bf3c25ab8c None admin] Validating token access rules against request {{(pid=81416) validate_allowed_request /usr/local/lib/python3.8/dist-packages/keystonemiddleware/auth_token/__init__.py:545}}
Aug 28 00:44:38.089382 dv-osbrick-master-4-smb devstack@keystone.service[81415]: DEBUG keystone.server.flask.request_processing.middleware.auth_context [None req-4bd8fb10-b120-4e56-b958-ef0dfedc7da8 None admin] RBAC: auth_context: {'token': , 'domain_id': None, 'trust_id': None, 'trustor_id': None, 'trustee_id': None, 'domain_name': None, 'group_ids': [], 'user_id': '244d6e9519d540fcb92f34c8c93318e5', 'user_domain_id': 'default', 'system_scope': 'all', 'project_id': None, 'project_domain_id': None, 'roles': ['admin', 'member', 'reader'], 'is_admin_project': True, 'service_user_id': None, 'service_user_domain_id': None, 'service_project_id': None, 'service_project_domain_id': None, 'service_roles': []} {{(pid=81415) fill_context /opt/stack/keystone/keystone/server/flask/request_processing/middleware/auth_context.py:478}}
Aug 28 00:44:38.090296 dv-osbrick-master-4-smb devstack@keystone.service[81415]: DEBUG keystone.server.flask.request_processing.req_logging [None req-4bd8fb10-b120-4e56-b958-ef0dfedc7da8 None admin] REQUEST_METHOD: `GET` {{(pid=81415) log_request_info /opt/stack/keystone/keystone/server/flask/request_processing/req_logging.py:27}}
Aug 28 00:44:38.090661 dv-osbrick-master-4-smb devstack@keystone.service[81415]: DEBUG keystone.server.flask.request_processing.req_logging [None req-4bd8fb10-b120-4e56-b958-ef0dfedc7da8 None admin] SCRIPT_NAME: `/identity` {{(pid=81415) log_request_info /opt/stack/keystone/keystone/server/flask/request_processing/req_logging.py:28}}
Aug 28 00:44:38.090937 dv-osbrick-master-4-smb devstack@keystone.service[81415]: DEBUG keystone.server.flask.request_processing.req_logging [None req-4bd8fb10-b120-4e56-b958-ef0dfedc7da8 None admin] PATH_INFO: `/v3/auth/tokens` {{(pid=81415) log_request_info /opt/stack/keystone/keystone/server/flask/request_processing/req_logging.py:29}}
Aug 28 00:44:38.096227 dv-osbrick-master-4-smb devstack@keystone.service[81416]: DEBUG dbcounter [-] [81416] Writing DB stats keystone:SELECT=100 {{(pid=81416) stat_writer /usr/local/lib/python3.8/dist-packages/dbcounter.py:114}}
Aug 28 00:44:38.118887 dv-osbrick-master-4-smb devstack@keystone.service[81416]: DEBUG keystone.server.flask.request_processing.middleware.auth_context [None req-af5e9da4-ba3c-4956-a02e-07d8a5d75c22 None admin] RBAC: auth_context: {'token': , 'domain_id': None, 'trust_id': None, 'trustor_id': None, 'trustee_id': None, 'domain_name': None, 'group_ids': [], 'user_id': '244d6e9519d540fcb92f34c8c93318e5', 'user_domain_id': 'default', 'system_scope': 'all', 'project_id': None, 'project_domain_id': None, 'roles': ['admin', 'member', 'reader'], 'is_admin_project': True, 'service_user_id': None, 'service_user_domain_id': None, 'service_project_id': None, 'service_project_domain_id': None, 'service_roles': []} {{(pid=81416) fill_context /opt/stack/keystone/keystone/server/flask/request_processing/middleware/auth_context.py:478}}
Aug 28 00:44:38.119526 dv-osbrick-master-4-smb devstack@keystone.service[81416]: DEBUG keystone.server.flask.request_processing.req_logging [None req-af5e9da4-ba3c-4956-a02e-07d8a5d75c22 None admin] REQUEST_METHOD: `GET` {{(pid=81416) log_request_info /opt/stack/keystone/keystone/server/flask/request_processing/req_logging.py:27}}
Aug 28 00:44:38.119806 dv-osbrick-master-4-smb devstack@keystone.service[81416]: DEBUG keystone.server.flask.request_processing.req_logging [None req-af5e9da4-ba3c-4956-a02e-07d8a5d75c22 None admin] SCRIPT_NAME: `/identity` {{(pid=81416) log_request_info /opt/stack/keystone/keystone/server/flask/request_processing/req_logging.py:28}}
Aug 28 00:44:38.120082 dv-osbrick-master-4-smb devstack@keystone.service[81416]: DEBUG keystone.server.flask.request_processing.req_logging [None req-af5e9da4-ba3c-4956-a02e-07d8a5d75c22 None admin] PATH_INFO: `/v3/roles/admin` {{(pid=81416) log_request_info /opt/stack/keystone/keystone/server/flask/request_processing/req_logging.py:29}}
Aug 28 00:44:38.135932 dv-osbrick-master-4-smb devstack@keystone.service[81416]: DEBUG keystone.common.rbac_enforcer.enforcer [None req-af5e9da4-ba3c-4956-a02e-07d8a5d75c22 None admin] Extracting inferred target data resulted in "NOT FOUND (404)". {{(pid=81416) enforce_call /opt/stack/keystone/keystone/common/rbac_enforcer/enforcer.py:409}}
Aug 28 00:44:38.141178 dv-osbrick-master-4-smb devstack@keystone.service[81416]: ERROR keystone.server.flask.application [None req-af5e9da4-ba3c-4956-a02e-07d8a5d75c22 None admin] Could not find role: admin.: keystone.exception.RoleNotFound: Could not find role: admin.
Aug 28 00:44:38.141178 dv-osbrick-master-4-smb devstack@keystone.service[81416]: ERROR keystone.server.flask.application
Traceback (most recent call last):
Aug 28 00:44:38.141178 dv-osbrick-master-4-smb devstack@keystone.service[81416]: ERROR keystone.server.flask.application
File "/usr/local/lib/python3.8/dist-packages/flask/app.py", line 1820, in full_dispatch_request
Aug 28 00:44:38.141178 dv-osbrick-master-4-smb devstack@keystone.service[81416]: ERROR keystone.server.flask.application rv = self.dispatch_request()
Aug 28 00:44:38.141178 dv-osbrick-master-4-smb devstack@keystone.service[81416]: ERROR keystone.server.flask.application
File "/usr/local/lib/python3.8/dist-packages/flask/app.py", line 1796, in dispatch_request
Aug 28 00:44:38.141178 dv-osbrick-master-4-smb devstack@keystone.service[81416]: ERROR keystone.server.flask.application return self.ensure_sync(self.view_functions[rule.endpoint])(**view_args)
Aug 28 00:44:38.141178 dv-osbrick-master-4-smb devstack@keystone.service[81416]: ERROR keystone.server.flask.application
File "/usr/local/lib/python3.8/dist-packages/flask_restful/__init__.py", line 467, in wrapper
Aug 28 00:44:38.141178 dv-osbrick-master-4-smb devstack@keystone.service[81416]: ERROR keystone.server.flask.application resp = resource(*args, **kwargs)
Aug 28 00:44:38.141178 dv-osbrick-master-4-smb devstack@keystone.service[81416]: ERROR keystone.server.flask.application
File "/usr/local/lib/python3.8/dist-packages/flask/views.py", line 107, in view
Aug 28 00:44:38.141178 dv-osbrick-master-4-smb devstack@keystone.service[81416]: ERROR keystone.server.flask.application return current_app.ensure_sync(self.dispatch_request)(**kwargs)
Aug 28 00:44:38.141178 dv-osbrick-master-4-smb devstack@keystone.service[81416]: ERROR keystone.server.flask.application
File "/usr/local/lib/python3.8/dist-packages/flask_restful/__init__.py", line 582, in dispatch_request
Aug 28 00:44:38.141178 dv-osbrick-master-4-smb devstack@keystone.service[81416]: ERROR keystone.server.flask.application resp = meth(*args, **kwargs)
Aug 28 00:44:38.141178 dv-osbrick-master-4-smb devstack@keystone.service[81416]: ERROR keystone.server.flask.application
File "/opt/stack/keystone/keystone/api/roles.py", line 50, in get
Aug 28 00:44:38.141178 dv-osbrick-master-4-smb devstack@keystone.service[81416]: ERROR keystone.server.flask.application return self._get_role(role_id)
Aug 28 00:44:38.141178 dv-osbrick-master-4-smb devstack@keystone.service[81416]: ERROR keystone.server.flask.application
File "/opt/stack/keystone/keystone/api/roles.py", line 70, in _get_role
Aug 28 00:44:38.141178 dv-osbrick-master-4-smb devstack@keystone.service[81416]: ERROR keystone.server.flask.application ENFORCER.enforce_call(action='identity:get_role')
Aug 28 00:44:38.142246 dv-osbrick-master-4-smb devstack@keystone.service[81416]: ERROR keystone.server.flask.application
File "/opt/stack/keystone/keystone/common/rbac_enforcer/enforcer.py", line 402, in enforce_call
Aug 28 00:44:38.142246 dv-osbrick-master-4-smb devstack@keystone.service[81416]: ERROR keystone.server.flask.application policy_dict.update(cls._extract_member_target_data(
Aug 28 00:44:38.142246 dv-osbrick-master-4-smb devstack@keystone.service[81416]: ERROR keystone.server.flask.application
File "/opt/stack/keystone/keystone/common/rbac_enforcer/enforcer.py", line 234, in _extract_member_target_data
Aug 28 00:44:38.142246 dv-osbrick-master-4-smb devstack@keystone.service[81416]: ERROR keystone.server.flask.application member_name: func(flask.request.view_args[key])
Aug 28 00:44:38.142246 dv-osbrick-master-4-smb devstack@keystone.service[81416]: ERROR keystone.server.flask.application
File "/opt/stack/keystone/keystone/common/manager.py", line 115, in wrapped
Aug 28 00:44:38.142246 dv-osbrick-master-4-smb devstack@keystone.service[81416]: ERROR keystone.server.flask.application __ret_val = __f(*args, **kwargs)
Aug 28 00:44:38.142246 dv-osbrick-master-4-smb devstack@keystone.service[81416]: ERROR keystone.server.flask.application
File "/usr/local/lib/python3.8/dist-packages/decorator.py", line 232, in fun
Aug 28 00:44:38.142246 dv-osbrick-master-4-smb devstack@keystone.service[81416]: ERROR keystone.server.flask.application return caller(func, *(extras + args), **kw)
Aug 28 00:44:38.142246 dv-osbrick-master-4-smb devstack@keystone.service[81416]: ERROR keystone.server.flask.application
File "/usr/local/lib/python3.8/dist-packages/dogpile/cache/region.py", line 1577, in get_or_create_for_user_func
Aug 28 00:44:38.142246 dv-osbrick-master-4-smb devstack@keystone.service[81416]: ERROR keystone.server.flask.application return self.get_or_create(
Aug 28 00:44:38.142246 dv-osbrick-master-4-smb devstack@keystone.service[81416]: ERROR keystone.server.flask.application
File "/usr/local/lib/python3.8/dist-packages/dogpile/cache/region.py", line 1042, in get_or_create
Aug 28 00:44:38.142246 dv-osbrick-master-4-smb devstack@keystone.service[81416]: ERROR keystone.server.flask.application with Lock(
Aug 28 00:44:38.142246 dv-osbrick-master-4-smb devstack@keystone.service[81416]: ERROR keystone.server.flask.application
File "/usr/local/lib/python3.8/dist-packages/dogpile/lock.py", line 185, in __enter__
Aug 28 00:44:38.142246 dv-osbrick-master-4-smb devstack@keystone.service[81416]: ERROR keystone.server.flask.application return self._enter()
Aug 28 00:44:38.142246 dv-osbrick-master-4-smb devstack@keystone.service[81416]: ERROR keystone.server.flask.application
File "/usr/local/lib/python3.8/dist-packages/dogpile/lock.py", line 94, in _enter
Aug 28 00:44:38.142246 dv-osbrick-master-4-smb devstack@keystone.service[81416]: ERROR keystone.server.flask.application generated = self._enter_create(value, createdtime)
Aug 28 00:44:38.143233 dv-osbrick-master-4-smb devstack@keystone.service[81416]: ERROR keystone.server.flask.application
File "/usr/local/lib/python3.8/dist-packages/dogpile/lock.py", line 178, in _enter_create
Aug 28 00:44:38.143233 dv-osbrick-master-4-smb devstack@keystone.service[81416]: ERROR keystone.server.flask.application return self.creator()
Aug 28 00:44:38.143233 dv-osbrick-master-4-smb devstack@keystone.service[81416]: ERROR keystone.server.flask.application
File "/usr/local/lib/python3.8/dist-packages/dogpile/cache/region.py", line 995, in gen_value
Aug 28 00:44:38.143233 dv-osbrick-master-4-smb devstack@keystone.service[81416]: ERROR keystone.server.flask.application created_value = creator(
Aug 28 00:44:38.143233 dv-osbrick-master-4-smb devstack@keystone.service[81416]: ERROR keystone.server.flask.application
File "/opt/stack/keystone/keystone/assignment/core.py", line 1276, in get_role
Aug 28 00:44:38.143233 dv-osbrick-master-4-smb devstack@keystone.service[81416]: ERROR keystone.server.flask.application return self.driver.get_role(role_id)
Aug 28 00:44:38.143233 dv-osbrick-master-4-smb devstack@keystone.service[81416]: ERROR keystone.server.flask.application
File "/opt/stack/keystone/keystone/assignment/role_backends/sql.py", line 70, in get_role
Aug 28 00:44:38.143233 dv-osbrick-master-4-smb devstack@keystone.service[81416]: ERROR keystone.server.flask.application return self._get_role(session, role_id).to_dict()
Aug 28 00:44:38.143233 dv-osbrick-master-4-smb devstack@keystone.service[81416]: ERROR keystone.server.flask.application
File "/opt/stack/keystone/keystone/assignment/role_backends/sql.py", line 65, in _get_role
Aug 28 00:44:38.143233 dv-osbrick-master-4-smb devstack@keystone.service[81416]: ERROR keystone.server.flask.application raise exception.RoleNotFound(role_id=role_id)
Aug 28 00:44:38.143233 dv-osbrick-master-4-smb devstack@keystone.service[81416]: ERROR keystone.server.flask.application keystone.exception.RoleNotFound: Could not find role: admin.
Aug 28 00:44:38.143233 dv-osbrick-master-4-smb devstack@keystone.service[81416]: ERROR keystone.server.flask.application
Aug 28 00:44:38.146874 dv-osbrick-master-4-smb devstack@keystone.service[81416]: [pid: 81416|app: 0|req: 115/220] 10.222.0.45 () {56 vars in 1096 bytes} [Sun Aug 28 00:44:37 2022] GET /identity/v3/roles/admin => generated 83 bytes in 185 msecs (HTTP/1.1 404) 5 headers in 183 bytes (2 switches on core 0)
Aug 28 00:44:38.148767 dv-osbrick-master-4-smb devstack@keystone.service[81416]: DEBUG keystone.server.flask.request_processing.req_logging [None req-5c71126a-1c00-414b-bbe9-a9d16bd1b7e9 None None] REQUEST_METHOD: `GET` {{(pid=81416) log_request_info /opt/stack/keystone/keystone/server/flask/request_processing/req_logging.py:27}}
Aug 28 00:44:38.149052 dv-osbrick-master-4-smb devstack@keystone.service[81416]: DEBUG keystone.server.flask.request_processing.req_logging [None req-5c71126a-1c00-414b-bbe9-a9d16bd1b7e9 None None] SCRIPT_NAME: `/identity` {{(pid=81416) log_request_info /opt/stack/keystone/keystone/server/flask/request_processing/req_logging.py:28}}
Aug 28 00:44:38.149329 dv-osbrick-master-4-smb devstack@keystone.service[81416]: DEBUG keystone.server.flask.request_processing.req_logging [None req-5c71126a-1c00-414b-bbe9-a9d16bd1b7e9 None None] PATH_INFO: `/` {{(pid=81416) log_request_info /opt/stack/keystone/keystone/server/flask/request_processing/req_logging.py:29}}
Aug 28 00:44:38.151710 dv-osbrick-master-4-smb devstack@keystone.service[81416]: [pid: 81416|app: 0|req: 116/221] 10.222.0.45 () {54 vars in 927 bytes} [Sun Aug 28 00:44:38 2022] GET /identity => generated 270 bytes in 4 msecs (HTTP/1.1 300) 6 headers in 234 bytes (1 switches on core 0)
Aug 28 00:44:38.152482 dv-osbrick-master-4-smb devstack@keystone.service[81416]: DEBUG keystone.server.flask.request_processing.middleware.auth_context [None req-5c71126a-1c00-414b-bbe9-a9d16bd1b7e9 None None] Authenticating user token {{(pid=81416) process_request /usr/local/lib/python3.8/dist-packages/keystonemiddleware/auth_token/__init__.py:407}}
Aug 28 00:44:38.191595 dv-osbrick-master-4-smb devstack@keystone.service[81415]: DEBUG keystone.common.rbac_enforcer.enforcer [None req-4bd8fb10-b120-4e56-b958-ef0dfedc7da8 None admin] RBAC: Authorizing `identity:validate_token()` {{(pid=81415) enforce_call /opt/stack/keystone/keystone/common/rbac_enforcer/enforcer.py:449}}
Aug 28 00:44:38.193693 dv-osbrick-master-4-smb devstack@keystone.service[81415]: DEBUG keystone.common.rbac_enforcer.enforcer [None req-4bd8fb10-b120-4e56-b958-ef0dfedc7da8 None admin] RBAC: Authorization granted {{(pid=81415) enforce_call /opt/stack/keystone/keystone/common/rbac_enforcer/enforcer.py:457}}
Aug 28 00:44:38.198515 dv-osbrick-master-4-smb devstack@keystone.service[81415]: DEBUG dbcounter [-] [81415] Writing DB stats keystone:SELECT=100 {{(pid=81415) stat_writer /usr/local/lib/python3.8/dist-packages/dbcounter.py:114}}
Aug 28 00:44:38.286315 dv-osbrick-master-4-smb devstack@keystone.service[81416]: DEBUG keystone.server.flask.request_processing.middleware.auth_context [None req-5c71126a-1c00-414b-bbe9-a9d16bd1b7e9 None None] Validating token access rules against request {{(pid=81416) validate_allowed_request /usr/local/lib/python3.8/dist-packages/keystonemiddleware/auth_token/__init__.py:545}}
Aug 28 00:44:38.324281 dv-osbrick-master-4-smb devstack@keystone.service[81415]: [pid: 81415|app: 0|req: 106/222] 10.222.0.45 () {58 vars in 1282 bytes} [Sun Aug 28 00:44:37 2022] GET /identity/v3/auth/tokens => generated 799 bytes in 398 msecs (HTTP/1.1 200) 6 headers in 358 bytes (2 switches on core 0)
Aug 28 00:44:38.329990 dv-osbrick-master-4-smb devstack@keystone.service[81415]: DEBUG keystone.server.flask.request_processing.req_logging [None req-540e378a-3e10-40fd-8d54-bb4c0ce3b181 None None] REQUEST_METHOD: `POST` {{(pid=81415) log_request_info /opt/stack/keystone/keystone/server/flask/request_processing/req_logging.py:27}}
Aug 28 00:44:38.329990 dv-osbrick-master-4-smb devstack@keystone.service[81415]: DEBUG keystone.server.flask.request_processing.req_logging [None req-540e378a-3e10-40fd-8d54-bb4c0ce3b181 None None] SCRIPT_NAME: `/identity` {{(pid=81415) log_request_info /opt/stack/keystone/keystone/server/flask/request_processing/req_logging.py:28}}
Aug 28 00:44:38.329990 dv-osbrick-master-4-smb devstack@keystone.service[81415]: DEBUG keystone.server.flask.request_processing.req_logging [None req-540e378a-3e10-40fd-8d54-bb4c0ce3b181 None None] PATH_INFO: `/v3/auth/tokens` {{(pid=81415) log_request_info /opt/stack/keystone/keystone/server/flask/request_processing/req_logging.py:29}}
Aug 28 00:44:38.339783 dv-osbrick-master-4-smb devstack@keystone.service[81416]: DEBUG keystone.server.flask.request_processing.middleware.auth_context [None req-d88ce83f-c8f8-4114-98a8-2f776f0aba8b None admin] RBAC: auth_context: {'token': , 'domain_id': None, 'trust_id': None, 'trustor_id': None, 'trustee_id': None, 'domain_name': None, 'group_ids': [], 'user_id': '244d6e9519d540fcb92f34c8c93318e5', 'user_domain_id': 'default', 'system_scope': 'all', 'project_id': None, 'project_domain_id': None, 'roles': ['admin', 'member', 'reader'], 'is_admin_project': True, 'service_user_id': None, 'service_user_domain_id': None, 'service_project_id': None, 'service_project_domain_id': None, 'service_roles': []} {{(pid=81416) fill_context /opt/stack/keystone/keystone/server/flask/request_processing/middleware/auth_context.py:478}}
Aug 28 00:44:38.340795 dv-osbrick-master-4-smb devstack@keystone.service[81416]: DEBUG keystone.server.flask.request_processing.req_logging [None req-d88ce83f-c8f8-4114-98a8-2f776f0aba8b None admin] REQUEST_METHOD: `GET` {{(pid=81416) log_request_info /opt/stack/keystone/keystone/server/flask/request_processing/req_logging.py:27}}
Aug 28 00:44:38.341274 dv-osbrick-master-4-smb devstack@keystone.service[81416]: DEBUG keystone.server.flask.request_processing.req_logging [None req-d88ce83f-c8f8-4114-98a8-2f776f0aba8b None admin] SCRIPT_NAME: `/identity` {{(pid=81416) log_request_info /opt/stack/keystone/keystone/server/flask/request_processing/req_logging.py:28}}
Aug 28 00:44:38.341741 dv-osbrick-master-4-smb devstack@keystone.service[81416]: DEBUG keystone.server.flask.request_processing.req_logging [None req-d88ce83f-c8f8-4114-98a8-2f776f0aba8b None admin] PATH_INFO: `/v3/roles` {{(pid=81416) log_request_info /opt/stack/keystone/keystone/server/flask/request_processing/req_logging.py:29}}
Aug 28 00:44:38.342605 dv-osbrick-master-4-smb devstack@keystone.service[81416]: DEBUG keystone.common.rbac_enforcer.enforcer [None req-d88ce83f-c8f8-4114-98a8-2f776f0aba8b None admin] RBAC: Adding query filter params (name=admin) {{(pid=81416) _extract_filter_values /opt/stack/keystone/keystone/common/rbac_enforcer/enforcer.py:167}}
Aug 28 00:44:38.343117 dv-osbrick-master-4-smb devstack@keystone.service[81416]: DEBUG keystone.common.rbac_enforcer.enforcer [None req-d88ce83f-c8f8-4114-98a8-2f776f0aba8b None admin] RBAC: Authorizing `identity:list_roles()` {{(pid=81416) enforce_call /opt/stack/keystone/keystone/common/rbac_enforcer/enforcer.py:449}}
Aug 28 00:44:38.344721 dv-osbrick-master-4-smb devstack@keystone.service[81416]: DEBUG keystone.common.rbac_enforcer.enforcer [None req-d88ce83f-c8f8-4114-98a8-2f776f0aba8b None admin] RBAC: Authorization granted {{(pid=81416) enforce_call /opt/stack/keystone/keystone/common/rbac_enforcer/enforcer.py:457}}
Aug 28 00:44:38.348478 dv-osbrick-master-4-smb devstack@keystone.service[81415]: DEBUG keystone.auth.core [None req-540e378a-3e10-40fd-8d54-bb4c0ce3b181 None None] MFA Rules not processed for user `244d6e9519d540fcb92f34c8c93318e5`. Rule list: `[]` (Enabled: `True`). {{(pid=81415) check_auth_methods_against_rules /opt/stack/keystone/keystone/auth/core.py:438}}
Aug 28 00:44:38.349686 dv-osbrick-master-4-smb devstack@keystone.service[81415]: DEBUG keystone.common.fernet_utils [None req-540e378a-3e10-40fd-8d54-bb4c0ce3b181 None None] Loaded 2 Fernet keys from /etc/keystone/fernet-keys/, but `[fernet_tokens] max_active_keys = 3`; perhaps there have not been enough key rotations to reach `max_active_keys` yet? {{(pid=81415) load_keys /opt/stack/keystone/keystone/common/fernet_utils.py:286}}
Aug 28 00:44:38.354212 dv-osbrick-master-4-smb devstack@keystone.service[81416]: [pid: 81416|app: 0|req: 117/223] 10.222.0.45 () {56 vars in 1099 bytes} [Sun Aug 28 00:44:38 2022] GET /identity/v3/roles?name=admin => generated 339 bytes in 202 msecs (HTTP/1.1 200) 5 headers in 177 bytes (1 switches on core 0)
Aug 28 00:44:38.355350 dv-osbrick-master-4-smb devstack@keystone.service[81416]: DEBUG keystone.server.flask.request_processing.middleware.auth_context [None req-d88ce83f-c8f8-4114-98a8-2f776f0aba8b None admin] Authenticating user token {{(pid=81416) process_request /usr/local/lib/python3.8/dist-packages/keystonemiddleware/auth_token/__init__.py:407}}
Aug 28 00:44:38.392231 dv-osbrick-master-4-smb devstack@keystone.service[81416]: DEBUG dbcounter [-] [81416] Writing DB stats keystone:SELECT=100 {{(pid=81416) stat_writer /usr/local/lib/python3.8/dist-packages/dbcounter.py:114}}
Aug 28 00:44:38.430830 dv-osbrick-master-4-smb devstack@keystone.service[81415]: [pid: 81415|app: 0|req: 107/224] 10.222.0.45 () {58 vars in 1024 bytes} [Sun Aug 28 00:44:38 2022] POST /identity/v3/auth/tokens => generated 799 bytes in 105 msecs (HTTP/1.1 201) 6 headers in 363 bytes (1 switches on core 0)
Aug 28 00:44:38.431490 dv-osbrick-master-4-smb devstack@keystone.service[81415]: DEBUG keystone.server.flask.request_processing.middleware.auth_context [None req-540e378a-3e10-40fd-8d54-bb4c0ce3b181 None None] Authenticating user token {{(pid=81415) process_request /usr/local/lib/python3.8/dist-packages/keystonemiddleware/auth_token/__init__.py:407}}
Aug 28 00:44:38.459335 dv-osbrick-master-4-smb devstack@keystone.service[81416]: DEBUG keystone.server.flask.request_processing.middleware.auth_context [None req-d88ce83f-c8f8-4114-98a8-2f776f0aba8b None admin] Validating token access rules against request {{(pid=81416) validate_allowed_request /usr/local/lib/python3.8/dist-packages/keystonemiddleware/auth_token/__init__.py:545}}
Aug 28 00:44:38.505906 dv-osbrick-master-4-smb devstack@keystone.service[81415]: DEBUG dbcounter [-] [81415] Writing DB stats keystone:SELECT=100 {{(pid=81415) stat_writer /usr/local/lib/python3.8/dist-packages/dbcounter.py:114}}
Aug 28 00:44:38.527982 dv-osbrick-master-4-smb devstack@keystone.service[81416]: DEBUG keystone.server.flask.request_processing.middleware.auth_context [None req-ee379c35-b009-427c-8f11-ff7245d2cd50 None admin] RBAC: auth_context: {'token': , 'domain_id': None, 'trust_id': None, 'trustor_id': None, 'trustee_id': None, 'domain_name': None, 'group_ids': [], 'user_id': '244d6e9519d540fcb92f34c8c93318e5', 'user_domain_id': 'default', 'system_scope': 'all', 'project_id': None, 'project_domain_id': None, 'roles': ['admin', 'member', 'reader'], 'is_admin_project': True, 'service_user_id': None, 'service_user_domain_id': None, 'service_project_id': None, 'service_project_domain_id': None, 'service_roles': []} {{(pid=81416) fill_context /opt/stack/keystone/keystone/server/flask/request_processing/middleware/auth_context.py:478}}
Aug 28 00:44:38.528681 dv-osbrick-master-4-smb devstack@keystone.service[81416]: DEBUG keystone.server.flask.request_processing.req_logging [None req-ee379c35-b009-427c-8f11-ff7245d2cd50 None admin] REQUEST_METHOD: `GET` {{(pid=81416) log_request_info /opt/stack/keystone/keystone/server/flask/request_processing/req_logging.py:27}}
Aug 28 00:44:38.528957 dv-osbrick-master-4-smb devstack@keystone.service[81416]: DEBUG keystone.server.flask.request_processing.req_logging [None req-ee379c35-b009-427c-8f11-ff7245d2cd50 None admin] SCRIPT_NAME: `/identity` {{(pid=81416) log_request_info /opt/stack/keystone/keystone/server/flask/request_processing/req_logging.py:28}}
Aug 28 00:44:38.529227 dv-osbrick-master-4-smb devstack@keystone.service[81416]: DEBUG keystone.server.flask.request_processing.req_logging [None req-ee379c35-b009-427c-8f11-ff7245d2cd50 None admin] PATH_INFO: `/v3/projects/a519d2481e58420ab9c50628ef59701e` {{(pid=81416) log_request_info /opt/stack/keystone/keystone/server/flask/request_processing/req_logging.py:29}}
Aug 28 00:44:38.531409 dv-osbrick-master-4-smb devstack@keystone.service[81416]: DEBUG keystone.common.rbac_enforcer.enforcer [None req-ee379c35-b009-427c-8f11-ff7245d2cd50 None admin] RBAC: Authorizing `identity:get_project(project_id=a519d2481e58420ab9c50628ef59701e)` {{(pid=81416) enforce_call /opt/stack/keystone/keystone/common/rbac_enforcer/enforcer.py:449}}
Aug 28 00:44:38.544183 dv-osbrick-master-4-smb devstack@keystone.service[81416]: DEBUG keystone.common.rbac_enforcer.enforcer [None req-ee379c35-b009-427c-8f11-ff7245d2cd50 None admin] RBAC: Authorization granted {{(pid=81416) enforce_call /opt/stack/keystone/keystone/common/rbac_enforcer/enforcer.py:457}}
Aug 28 00:44:38.546402 dv-osbrick-master-4-smb devstack@keystone.service[81416]: [pid: 81416|app: 0|req: 118/225] 10.222.0.45 () {56 vars in 1186 bytes} [Sun Aug 28 00:44:38 2022] GET /identity/v3/projects/a519d2481e58420ab9c50628ef59701e => generated 302 bytes in 191 msecs (HTTP/1.1 200) 5 headers in 177 bytes (1 switches on core 0)
Aug 28 00:44:38.555036 dv-osbrick-master-4-smb devstack@keystone.service[81416]: DEBUG keystone.server.flask.request_processing.middleware.auth_context [None req-ee379c35-b009-427c-8f11-ff7245d2cd50 None admin] Authenticating user token {{(pid=81416) process_request /usr/local/lib/python3.8/dist-packages/keystonemiddleware/auth_token/__init__.py:407}}
Aug 28 00:44:38.670909 dv-osbrick-master-4-smb devstack@keystone.service[81415]: DEBUG keystone.server.flask.request_processing.middleware.auth_context [None req-540e378a-3e10-40fd-8d54-bb4c0ce3b181 None None] Validating token access rules against request {{(pid=81415) validate_allowed_request /usr/local/lib/python3.8/dist-packages/keystonemiddleware/auth_token/__init__.py:545}}
