Aug 28 00:44:41.862318 dv-osbrick-master-4-smb devstack@keystone.service[81415]: DEBUG keystone.common.rbac_enforcer.enforcer [None req-a246402a-dfc4-4eea-a74a-f6091a660322 None admin] RBAC: Authorizing `identity:validate_token()` {{(pid=81415) enforce_call /opt/stack/keystone/keystone/common/rbac_enforcer/enforcer.py:449}}
Aug 28 00:44:41.864377 dv-osbrick-master-4-smb devstack@keystone.service[81416]: DEBUG keystone.auth.core [None req-51639f32-75cc-4e74-8025-746c0655301c None None] MFA Rules not processed for user `244d6e9519d540fcb92f34c8c93318e5`. Rule list: `[]` (Enabled: `True`). {{(pid=81416) check_auth_methods_against_rules /opt/stack/keystone/keystone/auth/core.py:438}}
Aug 28 00:44:41.864494 dv-osbrick-master-4-smb devstack@keystone.service[81415]: DEBUG keystone.common.rbac_enforcer.enforcer [None req-a246402a-dfc4-4eea-a74a-f6091a660322 None admin] RBAC: Authorization granted {{(pid=81415) enforce_call /opt/stack/keystone/keystone/common/rbac_enforcer/enforcer.py:457}}
Aug 28 00:44:41.864821 dv-osbrick-master-4-smb devstack@keystone.service[81416]: DEBUG keystone.common.fernet_utils [None req-51639f32-75cc-4e74-8025-746c0655301c None None] Loaded 2 Fernet keys from /etc/keystone/fernet-keys/, but `[fernet_tokens] max_active_keys = 3`; perhaps there have not been enough key rotations to reach `max_active_keys` yet? {{(pid=81416) load_keys /opt/stack/keystone/keystone/common/fernet_utils.py:286}}
Aug 28 00:44:41.878883 dv-osbrick-master-4-smb devstack@keystone.service[81415]: DEBUG dbcounter [-] [81415] Writing DB stats keystone:SELECT=100 {{(pid=81415) stat_writer /usr/local/lib/python3.8/dist-packages/dbcounter.py:114}}
Aug 28 00:44:41.954479 dv-osbrick-master-4-smb devstack@keystone.service[81416]: [pid: 81416|app: 0|req: 131/249] 10.222.0.45 () {58 vars in 1024 bytes} [Sun Aug 28 00:44:41 2022] POST /identity/v3/auth/tokens => generated 799 bytes in 113 msecs (HTTP/1.1 201) 6 headers in 363 bytes (1 switches on core 0)
Aug 28 00:44:41.955350 dv-osbrick-master-4-smb devstack@keystone.service[81416]: DEBUG keystone.server.flask.request_processing.middleware.auth_context [None req-51639f32-75cc-4e74-8025-746c0655301c None None] Authenticating user token {{(pid=81416) process_request /usr/local/lib/python3.8/dist-packages/keystonemiddleware/auth_token/__init__.py:407}}
Aug 28 00:44:41.995241 dv-osbrick-master-4-smb devstack@keystone.service[81415]: [pid: 81415|app: 0|req: 119/250] 10.222.0.45 () {58 vars in 1282 bytes} [Sun Aug 28 00:44:41 2022] GET /identity/v3/auth/tokens => generated 799 bytes in 434 msecs (HTTP/1.1 200) 6 headers in 358 bytes (1 switches on core 0)
Aug 28 00:44:42.001963 dv-osbrick-master-4-smb devstack@keystone.service[81415]: DEBUG keystone.server.flask.request_processing.middleware.auth_context [None req-a246402a-dfc4-4eea-a74a-f6091a660322 None admin] Authenticating user token {{(pid=81415) process_request /usr/local/lib/python3.8/dist-packages/keystonemiddleware/auth_token/__init__.py:407}}
Aug 28 00:44:42.022585 dv-osbrick-master-4-smb devstack@keystone.service[81416]: DEBUG dbcounter [-] [81416] Writing DB stats keystone:SELECT=100 {{(pid=81416) stat_writer /usr/local/lib/python3.8/dist-packages/dbcounter.py:114}}
Aug 28 00:44:42.078635 dv-osbrick-master-4-smb devstack@keystone.service[81416]: DEBUG keystone.server.flask.request_processing.middleware.auth_context [None req-51639f32-75cc-4e74-8025-746c0655301c None None] Validating token access rules against request {{(pid=81416) validate_allowed_request /usr/local/lib/python3.8/dist-packages/keystonemiddleware/auth_token/__init__.py:545}}
Aug 28 00:44:42.109720 dv-osbrick-master-4-smb devstack@keystone.service[81415]: DEBUG keystone.server.flask.request_processing.middleware.auth_context [None req-a246402a-dfc4-4eea-a74a-f6091a660322 None admin] Validating token access rules against request {{(pid=81415) validate_allowed_request /usr/local/lib/python3.8/dist-packages/keystonemiddleware/auth_token/__init__.py:545}}
Aug 28 00:44:42.116779 dv-osbrick-master-4-smb devstack@keystone.service[81416]: DEBUG keystone.server.flask.request_processing.middleware.auth_context [None req-067e17db-7d1b-47ef-bd13-5e3922d48234 None admin] RBAC: auth_context: {'token': , 'domain_id': None, 'trust_id': None, 'trustor_id': None, 'trustee_id': None, 'domain_name': None, 'group_ids': [], 'user_id': '244d6e9519d540fcb92f34c8c93318e5', 'user_domain_id': 'default', 'system_scope': 'all', 'project_id': None, 'project_domain_id': None, 'roles': ['admin', 'member', 'reader'], 'is_admin_project': True, 'service_user_id': None, 'service_user_domain_id': None, 'service_project_id': None, 'service_project_domain_id': None, 'service_roles': []} {{(pid=81416) fill_context /opt/stack/keystone/keystone/server/flask/request_processing/middleware/auth_context.py:478}}
Aug 28 00:44:42.117709 dv-osbrick-master-4-smb devstack@keystone.service[81416]: DEBUG keystone.server.flask.request_processing.req_logging [None req-067e17db-7d1b-47ef-bd13-5e3922d48234 None admin] REQUEST_METHOD: `GET` {{(pid=81416) log_request_info /opt/stack/keystone/keystone/server/flask/request_processing/req_logging.py:27}}
Aug 28 00:44:42.118191 dv-osbrick-master-4-smb devstack@keystone.service[81416]: DEBUG keystone.server.flask.request_processing.req_logging [None req-067e17db-7d1b-47ef-bd13-5e3922d48234 None admin] SCRIPT_NAME: `/identity` {{(pid=81416) log_request_info /opt/stack/keystone/keystone/server/flask/request_processing/req_logging.py:28}}
Aug 28 00:44:42.118752 dv-osbrick-master-4-smb devstack@keystone.service[81416]: DEBUG keystone.server.flask.request_processing.req_logging [None req-067e17db-7d1b-47ef-bd13-5e3922d48234 None admin] PATH_INFO: `/v3/users/c75f17f4f6e24aad81e14e4f44fc6352` {{(pid=81416) log_request_info /opt/stack/keystone/keystone/server/flask/request_processing/req_logging.py:29}}
Aug 28 00:44:42.120116 dv-osbrick-master-4-smb devstack@keystone.service[81416]: DEBUG keystone.common.rbac_enforcer.enforcer [None req-067e17db-7d1b-47ef-bd13-5e3922d48234 None admin] RBAC: Authorizing `identity:get_user(user_id=c75f17f4f6e24aad81e14e4f44fc6352)` {{(pid=81416) enforce_call /opt/stack/keystone/keystone/common/rbac_enforcer/enforcer.py:449}}
Aug 28 00:44:42.121874 dv-osbrick-master-4-smb devstack@keystone.service[81416]: DEBUG keystone.common.rbac_enforcer.enforcer [None req-067e17db-7d1b-47ef-bd13-5e3922d48234 None admin] RBAC: Authorization granted {{(pid=81416) enforce_call /opt/stack/keystone/keystone/common/rbac_enforcer/enforcer.py:457}}
Aug 28 00:44:42.123898 dv-osbrick-master-4-smb devstack@keystone.service[81416]: [pid: 81416|app: 0|req: 132/251] 10.222.0.45 () {56 vars in 1177 bytes} [Sun Aug 28 00:44:41 2022] GET /identity/v3/users/c75f17f4f6e24aad81e14e4f44fc6352 => generated 297 bytes in 169 msecs (HTTP/1.1 200) 5 headers in 177 bytes (1 switches on core 0)
Aug 28 00:44:42.124065 dv-osbrick-master-4-smb devstack@keystone.service[81415]: DEBUG dbcounter [-] [81415] Writing DB stats keystone:SELECT=100 {{(pid=81415) stat_writer /usr/local/lib/python3.8/dist-packages/dbcounter.py:114}}
Aug 28 00:44:42.130233 dv-osbrick-master-4-smb devstack@keystone.service[81416]: DEBUG keystone.server.flask.request_processing.middleware.auth_context [None req-067e17db-7d1b-47ef-bd13-5e3922d48234 None admin] Authenticating user token {{(pid=81416) process_request /usr/local/lib/python3.8/dist-packages/keystonemiddleware/auth_token/__init__.py:407}}
Aug 28 00:44:42.177715 dv-osbrick-master-4-smb devstack@keystone.service[81415]: DEBUG keystone.server.flask.request_processing.middleware.auth_context [None req-52e9adcc-d8e1-49a0-b879-9bfee1a7ad81 None admin] RBAC: auth_context: {'token': , 'domain_id': None, 'trust_id': None, 'trustor_id': None, 'trustee_id': None, 'domain_name': None, 'group_ids': [], 'user_id': '244d6e9519d540fcb92f34c8c93318e5', 'user_domain_id': 'default', 'system_scope': 'all', 'project_id': None, 'project_domain_id': None, 'roles': ['admin', 'member', 'reader'], 'is_admin_project': True, 'service_user_id': None, 'service_user_domain_id': None, 'service_project_id': None, 'service_project_domain_id': None, 'service_roles': []} {{(pid=81415) fill_context /opt/stack/keystone/keystone/server/flask/request_processing/middleware/auth_context.py:478}}
Aug 28 00:44:42.178598 dv-osbrick-master-4-smb devstack@keystone.service[81415]: DEBUG keystone.server.flask.request_processing.req_logging [None req-52e9adcc-d8e1-49a0-b879-9bfee1a7ad81 None admin] REQUEST_METHOD: `GET` {{(pid=81415) log_request_info /opt/stack/keystone/keystone/server/flask/request_processing/req_logging.py:27}}
Aug 28 00:44:42.179553 dv-osbrick-master-4-smb devstack@keystone.service[81415]: DEBUG keystone.server.flask.request_processing.req_logging [None req-52e9adcc-d8e1-49a0-b879-9bfee1a7ad81 None admin] SCRIPT_NAME: `/identity` {{(pid=81415) log_request_info /opt/stack/keystone/keystone/server/flask/request_processing/req_logging.py:28}}
Aug 28 00:44:42.179960 dv-osbrick-master-4-smb devstack@keystone.service[81415]: DEBUG keystone.server.flask.request_processing.req_logging [None req-52e9adcc-d8e1-49a0-b879-9bfee1a7ad81 None admin] PATH_INFO: `/v3/projects/a519d2481e58420ab9c50628ef59701e` {{(pid=81415) log_request_info /opt/stack/keystone/keystone/server/flask/request_processing/req_logging.py:29}}
Aug 28 00:44:42.181303 dv-osbrick-master-4-smb devstack@keystone.service[81415]: DEBUG keystone.common.rbac_enforcer.enforcer [None req-52e9adcc-d8e1-49a0-b879-9bfee1a7ad81 None admin] RBAC: Authorizing `identity:get_project(project_id=a519d2481e58420ab9c50628ef59701e)` {{(pid=81415) enforce_call /opt/stack/keystone/keystone/common/rbac_enforcer/enforcer.py:449}}
Aug 28 00:44:42.182929 dv-osbrick-master-4-smb devstack@keystone.service[81415]: DEBUG keystone.common.rbac_enforcer.enforcer [None req-52e9adcc-d8e1-49a0-b879-9bfee1a7ad81 None admin] RBAC: Authorization granted {{(pid=81415) enforce_call /opt/stack/keystone/keystone/common/rbac_enforcer/enforcer.py:457}}
Aug 28 00:44:42.188470 dv-osbrick-master-4-smb devstack@keystone.service[81415]: [pid: 81415|app: 0|req: 120/252] 10.222.0.45 () {56 vars in 1186 bytes} [Sun Aug 28 00:44:42 2022] GET /identity/v3/projects/a519d2481e58420ab9c50628ef59701e => generated 302 bytes in 187 msecs (HTTP/1.1 200) 5 headers in 177 bytes (1 switches on core 0)
Aug 28 00:44:42.191626 dv-osbrick-master-4-smb devstack@keystone.service[81415]: DEBUG keystone.server.flask.request_processing.middleware.auth_context [None req-52e9adcc-d8e1-49a0-b879-9bfee1a7ad81 None admin] Authenticating user token {{(pid=81415) process_request /usr/local/lib/python3.8/dist-packages/keystonemiddleware/auth_token/__init__.py:407}}
Aug 28 00:44:42.252435 dv-osbrick-master-4-smb devstack@keystone.service[81416]: DEBUG keystone.server.flask.request_processing.middleware.auth_context [None req-067e17db-7d1b-47ef-bd13-5e3922d48234 None admin] Validating token access rules against request {{(pid=81416) validate_allowed_request /usr/local/lib/python3.8/dist-packages/keystonemiddleware/auth_token/__init__.py:545}}
Aug 28 00:44:42.274198 dv-osbrick-master-4-smb devstack@keystone.service[81416]: DEBUG dbcounter [-] [81416] Writing DB stats keystone:SELECT=100 {{(pid=81416) stat_writer /usr/local/lib/python3.8/dist-packages/dbcounter.py:114}}
Aug 28 00:44:42.296836 dv-osbrick-master-4-smb devstack@keystone.service[81416]: DEBUG keystone.server.flask.request_processing.middleware.auth_context [None req-31908650-40da-43d1-8303-1c07ef2cb4d0 None admin] RBAC: auth_context: {'token': , 'domain_id': None, 'trust_id': None, 'trustor_id': None, 'trustee_id': None, 'domain_name': None, 'group_ids': [], 'user_id': '244d6e9519d540fcb92f34c8c93318e5', 'user_domain_id': 'default', 'system_scope': 'all', 'project_id': None, 'project_domain_id': None, 'roles': ['admin', 'member', 'reader'], 'is_admin_project': True, 'service_user_id': None, 'service_user_domain_id': None, 'service_project_id': None, 'service_project_domain_id': None, 'service_roles': []} {{(pid=81416) fill_context /opt/stack/keystone/keystone/server/flask/request_processing/middleware/auth_context.py:478}}
Aug 28 00:44:42.297891 dv-osbrick-master-4-smb devstack@keystone.service[81416]: DEBUG keystone.server.flask.request_processing.req_logging [None req-31908650-40da-43d1-8303-1c07ef2cb4d0 None admin] REQUEST_METHOD: `GET` {{(pid=81416) log_request_info /opt/stack/keystone/keystone/server/flask/request_processing/req_logging.py:27}}
Aug 28 00:44:42.298322 dv-osbrick-master-4-smb devstack@keystone.service[81416]: DEBUG keystone.server.flask.request_processing.req_logging [None req-31908650-40da-43d1-8303-1c07ef2cb4d0 None admin] SCRIPT_NAME: `/identity` {{(pid=81416) log_request_info /opt/stack/keystone/keystone/server/flask/request_processing/req_logging.py:28}}
Aug 28 00:44:42.298744 dv-osbrick-master-4-smb devstack@keystone.service[81416]: DEBUG keystone.server.flask.request_processing.req_logging [None req-31908650-40da-43d1-8303-1c07ef2cb4d0 None admin] PATH_INFO: `/v3/projects/a519d2481e58420ab9c50628ef59701e` {{(pid=81416) log_request_info /opt/stack/keystone/keystone/server/flask/request_processing/req_logging.py:29}}
Aug 28 00:44:42.300533 dv-osbrick-master-4-smb devstack@keystone.service[81416]: DEBUG keystone.common.rbac_enforcer.enforcer [None req-31908650-40da-43d1-8303-1c07ef2cb4d0 None admin] RBAC: Authorizing `identity:get_project(project_id=a519d2481e58420ab9c50628ef59701e)` {{(pid=81416) enforce_call /opt/stack/keystone/keystone/common/rbac_enforcer/enforcer.py:449}}
Aug 28 00:44:42.302448 dv-osbrick-master-4-smb devstack@keystone.service[81416]: DEBUG keystone.common.rbac_enforcer.enforcer [None req-31908650-40da-43d1-8303-1c07ef2cb4d0 None admin] RBAC: Authorization granted {{(pid=81416) enforce_call /opt/stack/keystone/keystone/common/rbac_enforcer/enforcer.py:457}}
Aug 28 00:44:42.305536 dv-osbrick-master-4-smb devstack@keystone.service[81416]: [pid: 81416|app: 0|req: 133/253] 10.222.0.45 () {56 vars in 1186 bytes} [Sun Aug 28 00:44:42 2022] GET /identity/v3/projects/a519d2481e58420ab9c50628ef59701e => generated 302 bytes in 176 msecs (HTTP/1.1 200) 5 headers in 177 bytes (1 switches on core 0)
Aug 28 00:44:42.311263 dv-osbrick-master-4-smb devstack@keystone.service[81416]: DEBUG keystone.server.flask.request_processing.middleware.auth_context [None req-31908650-40da-43d1-8303-1c07ef2cb4d0 None admin] Authenticating user token {{(pid=81416) process_request /usr/local/lib/python3.8/dist-packages/keystonemiddleware/auth_token/__init__.py:407}}
Aug 28 00:44:42.392398 dv-osbrick-master-4-smb devstack@keystone.service[81415]: DEBUG keystone.server.flask.request_processing.middleware.auth_context [None req-52e9adcc-d8e1-49a0-b879-9bfee1a7ad81 None admin] Validating token access rules against request {{(pid=81415) validate_allowed_request /usr/local/lib/python3.8/dist-packages/keystonemiddleware/auth_token/__init__.py:545}}
Aug 28 00:44:42.433091 dv-osbrick-master-4-smb devstack@keystone.service[81415]: DEBUG keystone.server.flask.request_processing.middleware.auth_context [None req-88ecfd4b-9fbe-4c36-b91a-7eb5ad8a10e2 None admin] RBAC: auth_context: {'token': , 'domain_id': None, 'trust_id': None, 'trustor_id': None, 'trustee_id': None, 'domain_name': None, 'group_ids': [], 'user_id': '244d6e9519d540fcb92f34c8c93318e5', 'user_domain_id': 'default', 'system_scope': 'all', 'project_id': None, 'project_domain_id': None, 'roles': ['admin', 'member', 'reader'], 'is_admin_project': True, 'service_user_id': None, 'service_user_domain_id': None, 'service_project_id': None, 'service_project_domain_id': None, 'service_roles': []} {{(pid=81415) fill_context /opt/stack/keystone/keystone/server/flask/request_processing/middleware/auth_context.py:478}}
Aug 28 00:44:42.434044 dv-osbrick-master-4-smb devstack@keystone.service[81415]: DEBUG keystone.server.flask.request_processing.req_logging [None req-88ecfd4b-9fbe-4c36-b91a-7eb5ad8a10e2 None admin] REQUEST_METHOD: `GET` {{(pid=81415) log_request_info /opt/stack/keystone/keystone/server/flask/request_processing/req_logging.py:27}}
Aug 28 00:44:42.435310 dv-osbrick-master-4-smb devstack@keystone.service[81415]: DEBUG keystone.server.flask.request_processing.req_logging [None req-88ecfd4b-9fbe-4c36-b91a-7eb5ad8a10e2 None admin] SCRIPT_NAME: `/identity` {{(pid=81415) log_request_info /opt/stack/keystone/keystone/server/flask/request_processing/req_logging.py:28}}
Aug 28 00:44:42.435600 dv-osbrick-master-4-smb devstack@keystone.service[81415]: DEBUG keystone.server.flask.request_processing.req_logging [None req-88ecfd4b-9fbe-4c36-b91a-7eb5ad8a10e2 None admin] PATH_INFO: `/v3/role_assignments` {{(pid=81415) log_request_info /opt/stack/keystone/keystone/server/flask/request_processing/req_logging.py:29}}
Aug 28 00:44:42.436378 dv-osbrick-master-4-smb devstack@keystone.service[81415]: DEBUG keystone.common.rbac_enforcer.enforcer [None req-88ecfd4b-9fbe-4c36-b91a-7eb5ad8a10e2 None admin] RBAC: Adding query filter params (role.id=9598a36781cc4bebb2943f2c306d45e7, scope.project.id=a519d2481e58420ab9c50628ef59701e, user.id=e823a5238bb04acb9208a7eefd645214) {{(pid=81415) _extract_filter_values /opt/stack/keystone/keystone/common/rbac_enforcer/enforcer.py:167}}
Aug 28 00:44:42.436689 dv-osbrick-master-4-smb devstack@keystone.service[81415]: DEBUG keystone.common.rbac_enforcer.enforcer [None req-88ecfd4b-9fbe-4c36-b91a-7eb5ad8a10e2 None admin] RBAC: Authorizing `identity:list_role_assignments()` {{(pid=81415) enforce_call /opt/stack/keystone/keystone/common/rbac_enforcer/enforcer.py:449}}
Aug 28 00:44:42.438151 dv-osbrick-master-4-smb devstack@keystone.service[81415]: DEBUG keystone.common.rbac_enforcer.enforcer [None req-88ecfd4b-9fbe-4c36-b91a-7eb5ad8a10e2 None admin] RBAC: Authorization granted {{(pid=81415) enforce_call /opt/stack/keystone/keystone/common/rbac_enforcer/enforcer.py:457}}
Aug 28 00:44:42.444804 dv-osbrick-master-4-smb devstack@keystone.service[81415]: [pid: 81415|app: 0|req: 121/254] 10.222.0.45 () {56 vars in 1374 bytes} [Sun Aug 28 00:44:42 2022] GET /identity/v3/role_assignments?user.id=e823a5238bb04acb9208a7eefd645214&scope.project.id=a519d2481e58420ab9c50628ef59701e&role.id=9598a36781cc4bebb2943f2c306d45e7 => generated 259 bytes in 254 msecs (HTTP/1.1 200) 5 headers in 177 bytes (2 switches on core 0)
Aug 28 00:44:42.445768 dv-osbrick-master-4-smb devstack@keystone.service[81415]: DEBUG keystone.server.flask.request_processing.middleware.auth_context [None req-88ecfd4b-9fbe-4c36-b91a-7eb5ad8a10e2 None admin] Authenticating user token {{(pid=81415) process_request /usr/local/lib/python3.8/dist-packages/keystonemiddleware/auth_token/__init__.py:407}}
Aug 28 00:44:42.504087 dv-osbrick-master-4-smb devstack@keystone.service[81415]: DEBUG dbcounter [-] [81415] Writing DB stats keystone:SELECT=100 {{(pid=81415) stat_writer /usr/local/lib/python3.8/dist-packages/dbcounter.py:114}}
Aug 28 00:44:42.526198 dv-osbrick-master-4-smb devstack@keystone.service[81416]: DEBUG keystone.server.flask.request_processing.middleware.auth_context [None req-31908650-40da-43d1-8303-1c07ef2cb4d0 None admin] Validating token access rules against request {{(pid=81416) validate_allowed_request /usr/local/lib/python3.8/dist-packages/keystonemiddleware/auth_token/__init__.py:545}}
Aug 28 00:44:42.580228 dv-osbrick-master-4-smb devstack@keystone.service[81415]: DEBUG keystone.server.flask.request_processing.middleware.auth_context [None req-88ecfd4b-9fbe-4c36-b91a-7eb5ad8a10e2 None admin] Validating token access rules against request {{(pid=81415) validate_allowed_request /usr/local/lib/python3.8/dist-packages/keystonemiddleware/auth_token/__init__.py:545}}
Aug 28 00:44:42.609712 dv-osbrick-master-4-smb devstack@keystone.service[81416]: DEBUG keystone.server.flask.request_processing.middleware.auth_context [None req-4889200b-84be-4f5a-ad8e-eff98ae59637 None admin] RBAC: auth_context: {'token': , 'domain_id': None, 'trust_id': None, 'trustor_id': None, 'trustee_id': None, 'domain_name': None, 'group_ids': [], 'user_id': '244d6e9519d540fcb92f34c8c93318e5', 'user_domain_id': 'default', 'system_scope': 'all', 'project_id': None, 'project_domain_id': None, 'roles': ['admin', 'member', 'reader'], 'is_admin_project': True, 'service_user_id': None, 'service_user_domain_id': None, 'service_project_id': None, 'service_project_domain_id': None, 'service_roles': []} {{(pid=81416) fill_context /opt/stack/keystone/keystone/server/flask/request_processing/middleware/auth_context.py:478}}
Aug 28 00:44:42.610301 dv-osbrick-master-4-smb devstack@keystone.service[81416]: DEBUG keystone.server.flask.request_processing.req_logging [None req-4889200b-84be-4f5a-ad8e-eff98ae59637 None admin] REQUEST_METHOD: `PUT` {{(pid=81416) log_request_info /opt/stack/keystone/keystone/server/flask/request_processing/req_logging.py:27}}
Aug 28 00:44:42.610587 dv-osbrick-master-4-smb devstack@keystone.service[81416]: DEBUG keystone.server.flask.request_processing.req_logging [None req-4889200b-84be-4f5a-ad8e-eff98ae59637 None admin] SCRIPT_NAME: `/identity` {{(pid=81416) log_request_info /opt/stack/keystone/keystone/server/flask/request_processing/req_logging.py:28}}
Aug 28 00:44:42.610861 dv-osbrick-master-4-smb devstack@keystone.service[81416]: DEBUG keystone.server.flask.request_processing.req_logging [None req-4889200b-84be-4f5a-ad8e-eff98ae59637 None admin] PATH_INFO: `/v3/projects/a519d2481e58420ab9c50628ef59701e/users/c75f17f4f6e24aad81e14e4f44fc6352/roles/e19b307fd0594dfda34c180febcf2802` {{(pid=81416) log_request_info /opt/stack/keystone/keystone/server/flask/request_processing/req_logging.py:29}}
Aug 28 00:44:42.612902 dv-osbrick-master-4-smb devstack@keystone.service[81416]: DEBUG keystone.common.rbac_enforcer.enforcer [None req-4889200b-84be-4f5a-ad8e-eff98ae59637 None admin] RBAC: Authorizing `identity:create_grant(project_id=a519d2481e58420ab9c50628ef59701e, user_id=c75f17f4f6e24aad81e14e4f44fc6352, role_id=e19b307fd0594dfda34c180febcf2802)` {{(pid=81416) enforce_call /opt/stack/keystone/keystone/common/rbac_enforcer/enforcer.py:449}}
Aug 28 00:44:42.614378 dv-osbrick-master-4-smb devstack@keystone.service[81416]: DEBUG keystone.common.rbac_enforcer.enforcer [None req-4889200b-84be-4f5a-ad8e-eff98ae59637 None admin] RBAC: Authorization granted {{(pid=81416) enforce_call /opt/stack/keystone/keystone/common/rbac_enforcer/enforcer.py:457}}
Aug 28 00:44:42.624190 dv-osbrick-master-4-smb devstack@keystone.service[81415]: DEBUG keystone.server.flask.request_processing.middleware.auth_context [None req-c26aeda2-6c7f-489b-a7c2-7ae5a4bd3d60 None admin] RBAC: auth_context: {'token': , 'domain_id': None, 'trust_id': None, 'trustor_id': None, 'trustee_id': None, 'domain_name': None, 'group_ids': [], 'user_id': '244d6e9519d540fcb92f34c8c93318e5', 'user_domain_id': 'default', 'system_scope': 'all', 'project_id': None, 'project_domain_id': None, 'roles': ['admin', 'member', 'reader'], 'is_admin_project': True, 'service_user_id': None, 'service_user_domain_id': None, 'service_project_id': None, 'service_project_domain_id': None, 'service_roles': []} {{(pid=81415) fill_context /opt/stack/keystone/keystone/server/flask/request_processing/middleware/auth_context.py:478}}
Aug 28 00:44:42.625100 dv-osbrick-master-4-smb devstack@keystone.service[81415]: DEBUG keystone.server.flask.request_processing.req_logging [None req-c26aeda2-6c7f-489b-a7c2-7ae5a4bd3d60 None admin] REQUEST_METHOD: `GET` {{(pid=81415) log_request_info /opt/stack/keystone/keystone/server/flask/request_processing/req_logging.py:27}}
Aug 28 00:44:42.625669 dv-osbrick-master-4-smb devstack@keystone.service[81415]: DEBUG keystone.server.flask.request_processing.req_logging [None req-c26aeda2-6c7f-489b-a7c2-7ae5a4bd3d60 None admin] SCRIPT_NAME: `/identity` {{(pid=81415) log_request_info /opt/stack/keystone/keystone/server/flask/request_processing/req_logging.py:28}}
Aug 28 00:44:42.626063 dv-osbrick-master-4-smb devstack@keystone.service[81415]: DEBUG keystone.server.flask.request_processing.req_logging [None req-c26aeda2-6c7f-489b-a7c2-7ae5a4bd3d60 None admin] PATH_INFO: `/v3/roles/admin` {{(pid=81415) log_request_info /opt/stack/keystone/keystone/server/flask/request_processing/req_logging.py:29}}
Aug 28 00:44:42.640316 dv-osbrick-master-4-smb devstack@keystone.service[81415]: DEBUG keystone.common.rbac_enforcer.enforcer [None req-c26aeda2-6c7f-489b-a7c2-7ae5a4bd3d60 None admin] Extracting inferred target data resulted in "NOT FOUND (404)". {{(pid=81415) enforce_call /opt/stack/keystone/keystone/common/rbac_enforcer/enforcer.py:409}}
Aug 28 00:44:42.642382 dv-osbrick-master-4-smb devstack@keystone.service[81416]: [pid: 81416|app: 0|req: 134/255] 10.222.0.45 () {58 vars in 1439 bytes} [Sun Aug 28 00:44:42 2022] PUT /identity/v3/projects/a519d2481e58420ab9c50628ef59701e/users/c75f17f4f6e24aad81e14e4f44fc6352/roles/e19b307fd0594dfda34c180febcf2802 => generated 0 bytes in 331 msecs (HTTP/1.1 204) 3 headers in 132 bytes (1 switches on core 0)
Aug 28 00:44:42.643774 dv-osbrick-master-4-smb devstack@keystone.service[81416]: DEBUG keystone.server.flask.request_processing.req_logging [None req-fd0b6b93-5db7-4dd6-aafb-0890a614e164 None None] REQUEST_METHOD: `GET` {{(pid=81416) log_request_info /opt/stack/keystone/keystone/server/flask/request_processing/req_logging.py:27}}
Aug 28 00:44:42.645173 dv-osbrick-master-4-smb devstack@keystone.service[81416]: DEBUG keystone.server.flask.request_processing.req_logging [None req-fd0b6b93-5db7-4dd6-aafb-0890a614e164 None None] SCRIPT_NAME: `/identity` {{(pid=81416) log_request_info /opt/stack/keystone/keystone/server/flask/request_processing/req_logging.py:28}}
Aug 28 00:44:42.645173 dv-osbrick-master-4-smb devstack@keystone.service[81416]: DEBUG keystone.server.flask.request_processing.req_logging [None req-fd0b6b93-5db7-4dd6-aafb-0890a614e164 None None] PATH_INFO: `/` {{(pid=81416) log_request_info /opt/stack/keystone/keystone/server/flask/request_processing/req_logging.py:29}}
Aug 28 00:44:42.646172 dv-osbrick-master-4-smb devstack@keystone.service[81416]: [pid: 81416|app: 0|req: 135/256] 10.222.0.45 () {54 vars in 927 bytes} [Sun Aug 28 00:44:42 2022] GET /identity => generated 270 bytes in 3 msecs (HTTP/1.1 300) 6 headers in 234 bytes (1 switches on core 0)
Aug 28 00:44:42.648677 dv-osbrick-master-4-smb devstack@keystone.service[81415]: ERROR keystone.server.flask.application [None req-c26aeda2-6c7f-489b-a7c2-7ae5a4bd3d60 None admin] Could not find role: admin.: keystone.exception.RoleNotFound: Could not find role: admin.
Aug 28 00:44:42.648677 dv-osbrick-master-4-smb devstack@keystone.service[81415]: ERROR keystone.server.flask.application
Traceback (most recent call last):
Aug 28 00:44:42.648677 dv-osbrick-master-4-smb devstack@keystone.service[81415]: ERROR keystone.server.flask.application
File "/usr/local/lib/python3.8/dist-packages/flask/app.py", line 1820, in full_dispatch_request
Aug 28 00:44:42.648677 dv-osbrick-master-4-smb devstack@keystone.service[81415]: ERROR keystone.server.flask.application rv = self.dispatch_request()
Aug 28 00:44:42.648677 dv-osbrick-master-4-smb devstack@keystone.service[81415]: ERROR keystone.server.flask.application
File "/usr/local/lib/python3.8/dist-packages/flask/app.py", line 1796, in dispatch_request
Aug 28 00:44:42.648677 dv-osbrick-master-4-smb devstack@keystone.service[81415]: ERROR keystone.server.flask.application return self.ensure_sync(self.view_functions[rule.endpoint])(**view_args)
Aug 28 00:44:42.648677 dv-osbrick-master-4-smb devstack@keystone.service[81415]: ERROR keystone.server.flask.application
File "/usr/local/lib/python3.8/dist-packages/flask_restful/__init__.py", line 467, in wrapper
Aug 28 00:44:42.648677 dv-osbrick-master-4-smb devstack@keystone.service[81415]: ERROR keystone.server.flask.application resp = resource(*args, **kwargs)
Aug 28 00:44:42.648677 dv-osbrick-master-4-smb devstack@keystone.service[81415]: ERROR keystone.server.flask.application
File "/usr/local/lib/python3.8/dist-packages/flask/views.py", line 107, in view
Aug 28 00:44:42.648677 dv-osbrick-master-4-smb devstack@keystone.service[81415]: ERROR keystone.server.flask.application return current_app.ensure_sync(self.dispatch_request)(**kwargs)
Aug 28 00:44:42.648677 dv-osbrick-master-4-smb devstack@keystone.service[81415]: ERROR keystone.server.flask.application
File "/usr/local/lib/python3.8/dist-packages/flask_restful/__init__.py", line 582, in dispatch_request
Aug 28 00:44:42.648677 dv-osbrick-master-4-smb devstack@keystone.service[81415]: ERROR keystone.server.flask.application resp = meth(*args, **kwargs)
Aug 28 00:44:42.648677 dv-osbrick-master-4-smb devstack@keystone.service[81415]: ERROR keystone.server.flask.application
File "/opt/stack/keystone/keystone/api/roles.py", line 50, in get
Aug 28 00:44:42.648677 dv-osbrick-master-4-smb devstack@keystone.service[81415]: ERROR keystone.server.flask.application return self._get_role(role_id)
Aug 28 00:44:42.648677 dv-osbrick-master-4-smb devstack@keystone.service[81415]: ERROR keystone.server.flask.application
File "/opt/stack/keystone/keystone/api/roles.py", line 70, in _get_role
Aug 28 00:44:42.648677 dv-osbrick-master-4-smb devstack@keystone.service[81415]: ERROR keystone.server.flask.application ENFORCER.enforce_call(action='identity:get_role')
Aug 28 00:44:42.649546 dv-osbrick-master-4-smb devstack@keystone.service[81415]: ERROR keystone.server.flask.application
File "/opt/stack/keystone/keystone/common/rbac_enforcer/enforcer.py", line 402, in enforce_call
Aug 28 00:44:42.649546 dv-osbrick-master-4-smb devstack@keystone.service[81415]: ERROR keystone.server.flask.application policy_dict.update(cls._extract_member_target_data(
Aug 28 00:44:42.649546 dv-osbrick-master-4-smb devstack@keystone.service[81415]: ERROR keystone.server.flask.application
File "/opt/stack/keystone/keystone/common/rbac_enforcer/enforcer.py", line 234, in _extract_member_target_data
Aug 28 00:44:42.649546 dv-osbrick-master-4-smb devstack@keystone.service[81415]: ERROR keystone.server.flask.application member_name: func(flask.request.view_args[key])
Aug 28 00:44:42.649546 dv-osbrick-master-4-smb devstack@keystone.service[81415]: ERROR keystone.server.flask.application
File "/opt/stack/keystone/keystone/common/manager.py", line 115, in wrapped
Aug 28 00:44:42.649546 dv-osbrick-master-4-smb devstack@keystone.service[81415]: ERROR keystone.server.flask.application __ret_val = __f(*args, **kwargs)
Aug 28 00:44:42.649546 dv-osbrick-master-4-smb devstack@keystone.service[81415]: ERROR keystone.server.flask.application
File "/usr/local/lib/python3.8/dist-packages/decorator.py", line 232, in fun
Aug 28 00:44:42.649546 dv-osbrick-master-4-smb devstack@keystone.service[81415]: ERROR keystone.server.flask.application return caller(func, *(extras + args), **kw)
Aug 28 00:44:42.649546 dv-osbrick-master-4-smb devstack@keystone.service[81415]: ERROR keystone.server.flask.application
File "/usr/local/lib/python3.8/dist-packages/dogpile/cache/region.py", line 1577, in get_or_create_for_user_func
Aug 28 00:44:42.649546 dv-osbrick-master-4-smb devstack@keystone.service[81415]: ERROR keystone.server.flask.application return self.get_or_create(
Aug 28 00:44:42.649546 dv-osbrick-master-4-smb devstack@keystone.service[81415]: ERROR keystone.server.flask.application
File "/usr/local/lib/python3.8/dist-packages/dogpile/cache/region.py", line 1042, in get_or_create
Aug 28 00:44:42.649546 dv-osbrick-master-4-smb devstack@keystone.service[81415]: ERROR keystone.server.flask.application with Lock(
Aug 28 00:44:42.649546 dv-osbrick-master-4-smb devstack@keystone.service[81415]: ERROR keystone.server.flask.application
File "/usr/local/lib/python3.8/dist-packages/dogpile/lock.py", line 185, in __enter__
Aug 28 00:44:42.649546 dv-osbrick-master-4-smb devstack@keystone.service[81415]: ERROR keystone.server.flask.application return self._enter()
Aug 28 00:44:42.649546 dv-osbrick-master-4-smb devstack@keystone.service[81415]: ERROR keystone.server.flask.application
File "/usr/local/lib/python3.8/dist-packages/dogpile/lock.py", line 94, in _enter
Aug 28 00:44:42.649546 dv-osbrick-master-4-smb devstack@keystone.service[81415]: ERROR keystone.server.flask.application generated = self._enter_create(value, createdtime)
Aug 28 00:44:42.650346 dv-osbrick-master-4-smb devstack@keystone.service[81415]: ERROR keystone.server.flask.application
File "/usr/local/lib/python3.8/dist-packages/dogpile/lock.py", line 178, in _enter_create
Aug 28 00:44:42.650346 dv-osbrick-master-4-smb devstack@keystone.service[81415]: ERROR keystone.server.flask.application return self.creator()
Aug 28 00:44:42.650346 dv-osbrick-master-4-smb devstack@keystone.service[81415]: ERROR keystone.server.flask.application
File "/usr/local/lib/python3.8/dist-packages/dogpile/cache/region.py", line 995, in gen_value
Aug 28 00:44:42.650346 dv-osbrick-master-4-smb devstack@keystone.service[81415]: ERROR keystone.server.flask.application created_value = creator(
Aug 28 00:44:42.650346 dv-osbrick-master-4-smb devstack@keystone.service[81415]: ERROR keystone.server.flask.application
File "/opt/stack/keystone/keystone/assignment/core.py", line 1276, in get_role
Aug 28 00:44:42.650346 dv-osbrick-master-4-smb devstack@keystone.service[81415]: ERROR keystone.server.flask.application return self.driver.get_role(role_id)
Aug 28 00:44:42.650346 dv-osbrick-master-4-smb devstack@keystone.service[81415]: ERROR keystone.server.flask.application
File "/opt/stack/keystone/keystone/assignment/role_backends/sql.py", line 70, in get_role
Aug 28 00:44:42.650346 dv-osbrick-master-4-smb devstack@keystone.service[81415]: ERROR keystone.server.flask.application return self._get_role(session, role_id).to_dict()
Aug 28 00:44:42.650346 dv-osbrick-master-4-smb devstack@keystone.service[81415]: ERROR keystone.server.flask.application
File "/opt/stack/keystone/keystone/assignment/role_backends/sql.py", line 65, in _get_role
Aug 28 00:44:42.650346 dv-osbrick-master-4-smb devstack@keystone.service[81415]: ERROR keystone.server.flask.application raise exception.RoleNotFound(role_id=role_id)
Aug 28 00:44:42.650346 dv-osbrick-master-4-smb devstack@keystone.service[81415]: ERROR keystone.server.flask.application keystone.exception.RoleNotFound: Could not find role: admin.
Aug 28 00:44:42.650346 dv-osbrick-master-4-smb devstack@keystone.service[81415]: ERROR keystone.server.flask.application
Aug 28 00:44:42.655145 dv-osbrick-master-4-smb devstack@keystone.service[81415]: [pid: 81415|app: 0|req: 122/257] 10.222.0.45 () {56 vars in 1096 bytes} [Sun Aug 28 00:44:42 2022] GET /identity/v3/roles/admin => generated 83 bytes in 207 msecs (HTTP/1.1 404) 5 headers in 183 bytes (1 switches on core 0)
Aug 28 00:44:42.657196 dv-osbrick-master-4-smb devstack@keystone.service[81416]: DEBUG keystone.server.flask.request_processing.req_logging [None req-1fe91cf0-55b5-41e9-8acc-cbc08056403c None None] REQUEST_METHOD: `POST` {{(pid=81416) log_request_info /opt/stack/keystone/keystone/server/flask/request_processing/req_logging.py:27}}
Aug 28 00:44:42.657555 dv-osbrick-master-4-smb devstack@keystone.service[81416]: DEBUG keystone.server.flask.request_processing.req_logging [None req-1fe91cf0-55b5-41e9-8acc-cbc08056403c None None] SCRIPT_NAME: `/identity` {{(pid=81416) log_request_info /opt/stack/keystone/keystone/server/flask/request_processing/req_logging.py:28}}
Aug 28 00:44:42.657898 dv-osbrick-master-4-smb devstack@keystone.service[81416]: DEBUG keystone.server.flask.request_processing.req_logging [None req-1fe91cf0-55b5-41e9-8acc-cbc08056403c None None] PATH_INFO: `/v3/auth/tokens` {{(pid=81416) log_request_info /opt/stack/keystone/keystone/server/flask/request_processing/req_logging.py:29}}
Aug 28 00:44:42.659895 dv-osbrick-master-4-smb devstack@keystone.service[81415]: DEBUG keystone.server.flask.request_processing.middleware.auth_context [None req-c26aeda2-6c7f-489b-a7c2-7ae5a4bd3d60 None admin] Authenticating user token {{(pid=81415) process_request /usr/local/lib/python3.8/dist-packages/keystonemiddleware/auth_token/__init__.py:407}}
Aug 28 00:44:42.692561 dv-osbrick-master-4-smb devstack@keystone.service[81416]: DEBUG keystone.auth.core [None req-1fe91cf0-55b5-41e9-8acc-cbc08056403c None None] MFA Rules not processed for user `244d6e9519d540fcb92f34c8c93318e5`. Rule list: `[]` (Enabled: `True`). {{(pid=81416) check_auth_methods_against_rules /opt/stack/keystone/keystone/auth/core.py:438}}
Aug 28 00:44:42.694038 dv-osbrick-master-4-smb devstack@keystone.service[81416]: DEBUG keystone.common.fernet_utils [None req-1fe91cf0-55b5-41e9-8acc-cbc08056403c None None] Loaded 2 Fernet keys from /etc/keystone/fernet-keys/, but `[fernet_tokens] max_active_keys = 3`; perhaps there have not been enough key rotations to reach `max_active_keys` yet? {{(pid=81416) load_keys /opt/stack/keystone/keystone/common/fernet_utils.py:286}}
Aug 28 00:44:42.780783 dv-osbrick-master-4-smb devstack@keystone.service[81415]: DEBUG keystone.server.flask.request_processing.middleware.auth_context [None req-c26aeda2-6c7f-489b-a7c2-7ae5a4bd3d60 None admin] Validating token access rules against request {{(pid=81415) validate_allowed_request /usr/local/lib/python3.8/dist-packages/keystonemiddleware/auth_token/__init__.py:545}}
Aug 28 00:44:42.784159 dv-osbrick-master-4-smb devstack@keystone.service[81415]: DEBUG dbcounter [-] [81415] Writing DB stats keystone:SELECT=100 {{(pid=81415) stat_writer /usr/local/lib/python3.8/dist-packages/dbcounter.py:114}}
Aug 28 00:44:42.794530 dv-osbrick-master-4-smb devstack@keystone.service[81416]: DEBUG dbcounter [-] [81416] Writing DB stats keystone:SELECT=99,keystone:INSERT=1 {{(pid=81416) stat_writer /usr/local/lib/python3.8/dist-packages/dbcounter.py:114}}
Aug 28 00:44:42.827126 dv-osbrick-master-4-smb devstack@keystone.service[81415]: DEBUG keystone.server.flask.request_processing.middleware.auth_context [None req-7cd92036-8987-4a5a-b32a-a033ffcb79af None admin] RBAC: auth_context: {'token': , 'domain_id': None, 'trust_id': None, 'trustor_id': None, 'trustee_id': None, 'domain_name': None, 'group_ids': [], 'user_id': '244d6e9519d540fcb92f34c8c93318e5', 'user_domain_id': 'default', 'system_scope': 'all', 'project_id': None, 'project_domain_id': None, 'roles': ['admin', 'member', 'reader'], 'is_admin_project': True, 'service_user_id': None, 'service_user_domain_id': None, 'service_project_id': None, 'service_project_domain_id': None, 'service_roles': []} {{(pid=81415) fill_context /opt/stack/keystone/keystone/server/flask/request_processing/middleware/auth_context.py:478}}
Aug 28 00:44:42.828300 dv-osbrick-master-4-smb devstack@keystone.service[81415]: DEBUG keystone.server.flask.request_processing.req_logging [None req-7cd92036-8987-4a5a-b32a-a033ffcb79af None admin] REQUEST_METHOD: `GET` {{(pid=81415) log_request_info /opt/stack/keystone/keystone/server/flask/request_processing/req_logging.py:27}}
Aug 28 00:44:42.828805 dv-osbrick-master-4-smb devstack@keystone.service[81415]: DEBUG keystone.server.flask.request_processing.req_logging [None req-7cd92036-8987-4a5a-b32a-a033ffcb79af None admin] SCRIPT_NAME: `/identity` {{(pid=81415) log_request_info /opt/stack/keystone/keystone/server/flask/request_processing/req_logging.py:28}}
Aug 28 00:44:42.829366 dv-osbrick-master-4-smb devstack@keystone.service[81415]: DEBUG keystone.server.flask.request_processing.req_logging [None req-7cd92036-8987-4a5a-b32a-a033ffcb79af None admin] PATH_INFO: `/v3/roles` {{(pid=81415) log_request_info /opt/stack/keystone/keystone/server/flask/request_processing/req_logging.py:29}}
Aug 28 00:44:42.830224 dv-osbrick-master-4-smb devstack@keystone.service[81415]: DEBUG keystone.common.rbac_enforcer.enforcer [None req-7cd92036-8987-4a5a-b32a-a033ffcb79af None admin] RBAC: Adding query filter params (name=admin) {{(pid=81415) _extract_filter_values /opt/stack/keystone/keystone/common/rbac_enforcer/enforcer.py:167}}
Aug 28 00:44:42.830715 dv-osbrick-master-4-smb devstack@keystone.service[81415]: DEBUG keystone.common.rbac_enforcer.enforcer [None req-7cd92036-8987-4a5a-b32a-a033ffcb79af None admin] RBAC: Authorizing `identity:list_roles()` {{(pid=81415) enforce_call /opt/stack/keystone/keystone/common/rbac_enforcer/enforcer.py:449}}
Aug 28 00:44:42.832453 dv-osbrick-master-4-smb devstack@keystone.service[81415]: DEBUG keystone.common.rbac_enforcer.enforcer [None req-7cd92036-8987-4a5a-b32a-a033ffcb79af None admin] RBAC: Authorization granted {{(pid=81415) enforce_call /opt/stack/keystone/keystone/common/rbac_enforcer/enforcer.py:457}}
Aug 28 00:44:42.841434 dv-osbrick-master-4-smb devstack@keystone.service[81416]: [pid: 81416|app: 0|req: 136/258] 10.222.0.45 () {58 vars in 1024 bytes} [Sun Aug 28 00:44:42 2022] POST /identity/v3/auth/tokens => generated 799 bytes in 185 msecs (HTTP/1.1 201) 6 headers in 363 bytes (2 switches on core 0)
Aug 28 00:44:42.846993 dv-osbrick-master-4-smb devstack@keystone.service[81415]: [pid: 81415|app: 0|req: 123/259] 10.222.0.45 () {56 vars in 1099 bytes} [Sun Aug 28 00:44:42 2022] GET /identity/v3/roles?name=admin => generated 339 bytes in 184 msecs (HTTP/1.1 200) 5 headers in 177 bytes (2 switches on core 0)
Aug 28 00:44:42.849481 dv-osbrick-master-4-smb devstack@keystone.service[81416]: DEBUG keystone.server.flask.request_processing.middleware.auth_context [None req-1fe91cf0-55b5-41e9-8acc-cbc08056403c None None] Authenticating user token {{(pid=81416) process_request /usr/local/lib/python3.8/dist-packages/keystonemiddleware/auth_token/__init__.py:407}}
Aug 28 00:44:42.974913 dv-osbrick-master-4-smb devstack@keystone.service[81416]: DEBUG keystone.server.flask.request_processing.middleware.auth_context [None req-1fe91cf0-55b5-41e9-8acc-cbc08056403c None None] Validating token access rules against request {{(pid=81416) validate_allowed_request /usr/local/lib/python3.8/dist-packages/keystonemiddleware/auth_token/__init__.py:545}}
Aug 28 00:44:43.014969 dv-osbrick-master-4-smb devstack@keystone.service[81416]: DEBUG keystone.server.flask.request_processing.middleware.auth_context [None req-43ebbc3b-2fdd-4328-82cf-c3f312a2c587 None admin] RBAC: auth_context: {'token': , 'domain_id': None, 'trust_id': None, 'trustor_id': None, 'trustee_id': None, 'domain_name': None, 'group_ids': [], 'user_id': '244d6e9519d540fcb92f34c8c93318e5', 'user_domain_id': 'default', 'system_scope': 'all', 'project_id': None, 'project_domain_id': None, 'roles': ['admin', 'member', 'reader'], 'is_admin_project': True, 'service_user_id': None, 'service_user_domain_id': None, 'service_project_id': None, 'service_project_domain_id': None, 'service_roles': []} {{(pid=81416) fill_context /opt/stack/keystone/keystone/server/flask/request_processing/middleware/auth_context.py:478}}
Aug 28 00:44:43.015942 dv-osbrick-master-4-smb devstack@keystone.service[81416]: DEBUG keystone.server.flask.request_processing.req_logging [None req-43ebbc3b-2fdd-4328-82cf-c3f312a2c587 None admin] REQUEST_METHOD: `GET` {{(pid=81416) log_request_info /opt/stack/keystone/keystone/server/flask/request_processing/req_logging.py:27}}
Aug 28 00:44:43.016485 dv-osbrick-master-4-smb devstack@keystone.service[81416]: DEBUG keystone.server.flask.request_processing.req_logging [None req-43ebbc3b-2fdd-4328-82cf-c3f312a2c587 None admin] SCRIPT_NAME: `/identity` {{(pid=81416) log_request_info /opt/stack/keystone/keystone/server/flask/request_processing/req_logging.py:28}}
Aug 28 00:44:43.016956 dv-osbrick-master-4-smb devstack@keystone.service[81416]: DEBUG keystone.server.flask.request_processing.req_logging [None req-43ebbc3b-2fdd-4328-82cf-c3f312a2c587 None admin] PATH_INFO: `/v3/users/1f89b7e34b4d426f940e637cce8c8d54` {{(pid=81416) log_request_info /opt/stack/keystone/keystone/server/flask/request_processing/req_logging.py:29}}
Aug 28 00:44:43.020320 dv-osbrick-master-4-smb devstack@keystone.service[81416]: DEBUG keystone.common.rbac_enforcer.enforcer [None req-43ebbc3b-2fdd-4328-82cf-c3f312a2c587 None admin] RBAC: Authorizing `identity:get_user(user_id=1f89b7e34b4d426f940e637cce8c8d54)` {{(pid=81416) enforce_call /opt/stack/keystone/keystone/common/rbac_enforcer/enforcer.py:449}}
Aug 28 00:44:43.022013 dv-osbrick-master-4-smb devstack@keystone.service[81416]: DEBUG keystone.common.rbac_enforcer.enforcer [None req-43ebbc3b-2fdd-4328-82cf-c3f312a2c587 None admin] RBAC: Authorization granted {{(pid=81416) enforce_call /opt/stack/keystone/keystone/common/rbac_enforcer/enforcer.py:457}}
Aug 28 00:44:43.024457 dv-osbrick-master-4-smb devstack@keystone.service[81416]: [pid: 81416|app: 0|req: 137/260] 10.222.0.45 () {56 vars in 1177 bytes} [Sun Aug 28 00:44:42 2022] GET /identity/v3/users/1f89b7e34b4d426f940e637cce8c8d54 => generated 283 bytes in 175 msecs (HTTP/1.1 200) 5 headers in 177 bytes (1 switches on core 0)
Aug 28 00:44:43.030588 dv-osbrick-master-4-smb devstack@keystone.service[81415]: DEBUG keystone.server.flask.request_processing.middleware.auth_context [None req-7cd92036-8987-4a5a-b32a-a033ffcb79af None admin] Authenticating user token {{(pid=81415) process_request /usr/local/lib/python3.8/dist-packages/keystonemiddleware/auth_token/__init__.py:407}}
Aug 28 00:44:43.141957 dv-osbrick-master-4-smb devstack@keystone.service[81415]: DEBUG keystone.server.flask.request_processing.middleware.auth_context [None req-7cd92036-8987-4a5a-b32a-a033ffcb79af None admin] Validating token access rules against request {{(pid=81415) validate_allowed_request /usr/local/lib/python3.8/dist-packages/keystonemiddleware/auth_token/__init__.py:545}}
Aug 28 00:44:43.178917 dv-osbrick-master-4-smb devstack@keystone.service[81415]: DEBUG keystone.server.flask.request_processing.middleware.auth_context [None req-bd3b68b8-ff5e-4aa8-9342-750c2e761ffb None admin] RBAC: auth_context: {'token': , 'domain_id': None, 'trust_id': None, 'trustor_id': None, 'trustee_id': None, 'domain_name': None, 'group_ids': [], 'user_id': '244d6e9519d540fcb92f34c8c93318e5', 'user_domain_id': 'default', 'system_scope': 'all', 'project_id': None, 'project_domain_id': None, 'roles': ['admin', 'member', 'reader'], 'is_admin_project': True, 'service_user_id': None, 'service_user_domain_id': None, 'service_project_id': None, 'service_project_domain_id': None, 'service_roles': []} {{(pid=81415) fill_context /opt/stack/keystone/keystone/server/flask/request_processing/middleware/auth_context.py:478}}
Aug 28 00:44:43.179982 dv-osbrick-master-4-smb devstack@keystone.service[81415]: DEBUG keystone.server.flask.request_processing.req_logging [None req-bd3b68b8-ff5e-4aa8-9342-750c2e761ffb None admin] REQUEST_METHOD: `GET` {{(pid=81415) log_request_info /opt/stack/keystone/keystone/server/flask/request_processing/req_logging.py:27}}
Aug 28 00:44:43.180574 dv-osbrick-master-4-smb devstack@keystone.service[81415]: DEBUG keystone.server.flask.request_processing.req_logging [None req-bd3b68b8-ff5e-4aa8-9342-750c2e761ffb None admin] SCRIPT_NAME: `/identity` {{(pid=81415) log_request_info /opt/stack/keystone/keystone/server/flask/request_processing/req_logging.py:28}}
Aug 28 00:44:43.181062 dv-osbrick-master-4-smb devstack@keystone.service[81415]: DEBUG keystone.server.flask.request_processing.req_logging [None req-bd3b68b8-ff5e-4aa8-9342-750c2e761ffb None admin] PATH_INFO: `/v3/auth/tokens` {{(pid=81415) log_request_info /opt/stack/keystone/keystone/server/flask/request_processing/req_logging.py:29}}
Aug 28 00:44:43.218008 dv-osbrick-master-4-smb devstack@keystone.service[81415]: DEBUG dbcounter [-] [81415] Writing DB stats keystone:SELECT=100 {{(pid=81415) stat_writer /usr/local/lib/python3.8/dist-packages/dbcounter.py:114}}
Aug 28 00:44:43.256787 dv-osbrick-master-4-smb devstack@keystone.service[81415]: DEBUG keystone.common.rbac_enforcer.enforcer [None req-bd3b68b8-ff5e-4aa8-9342-750c2e761ffb None admin] RBAC: Authorizing `identity:validate_token()` {{(pid=81415) enforce_call /opt/stack/keystone/keystone/common/rbac_enforcer/enforcer.py:449}}
Aug 28 00:44:43.259133 dv-osbrick-master-4-smb devstack@keystone.service[81415]: DEBUG keystone.common.rbac_enforcer.enforcer [None req-bd3b68b8-ff5e-4aa8-9342-750c2e761ffb None admin] RBAC: Authorization granted {{(pid=81415) enforce_call /opt/stack/keystone/keystone/common/rbac_enforcer/enforcer.py:457}}
Aug 28 00:44:43.323310 dv-osbrick-master-4-smb devstack@keystone.service[81416]: DEBUG keystone.server.flask.request_processing.middleware.auth_context [None req-43ebbc3b-2fdd-4328-82cf-c3f312a2c587 None admin] Authenticating user token {{(pid=81416) process_request /usr/local/lib/python3.8/dist-packages/keystonemiddleware/auth_token/__init__.py:407}}
Aug 28 00:44:43.405860 dv-osbrick-master-4-smb devstack@keystone.service[81416]: DEBUG dbcounter [-] [81416] Writing DB stats keystone:SELECT=100 {{(pid=81416) stat_writer /usr/local/lib/python3.8/dist-packages/dbcounter.py:114}}
Aug 28 00:44:43.421431 dv-osbrick-master-4-smb devstack@keystone.service[81415]: [pid: 81415|app: 0|req: 124/261] 10.222.0.45 () {58 vars in 1282 bytes} [Sun Aug 28 00:44:43 2022] GET /identity/v3/auth/tokens => generated 799 bytes in 391 msecs (HTTP/1.1 200) 6 headers in 358 bytes (1 switches on core 0)
Aug 28 00:44:43.427853 dv-osbrick-master-4-smb devstack@keystone.service[81415]: DEBUG keystone.server.flask.request_processing.middleware.auth_context [None req-bd3b68b8-ff5e-4aa8-9342-750c2e761ffb None admin] Authenticating user token {{(pid=81415) process_request /usr/local/lib/python3.8/dist-packages/keystonemiddleware/auth_token/__init__.py:407}}
Aug 28 00:44:43.547307 dv-osbrick-master-4-smb devstack@keystone.service[81415]: DEBUG dbcounter [-] [81415] Writing DB stats keystone:SELECT=100 {{(pid=81415) stat_writer /usr/local/lib/python3.8/dist-packages/dbcounter.py:114}}
Aug 28 00:44:43.552281 dv-osbrick-master-4-smb devstack@keystone.service[81416]: DEBUG keystone.server.flask.request_processing.middleware.auth_context [None req-43ebbc3b-2fdd-4328-82cf-c3f312a2c587 None admin] Validating token access rules against request {{(pid=81416) validate_allowed_request /usr/local/lib/python3.8/dist-packages/keystonemiddleware/auth_token/__init__.py:545}}
