Aug 28 00:44:25.190615 dv-osbrick-master-4-smb devstack@keystone.service[81416]: DEBUG keystone.server.flask.request_processing.req_logging [None req-4c646481-76d3-4caf-95c1-475ec111c8fe None None] SCRIPT_NAME: `/identity` {{(pid=81416) log_request_info /opt/stack/keystone/keystone/server/flask/request_processing/req_logging.py:28}}
Aug 28 00:44:25.190891 dv-osbrick-master-4-smb devstack@keystone.service[81416]: DEBUG keystone.server.flask.request_processing.req_logging [None req-4c646481-76d3-4caf-95c1-475ec111c8fe None None] PATH_INFO: `/` {{(pid=81416) log_request_info /opt/stack/keystone/keystone/server/flask/request_processing/req_logging.py:29}}
Aug 28 00:44:25.192166 dv-osbrick-master-4-smb devstack@keystone.service[81416]: [pid: 81416|app: 0|req: 59/118] 10.222.0.45 () {54 vars in 927 bytes} [Sun Aug 28 00:44:25 2022] GET /identity => generated 270 bytes in 2 msecs (HTTP/1.1 300) 6 headers in 234 bytes (1 switches on core 0)
Aug 28 00:44:25.197975 dv-osbrick-master-4-smb devstack@keystone.service[81416]: DEBUG keystone.server.flask.request_processing.middleware.auth_context [None req-4c646481-76d3-4caf-95c1-475ec111c8fe None None] Authenticating user token {{(pid=81416) process_request /usr/local/lib/python3.8/dist-packages/keystonemiddleware/auth_token/__init__.py:407}}
Aug 28 00:44:25.216323 dv-osbrick-master-4-smb devstack@keystone.service[81416]: DEBUG dbcounter [-] [81416] Writing DB stats keystone:SELECT=100 {{(pid=81416) stat_writer /usr/local/lib/python3.8/dist-packages/dbcounter.py:114}}
Aug 28 00:44:25.222229 dv-osbrick-master-4-smb devstack@keystone.service[81415]: DEBUG dbcounter [-] [81415] Writing DB stats keystone:SELECT=99,keystone:INSERT=1 {{(pid=81415) stat_writer /usr/local/lib/python3.8/dist-packages/dbcounter.py:114}}
Aug 28 00:44:25.238987 dv-osbrick-master-4-smb devstack@keystone.service[81415]: DEBUG keystone.server.flask.request_processing.middleware.auth_context [None req-e8714691-e860-4f1c-9b89-eec1de08d023 None None] Validating token access rules against request {{(pid=81415) validate_allowed_request /usr/local/lib/python3.8/dist-packages/keystonemiddleware/auth_token/__init__.py:545}}
Aug 28 00:44:25.288270 dv-osbrick-master-4-smb devstack@keystone.service[81415]: DEBUG keystone.server.flask.request_processing.middleware.auth_context [None req-6ba2d21f-b474-444e-be5a-53eb2f8d51f9 None admin] RBAC: auth_context: {'token': , 'domain_id': None, 'trust_id': None, 'trustor_id': None, 'trustee_id': None, 'domain_name': None, 'group_ids': [], 'user_id': '244d6e9519d540fcb92f34c8c93318e5', 'user_domain_id': 'default', 'system_scope': 'all', 'project_id': None, 'project_domain_id': None, 'roles': ['admin', 'member', 'reader'], 'is_admin_project': True, 'service_user_id': None, 'service_user_domain_id': None, 'service_project_id': None, 'service_project_domain_id': None, 'service_roles': []} {{(pid=81415) fill_context /opt/stack/keystone/keystone/server/flask/request_processing/middleware/auth_context.py:478}}
Aug 28 00:44:25.288931 dv-osbrick-master-4-smb devstack@keystone.service[81415]: DEBUG keystone.server.flask.request_processing.req_logging [None req-6ba2d21f-b474-444e-be5a-53eb2f8d51f9 None admin] REQUEST_METHOD: `GET` {{(pid=81415) log_request_info /opt/stack/keystone/keystone/server/flask/request_processing/req_logging.py:27}}
Aug 28 00:44:25.289211 dv-osbrick-master-4-smb devstack@keystone.service[81415]: DEBUG keystone.server.flask.request_processing.req_logging [None req-6ba2d21f-b474-444e-be5a-53eb2f8d51f9 None admin] SCRIPT_NAME: `/identity` {{(pid=81415) log_request_info /opt/stack/keystone/keystone/server/flask/request_processing/req_logging.py:28}}
Aug 28 00:44:25.289986 dv-osbrick-master-4-smb devstack@keystone.service[81415]: DEBUG keystone.server.flask.request_processing.req_logging [None req-6ba2d21f-b474-444e-be5a-53eb2f8d51f9 None admin] PATH_INFO: `/v3/projects/2613f34d3f6a40d2afaabb6c08514b72` {{(pid=81415) log_request_info /opt/stack/keystone/keystone/server/flask/request_processing/req_logging.py:29}}
Aug 28 00:44:25.291129 dv-osbrick-master-4-smb devstack@keystone.service[81415]: DEBUG keystone.common.rbac_enforcer.enforcer [None req-6ba2d21f-b474-444e-be5a-53eb2f8d51f9 None admin] RBAC: Authorizing `identity:get_project(project_id=2613f34d3f6a40d2afaabb6c08514b72)` {{(pid=81415) enforce_call /opt/stack/keystone/keystone/common/rbac_enforcer/enforcer.py:449}}
Aug 28 00:44:25.293048 dv-osbrick-master-4-smb devstack@keystone.service[81415]: DEBUG keystone.common.rbac_enforcer.enforcer [None req-6ba2d21f-b474-444e-be5a-53eb2f8d51f9 None admin] RBAC: Authorization granted {{(pid=81415) enforce_call /opt/stack/keystone/keystone/common/rbac_enforcer/enforcer.py:457}}
Aug 28 00:44:25.295398 dv-osbrick-master-4-smb devstack@keystone.service[81415]: [pid: 81415|app: 0|req: 60/119] 10.222.0.45 () {56 vars in 1186 bytes} [Sun Aug 28 00:44:25 2022] GET /identity/v3/projects/2613f34d3f6a40d2afaabb6c08514b72 => generated 298 bytes in 189 msecs (HTTP/1.1 200) 5 headers in 177 bytes (1 switches on core 0)
Aug 28 00:44:25.300218 dv-osbrick-master-4-smb devstack@keystone.service[81415]: DEBUG keystone.server.flask.request_processing.middleware.auth_context [None req-6ba2d21f-b474-444e-be5a-53eb2f8d51f9 None admin] Authenticating user token {{(pid=81415) process_request /usr/local/lib/python3.8/dist-packages/keystonemiddleware/auth_token/__init__.py:407}}
Aug 28 00:44:25.324532 dv-osbrick-master-4-smb devstack@keystone.service[81416]: DEBUG keystone.server.flask.request_processing.middleware.auth_context [None req-4c646481-76d3-4caf-95c1-475ec111c8fe None None] Validating token access rules against request {{(pid=81416) validate_allowed_request /usr/local/lib/python3.8/dist-packages/keystonemiddleware/auth_token/__init__.py:545}}
Aug 28 00:44:25.366552 dv-osbrick-master-4-smb devstack@keystone.service[81416]: DEBUG keystone.server.flask.request_processing.middleware.auth_context [None req-891c5fe6-f4ca-4cb1-b18f-b6e91188f94b None admin] RBAC: auth_context: {'token': , 'domain_id': None, 'trust_id': None, 'trustor_id': None, 'trustee_id': None, 'domain_name': None, 'group_ids': [], 'user_id': '244d6e9519d540fcb92f34c8c93318e5', 'user_domain_id': 'default', 'system_scope': 'all', 'project_id': None, 'project_domain_id': None, 'roles': ['admin', 'member', 'reader'], 'is_admin_project': True, 'service_user_id': None, 'service_user_domain_id': None, 'service_project_id': None, 'service_project_domain_id': None, 'service_roles': []} {{(pid=81416) fill_context /opt/stack/keystone/keystone/server/flask/request_processing/middleware/auth_context.py:478}}
Aug 28 00:44:25.367276 dv-osbrick-master-4-smb devstack@keystone.service[81416]: DEBUG keystone.server.flask.request_processing.req_logging [None req-891c5fe6-f4ca-4cb1-b18f-b6e91188f94b None admin] REQUEST_METHOD: `GET` {{(pid=81416) log_request_info /opt/stack/keystone/keystone/server/flask/request_processing/req_logging.py:27}}
Aug 28 00:44:25.367590 dv-osbrick-master-4-smb devstack@keystone.service[81416]: DEBUG keystone.server.flask.request_processing.req_logging [None req-891c5fe6-f4ca-4cb1-b18f-b6e91188f94b None admin] SCRIPT_NAME: `/identity` {{(pid=81416) log_request_info /opt/stack/keystone/keystone/server/flask/request_processing/req_logging.py:28}}
Aug 28 00:44:25.368077 dv-osbrick-master-4-smb devstack@keystone.service[81416]: DEBUG keystone.server.flask.request_processing.req_logging [None req-891c5fe6-f4ca-4cb1-b18f-b6e91188f94b None admin] PATH_INFO: `/v3/users/5d8539f6eabb4cdbaae13860770d2e07` {{(pid=81416) log_request_info /opt/stack/keystone/keystone/server/flask/request_processing/req_logging.py:29}}
Aug 28 00:44:25.390778 dv-osbrick-master-4-smb devstack@keystone.service[81416]: DEBUG keystone.common.rbac_enforcer.enforcer [None req-891c5fe6-f4ca-4cb1-b18f-b6e91188f94b None admin] RBAC: Authorizing `identity:get_user(user_id=5d8539f6eabb4cdbaae13860770d2e07)` {{(pid=81416) enforce_call /opt/stack/keystone/keystone/common/rbac_enforcer/enforcer.py:449}}
Aug 28 00:44:25.392273 dv-osbrick-master-4-smb devstack@keystone.service[81416]: DEBUG keystone.common.rbac_enforcer.enforcer [None req-891c5fe6-f4ca-4cb1-b18f-b6e91188f94b None admin] RBAC: Authorization granted {{(pid=81416) enforce_call /opt/stack/keystone/keystone/common/rbac_enforcer/enforcer.py:457}}
Aug 28 00:44:25.394191 dv-osbrick-master-4-smb devstack@keystone.service[81416]: [pid: 81416|app: 0|req: 60/120] 10.222.0.45 () {56 vars in 1177 bytes} [Sun Aug 28 00:44:25 2022] GET /identity/v3/users/5d8539f6eabb4cdbaae13860770d2e07 => generated 289 bytes in 201 msecs (HTTP/1.1 200) 5 headers in 177 bytes (1 switches on core 0)
Aug 28 00:44:25.395250 dv-osbrick-master-4-smb devstack@keystone.service[81416]: DEBUG keystone.server.flask.request_processing.req_logging [None req-0010d1c7-fb08-4967-9de7-e02b5a3c1aa9 None None] REQUEST_METHOD: `POST` {{(pid=81416) log_request_info /opt/stack/keystone/keystone/server/flask/request_processing/req_logging.py:27}}
Aug 28 00:44:25.395526 dv-osbrick-master-4-smb devstack@keystone.service[81416]: DEBUG keystone.server.flask.request_processing.req_logging [None req-0010d1c7-fb08-4967-9de7-e02b5a3c1aa9 None None] SCRIPT_NAME: `/identity` {{(pid=81416) log_request_info /opt/stack/keystone/keystone/server/flask/request_processing/req_logging.py:28}}
Aug 28 00:44:25.395799 dv-osbrick-master-4-smb devstack@keystone.service[81416]: DEBUG keystone.server.flask.request_processing.req_logging [None req-0010d1c7-fb08-4967-9de7-e02b5a3c1aa9 None None] PATH_INFO: `/v3/auth/tokens` {{(pid=81416) log_request_info /opt/stack/keystone/keystone/server/flask/request_processing/req_logging.py:29}}
Aug 28 00:44:25.413966 dv-osbrick-master-4-smb devstack@keystone.service[81416]: DEBUG keystone.auth.core [None req-0010d1c7-fb08-4967-9de7-e02b5a3c1aa9 None None] MFA Rules not processed for user `244d6e9519d540fcb92f34c8c93318e5`. Rule list: `[]` (Enabled: `True`). {{(pid=81416) check_auth_methods_against_rules /opt/stack/keystone/keystone/auth/core.py:438}}
Aug 28 00:44:25.415145 dv-osbrick-master-4-smb devstack@keystone.service[81416]: DEBUG keystone.common.fernet_utils [None req-0010d1c7-fb08-4967-9de7-e02b5a3c1aa9 None None] Loaded 2 Fernet keys from /etc/keystone/fernet-keys/, but `[fernet_tokens] max_active_keys = 3`; perhaps there have not been enough key rotations to reach `max_active_keys` yet? {{(pid=81416) load_keys /opt/stack/keystone/keystone/common/fernet_utils.py:286}}
Aug 28 00:44:25.437575 dv-osbrick-master-4-smb devstack@keystone.service[81415]: DEBUG keystone.server.flask.request_processing.middleware.auth_context [None req-6ba2d21f-b474-444e-be5a-53eb2f8d51f9 None admin] Validating token access rules against request {{(pid=81415) validate_allowed_request /usr/local/lib/python3.8/dist-packages/keystonemiddleware/auth_token/__init__.py:545}}
Aug 28 00:44:25.476251 dv-osbrick-master-4-smb devstack@keystone.service[81415]: DEBUG keystone.server.flask.request_processing.middleware.auth_context [None req-38bd8002-1a5b-43af-a4c7-19e80303186c None admin] RBAC: auth_context: {'token': , 'domain_id': None, 'trust_id': None, 'trustor_id': None, 'trustee_id': None, 'domain_name': None, 'group_ids': [], 'user_id': '244d6e9519d540fcb92f34c8c93318e5', 'user_domain_id': 'default', 'system_scope': 'all', 'project_id': None, 'project_domain_id': None, 'roles': ['admin', 'member', 'reader'], 'is_admin_project': True, 'service_user_id': None, 'service_user_domain_id': None, 'service_project_id': None, 'service_project_domain_id': None, 'service_roles': []} {{(pid=81415) fill_context /opt/stack/keystone/keystone/server/flask/request_processing/middleware/auth_context.py:478}}
Aug 28 00:44:25.476883 dv-osbrick-master-4-smb devstack@keystone.service[81415]: DEBUG keystone.server.flask.request_processing.req_logging [None req-38bd8002-1a5b-43af-a4c7-19e80303186c None admin] REQUEST_METHOD: `GET` {{(pid=81415) log_request_info /opt/stack/keystone/keystone/server/flask/request_processing/req_logging.py:27}}
Aug 28 00:44:25.477168 dv-osbrick-master-4-smb devstack@keystone.service[81415]: DEBUG keystone.server.flask.request_processing.req_logging [None req-38bd8002-1a5b-43af-a4c7-19e80303186c None admin] SCRIPT_NAME: `/identity` {{(pid=81415) log_request_info /opt/stack/keystone/keystone/server/flask/request_processing/req_logging.py:28}}
Aug 28 00:44:25.477446 dv-osbrick-master-4-smb devstack@keystone.service[81415]: DEBUG keystone.server.flask.request_processing.req_logging [None req-38bd8002-1a5b-43af-a4c7-19e80303186c None admin] PATH_INFO: `/v3/projects/2613f34d3f6a40d2afaabb6c08514b72` {{(pid=81415) log_request_info /opt/stack/keystone/keystone/server/flask/request_processing/req_logging.py:29}}
Aug 28 00:44:25.478562 dv-osbrick-master-4-smb devstack@keystone.service[81415]: DEBUG keystone.common.rbac_enforcer.enforcer [None req-38bd8002-1a5b-43af-a4c7-19e80303186c None admin] RBAC: Authorizing `identity:get_project(project_id=2613f34d3f6a40d2afaabb6c08514b72)` {{(pid=81415) enforce_call /opt/stack/keystone/keystone/common/rbac_enforcer/enforcer.py:449}}
Aug 28 00:44:25.479995 dv-osbrick-master-4-smb devstack@keystone.service[81415]: DEBUG keystone.common.rbac_enforcer.enforcer [None req-38bd8002-1a5b-43af-a4c7-19e80303186c None admin] RBAC: Authorization granted {{(pid=81415) enforce_call /opt/stack/keystone/keystone/common/rbac_enforcer/enforcer.py:457}}
Aug 28 00:44:25.486180 dv-osbrick-master-4-smb devstack@keystone.service[81415]: [pid: 81415|app: 0|req: 61/121] 10.222.0.45 () {56 vars in 1186 bytes} [Sun Aug 28 00:44:25 2022] GET /identity/v3/projects/2613f34d3f6a40d2afaabb6c08514b72 => generated 298 bytes in 186 msecs (HTTP/1.1 200) 5 headers in 177 bytes (1 switches on core 0)
Aug 28 00:44:25.486180 dv-osbrick-master-4-smb devstack@keystone.service[81415]: DEBUG keystone.server.flask.request_processing.middleware.auth_context [None req-38bd8002-1a5b-43af-a4c7-19e80303186c None admin] Authenticating user token {{(pid=81415) process_request /usr/local/lib/python3.8/dist-packages/keystonemiddleware/auth_token/__init__.py:407}}
Aug 28 00:44:25.495942 dv-osbrick-master-4-smb devstack@keystone.service[81416]: [pid: 81416|app: 0|req: 61/122] 10.222.0.45 () {58 vars in 1024 bytes} [Sun Aug 28 00:44:25 2022] POST /identity/v3/auth/tokens => generated 799 bytes in 97 msecs (HTTP/1.1 201) 6 headers in 363 bytes (1 switches on core 0)
Aug 28 00:44:25.495942 dv-osbrick-master-4-smb devstack@keystone.service[81416]: DEBUG keystone.server.flask.request_processing.middleware.auth_context [None req-0010d1c7-fb08-4967-9de7-e02b5a3c1aa9 None None] Authenticating user token {{(pid=81416) process_request /usr/local/lib/python3.8/dist-packages/keystonemiddleware/auth_token/__init__.py:407}}
Aug 28 00:44:25.498463 dv-osbrick-master-4-smb devstack@keystone.service[81416]: DEBUG dbcounter [-] [81416] Writing DB stats keystone:SELECT=100 {{(pid=81416) stat_writer /usr/local/lib/python3.8/dist-packages/dbcounter.py:114}}
Aug 28 00:44:25.511247 dv-osbrick-master-4-smb devstack@keystone.service[81415]: DEBUG dbcounter [-] [81415] Writing DB stats keystone:SELECT=100 {{(pid=81415) stat_writer /usr/local/lib/python3.8/dist-packages/dbcounter.py:114}}
Aug 28 00:44:25.610104 dv-osbrick-master-4-smb devstack@keystone.service[81415]: DEBUG keystone.server.flask.request_processing.middleware.auth_context [None req-38bd8002-1a5b-43af-a4c7-19e80303186c None admin] Validating token access rules against request {{(pid=81415) validate_allowed_request /usr/local/lib/python3.8/dist-packages/keystonemiddleware/auth_token/__init__.py:545}}
Aug 28 00:44:25.618224 dv-osbrick-master-4-smb devstack@keystone.service[81416]: DEBUG keystone.server.flask.request_processing.middleware.auth_context [None req-0010d1c7-fb08-4967-9de7-e02b5a3c1aa9 None None] Validating token access rules against request {{(pid=81416) validate_allowed_request /usr/local/lib/python3.8/dist-packages/keystonemiddleware/auth_token/__init__.py:545}}
Aug 28 00:44:25.654973 dv-osbrick-master-4-smb devstack@keystone.service[81416]: DEBUG keystone.server.flask.request_processing.middleware.auth_context [None req-9366856b-0883-4c5f-909b-d18f0cfe70e2 None admin] RBAC: auth_context: {'token': , 'domain_id': None, 'trust_id': None, 'trustor_id': None, 'trustee_id': None, 'domain_name': None, 'group_ids': [], 'user_id': '244d6e9519d540fcb92f34c8c93318e5', 'user_domain_id': 'default', 'system_scope': 'all', 'project_id': None, 'project_domain_id': None, 'roles': ['admin', 'member', 'reader'], 'is_admin_project': True, 'service_user_id': None, 'service_user_domain_id': None, 'service_project_id': None, 'service_project_domain_id': None, 'service_roles': []} {{(pid=81416) fill_context /opt/stack/keystone/keystone/server/flask/request_processing/middleware/auth_context.py:478}}
Aug 28 00:44:25.655169 dv-osbrick-master-4-smb devstack@keystone.service[81415]: DEBUG keystone.server.flask.request_processing.middleware.auth_context [None req-71d28370-0f13-459d-b936-9bc7fbdffa66 None admin] RBAC: auth_context: {'token': , 'domain_id': None, 'trust_id': None, 'trustor_id': None, 'trustee_id': None, 'domain_name': None, 'group_ids': [], 'user_id': '244d6e9519d540fcb92f34c8c93318e5', 'user_domain_id': 'default', 'system_scope': 'all', 'project_id': None, 'project_domain_id': None, 'roles': ['admin', 'member', 'reader'], 'is_admin_project': True, 'service_user_id': None, 'service_user_domain_id': None, 'service_project_id': None, 'service_project_domain_id': None, 'service_roles': []} {{(pid=81415) fill_context /opt/stack/keystone/keystone/server/flask/request_processing/middleware/auth_context.py:478}}
Aug 28 00:44:25.655694 dv-osbrick-master-4-smb devstack@keystone.service[81415]: DEBUG keystone.server.flask.request_processing.req_logging [None req-71d28370-0f13-459d-b936-9bc7fbdffa66 None admin] REQUEST_METHOD: `PUT` {{(pid=81415) log_request_info /opt/stack/keystone/keystone/server/flask/request_processing/req_logging.py:27}}
Aug 28 00:44:25.655949 dv-osbrick-master-4-smb devstack@keystone.service[81416]: DEBUG keystone.server.flask.request_processing.req_logging [None req-9366856b-0883-4c5f-909b-d18f0cfe70e2 None admin] REQUEST_METHOD: `GET` {{(pid=81416) log_request_info /opt/stack/keystone/keystone/server/flask/request_processing/req_logging.py:27}}
Aug 28 00:44:25.656052 dv-osbrick-master-4-smb devstack@keystone.service[81415]: DEBUG keystone.server.flask.request_processing.req_logging [None req-71d28370-0f13-459d-b936-9bc7fbdffa66 None admin] SCRIPT_NAME: `/identity` {{(pid=81415) log_request_info /opt/stack/keystone/keystone/server/flask/request_processing/req_logging.py:28}}
Aug 28 00:44:25.656270 dv-osbrick-master-4-smb devstack@keystone.service[81415]: DEBUG keystone.server.flask.request_processing.req_logging [None req-71d28370-0f13-459d-b936-9bc7fbdffa66 None admin] PATH_INFO: `/v3/projects/2613f34d3f6a40d2afaabb6c08514b72/users/244d6e9519d540fcb92f34c8c93318e5/roles/47bc38b5db4e469dacf21edfd431e533` {{(pid=81415) log_request_info /opt/stack/keystone/keystone/server/flask/request_processing/req_logging.py:29}}
Aug 28 00:44:25.656520 dv-osbrick-master-4-smb devstack@keystone.service[81416]: DEBUG keystone.server.flask.request_processing.req_logging [None req-9366856b-0883-4c5f-909b-d18f0cfe70e2 None admin] SCRIPT_NAME: `/identity` {{(pid=81416) log_request_info /opt/stack/keystone/keystone/server/flask/request_processing/req_logging.py:28}}
Aug 28 00:44:25.656897 dv-osbrick-master-4-smb devstack@keystone.service[81416]: DEBUG keystone.server.flask.request_processing.req_logging [None req-9366856b-0883-4c5f-909b-d18f0cfe70e2 None admin] PATH_INFO: `/v3/roles/anotherrole` {{(pid=81416) log_request_info /opt/stack/keystone/keystone/server/flask/request_processing/req_logging.py:29}}
Aug 28 00:44:25.658188 dv-osbrick-master-4-smb devstack@keystone.service[81415]: DEBUG keystone.common.rbac_enforcer.enforcer [None req-71d28370-0f13-459d-b936-9bc7fbdffa66 None admin] RBAC: Authorizing `identity:create_grant(project_id=2613f34d3f6a40d2afaabb6c08514b72, user_id=244d6e9519d540fcb92f34c8c93318e5, role_id=47bc38b5db4e469dacf21edfd431e533)` {{(pid=81415) enforce_call /opt/stack/keystone/keystone/common/rbac_enforcer/enforcer.py:449}}
Aug 28 00:44:25.660338 dv-osbrick-master-4-smb devstack@keystone.service[81415]: DEBUG keystone.common.rbac_enforcer.enforcer [None req-71d28370-0f13-459d-b936-9bc7fbdffa66 None admin] RBAC: Authorization granted {{(pid=81415) enforce_call /opt/stack/keystone/keystone/common/rbac_enforcer/enforcer.py:457}}
Aug 28 00:44:25.668909 dv-osbrick-master-4-smb devstack@keystone.service[81416]: DEBUG keystone.common.rbac_enforcer.enforcer [None req-9366856b-0883-4c5f-909b-d18f0cfe70e2 None admin] Extracting inferred target data resulted in "NOT FOUND (404)". {{(pid=81416) enforce_call /opt/stack/keystone/keystone/common/rbac_enforcer/enforcer.py:409}}
Aug 28 00:44:25.674799 dv-osbrick-master-4-smb devstack@keystone.service[81416]: ERROR keystone.server.flask.application [None req-9366856b-0883-4c5f-909b-d18f0cfe70e2 None admin] Could not find role: anotherrole.: keystone.exception.RoleNotFound: Could not find role: anotherrole.
Aug 28 00:44:25.674799 dv-osbrick-master-4-smb devstack@keystone.service[81416]: ERROR keystone.server.flask.application
Traceback (most recent call last):
Aug 28 00:44:25.674799 dv-osbrick-master-4-smb devstack@keystone.service[81416]: ERROR keystone.server.flask.application
File "/usr/local/lib/python3.8/dist-packages/flask/app.py", line 1820, in full_dispatch_request
Aug 28 00:44:25.674799 dv-osbrick-master-4-smb devstack@keystone.service[81416]: ERROR keystone.server.flask.application rv = self.dispatch_request()
Aug 28 00:44:25.674799 dv-osbrick-master-4-smb devstack@keystone.service[81416]: ERROR keystone.server.flask.application
File "/usr/local/lib/python3.8/dist-packages/flask/app.py", line 1796, in dispatch_request
Aug 28 00:44:25.674799 dv-osbrick-master-4-smb devstack@keystone.service[81416]: ERROR keystone.server.flask.application return self.ensure_sync(self.view_functions[rule.endpoint])(**view_args)
Aug 28 00:44:25.674799 dv-osbrick-master-4-smb devstack@keystone.service[81416]: ERROR keystone.server.flask.application
File "/usr/local/lib/python3.8/dist-packages/flask_restful/__init__.py", line 467, in wrapper
Aug 28 00:44:25.674799 dv-osbrick-master-4-smb devstack@keystone.service[81416]: ERROR keystone.server.flask.application resp = resource(*args, **kwargs)
Aug 28 00:44:25.674799 dv-osbrick-master-4-smb devstack@keystone.service[81416]: ERROR keystone.server.flask.application
File "/usr/local/lib/python3.8/dist-packages/flask/views.py", line 107, in view
Aug 28 00:44:25.674799 dv-osbrick-master-4-smb devstack@keystone.service[81416]: ERROR keystone.server.flask.application return current_app.ensure_sync(self.dispatch_request)(**kwargs)
Aug 28 00:44:25.674799 dv-osbrick-master-4-smb devstack@keystone.service[81416]: ERROR keystone.server.flask.application
File "/usr/local/lib/python3.8/dist-packages/flask_restful/__init__.py", line 582, in dispatch_request
Aug 28 00:44:25.674799 dv-osbrick-master-4-smb devstack@keystone.service[81416]: ERROR keystone.server.flask.application resp = meth(*args, **kwargs)
Aug 28 00:44:25.674799 dv-osbrick-master-4-smb devstack@keystone.service[81416]: ERROR keystone.server.flask.application
File "/opt/stack/keystone/keystone/api/roles.py", line 50, in get
Aug 28 00:44:25.674799 dv-osbrick-master-4-smb devstack@keystone.service[81416]: ERROR keystone.server.flask.application return self._get_role(role_id)
Aug 28 00:44:25.674799 dv-osbrick-master-4-smb devstack@keystone.service[81416]: ERROR keystone.server.flask.application
File "/opt/stack/keystone/keystone/api/roles.py", line 70, in _get_role
Aug 28 00:44:25.674799 dv-osbrick-master-4-smb devstack@keystone.service[81416]: ERROR keystone.server.flask.application ENFORCER.enforce_call(action='identity:get_role')
Aug 28 00:44:25.675686 dv-osbrick-master-4-smb devstack@keystone.service[81416]: ERROR keystone.server.flask.application
File "/opt/stack/keystone/keystone/common/rbac_enforcer/enforcer.py", line 402, in enforce_call
Aug 28 00:44:25.675686 dv-osbrick-master-4-smb devstack@keystone.service[81416]: ERROR keystone.server.flask.application policy_dict.update(cls._extract_member_target_data(
Aug 28 00:44:25.675686 dv-osbrick-master-4-smb devstack@keystone.service[81416]: ERROR keystone.server.flask.application
File "/opt/stack/keystone/keystone/common/rbac_enforcer/enforcer.py", line 234, in _extract_member_target_data
Aug 28 00:44:25.675686 dv-osbrick-master-4-smb devstack@keystone.service[81416]: ERROR keystone.server.flask.application member_name: func(flask.request.view_args[key])
Aug 28 00:44:25.675686 dv-osbrick-master-4-smb devstack@keystone.service[81416]: ERROR keystone.server.flask.application
File "/opt/stack/keystone/keystone/common/manager.py", line 115, in wrapped
Aug 28 00:44:25.675686 dv-osbrick-master-4-smb devstack@keystone.service[81416]: ERROR keystone.server.flask.application __ret_val = __f(*args, **kwargs)
Aug 28 00:44:25.675686 dv-osbrick-master-4-smb devstack@keystone.service[81416]: ERROR keystone.server.flask.application
File "/usr/local/lib/python3.8/dist-packages/decorator.py", line 232, in fun
Aug 28 00:44:25.675686 dv-osbrick-master-4-smb devstack@keystone.service[81416]: ERROR keystone.server.flask.application return caller(func, *(extras + args), **kw)
Aug 28 00:44:25.675686 dv-osbrick-master-4-smb devstack@keystone.service[81416]: ERROR keystone.server.flask.application
File "/usr/local/lib/python3.8/dist-packages/dogpile/cache/region.py", line 1577, in get_or_create_for_user_func
Aug 28 00:44:25.675686 dv-osbrick-master-4-smb devstack@keystone.service[81416]: ERROR keystone.server.flask.application return self.get_or_create(
Aug 28 00:44:25.675686 dv-osbrick-master-4-smb devstack@keystone.service[81416]: ERROR keystone.server.flask.application
File "/usr/local/lib/python3.8/dist-packages/dogpile/cache/region.py", line 1042, in get_or_create
Aug 28 00:44:25.675686 dv-osbrick-master-4-smb devstack@keystone.service[81416]: ERROR keystone.server.flask.application with Lock(
Aug 28 00:44:25.675686 dv-osbrick-master-4-smb devstack@keystone.service[81416]: ERROR keystone.server.flask.application
File "/usr/local/lib/python3.8/dist-packages/dogpile/lock.py", line 185, in __enter__
Aug 28 00:44:25.675686 dv-osbrick-master-4-smb devstack@keystone.service[81416]: ERROR keystone.server.flask.application return self._enter()
Aug 28 00:44:25.675686 dv-osbrick-master-4-smb devstack@keystone.service[81416]: ERROR keystone.server.flask.application
File "/usr/local/lib/python3.8/dist-packages/dogpile/lock.py", line 94, in _enter
Aug 28 00:44:25.675686 dv-osbrick-master-4-smb devstack@keystone.service[81416]: ERROR keystone.server.flask.application generated = self._enter_create(value, createdtime)
Aug 28 00:44:25.681063 dv-osbrick-master-4-smb devstack@keystone.service[81416]: ERROR keystone.server.flask.application
File "/usr/local/lib/python3.8/dist-packages/dogpile/lock.py", line 178, in _enter_create
Aug 28 00:44:25.681063 dv-osbrick-master-4-smb devstack@keystone.service[81416]: ERROR keystone.server.flask.application return self.creator()
Aug 28 00:44:25.681063 dv-osbrick-master-4-smb devstack@keystone.service[81416]: ERROR keystone.server.flask.application
File "/usr/local/lib/python3.8/dist-packages/dogpile/cache/region.py", line 995, in gen_value
Aug 28 00:44:25.681063 dv-osbrick-master-4-smb devstack@keystone.service[81416]: ERROR keystone.server.flask.application created_value = creator(
Aug 28 00:44:25.681063 dv-osbrick-master-4-smb devstack@keystone.service[81416]: ERROR keystone.server.flask.application
File "/opt/stack/keystone/keystone/assignment/core.py", line 1276, in get_role
Aug 28 00:44:25.681063 dv-osbrick-master-4-smb devstack@keystone.service[81416]: ERROR keystone.server.flask.application return self.driver.get_role(role_id)
Aug 28 00:44:25.681063 dv-osbrick-master-4-smb devstack@keystone.service[81416]: ERROR keystone.server.flask.application
File "/opt/stack/keystone/keystone/assignment/role_backends/sql.py", line 70, in get_role
Aug 28 00:44:25.681063 dv-osbrick-master-4-smb devstack@keystone.service[81416]: ERROR keystone.server.flask.application return self._get_role(session, role_id).to_dict()
Aug 28 00:44:25.681063 dv-osbrick-master-4-smb devstack@keystone.service[81416]: ERROR keystone.server.flask.application
File "/opt/stack/keystone/keystone/assignment/role_backends/sql.py", line 65, in _get_role
Aug 28 00:44:25.681063 dv-osbrick-master-4-smb devstack@keystone.service[81416]: ERROR keystone.server.flask.application raise exception.RoleNotFound(role_id=role_id)
Aug 28 00:44:25.681063 dv-osbrick-master-4-smb devstack@keystone.service[81416]: ERROR keystone.server.flask.application keystone.exception.RoleNotFound: Could not find role: anotherrole.
Aug 28 00:44:25.681063 dv-osbrick-master-4-smb devstack@keystone.service[81416]: ERROR keystone.server.flask.application
Aug 28 00:44:25.681063 dv-osbrick-master-4-smb devstack@keystone.service[81416]: [pid: 81416|app: 0|req: 62/123] 10.222.0.45 () {56 vars in 1114 bytes} [Sun Aug 28 00:44:25 2022] GET /identity/v3/roles/anotherrole => generated 89 bytes in 183 msecs (HTTP/1.1 404) 5 headers in 183 bytes (1 switches on core 0)
Aug 28 00:44:25.681063 dv-osbrick-master-4-smb devstack@keystone.service[81416]: DEBUG keystone.server.flask.request_processing.middleware.auth_context [None req-9366856b-0883-4c5f-909b-d18f0cfe70e2 None admin] Authenticating user token {{(pid=81416) process_request /usr/local/lib/python3.8/dist-packages/keystonemiddleware/auth_token/__init__.py:407}}
Aug 28 00:44:25.684331 dv-osbrick-master-4-smb devstack@keystone.service[81415]: [pid: 81415|app: 0|req: 62/124] 10.222.0.45 () {58 vars in 1439 bytes} [Sun Aug 28 00:44:25 2022] PUT /identity/v3/projects/2613f34d3f6a40d2afaabb6c08514b72/users/244d6e9519d540fcb92f34c8c93318e5/roles/47bc38b5db4e469dacf21edfd431e533 => generated 0 bytes in 202 msecs (HTTP/1.1 204) 3 headers in 132 bytes (0 switches on core 0)
Aug 28 00:44:25.685413 dv-osbrick-master-4-smb devstack@keystone.service[81415]: DEBUG keystone.server.flask.request_processing.middleware.auth_context [None req-71d28370-0f13-459d-b936-9bc7fbdffa66 None admin] Authenticating user token {{(pid=81415) process_request /usr/local/lib/python3.8/dist-packages/keystonemiddleware/auth_token/__init__.py:407}}
Aug 28 00:44:25.773421 dv-osbrick-master-4-smb devstack@keystone.service[81416]: DEBUG dbcounter [-] [81416] Writing DB stats keystone:SELECT=100 {{(pid=81416) stat_writer /usr/local/lib/python3.8/dist-packages/dbcounter.py:114}}
Aug 28 00:44:25.784445 dv-osbrick-master-4-smb devstack@keystone.service[81415]: DEBUG dbcounter [-] [81415] Writing DB stats keystone:SELECT=99,keystone:INSERT=1 {{(pid=81415) stat_writer /usr/local/lib/python3.8/dist-packages/dbcounter.py:114}}
Aug 28 00:44:25.826167 dv-osbrick-master-4-smb devstack@keystone.service[81415]: DEBUG keystone.server.flask.request_processing.middleware.auth_context [None req-71d28370-0f13-459d-b936-9bc7fbdffa66 None admin] Validating token access rules against request {{(pid=81415) validate_allowed_request /usr/local/lib/python3.8/dist-packages/keystonemiddleware/auth_token/__init__.py:545}}
Aug 28 00:44:25.828115 dv-osbrick-master-4-smb devstack@keystone.service[81416]: DEBUG keystone.server.flask.request_processing.middleware.auth_context [None req-9366856b-0883-4c5f-909b-d18f0cfe70e2 None admin] Validating token access rules against request {{(pid=81416) validate_allowed_request /usr/local/lib/python3.8/dist-packages/keystonemiddleware/auth_token/__init__.py:545}}
Aug 28 00:44:25.869309 dv-osbrick-master-4-smb devstack@keystone.service[81415]: DEBUG keystone.server.flask.request_processing.middleware.auth_context [None req-806fc4ee-a4c4-4f47-b6d8-f9faabd88a4e None admin] RBAC: auth_context: {'token': , 'domain_id': None, 'trust_id': None, 'trustor_id': None, 'trustee_id': None, 'domain_name': None, 'group_ids': [], 'user_id': '244d6e9519d540fcb92f34c8c93318e5', 'user_domain_id': 'default', 'system_scope': 'all', 'project_id': None, 'project_domain_id': None, 'roles': ['admin', 'member', 'reader'], 'is_admin_project': True, 'service_user_id': None, 'service_user_domain_id': None, 'service_project_id': None, 'service_project_domain_id': None, 'service_roles': []} {{(pid=81415) fill_context /opt/stack/keystone/keystone/server/flask/request_processing/middleware/auth_context.py:478}}
Aug 28 00:44:25.869988 dv-osbrick-master-4-smb devstack@keystone.service[81415]: DEBUG keystone.server.flask.request_processing.req_logging [None req-806fc4ee-a4c4-4f47-b6d8-f9faabd88a4e None admin] REQUEST_METHOD: `PUT` {{(pid=81415) log_request_info /opt/stack/keystone/keystone/server/flask/request_processing/req_logging.py:27}}
Aug 28 00:44:25.870276 dv-osbrick-master-4-smb devstack@keystone.service[81415]: DEBUG keystone.server.flask.request_processing.req_logging [None req-806fc4ee-a4c4-4f47-b6d8-f9faabd88a4e None admin] SCRIPT_NAME: `/identity` {{(pid=81415) log_request_info /opt/stack/keystone/keystone/server/flask/request_processing/req_logging.py:28}}
Aug 28 00:44:25.870554 dv-osbrick-master-4-smb devstack@keystone.service[81415]: DEBUG keystone.server.flask.request_processing.req_logging [None req-806fc4ee-a4c4-4f47-b6d8-f9faabd88a4e None admin] PATH_INFO: `/v3/projects/2613f34d3f6a40d2afaabb6c08514b72/users/7ad3ba37dd764f7e9797d241b0e8748f/roles/e19b307fd0594dfda34c180febcf2802` {{(pid=81415) log_request_info /opt/stack/keystone/keystone/server/flask/request_processing/req_logging.py:29}}
Aug 28 00:44:25.871834 dv-osbrick-master-4-smb devstack@keystone.service[81416]: DEBUG keystone.server.flask.request_processing.middleware.auth_context [None req-e4c3b814-60ed-49f2-bce9-ea9613b5e99c None admin] RBAC: auth_context: {'token': , 'domain_id': None, 'trust_id': None, 'trustor_id': None, 'trustee_id': None, 'domain_name': None, 'group_ids': [], 'user_id': '244d6e9519d540fcb92f34c8c93318e5', 'user_domain_id': 'default', 'system_scope': 'all', 'project_id': None, 'project_domain_id': None, 'roles': ['admin', 'member', 'reader'], 'is_admin_project': True, 'service_user_id': None, 'service_user_domain_id': None, 'service_project_id': None, 'service_project_domain_id': None, 'service_roles': []} {{(pid=81416) fill_context /opt/stack/keystone/keystone/server/flask/request_processing/middleware/auth_context.py:478}}
Aug 28 00:44:25.872740 dv-osbrick-master-4-smb devstack@keystone.service[81416]: DEBUG keystone.server.flask.request_processing.req_logging [None req-e4c3b814-60ed-49f2-bce9-ea9613b5e99c None admin] REQUEST_METHOD: `GET` {{(pid=81416) log_request_info /opt/stack/keystone/keystone/server/flask/request_processing/req_logging.py:27}}
Aug 28 00:44:25.872848 dv-osbrick-master-4-smb devstack@keystone.service[81415]: DEBUG keystone.common.rbac_enforcer.enforcer [None req-806fc4ee-a4c4-4f47-b6d8-f9faabd88a4e None admin] RBAC: Authorizing `identity:create_grant(project_id=2613f34d3f6a40d2afaabb6c08514b72, user_id=7ad3ba37dd764f7e9797d241b0e8748f, role_id=e19b307fd0594dfda34c180febcf2802)` {{(pid=81415) enforce_call /opt/stack/keystone/keystone/common/rbac_enforcer/enforcer.py:449}}
Aug 28 00:44:25.873452 dv-osbrick-master-4-smb devstack@keystone.service[81416]: DEBUG keystone.server.flask.request_processing.req_logging [None req-e4c3b814-60ed-49f2-bce9-ea9613b5e99c None admin] SCRIPT_NAME: `/identity` {{(pid=81416) log_request_info /opt/stack/keystone/keystone/server/flask/request_processing/req_logging.py:28}}
Aug 28 00:44:25.873906 dv-osbrick-master-4-smb devstack@keystone.service[81416]: DEBUG keystone.server.flask.request_processing.req_logging [None req-e4c3b814-60ed-49f2-bce9-ea9613b5e99c None admin] PATH_INFO: `/v3/auth/tokens` {{(pid=81416) log_request_info /opt/stack/keystone/keystone/server/flask/request_processing/req_logging.py:29}}
Aug 28 00:44:25.874254 dv-osbrick-master-4-smb devstack@keystone.service[81415]: DEBUG keystone.common.rbac_enforcer.enforcer [None req-806fc4ee-a4c4-4f47-b6d8-f9faabd88a4e None admin] RBAC: Authorization granted {{(pid=81415) enforce_call /opt/stack/keystone/keystone/common/rbac_enforcer/enforcer.py:457}}
Aug 28 00:44:25.892373 dv-osbrick-master-4-smb devstack@keystone.service[81415]: [pid: 81415|app: 0|req: 63/125] 10.222.0.45 () {58 vars in 1439 bytes} [Sun Aug 28 00:44:25 2022] PUT /identity/v3/projects/2613f34d3f6a40d2afaabb6c08514b72/users/7ad3ba37dd764f7e9797d241b0e8748f/roles/e19b307fd0594dfda34c180febcf2802 => generated 0 bytes in 207 msecs (HTTP/1.1 204) 3 headers in 132 bytes (0 switches on core 0)
Aug 28 00:44:25.893387 dv-osbrick-master-4-smb devstack@keystone.service[81415]: DEBUG keystone.server.flask.request_processing.middleware.auth_context [None req-806fc4ee-a4c4-4f47-b6d8-f9faabd88a4e None admin] Authenticating user token {{(pid=81415) process_request /usr/local/lib/python3.8/dist-packages/keystonemiddleware/auth_token/__init__.py:407}}
Aug 28 00:44:25.981492 dv-osbrick-master-4-smb devstack@keystone.service[81416]: DEBUG keystone.common.rbac_enforcer.enforcer [None req-e4c3b814-60ed-49f2-bce9-ea9613b5e99c None admin] RBAC: Authorizing `identity:validate_token()` {{(pid=81416) enforce_call /opt/stack/keystone/keystone/common/rbac_enforcer/enforcer.py:449}}
Aug 28 00:44:25.983128 dv-osbrick-master-4-smb devstack@keystone.service[81416]: DEBUG keystone.common.rbac_enforcer.enforcer [None req-e4c3b814-60ed-49f2-bce9-ea9613b5e99c None admin] RBAC: Authorization granted {{(pid=81416) enforce_call /opt/stack/keystone/keystone/common/rbac_enforcer/enforcer.py:457}}
Aug 28 00:44:26.037712 dv-osbrick-master-4-smb devstack@keystone.service[81415]: DEBUG keystone.server.flask.request_processing.middleware.auth_context [None req-806fc4ee-a4c4-4f47-b6d8-f9faabd88a4e None admin] Validating token access rules against request {{(pid=81415) validate_allowed_request /usr/local/lib/python3.8/dist-packages/keystonemiddleware/auth_token/__init__.py:545}}
Aug 28 00:44:26.063763 dv-osbrick-master-4-smb devstack@keystone.service[81416]: DEBUG dbcounter [-] [81416] Writing DB stats keystone:SELECT=100 {{(pid=81416) stat_writer /usr/local/lib/python3.8/dist-packages/dbcounter.py:114}}
Aug 28 00:44:26.103553 dv-osbrick-master-4-smb devstack@keystone.service[81415]: DEBUG keystone.server.flask.request_processing.middleware.auth_context [None req-32dde6cf-2002-4070-ba61-1e9d646f681c None admin] RBAC: auth_context: {'token': , 'domain_id': None, 'trust_id': None, 'trustor_id': None, 'trustee_id': None, 'domain_name': None, 'group_ids': [], 'user_id': '244d6e9519d540fcb92f34c8c93318e5', 'user_domain_id': 'default', 'system_scope': 'all', 'project_id': None, 'project_domain_id': None, 'roles': ['admin', 'member', 'reader'], 'is_admin_project': True, 'service_user_id': None, 'service_user_domain_id': None, 'service_project_id': None, 'service_project_domain_id': None, 'service_roles': []} {{(pid=81415) fill_context /opt/stack/keystone/keystone/server/flask/request_processing/middleware/auth_context.py:478}}
Aug 28 00:44:26.104553 dv-osbrick-master-4-smb devstack@keystone.service[81415]: DEBUG keystone.server.flask.request_processing.req_logging [None req-32dde6cf-2002-4070-ba61-1e9d646f681c None admin] REQUEST_METHOD: `GET` {{(pid=81415) log_request_info /opt/stack/keystone/keystone/server/flask/request_processing/req_logging.py:27}}
Aug 28 00:44:26.105050 dv-osbrick-master-4-smb devstack@keystone.service[81415]: DEBUG keystone.server.flask.request_processing.req_logging [None req-32dde6cf-2002-4070-ba61-1e9d646f681c None admin] SCRIPT_NAME: `/identity` {{(pid=81415) log_request_info /opt/stack/keystone/keystone/server/flask/request_processing/req_logging.py:28}}
Aug 28 00:44:26.105569 dv-osbrick-master-4-smb devstack@keystone.service[81415]: DEBUG keystone.server.flask.request_processing.req_logging [None req-32dde6cf-2002-4070-ba61-1e9d646f681c None admin] PATH_INFO: `/v3/roles` {{(pid=81415) log_request_info /opt/stack/keystone/keystone/server/flask/request_processing/req_logging.py:29}}
Aug 28 00:44:26.106538 dv-osbrick-master-4-smb devstack@keystone.service[81415]: DEBUG keystone.common.rbac_enforcer.enforcer [None req-32dde6cf-2002-4070-ba61-1e9d646f681c None admin] RBAC: Adding query filter params (name=anotherrole) {{(pid=81415) _extract_filter_values /opt/stack/keystone/keystone/common/rbac_enforcer/enforcer.py:167}}
Aug 28 00:44:26.107105 dv-osbrick-master-4-smb devstack@keystone.service[81415]: DEBUG keystone.common.rbac_enforcer.enforcer [None req-32dde6cf-2002-4070-ba61-1e9d646f681c None admin] RBAC: Authorizing `identity:list_roles()` {{(pid=81415) enforce_call /opt/stack/keystone/keystone/common/rbac_enforcer/enforcer.py:449}}
Aug 28 00:44:26.109013 dv-osbrick-master-4-smb devstack@keystone.service[81415]: DEBUG keystone.common.rbac_enforcer.enforcer [None req-32dde6cf-2002-4070-ba61-1e9d646f681c None admin] RBAC: Authorization granted {{(pid=81415) enforce_call /opt/stack/keystone/keystone/common/rbac_enforcer/enforcer.py:457}}
Aug 28 00:44:26.109553 dv-osbrick-master-4-smb devstack@keystone.service[81416]: [pid: 81416|app: 0|req: 63/126] 10.222.0.45 () {58 vars in 1282 bytes} [Sun Aug 28 00:44:25 2022] GET /identity/v3/auth/tokens => generated 799 bytes in 433 msecs (HTTP/1.1 200) 6 headers in 358 bytes (1 switches on core 0)
Aug 28 00:44:26.110413 dv-osbrick-master-4-smb devstack@keystone.service[81416]: DEBUG keystone.server.flask.request_processing.middleware.auth_context [None req-e4c3b814-60ed-49f2-bce9-ea9613b5e99c None admin] Authenticating user token {{(pid=81416) process_request /usr/local/lib/python3.8/dist-packages/keystonemiddleware/auth_token/__init__.py:407}}
Aug 28 00:44:26.120801 dv-osbrick-master-4-smb devstack@keystone.service[81415]: [pid: 81415|app: 0|req: 64/127] 10.222.0.45 () {56 vars in 1111 bytes} [Sun Aug 28 00:44:25 2022] GET /identity/v3/roles?name=anotherrole => generated 334 bytes in 228 msecs (HTTP/1.1 200) 5 headers in 177 bytes (1 switches on core 0)
Aug 28 00:44:26.121968 dv-osbrick-master-4-smb devstack@keystone.service[81415]: DEBUG keystone.server.flask.request_processing.middleware.auth_context [None req-32dde6cf-2002-4070-ba61-1e9d646f681c None admin] Authenticating user token {{(pid=81415) process_request /usr/local/lib/python3.8/dist-packages/keystonemiddleware/auth_token/__init__.py:407}}
Aug 28 00:44:26.148361 dv-osbrick-master-4-smb devstack@keystone.service[81415]: DEBUG dbcounter [-] [81415] Writing DB stats keystone:SELECT=99,keystone:INSERT=1 {{(pid=81415) stat_writer /usr/local/lib/python3.8/dist-packages/dbcounter.py:114}}
Aug 28 00:44:26.242519 dv-osbrick-master-4-smb devstack@keystone.service[81416]: DEBUG keystone.server.flask.request_processing.middleware.auth_context [None req-e4c3b814-60ed-49f2-bce9-ea9613b5e99c None admin] Validating token access rules against request {{(pid=81416) validate_allowed_request /usr/local/lib/python3.8/dist-packages/keystonemiddleware/auth_token/__init__.py:545}}
Aug 28 00:44:26.288446 dv-osbrick-master-4-smb devstack@keystone.service[81415]: DEBUG keystone.server.flask.request_processing.middleware.auth_context [None req-32dde6cf-2002-4070-ba61-1e9d646f681c None admin] Validating token access rules against request {{(pid=81415) validate_allowed_request /usr/local/lib/python3.8/dist-packages/keystonemiddleware/auth_token/__init__.py:545}}
Aug 28 00:44:26.306667 dv-osbrick-master-4-smb devstack@keystone.service[81416]: DEBUG keystone.server.flask.request_processing.middleware.auth_context [None req-d1be2a78-948e-4c4a-9ad6-dd76253da8a6 None admin] RBAC: auth_context: {'token': , 'domain_id': None, 'trust_id': None, 'trustor_id': None, 'trustee_id': None, 'domain_name': None, 'group_ids': [], 'user_id': '244d6e9519d540fcb92f34c8c93318e5', 'user_domain_id': 'default', 'system_scope': 'all', 'project_id': None, 'project_domain_id': None, 'roles': ['admin', 'member', 'reader'], 'is_admin_project': True, 'service_user_id': None, 'service_user_domain_id': None, 'service_project_id': None, 'service_project_domain_id': None, 'service_roles': []} {{(pid=81416) fill_context /opt/stack/keystone/keystone/server/flask/request_processing/middleware/auth_context.py:478}}
Aug 28 00:44:26.307399 dv-osbrick-master-4-smb devstack@keystone.service[81416]: DEBUG keystone.server.flask.request_processing.req_logging [None req-d1be2a78-948e-4c4a-9ad6-dd76253da8a6 None admin] REQUEST_METHOD: `GET` {{(pid=81416) log_request_info /opt/stack/keystone/keystone/server/flask/request_processing/req_logging.py:27}}
Aug 28 00:44:26.307685 dv-osbrick-master-4-smb devstack@keystone.service[81416]: DEBUG keystone.server.flask.request_processing.req_logging [None req-d1be2a78-948e-4c4a-9ad6-dd76253da8a6 None admin] SCRIPT_NAME: `/identity` {{(pid=81416) log_request_info /opt/stack/keystone/keystone/server/flask/request_processing/req_logging.py:28}}
Aug 28 00:44:26.307964 dv-osbrick-master-4-smb devstack@keystone.service[81416]: DEBUG keystone.server.flask.request_processing.req_logging [None req-d1be2a78-948e-4c4a-9ad6-dd76253da8a6 None admin] PATH_INFO: `/v3/roles/member` {{(pid=81416) log_request_info /opt/stack/keystone/keystone/server/flask/request_processing/req_logging.py:29}}
Aug 28 00:44:26.324365 dv-osbrick-master-4-smb devstack@keystone.service[81416]: DEBUG keystone.common.rbac_enforcer.enforcer [None req-d1be2a78-948e-4c4a-9ad6-dd76253da8a6 None admin] Extracting inferred target data resulted in "NOT FOUND (404)". {{(pid=81416) enforce_call /opt/stack/keystone/keystone/common/rbac_enforcer/enforcer.py:409}}
Aug 28 00:44:26.325909 dv-osbrick-master-4-smb devstack@keystone.service[81415]: DEBUG keystone.server.flask.request_processing.middleware.auth_context [None req-be615eab-4695-41be-ab97-5bd17e5e4148 None admin] RBAC: auth_context: {'token': , 'domain_id': None, 'trust_id': None, 'trustor_id': None, 'trustee_id': None, 'domain_name': None, 'group_ids': [], 'user_id': '244d6e9519d540fcb92f34c8c93318e5', 'user_domain_id': 'default', 'system_scope': 'all', 'project_id': None, 'project_domain_id': None, 'roles': ['admin', 'member', 'reader'], 'is_admin_project': True, 'service_user_id': None, 'service_user_domain_id': None, 'service_project_id': None, 'service_project_domain_id': None, 'service_roles': []} {{(pid=81415) fill_context /opt/stack/keystone/keystone/server/flask/request_processing/middleware/auth_context.py:478}}
Aug 28 00:44:26.326666 dv-osbrick-master-4-smb devstack@keystone.service[81415]: DEBUG keystone.server.flask.request_processing.req_logging [None req-be615eab-4695-41be-ab97-5bd17e5e4148 None admin] REQUEST_METHOD: `GET` {{(pid=81415) log_request_info /opt/stack/keystone/keystone/server/flask/request_processing/req_logging.py:27}}
Aug 28 00:44:26.327050 dv-osbrick-master-4-smb devstack@keystone.service[81415]: DEBUG keystone.server.flask.request_processing.req_logging [None req-be615eab-4695-41be-ab97-5bd17e5e4148 None admin] SCRIPT_NAME: `/identity` {{(pid=81415) log_request_info /opt/stack/keystone/keystone/server/flask/request_processing/req_logging.py:28}}
Aug 28 00:44:26.327428 dv-osbrick-master-4-smb devstack@keystone.service[81415]: DEBUG keystone.server.flask.request_processing.req_logging [None req-be615eab-4695-41be-ab97-5bd17e5e4148 None admin] PATH_INFO: `/v3/projects/2613f34d3f6a40d2afaabb6c08514b72` {{(pid=81415) log_request_info /opt/stack/keystone/keystone/server/flask/request_processing/req_logging.py:29}}
Aug 28 00:44:26.328681 dv-osbrick-master-4-smb devstack@keystone.service[81415]: DEBUG keystone.common.rbac_enforcer.enforcer [None req-be615eab-4695-41be-ab97-5bd17e5e4148 None admin] RBAC: Authorizing `identity:get_project(project_id=2613f34d3f6a40d2afaabb6c08514b72)` {{(pid=81415) enforce_call /opt/stack/keystone/keystone/common/rbac_enforcer/enforcer.py:449}}
Aug 28 00:44:26.329190 dv-osbrick-master-4-smb devstack@keystone.service[81416]: ERROR keystone.server.flask.application [None req-d1be2a78-948e-4c4a-9ad6-dd76253da8a6 None admin] Could not find role: member.: keystone.exception.RoleNotFound: Could not find role: member.
Aug 28 00:44:26.329190 dv-osbrick-master-4-smb devstack@keystone.service[81416]: ERROR keystone.server.flask.application
Traceback (most recent call last):
Aug 28 00:44:26.329190 dv-osbrick-master-4-smb devstack@keystone.service[81416]: ERROR keystone.server.flask.application
File "/usr/local/lib/python3.8/dist-packages/flask/app.py", line 1820, in full_dispatch_request
Aug 28 00:44:26.329190 dv-osbrick-master-4-smb devstack@keystone.service[81416]: ERROR keystone.server.flask.application rv = self.dispatch_request()
Aug 28 00:44:26.329190 dv-osbrick-master-4-smb devstack@keystone.service[81416]: ERROR keystone.server.flask.application
File "/usr/local/lib/python3.8/dist-packages/flask/app.py", line 1796, in dispatch_request
Aug 28 00:44:26.329190 dv-osbrick-master-4-smb devstack@keystone.service[81416]: ERROR keystone.server.flask.application return self.ensure_sync(self.view_functions[rule.endpoint])(**view_args)
Aug 28 00:44:26.329190 dv-osbrick-master-4-smb devstack@keystone.service[81416]: ERROR keystone.server.flask.application
File "/usr/local/lib/python3.8/dist-packages/flask_restful/__init__.py", line 467, in wrapper
Aug 28 00:44:26.329190 dv-osbrick-master-4-smb devstack@keystone.service[81416]: ERROR keystone.server.flask.application resp = resource(*args, **kwargs)
Aug 28 00:44:26.329190 dv-osbrick-master-4-smb devstack@keystone.service[81416]: ERROR keystone.server.flask.application
File "/usr/local/lib/python3.8/dist-packages/flask/views.py", line 107, in view
Aug 28 00:44:26.329190 dv-osbrick-master-4-smb devstack@keystone.service[81416]: ERROR keystone.server.flask.application return current_app.ensure_sync(self.dispatch_request)(**kwargs)
Aug 28 00:44:26.329190 dv-osbrick-master-4-smb devstack@keystone.service[81416]: ERROR keystone.server.flask.application
File "/usr/local/lib/python3.8/dist-packages/flask_restful/__init__.py", line 582, in dispatch_request
