Jul 24 01:14:59.786343 dv-osbrick-master-4-smb devstack@n-api.service[117748]: DEBUG oslo_concurrency.lockutils [None req-e2d4a4d9-e96b-4fc4-8c1e-4d86d25851cc tempest-TestMinimumBasicScenario-387480006 tempest-TestMinimumBasicScenario-387480006-project] Lock "46f776ff-132b-47f5-8723-0decda5599f4" acquired by "nova.context.set_target_cell.<locals>.get_or_set_cached_cell_and_set_connections" :: waited 0.000s {{(pid=117748) inner /usr/local/lib/python3.8/dist-packages/oslo_concurrency/lockutils.py:386}}
Jul 24 01:14:59.787191 dv-osbrick-master-4-smb devstack@n-api.service[117748]: DEBUG oslo_concurrency.lockutils [None req-e2d4a4d9-e96b-4fc4-8c1e-4d86d25851cc tempest-TestMinimumBasicScenario-387480006 tempest-TestMinimumBasicScenario-387480006-project] Lock "46f776ff-132b-47f5-8723-0decda5599f4" "released" by "nova.context.set_target_cell.<locals>.get_or_set_cached_cell_and_set_connections" :: held 0.001s {{(pid=117748) inner /usr/local/lib/python3.8/dist-packages/oslo_concurrency/lockutils.py:400}}
Jul 24 01:15:00.227369 dv-osbrick-master-4-smb devstack@n-api.service[117748]: DEBUG nova.objects.instance [None req-e2d4a4d9-e96b-4fc4-8c1e-4d86d25851cc tempest-TestMinimumBasicScenario-387480006 tempest-TestMinimumBasicScenario-387480006-project] Lazy-loading 'services' on Instance uuid af9a9c31-ccfe-4b7f-8103-b6218d3e89b2 {{(pid=117748) obj_load_attr /opt/stack/nova/nova/objects/instance.py:1099}}
Jul 24 01:15:00.335382 dv-osbrick-master-4-smb devstack@n-api.service[117749]: INFO oslo.messaging._drivers.impl_rabbit [None req-09508155-b53a-4edb-9d7a-ecf44b3684f0 tempest-TestVolumeBootPattern-728865670 tempest-TestVolumeBootPattern-728865670-project] [3a565d35-3b7e-4959-a462-31038b596eb6] Reconnected to AMQP server on 10.222.0.46:5672 via [amqp] client with port 38584.
Jul 24 01:15:00.346499 dv-osbrick-master-4-smb devstack@n-api.service[117749]: INFO nova.api.openstack.requestlog [None req-09508155-b53a-4edb-9d7a-ecf44b3684f0 tempest-TestVolumeBootPattern-728865670 tempest-TestVolumeBootPattern-728865670-project] 10.222.0.46 "POST /compute/v2.1/servers" status: 202 len: 406 microversion: 2.1 time: 2.627829
Jul 24 01:15:00.348557 dv-osbrick-master-4-smb devstack@n-api.service[117749]: [pid: 117749|app: 0|req: 79/158] 10.222.0.46 () {60 vars in 1146 bytes} [Sun Jul 24 01:14:57 2022] POST /compute/v2.1/servers => generated 406 bytes in 2631 msecs (HTTP/1.1 202) 10 headers in 451 bytes (1 switches on core 0)
Jul 24 01:15:00.364101 dv-osbrick-master-4-smb devstack@n-api.service[117749]: DEBUG nova.api.openstack.wsgi [None req-0c8cc6ac-33f3-4be4-af48-8fd6f89927ed tempest-TestVolumeBootPattern-728865670 tempest-TestVolumeBootPattern-728865670-project] Calling method '<bound method ServersController.show of <nova.api.openstack.compute.servers.ServersController object at 0x7f0368e93130>>' {{(pid=117749) _process_stack /opt/stack/nova/nova/api/openstack/wsgi.py:513}}
Jul 24 01:15:00.365371 dv-osbrick-master-4-smb devstack@n-api.service[117749]: DEBUG nova.compute.api [None req-0c8cc6ac-33f3-4be4-af48-8fd6f89927ed tempest-TestVolumeBootPattern-728865670 tempest-TestVolumeBootPattern-728865670-project] [instance: e23da8fe-8509-4be3-9f62-65a55f1bd11d] Fetching instance by UUID {{(pid=117749) get /opt/stack/nova/nova/compute/api.py:2920}}
Jul 24 01:15:00.439839 dv-osbrick-master-4-smb devstack@n-api.service[117748]: INFO nova.api.openstack.requestlog [None req-e2d4a4d9-e96b-4fc4-8c1e-4d86d25851cc tempest-TestMinimumBasicScenario-387480006 tempest-TestMinimumBasicScenario-387480006-project] 10.222.0.46 "DELETE /compute/v2.1/servers/af9a9c31-ccfe-4b7f-8103-b6218d3e89b2/os-volume_attachments/d0b50e45-1fd7-4425-83b2-9acf415c0eee" status: 202 len: 0 microversion: 2.1 time: 0.677308
Jul 24 01:15:00.445744 dv-osbrick-master-4-smb devstack@n-api.service[117748]: [pid: 117748|app: 0|req: 80/159] 10.222.0.46 () {58 vars in 1415 bytes} [Sun Jul 24 01:14:59 2022] DELETE /compute/v2.1/servers/af9a9c31-ccfe-4b7f-8103-b6218d3e89b2/os-volume_attachments/d0b50e45-1fd7-4425-83b2-9acf415c0eee => generated 0 bytes in 687 msecs (HTTP/1.1 202) 9 headers in 361 bytes (1 switches on core 0)
Jul 24 01:15:00.459221 dv-osbrick-master-4-smb devstack@n-api.service[117748]: DEBUG nova.api.openstack.wsgi [None req-26b4f8b1-7f23-40a2-b5d1-dbb593a333cf tempest-TestMinimumBasicScenario-387480006 tempest-TestMinimumBasicScenario-387480006-project] Calling method '<bound method VolumeAttachmentController.index of <nova.api.openstack.compute.volumes.VolumeAttachmentController object at 0x7f0368de20a0>>' {{(pid=117748) _process_stack /opt/stack/nova/nova/api/openstack/wsgi.py:513}}
Jul 24 01:15:00.463820 dv-osbrick-master-4-smb devstack@n-api.service[117748]: DEBUG nova.compute.api [None req-26b4f8b1-7f23-40a2-b5d1-dbb593a333cf tempest-TestMinimumBasicScenario-387480006 tempest-TestMinimumBasicScenario-387480006-project] [instance: af9a9c31-ccfe-4b7f-8103-b6218d3e89b2] Fetching instance by UUID {{(pid=117748) get /opt/stack/nova/nova/compute/api.py:2920}}
Jul 24 01:15:00.472066 dv-osbrick-master-4-smb devstack@n-api.service[117748]: DEBUG oslo_concurrency.lockutils [None req-26b4f8b1-7f23-40a2-b5d1-dbb593a333cf tempest-TestMinimumBasicScenario-387480006 tempest-TestMinimumBasicScenario-387480006-project] Lock "46f776ff-132b-47f5-8723-0decda5599f4" acquired by "nova.context.set_target_cell.<locals>.get_or_set_cached_cell_and_set_connections" :: waited 0.000s {{(pid=117748) inner /usr/local/lib/python3.8/dist-packages/oslo_concurrency/lockutils.py:386}}
Jul 24 01:15:00.472907 dv-osbrick-master-4-smb devstack@n-api.service[117748]: DEBUG oslo_concurrency.lockutils [None req-26b4f8b1-7f23-40a2-b5d1-dbb593a333cf tempest-TestMinimumBasicScenario-387480006 tempest-TestMinimumBasicScenario-387480006-project] Lock "46f776ff-132b-47f5-8723-0decda5599f4" "released" by "nova.context.set_target_cell.<locals>.get_or_set_cached_cell_and_set_connections" :: held 0.002s {{(pid=117748) inner /usr/local/lib/python3.8/dist-packages/oslo_concurrency/lockutils.py:400}}
Jul 24 01:15:00.474122 dv-osbrick-master-4-smb devstack@n-api.service[117748]: DEBUG oslo_concurrency.lockutils [None req-26b4f8b1-7f23-40a2-b5d1-dbb593a333cf tempest-TestMinimumBasicScenario-387480006 tempest-TestMinimumBasicScenario-387480006-project] Lock "46f776ff-132b-47f5-8723-0decda5599f4" acquired by "nova.context.set_target_cell.<locals>.get_or_set_cached_cell_and_set_connections" :: waited 0.000s {{(pid=117748) inner /usr/local/lib/python3.8/dist-packages/oslo_concurrency/lockutils.py:386}}
Jul 24 01:15:00.474984 dv-osbrick-master-4-smb devstack@n-api.service[117748]: DEBUG oslo_concurrency.lockutils [None req-26b4f8b1-7f23-40a2-b5d1-dbb593a333cf tempest-TestMinimumBasicScenario-387480006 tempest-TestMinimumBasicScenario-387480006-project] Lock "46f776ff-132b-47f5-8723-0decda5599f4" "released" by "nova.context.set_target_cell.<locals>.get_or_set_cached_cell_and_set_connections" :: held 0.001s {{(pid=117748) inner /usr/local/lib/python3.8/dist-packages/oslo_concurrency/lockutils.py:400}}
Jul 24 01:15:00.529983 dv-osbrick-master-4-smb devstack@n-api.service[117749]: DEBUG nova.policy [None req-0c8cc6ac-33f3-4be4-af48-8fd6f89927ed tempest-TestVolumeBootPattern-728865670 tempest-TestVolumeBootPattern-728865670-project] Policy check for os_compute_api:os-extended-server-attributes failed with credentials {'is_admin': False, 'user_id': '9ffe8a12b9b5485fa813055178400b1d', 'user_domain_id': 'default', 'system_scope': None, 'domain_id': None, 'project_id': 'fa0f6719c701401bb088c6c8883b80cd', 'project_domain_id': 'default', 'roles': ['member', 'reader'], 'is_admin_project': True, 'service_user_id': None, 'service_user_domain_id': None, 'service_project_id': None, 'service_project_domain_id': None, 'service_roles': []} {{(pid=117749) authorize /opt/stack/nova/nova/policy.py:199}}
Jul 24 01:15:00.554347 dv-osbrick-master-4-smb devstack@n-api.service[117749]: INFO nova.api.openstack.requestlog [None req-0c8cc6ac-33f3-4be4-af48-8fd6f89927ed tempest-TestVolumeBootPattern-728865670 tempest-TestVolumeBootPattern-728865670-project] 10.222.0.46 "GET /compute/v2.1/servers/e23da8fe-8509-4be3-9f62-65a55f1bd11d" status: 200 len: 1094 microversion: 2.1 time: 0.199167
Jul 24 01:15:00.557857 dv-osbrick-master-4-smb devstack@n-api.service[117748]: INFO nova.api.openstack.requestlog [None req-26b4f8b1-7f23-40a2-b5d1-dbb593a333cf tempest-TestMinimumBasicScenario-387480006 tempest-TestMinimumBasicScenario-387480006-project] 10.222.0.46 "GET /compute/v2.1/servers/af9a9c31-ccfe-4b7f-8103-b6218d3e89b2/os-volume_attachments" status: 200 len: 197 microversion: 2.1 time: 0.110446
Jul 24 01:15:00.561073 dv-osbrick-master-4-smb devstack@n-api.service[117749]: [pid: 117749|app: 0|req: 80/160] 10.222.0.46 () {58 vars in 1235 bytes} [Sun Jul 24 01:15:00 2022] GET /compute/v2.1/servers/e23da8fe-8509-4be3-9f62-65a55f1bd11d => generated 1094 bytes in 207 msecs (HTTP/1.1 200) 9 headers in 358 bytes (2 switches on core 0)
Jul 24 01:15:00.567799 dv-osbrick-master-4-smb devstack@n-api.service[117748]: [pid: 117748|app: 0|req: 81/161] 10.222.0.46 () {58 vars in 1301 bytes} [Sun Jul 24 01:15:00 2022] GET /compute/v2.1/servers/af9a9c31-ccfe-4b7f-8103-b6218d3e89b2/os-volume_attachments => generated 197 bytes in 121 msecs (HTTP/1.1 200) 9 headers in 357 bytes (1 switches on core 0)
Jul 24 01:15:01.579419 dv-osbrick-master-4-smb devstack@n-api.service[117749]: DEBUG nova.api.openstack.wsgi [None req-275f53e2-1f2e-45ad-800c-93210042f215 tempest-TestMinimumBasicScenario-387480006 tempest-TestMinimumBasicScenario-387480006-project] Calling method '<bound method VolumeAttachmentController.index of <nova.api.openstack.compute.volumes.VolumeAttachmentController object at 0x7f0368dbcdc0>>' {{(pid=117749) _process_stack /opt/stack/nova/nova/api/openstack/wsgi.py:513}}
Jul 24 01:15:01.580797 dv-osbrick-master-4-smb devstack@n-api.service[117749]: DEBUG nova.compute.api [None req-275f53e2-1f2e-45ad-800c-93210042f215 tempest-TestMinimumBasicScenario-387480006 tempest-TestMinimumBasicScenario-387480006-project] [instance: af9a9c31-ccfe-4b7f-8103-b6218d3e89b2] Fetching instance by UUID {{(pid=117749) get /opt/stack/nova/nova/compute/api.py:2920}}
Jul 24 01:15:01.583495 dv-osbrick-master-4-smb devstack@n-api.service[117748]: DEBUG nova.api.openstack.wsgi [None req-a8ce0763-71d2-4c82-986d-c971e5080be1 tempest-TestVolumeBootPattern-728865670 tempest-TestVolumeBootPattern-728865670-project] Calling method '<bound method ServersController.show of <nova.api.openstack.compute.servers.ServersController object at 0x7f0368e45250>>' {{(pid=117748) _process_stack /opt/stack/nova/nova/api/openstack/wsgi.py:513}}
Jul 24 01:15:01.584489 dv-osbrick-master-4-smb devstack@n-api.service[117748]: DEBUG nova.compute.api [None req-a8ce0763-71d2-4c82-986d-c971e5080be1 tempest-TestVolumeBootPattern-728865670 tempest-TestVolumeBootPattern-728865670-project] [instance: e23da8fe-8509-4be3-9f62-65a55f1bd11d] Fetching instance by UUID {{(pid=117748) get /opt/stack/nova/nova/compute/api.py:2920}}
Jul 24 01:15:01.593097 dv-osbrick-master-4-smb devstack@n-api.service[117749]: DEBUG oslo_concurrency.lockutils [None req-275f53e2-1f2e-45ad-800c-93210042f215 tempest-TestMinimumBasicScenario-387480006 tempest-TestMinimumBasicScenario-387480006-project] Lock "46f776ff-132b-47f5-8723-0decda5599f4" acquired by "nova.context.set_target_cell.<locals>.get_or_set_cached_cell_and_set_connections" :: waited 0.000s {{(pid=117749) inner /usr/local/lib/python3.8/dist-packages/oslo_concurrency/lockutils.py:386}}
Jul 24 01:15:01.593942 dv-osbrick-master-4-smb devstack@n-api.service[117749]: DEBUG oslo_concurrency.lockutils [None req-275f53e2-1f2e-45ad-800c-93210042f215 tempest-TestMinimumBasicScenario-387480006 tempest-TestMinimumBasicScenario-387480006-project] Lock "46f776ff-132b-47f5-8723-0decda5599f4" "released" by "nova.context.set_target_cell.<locals>.get_or_set_cached_cell_and_set_connections" :: held 0.001s {{(pid=117749) inner /usr/local/lib/python3.8/dist-packages/oslo_concurrency/lockutils.py:400}}
Jul 24 01:15:01.595319 dv-osbrick-master-4-smb devstack@n-api.service[117749]: DEBUG oslo_concurrency.lockutils [None req-275f53e2-1f2e-45ad-800c-93210042f215 tempest-TestMinimumBasicScenario-387480006 tempest-TestMinimumBasicScenario-387480006-project] Lock "46f776ff-132b-47f5-8723-0decda5599f4" acquired by "nova.context.set_target_cell.<locals>.get_or_set_cached_cell_and_set_connections" :: waited 0.000s {{(pid=117749) inner /usr/local/lib/python3.8/dist-packages/oslo_concurrency/lockutils.py:386}}
Jul 24 01:15:01.595521 dv-osbrick-master-4-smb devstack@n-api.service[117748]: DEBUG oslo_concurrency.lockutils [None req-a8ce0763-71d2-4c82-986d-c971e5080be1 tempest-TestVolumeBootPattern-728865670 tempest-TestVolumeBootPattern-728865670-project] Lock "46f776ff-132b-47f5-8723-0decda5599f4" acquired by "nova.context.set_target_cell.<locals>.get_or_set_cached_cell_and_set_connections" :: waited 0.000s {{(pid=117748) inner /usr/local/lib/python3.8/dist-packages/oslo_concurrency/lockutils.py:386}}
Jul 24 01:15:01.596050 dv-osbrick-master-4-smb devstack@n-api.service[117748]: DEBUG oslo_concurrency.lockutils [None req-a8ce0763-71d2-4c82-986d-c971e5080be1 tempest-TestVolumeBootPattern-728865670 tempest-TestVolumeBootPattern-728865670-project] Lock "46f776ff-132b-47f5-8723-0decda5599f4" "released" by "nova.context.set_target_cell.<locals>.get_or_set_cached_cell_and_set_connections" :: held 0.001s {{(pid=117748) inner /usr/local/lib/python3.8/dist-packages/oslo_concurrency/lockutils.py:400}}
Jul 24 01:15:01.596205 dv-osbrick-master-4-smb devstack@n-api.service[117749]: DEBUG oslo_concurrency.lockutils [None req-275f53e2-1f2e-45ad-800c-93210042f215 tempest-TestMinimumBasicScenario-387480006 tempest-TestMinimumBasicScenario-387480006-project] Lock "46f776ff-132b-47f5-8723-0decda5599f4" "released" by "nova.context.set_target_cell.<locals>.get_or_set_cached_cell_and_set_connections" :: held 0.001s {{(pid=117749) inner /usr/local/lib/python3.8/dist-packages/oslo_concurrency/lockutils.py:400}}
Jul 24 01:15:01.597350 dv-osbrick-master-4-smb devstack@n-api.service[117748]: DEBUG oslo_concurrency.lockutils [None req-a8ce0763-71d2-4c82-986d-c971e5080be1 tempest-TestVolumeBootPattern-728865670 tempest-TestVolumeBootPattern-728865670-project] Lock "46f776ff-132b-47f5-8723-0decda5599f4" acquired by "nova.context.set_target_cell.<locals>.get_or_set_cached_cell_and_set_connections" :: waited 0.000s {{(pid=117748) inner /usr/local/lib/python3.8/dist-packages/oslo_concurrency/lockutils.py:386}}
Jul 24 01:15:01.598076 dv-osbrick-master-4-smb devstack@n-api.service[117748]: DEBUG oslo_concurrency.lockutils [None req-a8ce0763-71d2-4c82-986d-c971e5080be1 tempest-TestVolumeBootPattern-728865670 tempest-TestVolumeBootPattern-728865670-project] Lock "46f776ff-132b-47f5-8723-0decda5599f4" "released" by "nova.context.set_target_cell.<locals>.get_or_set_cached_cell_and_set_connections" :: held 0.001s {{(pid=117748) inner /usr/local/lib/python3.8/dist-packages/oslo_concurrency/lockutils.py:400}}
Jul 24 01:15:01.648604 dv-osbrick-master-4-smb devstack@n-api.service[117749]: INFO nova.api.openstack.requestlog [None req-275f53e2-1f2e-45ad-800c-93210042f215 tempest-TestMinimumBasicScenario-387480006 tempest-TestMinimumBasicScenario-387480006-project] 10.222.0.46 "GET /compute/v2.1/servers/af9a9c31-ccfe-4b7f-8103-b6218d3e89b2/os-volume_attachments" status: 200 len: 25 microversion: 2.1 time: 0.073758
Jul 24 01:15:01.649601 dv-osbrick-master-4-smb devstack@n-api.service[117749]: [pid: 117749|app: 0|req: 81/162] 10.222.0.46 () {58 vars in 1301 bytes} [Sun Jul 24 01:15:01 2022] GET /compute/v2.1/servers/af9a9c31-ccfe-4b7f-8103-b6218d3e89b2/os-volume_attachments => generated 25 bytes in 76 msecs (HTTP/1.1 200) 9 headers in 356 bytes (2 switches on core 0)
Jul 24 01:15:01.662059 dv-osbrick-master-4-smb devstack@n-api.service[117749]: DEBUG nova.api.openstack.wsgi [None req-7975f79c-072b-493a-9e34-01f21b3e7a30 tempest-TestMinimumBasicScenario-387480006 tempest-TestMinimumBasicScenario-387480006-project] Calling method '<bound method VolumeAttachmentController.delete of <nova.api.openstack.compute.volumes.VolumeAttachmentController object at 0x7f0368dc9820>>' {{(pid=117749) _process_stack /opt/stack/nova/nova/api/openstack/wsgi.py:513}}
Jul 24 01:15:01.662707 dv-osbrick-master-4-smb devstack@n-api.service[117749]: DEBUG nova.compute.api [None req-7975f79c-072b-493a-9e34-01f21b3e7a30 tempest-TestMinimumBasicScenario-387480006 tempest-TestMinimumBasicScenario-387480006-project] [instance: af9a9c31-ccfe-4b7f-8103-b6218d3e89b2] Fetching instance by UUID {{(pid=117749) get /opt/stack/nova/nova/compute/api.py:2920}}
Jul 24 01:15:01.670257 dv-osbrick-master-4-smb devstack@n-api.service[117749]: DEBUG oslo_concurrency.lockutils [None req-7975f79c-072b-493a-9e34-01f21b3e7a30 tempest-TestMinimumBasicScenario-387480006 tempest-TestMinimumBasicScenario-387480006-project] Lock "46f776ff-132b-47f5-8723-0decda5599f4" acquired by "nova.context.set_target_cell.<locals>.get_or_set_cached_cell_and_set_connections" :: waited 0.000s {{(pid=117749) inner /usr/local/lib/python3.8/dist-packages/oslo_concurrency/lockutils.py:386}}
Jul 24 01:15:01.670869 dv-osbrick-master-4-smb devstack@n-api.service[117749]: DEBUG oslo_concurrency.lockutils [None req-7975f79c-072b-493a-9e34-01f21b3e7a30 tempest-TestMinimumBasicScenario-387480006 tempest-TestMinimumBasicScenario-387480006-project] Lock "46f776ff-132b-47f5-8723-0decda5599f4" "released" by "nova.context.set_target_cell.<locals>.get_or_set_cached_cell_and_set_connections" :: held 0.001s {{(pid=117749) inner /usr/local/lib/python3.8/dist-packages/oslo_concurrency/lockutils.py:400}}
Jul 24 01:15:01.671845 dv-osbrick-master-4-smb devstack@n-api.service[117749]: DEBUG oslo_concurrency.lockutils [None req-7975f79c-072b-493a-9e34-01f21b3e7a30 tempest-TestMinimumBasicScenario-387480006 tempest-TestMinimumBasicScenario-387480006-project] Lock "46f776ff-132b-47f5-8723-0decda5599f4" acquired by "nova.context.set_target_cell.<locals>.get_or_set_cached_cell_and_set_connections" :: waited 0.000s {{(pid=117749) inner /usr/local/lib/python3.8/dist-packages/oslo_concurrency/lockutils.py:386}}
Jul 24 01:15:01.672446 dv-osbrick-master-4-smb devstack@n-api.service[117749]: DEBUG oslo_concurrency.lockutils [None req-7975f79c-072b-493a-9e34-01f21b3e7a30 tempest-TestMinimumBasicScenario-387480006 tempest-TestMinimumBasicScenario-387480006-project] Lock "46f776ff-132b-47f5-8723-0decda5599f4" "released" by "nova.context.set_target_cell.<locals>.get_or_set_cached_cell_and_set_connections" :: held 0.001s {{(pid=117749) inner /usr/local/lib/python3.8/dist-packages/oslo_concurrency/lockutils.py:400}}
Jul 24 01:15:01.700956 dv-osbrick-master-4-smb devstack@n-api.service[117748]: DEBUG nova.policy [None req-a8ce0763-71d2-4c82-986d-c971e5080be1 tempest-TestVolumeBootPattern-728865670 tempest-TestVolumeBootPattern-728865670-project] Policy check for os_compute_api:os-extended-server-attributes failed with credentials {'is_admin': False, 'user_id': '9ffe8a12b9b5485fa813055178400b1d', 'user_domain_id': 'default', 'system_scope': None, 'domain_id': None, 'project_id': 'fa0f6719c701401bb088c6c8883b80cd', 'project_domain_id': 'default', 'roles': ['member', 'reader'], 'is_admin_project': True, 'service_user_id': None, 'service_user_domain_id': None, 'service_project_id': None, 'service_project_domain_id': None, 'service_roles': []} {{(pid=117748) authorize /opt/stack/nova/nova/policy.py:199}}
Jul 24 01:15:01.715972 dv-osbrick-master-4-smb devstack@n-api.service[117748]: INFO nova.api.openstack.requestlog [None req-a8ce0763-71d2-4c82-986d-c971e5080be1 tempest-TestVolumeBootPattern-728865670 tempest-TestVolumeBootPattern-728865670-project] 10.222.0.46 "GET /compute/v2.1/servers/e23da8fe-8509-4be3-9f62-65a55f1bd11d" status: 200 len: 1192 microversion: 2.1 time: 0.137242
Jul 24 01:15:01.717179 dv-osbrick-master-4-smb devstack@n-api.service[117748]: [pid: 117748|app: 0|req: 82/163] 10.222.0.46 () {58 vars in 1235 bytes} [Sun Jul 24 01:15:01 2022] GET /compute/v2.1/servers/e23da8fe-8509-4be3-9f62-65a55f1bd11d => generated 1192 bytes in 140 msecs (HTTP/1.1 200) 9 headers in 358 bytes (2 switches on core 0)
Jul 24 01:15:01.829522 dv-osbrick-master-4-smb devstack@n-api.service[117749]: INFO nova.api.openstack.wsgi [None req-7975f79c-072b-493a-9e34-01f21b3e7a30 tempest-TestMinimumBasicScenario-387480006 tempest-TestMinimumBasicScenario-387480006-project] HTTP exception thrown: Instance af9a9c31-ccfe-4b7f-8103-b6218d3e89b2 is not attached to volume d0b50e45-1fd7-4425-83b2-9acf415c0eee
Jul 24 01:15:01.835557 dv-osbrick-master-4-smb devstack@n-api.service[117749]: DEBUG nova.api.openstack.wsgi [None req-7975f79c-072b-493a-9e34-01f21b3e7a30 tempest-TestMinimumBasicScenario-387480006 tempest-TestMinimumBasicScenario-387480006-project] Request method failure captured:
Jul 24 01:15:01.835557 dv-osbrick-master-4-smb devstack@n-api.service[117749]:   request: DELETE /compute/v2.1/servers/af9a9c31-ccfe-4b7f-8103-b6218d3e89b2/os-volume_attachments/d0b50e45-1fd7-4425-83b2-9acf415c0eee HTTP/1.1
Jul 24 01:15:01.835557 dv-osbrick-master-4-smb devstack@n-api.service[117749]: Accept: application/json
Jul 24 01:15:01.835557 dv-osbrick-master-4-smb devstack@n-api.service[117749]: Accept-Encoding: identity
Jul 24 01:15:01.835557 dv-osbrick-master-4-smb devstack@n-api.service[117749]: Connection: close
Jul 24 01:15:01.835557 dv-osbrick-master-4-smb devstack@n-api.service[117749]: Content-Length: 0
Jul 24 01:15:01.835557 dv-osbrick-master-4-smb devstack@n-api.service[117749]: Content-Type: application/json
Jul 24 01:15:01.835557 dv-osbrick-master-4-smb devstack@n-api.service[117749]: Host: 10.222.0.46
Jul 24 01:15:01.835557 dv-osbrick-master-4-smb devstack@n-api.service[117749]: Openstack-System-Scope: None
Jul 24 01:15:01.835557 dv-osbrick-master-4-smb devstack@n-api.service[117749]: User-Agent: python-urllib3/1.26.9
Jul 24 01:15:01.835557 dv-osbrick-master-4-smb devstack@n-api.service[117749]: X-Auth-Token: gAAAAABi3Ju9t0U_dgvaZu3xn6u5hrkmzP1PbwytOOp7ibEnR3L8arIkDLwTYVUcIMuu5wH0wEmR5vxdfFizqNL0sfYe3TWkPCT5PNHOq7utXKFa4XuQus2rFglbaCCkpv0Jj7n-qqzCMnmugi_XqompSLCsCixSOKz5arGekPpgsXuqwlFXnvM
Jul 24 01:15:01.835557 dv-osbrick-master-4-smb devstack@n-api.service[117749]: X-Domain-Id: None
Jul 24 01:15:01.835557 dv-osbrick-master-4-smb devstack@n-api.service[117749]: X-Domain-Name: None
Jul 24 01:15:01.835557 dv-osbrick-master-4-smb devstack@n-api.service[117749]: X-Identity-Status: Confirmed
Jul 24 01:15:01.835557 dv-osbrick-master-4-smb devstack@n-api.service[117749]: X-Is-Admin-Project: True
Jul 24 01:15:01.835557 dv-osbrick-master-4-smb devstack@n-api.service[117749]: X-Project-Domain-Id: default
Jul 24 01:15:01.835557 dv-osbrick-master-4-smb devstack@n-api.service[117749]: X-Project-Domain-Name: Default
Jul 24 01:15:01.835557 dv-osbrick-master-4-smb devstack@n-api.service[117749]: X-Project-Id: 7dd56fe9834e4720bd9898d37eea2184
Jul 24 01:15:01.835557 dv-osbrick-master-4-smb devstack@n-api.service[117749]: X-Project-Name: tempest-TestMinimumBasicScenario-387480006
Jul 24 01:15:01.835557 dv-osbrick-master-4-smb devstack@n-api.service[117749]: X-Role: member,reader
Jul 24 01:15:01.835557 dv-osbrick-master-4-smb devstack@n-api.service[117749]: X-Roles: member,reader
Jul 24 01:15:01.837844 dv-osbrick-master-4-smb devstack@n-api.service[117749]: X-Service-Catalog: [{"type": "volumev3", "name": "cinderv3", "endpoints": [{"region": "RegionOne", "publicURL": "http://10.222.0.46/volume/v3/7dd56fe9834e4720bd9898d37eea2184"}]}, {"type": "image", "name": "glance", "endpoints": [{"region": "RegionOne", "publicURL": "http://10.222.0.46/image"}]}, {"type": "identity", "name": "keystone", "endpoints": [{"region": "RegionOne", "publicURL": "http://10.222.0.46/identity"}]}, {"type": "network", "name": "neutron", "endpoints": [{"region": "RegionOne", "publicURL": "http://10.222.0.46:9696/"}]}, {"type": "object-store", "name": "swift", "endpoints": [{"region": "RegionOne", "publicURL": "http://10.222.0.46:8080/v1/AUTH_7dd56fe9834e4720bd9898d37eea2184", "adminURL": "http://10.222.0.46:8080"}]}, {"type": "placement", "name": "placement", "endpoints": [{"region": "RegionOne", "publicURL": "http://10.222.0.46/placement"}]}, {"type": "compute", "name": "nova", "endpoints": [{"region": "RegionOne", "publicURL": "http://10.222.0.46/compute/v2.1"}]}, {"type": "compute_legacy", "name": "nova_legacy", "endpoints": [{"region": "RegionOne", "publicURL": "http://10.222.0.46/compute/v2/7dd56fe9834e4720bd9898d37eea2184"}]}, {"type": "block-storage", "name": "cinder", "endpoints": [{"region": "RegionOne", "publicURL": "http://10.222.0.46/volume/v3/7dd56fe9834e4720bd9898d37eea2184"}]}]
Jul 24 01:15:01.837844 dv-osbrick-master-4-smb devstack@n-api.service[117749]: X-Tenant: tempest-TestMinimumBasicScenario-387480006
Jul 24 01:15:01.837844 dv-osbrick-master-4-smb devstack@n-api.service[117749]: X-Tenant-Id: 7dd56fe9834e4720bd9898d37eea2184
Jul 24 01:15:01.837844 dv-osbrick-master-4-smb devstack@n-api.service[117749]: X-Tenant-Name: tempest-TestMinimumBasicScenario-387480006
Jul 24 01:15:01.837844 dv-osbrick-master-4-smb devstack@n-api.service[117749]: X-User: tempest-TestMinimumBasicScenario-387480006-project
Jul 24 01:15:01.837844 dv-osbrick-master-4-smb devstack@n-api.service[117749]: X-User-Domain-Id: default
Jul 24 01:15:01.837844 dv-osbrick-master-4-smb devstack@n-api.service[117749]: X-User-Domain-Name: Default
Jul 24 01:15:01.837844 dv-osbrick-master-4-smb devstack@n-api.service[117749]: X-User-Id: ced584716d314895b8e4e5311d152882
Jul 24 01:15:01.837844 dv-osbrick-master-4-smb devstack@n-api.service[117749]: X-User-Name: tempest-TestMinimumBasicScenario-387480006-project
Jul 24 01:15:01.837844 dv-osbrick-master-4-smb devstack@n-api.service[117749]:   method: <bound method VolumeAttachmentController.delete of <nova.api.openstack.compute.volumes.VolumeAttachmentController object at 0x7f0368dc9820>>
Jul 24 01:15:01.837844 dv-osbrick-master-4-smb devstack@n-api.service[117749]:   exception: Instance af9a9c31-ccfe-4b7f-8103-b6218d3e89b2 is not attached to volume d0b50e45-1fd7-4425-83b2-9acf415c0eee
Jul 24 01:15:01.839116 dv-osbrick-master-4-smb devstack@n-api.service[117749]:   action_args: {'server_id': 'af9a9c31-ccfe-4b7f-8103-b6218d3e89b2', 'id': 'd0b50e45-1fd7-4425-83b2-9acf415c0eee'}
Jul 24 01:15:01.839116 dv-osbrick-master-4-smb devstack@n-api.service[117749]:  {{(pid=117749) _process_stack /opt/stack/nova/nova/api/openstack/wsgi.py:541}}
Jul 24 01:15:01.839116 dv-osbrick-master-4-smb devstack@n-api.service[117749]: ERROR nova.api.openstack.wsgi Traceback (most recent call last):
Jul 24 01:15:01.839116 dv-osbrick-master-4-smb devstack@n-api.service[117749]: ERROR nova.api.openstack.wsgi   File "/opt/stack/nova/nova/api/openstack/compute/volumes.py", line 552, in delete
Jul 24 01:15:01.839116 dv-osbrick-master-4-smb devstack@n-api.service[117749]: ERROR nova.api.openstack.wsgi     bdm = objects.BlockDeviceMapping.get_by_volume_and_instance(
Jul 24 01:15:01.839116 dv-osbrick-master-4-smb devstack@n-api.service[117749]: ERROR nova.api.openstack.wsgi   File "/usr/local/lib/python3.8/dist-packages/oslo_versionedobjects/base.py", line 184, in wrapper
Jul 24 01:15:01.839116 dv-osbrick-master-4-smb devstack@n-api.service[117749]: ERROR nova.api.openstack.wsgi     result = fn(cls, context, *args, **kwargs)
Jul 24 01:15:01.839116 dv-osbrick-master-4-smb devstack@n-api.service[117749]: ERROR nova.api.openstack.wsgi   File "/opt/stack/nova/nova/objects/block_device.py", line 281, in get_by_volume_and_instance
Jul 24 01:15:01.839116 dv-osbrick-master-4-smb devstack@n-api.service[117749]: ERROR nova.api.openstack.wsgi     raise exception.VolumeBDMNotFound(volume_id=volume_id)
Jul 24 01:15:01.839116 dv-osbrick-master-4-smb devstack@n-api.service[117749]: ERROR nova.api.openstack.wsgi nova.exception.VolumeBDMNotFound: No volume Block Device Mapping with id d0b50e45-1fd7-4425-83b2-9acf415c0eee.
Jul 24 01:15:01.839116 dv-osbrick-master-4-smb devstack@n-api.service[117749]: ERROR nova.api.openstack.wsgi 
Jul 24 01:15:01.839116 dv-osbrick-master-4-smb devstack@n-api.service[117749]: ERROR nova.api.openstack.wsgi During handling of the above exception, another exception occurred:
Jul 24 01:15:01.839116 dv-osbrick-master-4-smb devstack@n-api.service[117749]: ERROR nova.api.openstack.wsgi 
Jul 24 01:15:01.839116 dv-osbrick-master-4-smb devstack@n-api.service[117749]: ERROR nova.api.openstack.wsgi Traceback (most recent call last):
Jul 24 01:15:01.839116 dv-osbrick-master-4-smb devstack@n-api.service[117749]: ERROR nova.api.openstack.wsgi   File "/opt/stack/nova/nova/api/openstack/wsgi.py", line 539, in _process_stack
Jul 24 01:15:01.839116 dv-osbrick-master-4-smb devstack@n-api.service[117749]: ERROR nova.api.openstack.wsgi     action_result = self.dispatch(meth, request, action_args)
Jul 24 01:15:01.839116 dv-osbrick-master-4-smb devstack@n-api.service[117749]: ERROR nova.api.openstack.wsgi   File "/opt/stack/nova/nova/api/openstack/wsgi.py", line 630, in dispatch
Jul 24 01:15:01.839116 dv-osbrick-master-4-smb devstack@n-api.service[117749]: ERROR nova.api.openstack.wsgi     return method(req=request, **action_args)
Jul 24 01:15:01.839116 dv-osbrick-master-4-smb devstack@n-api.service[117749]: ERROR nova.api.openstack.wsgi   File "/opt/stack/nova/nova/api/openstack/wsgi.py", line 664, in wrapped
Jul 24 01:15:01.841115 dv-osbrick-master-4-smb devstack@n-api.service[117749]: ERROR nova.api.openstack.wsgi     return f(*args, **kwargs)
Jul 24 01:15:01.841115 dv-osbrick-master-4-smb devstack@n-api.service[117749]: ERROR nova.api.openstack.wsgi   File "/opt/stack/nova/nova/api/openstack/compute/volumes.py", line 558, in delete
Jul 24 01:15:01.841115 dv-osbrick-master-4-smb devstack@n-api.service[117749]: ERROR nova.api.openstack.wsgi     raise exc.HTTPNotFound(explanation=msg)
Jul 24 01:15:01.841115 dv-osbrick-master-4-smb devstack@n-api.service[117749]: ERROR nova.api.openstack.wsgi webob.exc.HTTPNotFound: Instance af9a9c31-ccfe-4b7f-8103-b6218d3e89b2 is not attached to volume d0b50e45-1fd7-4425-83b2-9acf415c0eee
Jul 24 01:15:01.841115 dv-osbrick-master-4-smb devstack@n-api.service[117749]: ERROR nova.api.openstack.wsgi 
Jul 24 01:15:01.841115 dv-osbrick-master-4-smb devstack@n-api.service[117749]: ERROR nova.api.openstack.wsgi During handling of the above exception, another exception occurred:
Jul 24 01:15:01.841115 dv-osbrick-master-4-smb devstack@n-api.service[117749]: ERROR nova.api.openstack.wsgi 
Jul 24 01:15:01.841115 dv-osbrick-master-4-smb devstack@n-api.service[117749]: ERROR nova.api.openstack.wsgi Traceback (most recent call last):
Jul 24 01:15:01.841115 dv-osbrick-master-4-smb devstack@n-api.service[117749]: ERROR nova.api.openstack.wsgi   File "/opt/stack/nova/nova/api/openstack/wsgi.py", line 539, in _process_stack
Jul 24 01:15:01.841115 dv-osbrick-master-4-smb devstack@n-api.service[117749]: ERROR nova.api.openstack.wsgi     action_result = self.dispatch(meth, request, action_args)
Jul 24 01:15:01.841115 dv-osbrick-master-4-smb devstack@n-api.service[117749]: ERROR nova.api.openstack.wsgi   File "/opt/stack/nova/nova/api/openstack/wsgi.py", line 372, in __exit__
Jul 24 01:15:01.841115 dv-osbrick-master-4-smb devstack@n-api.service[117749]: ERROR nova.api.openstack.wsgi     raise Fault(ex_value)
Jul 24 01:15:01.841115 dv-osbrick-master-4-smb devstack@n-api.service[117749]: ERROR nova.api.openstack.wsgi nova.api.openstack.wsgi.Fault: Instance af9a9c31-ccfe-4b7f-8103-b6218d3e89b2 is not attached to volume d0b50e45-1fd7-4425-83b2-9acf415c0eee
Jul 24 01:15:01.841115 dv-osbrick-master-4-smb devstack@n-api.service[117749]: ERROR nova.api.openstack.wsgi 
Jul 24 01:15:01.841115 dv-osbrick-master-4-smb devstack@n-api.service[117749]: DEBUG nova.api.openstack.wsgi [None req-7975f79c-072b-493a-9e34-01f21b3e7a30 tempest-TestMinimumBasicScenario-387480006 tempest-TestMinimumBasicScenario-387480006-project] Returning 404 to user: Instance af9a9c31-ccfe-4b7f-8103-b6218d3e89b2 is not attached to volume d0b50e45-1fd7-4425-83b2-9acf415c0eee {{(pid=117749) __call__ /opt/stack/nova/nova/api/openstack/wsgi.py:942}}
Jul 24 01:15:01.842857 dv-osbrick-master-4-smb devstack@n-api.service[117749]: INFO nova.api.openstack.requestlog [None req-7975f79c-072b-493a-9e34-01f21b3e7a30 tempest-TestMinimumBasicScenario-387480006 tempest-TestMinimumBasicScenario-387480006-project] 10.222.0.46 "DELETE /compute/v2.1/servers/af9a9c31-ccfe-4b7f-8103-b6218d3e89b2/os-volume_attachments/d0b50e45-1fd7-4425-83b2-9acf415c0eee" status: 404 len: 154 microversion: 2.1 time: 0.180958
Jul 24 01:15:01.842857 dv-osbrick-master-4-smb devstack@n-api.service[117749]: [pid: 117749|app: 0|req: 82/164] 10.222.0.46 () {58 vars in 1415 bytes} [Sun Jul 24 01:15:01 2022] DELETE /compute/v2.1/servers/af9a9c31-ccfe-4b7f-8103-b6218d3e89b2/os-volume_attachments/d0b50e45-1fd7-4425-83b2-9acf415c0eee => generated 154 bytes in 183 msecs (HTTP/1.1 404) 9 headers in 379 bytes (1 switches on core 0)
Jul 24 01:15:02.743330 dv-osbrick-master-4-smb devstack@n-api.service[117748]: DEBUG nova.api.openstack.wsgi [None req-28c305af-4605-4cc7-b1a7-e2aa0a0149ec tempest-TestVolumeBootPattern-728865670 tempest-TestVolumeBootPattern-728865670-project] Calling method '<bound method ServersController.show of <nova.api.openstack.compute.servers.ServersController object at 0x7f0368e45250>>' {{(pid=117748) _process_stack /opt/stack/nova/nova/api/openstack/wsgi.py:513}}
Jul 24 01:15:02.744166 dv-osbrick-master-4-smb devstack@n-api.service[117748]: DEBUG nova.compute.api [None req-28c305af-4605-4cc7-b1a7-e2aa0a0149ec tempest-TestVolumeBootPattern-728865670 tempest-TestVolumeBootPattern-728865670-project] [instance: e23da8fe-8509-4be3-9f62-65a55f1bd11d] Fetching instance by UUID {{(pid=117748) get /opt/stack/nova/nova/compute/api.py:2920}}
Jul 24 01:15:02.755117 dv-osbrick-master-4-smb devstack@n-api.service[117748]: DEBUG oslo_concurrency.lockutils [None req-28c305af-4605-4cc7-b1a7-e2aa0a0149ec tempest-TestVolumeBootPattern-728865670 tempest-TestVolumeBootPattern-728865670-project] Lock "46f776ff-132b-47f5-8723-0decda5599f4" acquired by "nova.context.set_target_cell.<locals>.get_or_set_cached_cell_and_set_connections" :: waited 0.000s {{(pid=117748) inner /usr/local/lib/python3.8/dist-packages/oslo_concurrency/lockutils.py:386}}
Jul 24 01:15:02.755960 dv-osbrick-master-4-smb devstack@n-api.service[117748]: DEBUG oslo_concurrency.lockutils [None req-28c305af-4605-4cc7-b1a7-e2aa0a0149ec tempest-TestVolumeBootPattern-728865670 tempest-TestVolumeBootPattern-728865670-project] Lock "46f776ff-132b-47f5-8723-0decda5599f4" "released" by "nova.context.set_target_cell.<locals>.get_or_set_cached_cell_and_set_connections" :: held 0.001s {{(pid=117748) inner /usr/local/lib/python3.8/dist-packages/oslo_concurrency/lockutils.py:400}}
Jul 24 01:15:02.757390 dv-osbrick-master-4-smb devstack@n-api.service[117748]: DEBUG oslo_concurrency.lockutils [None req-28c305af-4605-4cc7-b1a7-e2aa0a0149ec tempest-TestVolumeBootPattern-728865670 tempest-TestVolumeBootPattern-728865670-project] Lock "46f776ff-132b-47f5-8723-0decda5599f4" acquired by "nova.context.set_target_cell.<locals>.get_or_set_cached_cell_and_set_connections" :: waited 0.000s {{(pid=117748) inner /usr/local/lib/python3.8/dist-packages/oslo_concurrency/lockutils.py:386}}
Jul 24 01:15:02.758632 dv-osbrick-master-4-smb devstack@n-api.service[117748]: DEBUG oslo_concurrency.lockutils [None req-28c305af-4605-4cc7-b1a7-e2aa0a0149ec tempest-TestVolumeBootPattern-728865670 tempest-TestVolumeBootPattern-728865670-project] Lock "46f776ff-132b-47f5-8723-0decda5599f4" "released" by "nova.context.set_target_cell.<locals>.get_or_set_cached_cell_and_set_connections" :: held 0.001s {{(pid=117748) inner /usr/local/lib/python3.8/dist-packages/oslo_concurrency/lockutils.py:400}}
Jul 24 01:15:03.051343 dv-osbrick-master-4-smb devstack@n-api.service[117749]: DEBUG nova.api.openstack.wsgi [None req-b46f3c99-8434-4f95-94c1-913d471fb95a tempest-TestMinimumBasicScenario-387480006 tempest-TestMinimumBasicScenario-387480006-project] Calling method '<bound method ServersController.delete of <nova.api.openstack.compute.servers.ServersController object at 0x7f0368e40760>>' {{(pid=117749) _process_stack /opt/stack/nova/nova/api/openstack/wsgi.py:513}}
Jul 24 01:15:03.052205 dv-osbrick-master-4-smb devstack@n-api.service[117749]: DEBUG nova.compute.api [None req-b46f3c99-8434-4f95-94c1-913d471fb95a tempest-TestMinimumBasicScenario-387480006 tempest-TestMinimumBasicScenario-387480006-project] [instance: af9a9c31-ccfe-4b7f-8103-b6218d3e89b2] Fetching instance by UUID {{(pid=117749) get /opt/stack/nova/nova/compute/api.py:2920}}
Jul 24 01:15:03.067081 dv-osbrick-master-4-smb devstack@n-api.service[117749]: DEBUG oslo_concurrency.lockutils [None req-b46f3c99-8434-4f95-94c1-913d471fb95a tempest-TestMinimumBasicScenario-387480006 tempest-TestMinimumBasicScenario-387480006-project] Lock "46f776ff-132b-47f5-8723-0decda5599f4" acquired by "nova.context.set_target_cell.<locals>.get_or_set_cached_cell_and_set_connections" :: waited 0.000s {{(pid=117749) inner /usr/local/lib/python3.8/dist-packages/oslo_concurrency/lockutils.py:386}}
Jul 24 01:15:03.071901 dv-osbrick-master-4-smb devstack@n-api.service[117748]: DEBUG nova.policy [None req-28c305af-4605-4cc7-b1a7-e2aa0a0149ec tempest-TestVolumeBootPattern-728865670 tempest-TestVolumeBootPattern-728865670-project] Policy check for os_compute_api:os-extended-server-attributes failed with credentials {'is_admin': False, 'user_id': '9ffe8a12b9b5485fa813055178400b1d', 'user_domain_id': 'default', 'system_scope': None, 'domain_id': None, 'project_id': 'fa0f6719c701401bb088c6c8883b80cd', 'project_domain_id': 'default', 'roles': ['member', 'reader'], 'is_admin_project': True, 'service_user_id': None, 'service_user_domain_id': None, 'service_project_id': None, 'service_project_domain_id': None, 'service_roles': []} {{(pid=117748) authorize /opt/stack/nova/nova/policy.py:199}}
Jul 24 01:15:03.072323 dv-osbrick-master-4-smb devstack@n-api.service[117749]: DEBUG oslo_concurrency.lockutils [None req-b46f3c99-8434-4f95-94c1-913d471fb95a tempest-TestMinimumBasicScenario-387480006 tempest-TestMinimumBasicScenario-387480006-project] Lock "46f776ff-132b-47f5-8723-0decda5599f4" "released" by "nova.context.set_target_cell.<locals>.get_or_set_cached_cell_and_set_connections" :: held 0.005s {{(pid=117749) inner /usr/local/lib/python3.8/dist-packages/oslo_concurrency/lockutils.py:400}}
Jul 24 01:15:03.073768 dv-osbrick-master-4-smb devstack@n-api.service[117749]: DEBUG oslo_concurrency.lockutils [None req-b46f3c99-8434-4f95-94c1-913d471fb95a tempest-TestMinimumBasicScenario-387480006 tempest-TestMinimumBasicScenario-387480006-project] Lock "46f776ff-132b-47f5-8723-0decda5599f4" acquired by "nova.context.set_target_cell.<locals>.get_or_set_cached_cell_and_set_connections" :: waited 0.000s {{(pid=117749) inner /usr/local/lib/python3.8/dist-packages/oslo_concurrency/lockutils.py:386}}
Jul 24 01:15:03.074960 dv-osbrick-master-4-smb devstack@n-api.service[117749]: DEBUG oslo_concurrency.lockutils [None req-b46f3c99-8434-4f95-94c1-913d471fb95a tempest-TestMinimumBasicScenario-387480006 tempest-TestMinimumBasicScenario-387480006-project] Lock "46f776ff-132b-47f5-8723-0decda5599f4" "released" by "nova.context.set_target_cell.<locals>.get_or_set_cached_cell_and_set_connections" :: held 0.001s {{(pid=117749) inner /usr/local/lib/python3.8/dist-packages/oslo_concurrency/lockutils.py:400}}
Jul 24 01:15:03.088916 dv-osbrick-master-4-smb devstack@n-api.service[117748]: INFO nova.api.openstack.requestlog [None req-28c305af-4605-4cc7-b1a7-e2aa0a0149ec tempest-TestVolumeBootPattern-728865670 tempest-TestVolumeBootPattern-728865670-project] 10.222.0.46 "GET /compute/v2.1/servers/e23da8fe-8509-4be3-9f62-65a55f1bd11d" status: 200 len: 1266 microversion: 2.1 time: 0.349527
Jul 24 01:15:03.090559 dv-osbrick-master-4-smb devstack@n-api.service[117748]: [pid: 117748|app: 0|req: 83/165] 10.222.0.46 () {58 vars in 1235 bytes} [Sun Jul 24 01:15:02 2022] GET /compute/v2.1/servers/e23da8fe-8509-4be3-9f62-65a55f1bd11d => generated 1266 bytes in 352 msecs (HTTP/1.1 200) 9 headers in 358 bytes (1 switches on core 0)
Jul 24 01:15:03.130423 dv-osbrick-master-4-smb devstack@n-api.service[117749]: DEBUG nova.compute.api [None req-b46f3c99-8434-4f95-94c1-913d471fb95a tempest-TestMinimumBasicScenario-387480006 tempest-TestMinimumBasicScenario-387480006-project] [instance: af9a9c31-ccfe-4b7f-8103-b6218d3e89b2] Going to try to terminate instance {{(pid=117749) delete /opt/stack/nova/nova/compute/api.py:2664}}
Jul 24 01:15:03.293063 dv-osbrick-master-4-smb devstack@n-api.service[117749]: INFO nova.api.openstack.requestlog [None req-b46f3c99-8434-4f95-94c1-913d471fb95a tempest-TestMinimumBasicScenario-387480006 tempest-TestMinimumBasicScenario-387480006-project] 10.222.0.46 "DELETE /compute/v2.1/servers/af9a9c31-ccfe-4b7f-8103-b6218d3e89b2" status: 204 len: 0 microversion: 2.1 time: 0.248792
Jul 24 01:15:03.294298 dv-osbrick-master-4-smb devstack@n-api.service[117749]: [pid: 117749|app: 0|req: 83/166] 10.222.0.46 () {58 vars in 1238 bytes} [Sun Jul 24 01:15:03 2022] DELETE /compute/v2.1/servers/af9a9c31-ccfe-4b7f-8103-b6218d3e89b2 => generated 0 bytes in 252 msecs (HTTP/1.1 204) 9 headers in 363 bytes (1 switches on core 0)
Jul 24 01:15:03.306678 dv-osbrick-master-4-smb devstack@n-api.service[117748]: DEBUG nova.api.openstack.wsgi [None req-1b3f5064-5abd-4a34-b209-39e23110d21e tempest-TestMinimumBasicScenario-387480006 tempest-TestMinimumBasicScenario-387480006-project] Calling method '<bound method ServersController.show of <nova.api.openstack.compute.servers.ServersController object at 0x7f0368e45250>>' {{(pid=117748) _process_stack /opt/stack/nova/nova/api/openstack/wsgi.py:513}}
Jul 24 01:15:03.307797 dv-osbrick-master-4-smb devstack@n-api.service[117748]: DEBUG nova.compute.api [None req-1b3f5064-5abd-4a34-b209-39e23110d21e tempest-TestMinimumBasicScenario-387480006 tempest-TestMinimumBasicScenario-387480006-project] [instance: af9a9c31-ccfe-4b7f-8103-b6218d3e89b2] Fetching instance by UUID {{(pid=117748) get /opt/stack/nova/nova/compute/api.py:2920}}
Jul 24 01:15:03.317744 dv-osbrick-master-4-smb devstack@n-api.service[117748]: DEBUG oslo_concurrency.lockutils [None req-1b3f5064-5abd-4a34-b209-39e23110d21e tempest-TestMinimumBasicScenario-387480006 tempest-TestMinimumBasicScenario-387480006-project] Lock "46f776ff-132b-47f5-8723-0decda5599f4" acquired by "nova.context.set_target_cell.<locals>.get_or_set_cached_cell_and_set_connections" :: waited 0.000s {{(pid=117748) inner /usr/local/lib/python3.8/dist-packages/oslo_concurrency/lockutils.py:386}}
Jul 24 01:15:03.318696 dv-osbrick-master-4-smb devstack@n-api.service[117748]: DEBUG oslo_concurrency.lockutils [None req-1b3f5064-5abd-4a34-b209-39e23110d21e tempest-TestMinimumBasicScenario-387480006 tempest-TestMinimumBasicScenario-387480006-project] Lock "46f776ff-132b-47f5-8723-0decda5599f4" "released" by "nova.context.set_target_cell.<locals>.get_or_set_cached_cell_and_set_connections" :: held 0.001s {{(pid=117748) inner /usr/local/lib/python3.8/dist-packages/oslo_concurrency/lockutils.py:400}}
Jul 24 01:15:03.320116 dv-osbrick-master-4-smb devstack@n-api.service[117748]: DEBUG oslo_concurrency.lockutils [None req-1b3f5064-5abd-4a34-b209-39e23110d21e tempest-TestMinimumBasicScenario-387480006 tempest-TestMinimumBasicScenario-387480006-project] Lock "46f776ff-132b-47f5-8723-0decda5599f4" acquired by "nova.context.set_target_cell.<locals>.get_or_set_cached_cell_and_set_connections" :: waited 0.000s {{(pid=117748) inner /usr/local/lib/python3.8/dist-packages/oslo_concurrency/lockutils.py:386}}
Jul 24 01:15:03.320701 dv-osbrick-master-4-smb devstack@n-api.service[117748]: DEBUG oslo_concurrency.lockutils [None req-1b3f5064-5abd-4a34-b209-39e23110d21e tempest-TestMinimumBasicScenario-387480006 tempest-TestMinimumBasicScenario-387480006-project] Lock "46f776ff-132b-47f5-8723-0decda5599f4" "released" by "nova.context.set_target_cell.<locals>.get_or_set_cached_cell_and_set_connections" :: held 0.001s {{(pid=117748) inner /usr/local/lib/python3.8/dist-packages/oslo_concurrency/lockutils.py:400}}
Jul 24 01:15:03.596387 dv-osbrick-master-4-smb devstack@n-api.service[117748]: DEBUG nova.policy [None req-1b3f5064-5abd-4a34-b209-39e23110d21e tempest-TestMinimumBasicScenario-387480006 tempest-TestMinimumBasicScenario-387480006-project] Policy check for os_compute_api:os-extended-server-attributes failed with credentials {'is_admin': False, 'user_id': 'ced584716d314895b8e4e5311d152882', 'user_domain_id': 'default', 'system_scope': None, 'domain_id': None, 'project_id': '7dd56fe9834e4720bd9898d37eea2184', 'project_domain_id': 'default', 'roles': ['member', 'reader'], 'is_admin_project': True, 'service_user_id': None, 'service_user_domain_id': None, 'service_project_id': None, 'service_project_domain_id': None, 'service_roles': []} {{(pid=117748) authorize /opt/stack/nova/nova/policy.py:199}}
Jul 24 01:15:03.610128 dv-osbrick-master-4-smb devstack@n-api.service[117748]: INFO nova.api.openstack.requestlog [None req-1b3f5064-5abd-4a34-b209-39e23110d21e tempest-TestMinimumBasicScenario-387480006 tempest-TestMinimumBasicScenario-387480006-project] 10.222.0.46 "GET /compute/v2.1/servers/af9a9c31-ccfe-4b7f-8103-b6218d3e89b2" status: 200 len: 1554 microversion: 2.1 time: 0.308476
Jul 24 01:15:03.611527 dv-osbrick-master-4-smb devstack@n-api.service[117748]: [pid: 117748|app: 0|req: 84/167] 10.222.0.46 () {58 vars in 1235 bytes} [Sun Jul 24 01:15:03 2022] GET /compute/v2.1/servers/af9a9c31-ccfe-4b7f-8103-b6218d3e89b2 => generated 1554 bytes in 311 msecs (HTTP/1.1 200) 9 headers in 358 bytes (1 switches on core 0)
Jul 24 01:15:04.062850 dv-osbrick-master-4-smb devstack@n-api.service[117749]: DEBUG nova.api.openstack.wsgi [req-8bc31d97-c740-4759-b908-5964ee8ca635 req-865d3338-b4a6-4603-8dd0-a8e9de8523f6 service nova] Action: 'create', calling method: <bound method ServerExternalEventsController.create of <nova.api.openstack.compute.server_external_events.ServerExternalEventsController object at 0x7f0368f9d5e0>>, body: {"events": [{"name": "network-changed", "server_uuid": "e23da8fe-8509-4be3-9f62-65a55f1bd11d", "tag": "b71e89cd-fb79-424b-8f03-a8311fc61124"}]} {{(pid=117749) _process_stack /opt/stack/nova/nova/api/openstack/wsgi.py:511}}
Jul 24 01:15:04.079922 dv-osbrick-master-4-smb devstack@n-api.service[117749]: DEBUG oslo_concurrency.lockutils [req-8bc31d97-c740-4759-b908-5964ee8ca635 req-865d3338-b4a6-4603-8dd0-a8e9de8523f6 service nova] Lock "46f776ff-132b-47f5-8723-0decda5599f4" acquired by "nova.context.set_target_cell.<locals>.get_or_set_cached_cell_and_set_connections" :: waited 0.000s {{(pid=117749) inner /usr/local/lib/python3.8/dist-packages/oslo_concurrency/lockutils.py:386}}
Jul 24 01:15:04.080502 dv-osbrick-master-4-smb devstack@n-api.service[117749]: DEBUG oslo_concurrency.lockutils [req-8bc31d97-c740-4759-b908-5964ee8ca635 req-865d3338-b4a6-4603-8dd0-a8e9de8523f6 service nova] Lock "46f776ff-132b-47f5-8723-0decda5599f4" "released" by "nova.context.set_target_cell.<locals>.get_or_set_cached_cell_and_set_connections" :: held 0.001s {{(pid=117749) inner /usr/local/lib/python3.8/dist-packages/oslo_concurrency/lockutils.py:400}}
Jul 24 01:15:04.101777 dv-osbrick-master-4-smb devstack@n-api.service[117749]: INFO nova.api.openstack.compute.server_external_events [req-8bc31d97-c740-4759-b908-5964ee8ca635 req-865d3338-b4a6-4603-8dd0-a8e9de8523f6 service nova] Creating event network-changed:b71e89cd-fb79-424b-8f03-a8311fc61124 for instance e23da8fe-8509-4be3-9f62-65a55f1bd11d on hv-osbrick-mast
Jul 24 01:15:04.109999 dv-osbrick-master-4-smb devstack@n-api.service[117749]: INFO nova.api.openstack.requestlog [req-8bc31d97-c740-4759-b908-5964ee8ca635 req-865d3338-b4a6-4603-8dd0-a8e9de8523f6 service nova] 10.222.0.46 "POST /compute/v2.1/os-server-external-events" status: 200 len: 179 microversion: 2.1 time: 0.061513
Jul 24 01:15:04.111358 dv-osbrick-master-4-smb devstack@n-api.service[117749]: [pid: 117749|app: 0|req: 84/168] 10.222.0.46 () {64 vars in 1317 bytes} [Sun Jul 24 01:15:04 2022] POST /compute/v2.1/os-server-external-events => generated 179 bytes in 65 msecs (HTTP/1.1 200) 9 headers in 357 bytes (1 switches on core 0)
Jul 24 01:15:04.119236 dv-osbrick-master-4-smb devstack@n-api.service[117748]: DEBUG nova.api.openstack.wsgi [None req-512c68de-c61d-45b2-b493-21e25c59cfe4 tempest-TestVolumeBootPattern-728865670 tempest-TestVolumeBootPattern-728865670-project] Calling method '<bound method ServersController.show of <nova.api.openstack.compute.servers.ServersController object at 0x7f0368e45250>>' {{(pid=117748) _process_stack /opt/stack/nova/nova/api/openstack/wsgi.py:513}}
Jul 24 01:15:04.120608 dv-osbrick-master-4-smb devstack@n-api.service[117748]: DEBUG nova.compute.api [None req-512c68de-c61d-45b2-b493-21e25c59cfe4 tempest-TestVolumeBootPattern-728865670 tempest-TestVolumeBootPattern-728865670-project] [instance: e23da8fe-8509-4be3-9f62-65a55f1bd11d] Fetching instance by UUID {{(pid=117748) get /opt/stack/nova/nova/compute/api.py:2920}}
Jul 24 01:15:04.132839 dv-osbrick-master-4-smb devstack@n-api.service[117748]: DEBUG oslo_concurrency.lockutils [None req-512c68de-c61d-45b2-b493-21e25c59cfe4 tempest-TestVolumeBootPattern-728865670 tempest-TestVolumeBootPattern-728865670-project] Lock "46f776ff-132b-47f5-8723-0decda5599f4" acquired by "nova.context.set_target_cell.<locals>.get_or_set_cached_cell_and_set_connections" :: waited 0.000s {{(pid=117748) inner /usr/local/lib/python3.8/dist-packages/oslo_concurrency/lockutils.py:386}}
