Aug 28 00:45:35.278539 dv-osbrick-master-4-iscsi devstack@keystone.service[81581]: [pid: 81581|app: 0|req: 13/29] 10.222.0.58 () {58 vars in 1024 bytes} [Sun Aug 28 00:45:35 2022] POST /identity/v3/auth/tokens => generated 799 bytes in 123 msecs (HTTP/1.1 201) 6 headers in 363 bytes (2 switches on core 0)
Aug 28 00:45:35.402832 dv-osbrick-master-4-iscsi devstack@keystone.service[81582]: DEBUG dbcounter [-] [81582] Writing DB stats keystone:SELECT=100 {{(pid=81582) stat_writer /usr/local/lib/python3.8/dist-packages/dbcounter.py:114}}
Aug 28 00:45:35.440747 dv-osbrick-master-4-iscsi devstack@keystone.service[81582]: DEBUG keystone.server.flask.request_processing.middleware.auth_context [None req-4e161707-8fd0-411c-8ed9-b7c5974a4b7e None None] Validating token access rules against request {{(pid=81582) validate_allowed_request /usr/local/lib/python3.8/dist-packages/keystonemiddleware/auth_token/__init__.py:545}}
Aug 28 00:45:35.485183 dv-osbrick-master-4-iscsi devstack@keystone.service[81582]: DEBUG keystone.server.flask.request_processing.middleware.auth_context [None req-bc240298-819d-49f0-8377-656317b1674e None admin] RBAC: auth_context: {'token': , 'domain_id': None, 'trust_id': None, 'trustor_id': None, 'trustee_id': None, 'domain_name': None, 'group_ids': [], 'user_id': '00caaefe5f7440c9962342f8ae00dd35', 'user_domain_id': 'default', 'system_scope': 'all', 'project_id': None, 'project_domain_id': None, 'roles': ['admin', 'member', 'reader'], 'is_admin_project': True, 'service_user_id': None, 'service_user_domain_id': None, 'service_project_id': None, 'service_project_domain_id': None, 'service_roles': []} {{(pid=81582) fill_context /opt/stack/keystone/keystone/server/flask/request_processing/middleware/auth_context.py:478}}
Aug 28 00:45:35.485826 dv-osbrick-master-4-iscsi devstack@keystone.service[81582]: DEBUG keystone.server.flask.request_processing.req_logging [None req-bc240298-819d-49f0-8377-656317b1674e None admin] REQUEST_METHOD: `GET` {{(pid=81582) log_request_info /opt/stack/keystone/keystone/server/flask/request_processing/req_logging.py:27}}
Aug 28 00:45:35.486109 dv-osbrick-master-4-iscsi devstack@keystone.service[81582]: DEBUG keystone.server.flask.request_processing.req_logging [None req-bc240298-819d-49f0-8377-656317b1674e None admin] SCRIPT_NAME: `/identity` {{(pid=81582) log_request_info /opt/stack/keystone/keystone/server/flask/request_processing/req_logging.py:28}}
Aug 28 00:45:35.486386 dv-osbrick-master-4-iscsi devstack@keystone.service[81582]: DEBUG keystone.server.flask.request_processing.req_logging [None req-bc240298-819d-49f0-8377-656317b1674e None admin] PATH_INFO: `/v3/roles/admin` {{(pid=81582) log_request_info /opt/stack/keystone/keystone/server/flask/request_processing/req_logging.py:29}}
Aug 28 00:45:35.501297 dv-osbrick-master-4-iscsi devstack@keystone.service[81582]: DEBUG keystone.common.rbac_enforcer.enforcer [None req-bc240298-819d-49f0-8377-656317b1674e None admin] Extracting inferred target data resulted in "NOT FOUND (404)". {{(pid=81582) enforce_call /opt/stack/keystone/keystone/common/rbac_enforcer/enforcer.py:409}}
Aug 28 00:45:35.506223 dv-osbrick-master-4-iscsi devstack@keystone.service[81582]: ERROR keystone.server.flask.application [None req-bc240298-819d-49f0-8377-656317b1674e None admin] Could not find role: admin.: keystone.exception.RoleNotFound: Could not find role: admin.
Aug 28 00:45:35.506223 dv-osbrick-master-4-iscsi devstack@keystone.service[81582]: ERROR keystone.server.flask.application
Traceback (most recent call last):
Aug 28 00:45:35.506223 dv-osbrick-master-4-iscsi devstack@keystone.service[81582]: ERROR keystone.server.flask.application
File "/usr/local/lib/python3.8/dist-packages/flask/app.py", line 1820, in full_dispatch_request
Aug 28 00:45:35.506223 dv-osbrick-master-4-iscsi devstack@keystone.service[81582]: ERROR keystone.server.flask.application rv = self.dispatch_request()
Aug 28 00:45:35.506223 dv-osbrick-master-4-iscsi devstack@keystone.service[81582]: ERROR keystone.server.flask.application
File "/usr/local/lib/python3.8/dist-packages/flask/app.py", line 1796, in dispatch_request
Aug 28 00:45:35.506223 dv-osbrick-master-4-iscsi devstack@keystone.service[81582]: ERROR keystone.server.flask.application return self.ensure_sync(self.view_functions[rule.endpoint])(**view_args)
Aug 28 00:45:35.506223 dv-osbrick-master-4-iscsi devstack@keystone.service[81582]: ERROR keystone.server.flask.application
File "/usr/local/lib/python3.8/dist-packages/flask_restful/__init__.py", line 467, in wrapper
Aug 28 00:45:35.506223 dv-osbrick-master-4-iscsi devstack@keystone.service[81582]: ERROR keystone.server.flask.application resp = resource(*args, **kwargs)
Aug 28 00:45:35.506223 dv-osbrick-master-4-iscsi devstack@keystone.service[81582]: ERROR keystone.server.flask.application
File "/usr/local/lib/python3.8/dist-packages/flask/views.py", line 107, in view
Aug 28 00:45:35.506223 dv-osbrick-master-4-iscsi devstack@keystone.service[81582]: ERROR keystone.server.flask.application return current_app.ensure_sync(self.dispatch_request)(**kwargs)
Aug 28 00:45:35.506223 dv-osbrick-master-4-iscsi devstack@keystone.service[81582]: ERROR keystone.server.flask.application
File "/usr/local/lib/python3.8/dist-packages/flask_restful/__init__.py", line 582, in dispatch_request
Aug 28 00:45:35.506223 dv-osbrick-master-4-iscsi devstack@keystone.service[81582]: ERROR keystone.server.flask.application resp = meth(*args, **kwargs)
Aug 28 00:45:35.506223 dv-osbrick-master-4-iscsi devstack@keystone.service[81582]: ERROR keystone.server.flask.application
File "/opt/stack/keystone/keystone/api/roles.py", line 50, in get
Aug 28 00:45:35.506223 dv-osbrick-master-4-iscsi devstack@keystone.service[81582]: ERROR keystone.server.flask.application return self._get_role(role_id)
Aug 28 00:45:35.506223 dv-osbrick-master-4-iscsi devstack@keystone.service[81582]: ERROR keystone.server.flask.application
File "/opt/stack/keystone/keystone/api/roles.py", line 70, in _get_role
Aug 28 00:45:35.506223 dv-osbrick-master-4-iscsi devstack@keystone.service[81582]: ERROR keystone.server.flask.application ENFORCER.enforce_call(action='identity:get_role')
Aug 28 00:45:35.507167 dv-osbrick-master-4-iscsi devstack@keystone.service[81582]: ERROR keystone.server.flask.application
File "/opt/stack/keystone/keystone/common/rbac_enforcer/enforcer.py", line 402, in enforce_call
Aug 28 00:45:35.507167 dv-osbrick-master-4-iscsi devstack@keystone.service[81582]: ERROR keystone.server.flask.application policy_dict.update(cls._extract_member_target_data(
Aug 28 00:45:35.507167 dv-osbrick-master-4-iscsi devstack@keystone.service[81582]: ERROR keystone.server.flask.application
File "/opt/stack/keystone/keystone/common/rbac_enforcer/enforcer.py", line 234, in _extract_member_target_data
Aug 28 00:45:35.507167 dv-osbrick-master-4-iscsi devstack@keystone.service[81582]: ERROR keystone.server.flask.application member_name: func(flask.request.view_args[key])
Aug 28 00:45:35.507167 dv-osbrick-master-4-iscsi devstack@keystone.service[81582]: ERROR keystone.server.flask.application
File "/opt/stack/keystone/keystone/common/manager.py", line 115, in wrapped
Aug 28 00:45:35.507167 dv-osbrick-master-4-iscsi devstack@keystone.service[81582]: ERROR keystone.server.flask.application __ret_val = __f(*args, **kwargs)
Aug 28 00:45:35.507167 dv-osbrick-master-4-iscsi devstack@keystone.service[81582]: ERROR keystone.server.flask.application
File "/usr/local/lib/python3.8/dist-packages/decorator.py", line 232, in fun
Aug 28 00:45:35.507167 dv-osbrick-master-4-iscsi devstack@keystone.service[81582]: ERROR keystone.server.flask.application return caller(func, *(extras + args), **kw)
Aug 28 00:45:35.507167 dv-osbrick-master-4-iscsi devstack@keystone.service[81582]: ERROR keystone.server.flask.application
File "/usr/local/lib/python3.8/dist-packages/dogpile/cache/region.py", line 1577, in get_or_create_for_user_func
Aug 28 00:45:35.507167 dv-osbrick-master-4-iscsi devstack@keystone.service[81582]: ERROR keystone.server.flask.application return self.get_or_create(
Aug 28 00:45:35.507167 dv-osbrick-master-4-iscsi devstack@keystone.service[81582]: ERROR keystone.server.flask.application
File "/usr/local/lib/python3.8/dist-packages/dogpile/cache/region.py", line 1042, in get_or_create
Aug 28 00:45:35.507167 dv-osbrick-master-4-iscsi devstack@keystone.service[81582]: ERROR keystone.server.flask.application with Lock(
Aug 28 00:45:35.507167 dv-osbrick-master-4-iscsi devstack@keystone.service[81582]: ERROR keystone.server.flask.application
File "/usr/local/lib/python3.8/dist-packages/dogpile/lock.py", line 185, in __enter__
Aug 28 00:45:35.507167 dv-osbrick-master-4-iscsi devstack@keystone.service[81582]: ERROR keystone.server.flask.application return self._enter()
Aug 28 00:45:35.507167 dv-osbrick-master-4-iscsi devstack@keystone.service[81582]: ERROR keystone.server.flask.application
File "/usr/local/lib/python3.8/dist-packages/dogpile/lock.py", line 94, in _enter
Aug 28 00:45:35.507167 dv-osbrick-master-4-iscsi devstack@keystone.service[81582]: ERROR keystone.server.flask.application generated = self._enter_create(value, createdtime)
Aug 28 00:45:35.508048 dv-osbrick-master-4-iscsi devstack@keystone.service[81582]: ERROR keystone.server.flask.application
File "/usr/local/lib/python3.8/dist-packages/dogpile/lock.py", line 178, in _enter_create
Aug 28 00:45:35.508048 dv-osbrick-master-4-iscsi devstack@keystone.service[81582]: ERROR keystone.server.flask.application return self.creator()
Aug 28 00:45:35.508048 dv-osbrick-master-4-iscsi devstack@keystone.service[81582]: ERROR keystone.server.flask.application
File "/usr/local/lib/python3.8/dist-packages/dogpile/cache/region.py", line 995, in gen_value
Aug 28 00:45:35.508048 dv-osbrick-master-4-iscsi devstack@keystone.service[81582]: ERROR keystone.server.flask.application created_value = creator(
Aug 28 00:45:35.508048 dv-osbrick-master-4-iscsi devstack@keystone.service[81582]: ERROR keystone.server.flask.application
File "/opt/stack/keystone/keystone/assignment/core.py", line 1276, in get_role
Aug 28 00:45:35.508048 dv-osbrick-master-4-iscsi devstack@keystone.service[81582]: ERROR keystone.server.flask.application return self.driver.get_role(role_id)
Aug 28 00:45:35.508048 dv-osbrick-master-4-iscsi devstack@keystone.service[81582]: ERROR keystone.server.flask.application
File "/opt/stack/keystone/keystone/assignment/role_backends/sql.py", line 70, in get_role
Aug 28 00:45:35.508048 dv-osbrick-master-4-iscsi devstack@keystone.service[81582]: ERROR keystone.server.flask.application return self._get_role(session, role_id).to_dict()
Aug 28 00:45:35.508048 dv-osbrick-master-4-iscsi devstack@keystone.service[81582]: ERROR keystone.server.flask.application
File "/opt/stack/keystone/keystone/assignment/role_backends/sql.py", line 65, in _get_role
Aug 28 00:45:35.508048 dv-osbrick-master-4-iscsi devstack@keystone.service[81582]: ERROR keystone.server.flask.application raise exception.RoleNotFound(role_id=role_id)
Aug 28 00:45:35.508048 dv-osbrick-master-4-iscsi devstack@keystone.service[81582]: ERROR keystone.server.flask.application keystone.exception.RoleNotFound: Could not find role: admin.
Aug 28 00:45:35.508048 dv-osbrick-master-4-iscsi devstack@keystone.service[81582]: ERROR keystone.server.flask.application
Aug 28 00:45:35.511758 dv-osbrick-master-4-iscsi devstack@keystone.service[81582]: [pid: 81582|app: 0|req: 17/30] 10.222.0.58 () {56 vars in 1096 bytes} [Sun Aug 28 00:45:35 2022] GET /identity/v3/roles/admin => generated 83 bytes in 244 msecs (HTTP/1.1 404) 5 headers in 183 bytes (1 switches on core 0)
Aug 28 00:45:35.518114 dv-osbrick-master-4-iscsi devstack@keystone.service[81581]: DEBUG keystone.server.flask.request_processing.middleware.auth_context [None req-9e8bcc49-168b-445c-bfe9-768a4dccb671 None None] Authenticating user token {{(pid=81581) process_request /usr/local/lib/python3.8/dist-packages/keystonemiddleware/auth_token/__init__.py:407}}
Aug 28 00:45:35.529767 dv-osbrick-master-4-iscsi devstack@keystone.service[81582]: DEBUG keystone.server.flask.request_processing.middleware.auth_context [None req-bc240298-819d-49f0-8377-656317b1674e None admin] Authenticating user token {{(pid=81582) process_request /usr/local/lib/python3.8/dist-packages/keystonemiddleware/auth_token/__init__.py:407}}
Aug 28 00:45:35.702209 dv-osbrick-master-4-iscsi devstack@keystone.service[81581]: DEBUG keystone.server.flask.request_processing.middleware.auth_context [None req-9e8bcc49-168b-445c-bfe9-768a4dccb671 None None] Validating token access rules against request {{(pid=81581) validate_allowed_request /usr/local/lib/python3.8/dist-packages/keystonemiddleware/auth_token/__init__.py:545}}
Aug 28 00:45:35.714813 dv-osbrick-master-4-iscsi devstack@keystone.service[81581]: DEBUG dbcounter [-] [81581] Writing DB stats keystone:SELECT=100 {{(pid=81581) stat_writer /usr/local/lib/python3.8/dist-packages/dbcounter.py:114}}
Aug 28 00:45:35.726417 dv-osbrick-master-4-iscsi devstack@keystone.service[81582]: DEBUG keystone.server.flask.request_processing.middleware.auth_context [None req-bc240298-819d-49f0-8377-656317b1674e None admin] Validating token access rules against request {{(pid=81582) validate_allowed_request /usr/local/lib/python3.8/dist-packages/keystonemiddleware/auth_token/__init__.py:545}}
Aug 28 00:45:35.764748 dv-osbrick-master-4-iscsi devstack@keystone.service[81582]: DEBUG keystone.server.flask.request_processing.middleware.auth_context [None req-656466db-e96f-4f6c-9d1e-d024e088a2ae None admin] RBAC: auth_context: {'token': , 'domain_id': None, 'trust_id': None, 'trustor_id': None, 'trustee_id': None, 'domain_name': None, 'group_ids': [], 'user_id': '00caaefe5f7440c9962342f8ae00dd35', 'user_domain_id': 'default', 'system_scope': 'all', 'project_id': None, 'project_domain_id': None, 'roles': ['admin', 'member', 'reader'], 'is_admin_project': True, 'service_user_id': None, 'service_user_domain_id': None, 'service_project_id': None, 'service_project_domain_id': None, 'service_roles': []} {{(pid=81582) fill_context /opt/stack/keystone/keystone/server/flask/request_processing/middleware/auth_context.py:478}}
Aug 28 00:45:35.765480 dv-osbrick-master-4-iscsi devstack@keystone.service[81582]: DEBUG keystone.server.flask.request_processing.req_logging [None req-656466db-e96f-4f6c-9d1e-d024e088a2ae None admin] REQUEST_METHOD: `GET` {{(pid=81582) log_request_info /opt/stack/keystone/keystone/server/flask/request_processing/req_logging.py:27}}
Aug 28 00:45:35.765761 dv-osbrick-master-4-iscsi devstack@keystone.service[81582]: DEBUG keystone.server.flask.request_processing.req_logging [None req-656466db-e96f-4f6c-9d1e-d024e088a2ae None admin] SCRIPT_NAME: `/identity` {{(pid=81582) log_request_info /opt/stack/keystone/keystone/server/flask/request_processing/req_logging.py:28}}
Aug 28 00:45:35.766031 dv-osbrick-master-4-iscsi devstack@keystone.service[81582]: DEBUG keystone.server.flask.request_processing.req_logging [None req-656466db-e96f-4f6c-9d1e-d024e088a2ae None admin] PATH_INFO: `/v3/domains/Default` {{(pid=81582) log_request_info /opt/stack/keystone/keystone/server/flask/request_processing/req_logging.py:29}}
Aug 28 00:45:35.768435 dv-osbrick-master-4-iscsi devstack@keystone.service[81582]: DEBUG dbcounter [-] [81582] Writing DB stats keystone:SELECT=100 {{(pid=81582) stat_writer /usr/local/lib/python3.8/dist-packages/dbcounter.py:114}}
Aug 28 00:45:35.773728 dv-osbrick-master-4-iscsi devstack@keystone.service[81581]: DEBUG keystone.server.flask.request_processing.middleware.auth_context [None req-9b684da0-875b-4dbf-9c64-bfcb1f9398d5 None admin] RBAC: auth_context: {'token': , 'domain_id': None, 'trust_id': None, 'trustor_id': None, 'trustee_id': None, 'domain_name': None, 'group_ids': [], 'user_id': '00caaefe5f7440c9962342f8ae00dd35', 'user_domain_id': 'default', 'system_scope': 'all', 'project_id': None, 'project_domain_id': None, 'roles': ['admin', 'member', 'reader'], 'is_admin_project': True, 'service_user_id': None, 'service_user_domain_id': None, 'service_project_id': None, 'service_project_domain_id': None, 'service_roles': []} {{(pid=81581) fill_context /opt/stack/keystone/keystone/server/flask/request_processing/middleware/auth_context.py:478}}
Aug 28 00:45:35.774363 dv-osbrick-master-4-iscsi devstack@keystone.service[81581]: DEBUG keystone.server.flask.request_processing.req_logging [None req-9b684da0-875b-4dbf-9c64-bfcb1f9398d5 None admin] REQUEST_METHOD: `GET` {{(pid=81581) log_request_info /opt/stack/keystone/keystone/server/flask/request_processing/req_logging.py:27}}
Aug 28 00:45:35.774639 dv-osbrick-master-4-iscsi devstack@keystone.service[81581]: DEBUG keystone.server.flask.request_processing.req_logging [None req-9b684da0-875b-4dbf-9c64-bfcb1f9398d5 None admin] SCRIPT_NAME: `/identity` {{(pid=81581) log_request_info /opt/stack/keystone/keystone/server/flask/request_processing/req_logging.py:28}}
Aug 28 00:45:35.774970 dv-osbrick-master-4-iscsi devstack@keystone.service[81581]: DEBUG keystone.server.flask.request_processing.req_logging [None req-9b684da0-875b-4dbf-9c64-bfcb1f9398d5 None admin] PATH_INFO: `/v3/roles` {{(pid=81581) log_request_info /opt/stack/keystone/keystone/server/flask/request_processing/req_logging.py:29}}
Aug 28 00:45:35.775761 dv-osbrick-master-4-iscsi devstack@keystone.service[81581]: DEBUG keystone.common.rbac_enforcer.enforcer [None req-9b684da0-875b-4dbf-9c64-bfcb1f9398d5 None admin] RBAC: Adding query filter params (name=admin) {{(pid=81581) _extract_filter_values /opt/stack/keystone/keystone/common/rbac_enforcer/enforcer.py:167}}
Aug 28 00:45:35.780480 dv-osbrick-master-4-iscsi devstack@keystone.service[81581]: DEBUG keystone.common.rbac_enforcer.enforcer [None req-9b684da0-875b-4dbf-9c64-bfcb1f9398d5 None admin] RBAC: Authorizing `identity:list_roles()` {{(pid=81581) enforce_call /opt/stack/keystone/keystone/common/rbac_enforcer/enforcer.py:449}}
Aug 28 00:45:35.780480 dv-osbrick-master-4-iscsi devstack@keystone.service[81581]: DEBUG keystone.common.rbac_enforcer.enforcer [None req-9b684da0-875b-4dbf-9c64-bfcb1f9398d5 None admin] RBAC: Authorization granted {{(pid=81581) enforce_call /opt/stack/keystone/keystone/common/rbac_enforcer/enforcer.py:457}}
Aug 28 00:45:35.780670 dv-osbrick-master-4-iscsi devstack@keystone.service[81582]: DEBUG keystone.common.rbac_enforcer.enforcer [None req-656466db-e96f-4f6c-9d1e-d024e088a2ae None admin] RBAC: Authorizing `identity:get_domain(domain_id=Default)` {{(pid=81582) enforce_call /opt/stack/keystone/keystone/common/rbac_enforcer/enforcer.py:449}}
Aug 28 00:45:35.780670 dv-osbrick-master-4-iscsi devstack@keystone.service[81582]: DEBUG keystone.common.rbac_enforcer.enforcer [None req-656466db-e96f-4f6c-9d1e-d024e088a2ae None admin] RBAC: Authorization granted {{(pid=81582) enforce_call /opt/stack/keystone/keystone/common/rbac_enforcer/enforcer.py:457}}
Aug 28 00:45:35.794056 dv-osbrick-master-4-iscsi devstack@keystone.service[81581]: [pid: 81581|app: 0|req: 14/31] 10.222.0.58 () {56 vars in 1099 bytes} [Sun Aug 28 00:45:35 2022] GET /identity/v3/roles?name=admin => generated 339 bytes in 277 msecs (HTTP/1.1 200) 5 headers in 177 bytes (1 switches on core 0)
Aug 28 00:45:35.795715 dv-osbrick-master-4-iscsi devstack@keystone.service[81582]: ERROR keystone.server.flask.application [None req-656466db-e96f-4f6c-9d1e-d024e088a2ae None admin] Could not find domain: Default.: keystone.exception.DomainNotFound: Could not find domain: Default.
Aug 28 00:45:35.795715 dv-osbrick-master-4-iscsi devstack@keystone.service[81582]: ERROR keystone.server.flask.application
Traceback (most recent call last):
Aug 28 00:45:35.795715 dv-osbrick-master-4-iscsi devstack@keystone.service[81582]: ERROR keystone.server.flask.application
File "/usr/local/lib/python3.8/dist-packages/flask/app.py", line 1820, in full_dispatch_request
Aug 28 00:45:35.795715 dv-osbrick-master-4-iscsi devstack@keystone.service[81582]: ERROR keystone.server.flask.application rv = self.dispatch_request()
Aug 28 00:45:35.795715 dv-osbrick-master-4-iscsi devstack@keystone.service[81582]: ERROR keystone.server.flask.application
File "/usr/local/lib/python3.8/dist-packages/flask/app.py", line 1796, in dispatch_request
Aug 28 00:45:35.795715 dv-osbrick-master-4-iscsi devstack@keystone.service[81582]: ERROR keystone.server.flask.application return self.ensure_sync(self.view_functions[rule.endpoint])(**view_args)
Aug 28 00:45:35.795715 dv-osbrick-master-4-iscsi devstack@keystone.service[81582]: ERROR keystone.server.flask.application
File "/usr/local/lib/python3.8/dist-packages/flask_restful/__init__.py", line 467, in wrapper
Aug 28 00:45:35.795715 dv-osbrick-master-4-iscsi devstack@keystone.service[81582]: ERROR keystone.server.flask.application resp = resource(*args, **kwargs)
Aug 28 00:45:35.795715 dv-osbrick-master-4-iscsi devstack@keystone.service[81582]: ERROR keystone.server.flask.application
File "/usr/local/lib/python3.8/dist-packages/flask/views.py", line 107, in view
Aug 28 00:45:35.795715 dv-osbrick-master-4-iscsi devstack@keystone.service[81582]: ERROR keystone.server.flask.application return current_app.ensure_sync(self.dispatch_request)(**kwargs)
Aug 28 00:45:35.795715 dv-osbrick-master-4-iscsi devstack@keystone.service[81582]: ERROR keystone.server.flask.application
File "/usr/local/lib/python3.8/dist-packages/flask_restful/__init__.py", line 582, in dispatch_request
Aug 28 00:45:35.795715 dv-osbrick-master-4-iscsi devstack@keystone.service[81582]: ERROR keystone.server.flask.application resp = meth(*args, **kwargs)
Aug 28 00:45:35.795715 dv-osbrick-master-4-iscsi devstack@keystone.service[81582]: ERROR keystone.server.flask.application
File "/opt/stack/keystone/keystone/api/domains.py", line 89, in get
Aug 28 00:45:35.795715 dv-osbrick-master-4-iscsi devstack@keystone.service[81582]: ERROR keystone.server.flask.application return self._get_domain(domain_id)
Aug 28 00:45:35.795715 dv-osbrick-master-4-iscsi devstack@keystone.service[81582]: ERROR keystone.server.flask.application
File "/opt/stack/keystone/keystone/api/domains.py", line 97, in _get_domain
Aug 28 00:45:35.795715 dv-osbrick-master-4-iscsi devstack@keystone.service[81582]: ERROR keystone.server.flask.application domain = PROVIDERS.resource_api.get_domain(domain_id)
Aug 28 00:45:35.796572 dv-osbrick-master-4-iscsi devstack@keystone.service[81582]: ERROR keystone.server.flask.application
File "/opt/stack/keystone/keystone/common/manager.py", line 115, in wrapped
Aug 28 00:45:35.796572 dv-osbrick-master-4-iscsi devstack@keystone.service[81582]: ERROR keystone.server.flask.application __ret_val = __f(*args, **kwargs)
Aug 28 00:45:35.796572 dv-osbrick-master-4-iscsi devstack@keystone.service[81582]: ERROR keystone.server.flask.application
File "/usr/local/lib/python3.8/dist-packages/decorator.py", line 232, in fun
Aug 28 00:45:35.796572 dv-osbrick-master-4-iscsi devstack@keystone.service[81582]: ERROR keystone.server.flask.application return caller(func, *(extras + args), **kw)
Aug 28 00:45:35.796572 dv-osbrick-master-4-iscsi devstack@keystone.service[81582]: ERROR keystone.server.flask.application
File "/usr/local/lib/python3.8/dist-packages/dogpile/cache/region.py", line 1577, in get_or_create_for_user_func
Aug 28 00:45:35.796572 dv-osbrick-master-4-iscsi devstack@keystone.service[81582]: ERROR keystone.server.flask.application return self.get_or_create(
Aug 28 00:45:35.796572 dv-osbrick-master-4-iscsi devstack@keystone.service[81582]: ERROR keystone.server.flask.application
File "/usr/local/lib/python3.8/dist-packages/dogpile/cache/region.py", line 1042, in get_or_create
Aug 28 00:45:35.796572 dv-osbrick-master-4-iscsi devstack@keystone.service[81582]: ERROR keystone.server.flask.application with Lock(
Aug 28 00:45:35.796572 dv-osbrick-master-4-iscsi devstack@keystone.service[81582]: ERROR keystone.server.flask.application
File "/usr/local/lib/python3.8/dist-packages/dogpile/lock.py", line 185, in __enter__
Aug 28 00:45:35.796572 dv-osbrick-master-4-iscsi devstack@keystone.service[81582]: ERROR keystone.server.flask.application return self._enter()
Aug 28 00:45:35.796572 dv-osbrick-master-4-iscsi devstack@keystone.service[81582]: ERROR keystone.server.flask.application
File "/usr/local/lib/python3.8/dist-packages/dogpile/lock.py", line 94, in _enter
Aug 28 00:45:35.796572 dv-osbrick-master-4-iscsi devstack@keystone.service[81582]: ERROR keystone.server.flask.application generated = self._enter_create(value, createdtime)
Aug 28 00:45:35.796572 dv-osbrick-master-4-iscsi devstack@keystone.service[81582]: ERROR keystone.server.flask.application
File "/usr/local/lib/python3.8/dist-packages/dogpile/lock.py", line 178, in _enter_create
Aug 28 00:45:35.796572 dv-osbrick-master-4-iscsi devstack@keystone.service[81582]: ERROR keystone.server.flask.application return self.creator()
Aug 28 00:45:35.796572 dv-osbrick-master-4-iscsi devstack@keystone.service[81582]: ERROR keystone.server.flask.application
File "/usr/local/lib/python3.8/dist-packages/dogpile/cache/region.py", line 995, in gen_value
Aug 28 00:45:35.796572 dv-osbrick-master-4-iscsi devstack@keystone.service[81582]: ERROR keystone.server.flask.application created_value = creator(
Aug 28 00:45:35.796572 dv-osbrick-master-4-iscsi devstack@keystone.service[81582]: ERROR keystone.server.flask.application
File "/opt/stack/keystone/keystone/resource/core.py", line 716, in get_domain
Aug 28 00:45:35.797392 dv-osbrick-master-4-iscsi devstack@keystone.service[81582]: ERROR keystone.server.flask.application raise exception.DomainNotFound(domain_id=domain_id)
Aug 28 00:45:35.797392 dv-osbrick-master-4-iscsi devstack@keystone.service[81582]: ERROR keystone.server.flask.application keystone.exception.DomainNotFound: Could not find domain: Default.
Aug 28 00:45:35.797392 dv-osbrick-master-4-iscsi devstack@keystone.service[81582]: ERROR keystone.server.flask.application
Aug 28 00:45:35.797392 dv-osbrick-master-4-iscsi devstack@keystone.service[81582]: [pid: 81582|app: 0|req: 18/32] 10.222.0.58 () {56 vars in 1108 bytes} [Sun Aug 28 00:45:35 2022] GET /identity/v3/domains/Default => generated 87 bytes in 268 msecs (HTTP/1.1 404) 5 headers in 183 bytes (2 switches on core 0)
Aug 28 00:45:35.797992 dv-osbrick-master-4-iscsi devstack@keystone.service[81582]: DEBUG keystone.server.flask.request_processing.middleware.auth_context [None req-656466db-e96f-4f6c-9d1e-d024e088a2ae None admin] Authenticating user token {{(pid=81582) process_request /usr/local/lib/python3.8/dist-packages/keystonemiddleware/auth_token/__init__.py:407}}
Aug 28 00:45:35.799574 dv-osbrick-master-4-iscsi devstack@keystone.service[81581]: DEBUG keystone.server.flask.request_processing.middleware.auth_context [None req-9b684da0-875b-4dbf-9c64-bfcb1f9398d5 None admin] Authenticating user token {{(pid=81581) process_request /usr/local/lib/python3.8/dist-packages/keystonemiddleware/auth_token/__init__.py:407}}
Aug 28 00:45:35.911210 dv-osbrick-master-4-iscsi devstack@keystone.service[81582]: DEBUG keystone.server.flask.request_processing.middleware.auth_context [None req-656466db-e96f-4f6c-9d1e-d024e088a2ae None admin] Validating token access rules against request {{(pid=81582) validate_allowed_request /usr/local/lib/python3.8/dist-packages/keystonemiddleware/auth_token/__init__.py:545}}
Aug 28 00:45:35.943481 dv-osbrick-master-4-iscsi devstack@keystone.service[81581]: DEBUG keystone.server.flask.request_processing.middleware.auth_context [None req-9b684da0-875b-4dbf-9c64-bfcb1f9398d5 None admin] Validating token access rules against request {{(pid=81581) validate_allowed_request /usr/local/lib/python3.8/dist-packages/keystonemiddleware/auth_token/__init__.py:545}}
Aug 28 00:45:35.952913 dv-osbrick-master-4-iscsi devstack@keystone.service[81582]: DEBUG keystone.server.flask.request_processing.middleware.auth_context [None req-8c270f13-1581-47fc-ba87-ea929317ae5a None admin] RBAC: auth_context: {'token': , 'domain_id': None, 'trust_id': None, 'trustor_id': None, 'trustee_id': None, 'domain_name': None, 'group_ids': [], 'user_id': '00caaefe5f7440c9962342f8ae00dd35', 'user_domain_id': 'default', 'system_scope': 'all', 'project_id': None, 'project_domain_id': None, 'roles': ['admin', 'member', 'reader'], 'is_admin_project': True, 'service_user_id': None, 'service_user_domain_id': None, 'service_project_id': None, 'service_project_domain_id': None, 'service_roles': []} {{(pid=81582) fill_context /opt/stack/keystone/keystone/server/flask/request_processing/middleware/auth_context.py:478}}
Aug 28 00:45:35.953544 dv-osbrick-master-4-iscsi devstack@keystone.service[81582]: DEBUG keystone.server.flask.request_processing.req_logging [None req-8c270f13-1581-47fc-ba87-ea929317ae5a None admin] REQUEST_METHOD: `POST` {{(pid=81582) log_request_info /opt/stack/keystone/keystone/server/flask/request_processing/req_logging.py:27}}
Aug 28 00:45:35.953827 dv-osbrick-master-4-iscsi devstack@keystone.service[81582]: DEBUG keystone.server.flask.request_processing.req_logging [None req-8c270f13-1581-47fc-ba87-ea929317ae5a None admin] SCRIPT_NAME: `/identity` {{(pid=81582) log_request_info /opt/stack/keystone/keystone/server/flask/request_processing/req_logging.py:28}}
Aug 28 00:45:35.954105 dv-osbrick-master-4-iscsi devstack@keystone.service[81582]: DEBUG keystone.server.flask.request_processing.req_logging [None req-8c270f13-1581-47fc-ba87-ea929317ae5a None admin] PATH_INFO: `/v3/roles` {{(pid=81582) log_request_info /opt/stack/keystone/keystone/server/flask/request_processing/req_logging.py:29}}
Aug 28 00:45:35.954990 dv-osbrick-master-4-iscsi devstack@keystone.service[81582]: DEBUG keystone.common.rbac_enforcer.enforcer [None req-8c270f13-1581-47fc-ba87-ea929317ae5a None admin] RBAC: Authorizing `identity:create_role()` {{(pid=81582) enforce_call /opt/stack/keystone/keystone/common/rbac_enforcer/enforcer.py:449}}
Aug 28 00:45:35.956674 dv-osbrick-master-4-iscsi devstack@keystone.service[81582]: DEBUG keystone.common.rbac_enforcer.enforcer [None req-8c270f13-1581-47fc-ba87-ea929317ae5a None admin] RBAC: Authorization granted {{(pid=81582) enforce_call /opt/stack/keystone/keystone/common/rbac_enforcer/enforcer.py:457}}
Aug 28 00:45:35.983214 dv-osbrick-master-4-iscsi devstack@keystone.service[81581]: DEBUG keystone.server.flask.request_processing.middleware.auth_context [None req-2280ff53-ec88-47a3-8ba0-3b5eca596e7c None admin] RBAC: auth_context: {'token': , 'domain_id': None, 'trust_id': None, 'trustor_id': None, 'trustee_id': None, 'domain_name': None, 'group_ids': [], 'user_id': '00caaefe5f7440c9962342f8ae00dd35', 'user_domain_id': 'default', 'system_scope': 'all', 'project_id': None, 'project_domain_id': None, 'roles': ['admin', 'member', 'reader'], 'is_admin_project': True, 'service_user_id': None, 'service_user_domain_id': None, 'service_project_id': None, 'service_project_domain_id': None, 'service_roles': []} {{(pid=81581) fill_context /opt/stack/keystone/keystone/server/flask/request_processing/middleware/auth_context.py:478}}
Aug 28 00:45:35.983835 dv-osbrick-master-4-iscsi devstack@keystone.service[81581]: DEBUG keystone.server.flask.request_processing.req_logging [None req-2280ff53-ec88-47a3-8ba0-3b5eca596e7c None admin] REQUEST_METHOD: `POST` {{(pid=81581) log_request_info /opt/stack/keystone/keystone/server/flask/request_processing/req_logging.py:27}}
Aug 28 00:45:35.984124 dv-osbrick-master-4-iscsi devstack@keystone.service[81581]: DEBUG keystone.server.flask.request_processing.req_logging [None req-2280ff53-ec88-47a3-8ba0-3b5eca596e7c None admin] SCRIPT_NAME: `/identity` {{(pid=81581) log_request_info /opt/stack/keystone/keystone/server/flask/request_processing/req_logging.py:28}}
Aug 28 00:45:35.984379 dv-osbrick-master-4-iscsi devstack@keystone.service[81581]: DEBUG keystone.server.flask.request_processing.req_logging [None req-2280ff53-ec88-47a3-8ba0-3b5eca596e7c None admin] PATH_INFO: `/v3/roles` {{(pid=81581) log_request_info /opt/stack/keystone/keystone/server/flask/request_processing/req_logging.py:29}}
Aug 28 00:45:35.985051 dv-osbrick-master-4-iscsi devstack@keystone.service[81581]: DEBUG keystone.common.rbac_enforcer.enforcer [None req-2280ff53-ec88-47a3-8ba0-3b5eca596e7c None admin] RBAC: Authorizing `identity:create_role()` {{(pid=81581) enforce_call /opt/stack/keystone/keystone/common/rbac_enforcer/enforcer.py:449}}
Aug 28 00:45:35.986451 dv-osbrick-master-4-iscsi devstack@keystone.service[81581]: DEBUG keystone.common.rbac_enforcer.enforcer [None req-2280ff53-ec88-47a3-8ba0-3b5eca596e7c None admin] RBAC: Authorization granted {{(pid=81581) enforce_call /opt/stack/keystone/keystone/common/rbac_enforcer/enforcer.py:457}}
Aug 28 00:45:36.171929 dv-osbrick-master-4-iscsi devstack@keystone.service[81582]: [pid: 81582|app: 0|req: 19/33] 10.222.0.58 () {60 vars in 1131 bytes} [Sun Aug 28 00:45:35 2022] POST /identity/v3/roles => generated 219 bytes in 374 msecs (HTTP/1.1 201) 5 headers in 182 bytes (1 switches on core 0)
Aug 28 00:45:36.173476 dv-osbrick-master-4-iscsi devstack@keystone.service[81582]: DEBUG keystone.server.flask.request_processing.middleware.auth_context [None req-8c270f13-1581-47fc-ba87-ea929317ae5a None admin] Authenticating user token {{(pid=81582) process_request /usr/local/lib/python3.8/dist-packages/keystonemiddleware/auth_token/__init__.py:407}}
Aug 28 00:45:36.196745 dv-osbrick-master-4-iscsi devstack@keystone.service[81581]: [pid: 81581|app: 0|req: 15/34] 10.222.0.58 () {60 vars in 1131 bytes} [Sun Aug 28 00:45:35 2022] POST /identity/v3/roles => generated 225 bytes in 402 msecs (HTTP/1.1 201) 5 headers in 182 bytes (1 switches on core 0)
Aug 28 00:45:36.198827 dv-osbrick-master-4-iscsi devstack@keystone.service[81581]: DEBUG keystone.server.flask.request_processing.middleware.auth_context [None req-2280ff53-ec88-47a3-8ba0-3b5eca596e7c None admin] Authenticating user token {{(pid=81581) process_request /usr/local/lib/python3.8/dist-packages/keystonemiddleware/auth_token/__init__.py:407}}
Aug 28 00:45:36.246243 dv-osbrick-master-4-iscsi devstack@keystone.service[81581]: DEBUG dbcounter [-] [81581] Writing DB stats keystone:SELECT=99,keystone:INSERT=1 {{(pid=81581) stat_writer /usr/local/lib/python3.8/dist-packages/dbcounter.py:114}}
Aug 28 00:45:36.254432 dv-osbrick-master-4-iscsi devstack@keystone.service[81582]: DEBUG dbcounter [-] [81582] Writing DB stats keystone:SELECT=99,keystone:INSERT=1 {{(pid=81582) stat_writer /usr/local/lib/python3.8/dist-packages/dbcounter.py:114}}
Aug 28 00:45:36.360691 dv-osbrick-master-4-iscsi devstack@keystone.service[81581]: DEBUG keystone.server.flask.request_processing.middleware.auth_context [None req-2280ff53-ec88-47a3-8ba0-3b5eca596e7c None admin] Validating token access rules against request {{(pid=81581) validate_allowed_request /usr/local/lib/python3.8/dist-packages/keystonemiddleware/auth_token/__init__.py:545}}
Aug 28 00:45:36.366972 dv-osbrick-master-4-iscsi devstack@keystone.service[81582]: DEBUG keystone.server.flask.request_processing.middleware.auth_context [None req-8c270f13-1581-47fc-ba87-ea929317ae5a None admin] Validating token access rules against request {{(pid=81582) validate_allowed_request /usr/local/lib/python3.8/dist-packages/keystonemiddleware/auth_token/__init__.py:545}}
Aug 28 00:45:36.412785 dv-osbrick-master-4-iscsi devstack@keystone.service[81581]: DEBUG keystone.server.flask.request_processing.middleware.auth_context [None req-d74d651e-d334-4747-80e0-b6a9166c9d0a None admin] RBAC: auth_context: {'token': , 'domain_id': None, 'trust_id': None, 'trustor_id': None, 'trustee_id': None, 'domain_name': None, 'group_ids': [], 'user_id': '00caaefe5f7440c9962342f8ae00dd35', 'user_domain_id': 'default', 'system_scope': 'all', 'project_id': None, 'project_domain_id': None, 'roles': ['admin', 'member', 'reader'], 'is_admin_project': True, 'service_user_id': None, 'service_user_domain_id': None, 'service_project_id': None, 'service_project_domain_id': None, 'service_roles': []} {{(pid=81581) fill_context /opt/stack/keystone/keystone/server/flask/request_processing/middleware/auth_context.py:478}}
Aug 28 00:45:36.413429 dv-osbrick-master-4-iscsi devstack@keystone.service[81581]: DEBUG keystone.server.flask.request_processing.req_logging [None req-d74d651e-d334-4747-80e0-b6a9166c9d0a None admin] REQUEST_METHOD: `GET` {{(pid=81581) log_request_info /opt/stack/keystone/keystone/server/flask/request_processing/req_logging.py:27}}
Aug 28 00:45:36.413712 dv-osbrick-master-4-iscsi devstack@keystone.service[81581]: DEBUG keystone.server.flask.request_processing.req_logging [None req-d74d651e-d334-4747-80e0-b6a9166c9d0a None admin] SCRIPT_NAME: `/identity` {{(pid=81581) log_request_info /opt/stack/keystone/keystone/server/flask/request_processing/req_logging.py:28}}
Aug 28 00:45:36.413989 dv-osbrick-master-4-iscsi devstack@keystone.service[81581]: DEBUG keystone.server.flask.request_processing.req_logging [None req-d74d651e-d334-4747-80e0-b6a9166c9d0a None admin] PATH_INFO: `/v3/domains` {{(pid=81581) log_request_info /opt/stack/keystone/keystone/server/flask/request_processing/req_logging.py:29}}
Aug 28 00:45:36.414669 dv-osbrick-master-4-iscsi devstack@keystone.service[81581]: DEBUG keystone.common.rbac_enforcer.enforcer [None req-d74d651e-d334-4747-80e0-b6a9166c9d0a None admin] RBAC: Adding query filter params (name=Default) {{(pid=81581) _extract_filter_values /opt/stack/keystone/keystone/common/rbac_enforcer/enforcer.py:167}}
Aug 28 00:45:36.414980 dv-osbrick-master-4-iscsi devstack@keystone.service[81581]: DEBUG keystone.common.rbac_enforcer.enforcer [None req-d74d651e-d334-4747-80e0-b6a9166c9d0a None admin] RBAC: Authorizing `identity:list_domains()` {{(pid=81581) enforce_call /opt/stack/keystone/keystone/common/rbac_enforcer/enforcer.py:449}}
Aug 28 00:45:36.416055 dv-osbrick-master-4-iscsi devstack@keystone.service[81582]: DEBUG keystone.server.flask.request_processing.middleware.auth_context [None req-b0e147a2-86be-48e2-bda4-01fde3bbe5fc None admin] RBAC: auth_context: {'token': , 'domain_id': None, 'trust_id': None, 'trustor_id': None, 'trustee_id': None, 'domain_name': None, 'group_ids': [], 'user_id': '00caaefe5f7440c9962342f8ae00dd35', 'user_domain_id': 'default', 'system_scope': 'all', 'project_id': None, 'project_domain_id': None, 'roles': ['admin', 'member', 'reader'], 'is_admin_project': True, 'service_user_id': None, 'service_user_domain_id': None, 'service_project_id': None, 'service_project_domain_id': None, 'service_roles': []} {{(pid=81582) fill_context /opt/stack/keystone/keystone/server/flask/request_processing/middleware/auth_context.py:478}}
Aug 28 00:45:36.417281 dv-osbrick-master-4-iscsi devstack@keystone.service[81582]: DEBUG keystone.server.flask.request_processing.req_logging [None req-b0e147a2-86be-48e2-bda4-01fde3bbe5fc None admin] REQUEST_METHOD: `GET` {{(pid=81582) log_request_info /opt/stack/keystone/keystone/server/flask/request_processing/req_logging.py:27}}
Aug 28 00:45:36.419924 dv-osbrick-master-4-iscsi devstack@keystone.service[81582]: DEBUG keystone.server.flask.request_processing.req_logging [None req-b0e147a2-86be-48e2-bda4-01fde3bbe5fc None admin] SCRIPT_NAME: `/identity` {{(pid=81582) log_request_info /opt/stack/keystone/keystone/server/flask/request_processing/req_logging.py:28}}
Aug 28 00:45:36.420125 dv-osbrick-master-4-iscsi devstack@keystone.service[81581]: DEBUG keystone.common.rbac_enforcer.enforcer [None req-d74d651e-d334-4747-80e0-b6a9166c9d0a None admin] RBAC: Authorization granted {{(pid=81581) enforce_call /opt/stack/keystone/keystone/common/rbac_enforcer/enforcer.py:457}}
Aug 28 00:45:36.420265 dv-osbrick-master-4-iscsi devstack@keystone.service[81582]: DEBUG keystone.server.flask.request_processing.req_logging [None req-b0e147a2-86be-48e2-bda4-01fde3bbe5fc None admin] PATH_INFO: `/v3/users/00caaefe5f7440c9962342f8ae00dd35` {{(pid=81582) log_request_info /opt/stack/keystone/keystone/server/flask/request_processing/req_logging.py:29}}
Aug 28 00:45:36.422091 dv-osbrick-master-4-iscsi devstack@keystone.service[81582]: DEBUG keystone.common.rbac_enforcer.enforcer [None req-b0e147a2-86be-48e2-bda4-01fde3bbe5fc None admin] RBAC: Authorizing `identity:get_user(user_id=00caaefe5f7440c9962342f8ae00dd35)` {{(pid=81582) enforce_call /opt/stack/keystone/keystone/common/rbac_enforcer/enforcer.py:449}}
Aug 28 00:45:36.422209 dv-osbrick-master-4-iscsi devstack@keystone.service[81582]: DEBUG keystone.common.rbac_enforcer.enforcer [None req-b0e147a2-86be-48e2-bda4-01fde3bbe5fc None admin] RBAC: Authorization granted {{(pid=81582) enforce_call /opt/stack/keystone/keystone/common/rbac_enforcer/enforcer.py:457}}
Aug 28 00:45:36.423917 dv-osbrick-master-4-iscsi devstack@keystone.service[81582]: [pid: 81582|app: 0|req: 20/35] 10.222.0.58 () {56 vars in 1177 bytes} [Sun Aug 28 00:45:36 2022] GET /identity/v3/users/00caaefe5f7440c9962342f8ae00dd35 => generated 247 bytes in 251 msecs (HTTP/1.1 200) 5 headers in 177 bytes (1 switches on core 0)
Aug 28 00:45:36.425300 dv-osbrick-master-4-iscsi devstack@keystone.service[81582]: DEBUG keystone.server.flask.request_processing.req_logging [None req-89842ce6-1e15-411b-b583-73bb2b130e5c None None] REQUEST_METHOD: `GET` {{(pid=81582) log_request_info /opt/stack/keystone/keystone/server/flask/request_processing/req_logging.py:27}}
Aug 28 00:45:36.425589 dv-osbrick-master-4-iscsi devstack@keystone.service[81582]: DEBUG keystone.server.flask.request_processing.req_logging [None req-89842ce6-1e15-411b-b583-73bb2b130e5c None None] SCRIPT_NAME: `/identity` {{(pid=81582) log_request_info /opt/stack/keystone/keystone/server/flask/request_processing/req_logging.py:28}}
Aug 28 00:45:36.425865 dv-osbrick-master-4-iscsi devstack@keystone.service[81582]: DEBUG keystone.server.flask.request_processing.req_logging [None req-89842ce6-1e15-411b-b583-73bb2b130e5c None None] PATH_INFO: `/` {{(pid=81582) log_request_info /opt/stack/keystone/keystone/server/flask/request_processing/req_logging.py:29}}
Aug 28 00:45:36.427469 dv-osbrick-master-4-iscsi devstack@keystone.service[81582]: [pid: 81582|app: 0|req: 21/36] 10.222.0.58 () {54 vars in 927 bytes} [Sun Aug 28 00:45:36 2022] GET /identity => generated 270 bytes in 3 msecs (HTTP/1.1 300) 6 headers in 234 bytes (1 switches on core 0)
Aug 28 00:45:36.429877 dv-osbrick-master-4-iscsi devstack@keystone.service[81582]: DEBUG keystone.server.flask.request_processing.middleware.auth_context [None req-89842ce6-1e15-411b-b583-73bb2b130e5c None None] Authenticating user token {{(pid=81582) process_request /usr/local/lib/python3.8/dist-packages/keystonemiddleware/auth_token/__init__.py:407}}
Aug 28 00:45:36.438174 dv-osbrick-master-4-iscsi devstack@keystone.service[81581]: [pid: 81581|app: 0|req: 16/37] 10.222.0.58 () {56 vars in 1109 bytes} [Sun Aug 28 00:45:36 2022] GET /identity/v3/domains?name=Default => generated 308 bytes in 241 msecs (HTTP/1.1 200) 5 headers in 177 bytes (1 switches on core 0)
Aug 28 00:45:36.444013 dv-osbrick-master-4-iscsi devstack@keystone.service[81581]: DEBUG keystone.server.flask.request_processing.middleware.auth_context [None req-d74d651e-d334-4747-80e0-b6a9166c9d0a None admin] Authenticating user token {{(pid=81581) process_request /usr/local/lib/python3.8/dist-packages/keystonemiddleware/auth_token/__init__.py:407}}
Aug 28 00:45:36.573441 dv-osbrick-master-4-iscsi devstack@keystone.service[81581]: DEBUG dbcounter [-] [81581] Writing DB stats keystone:SELECT=100 {{(pid=81581) stat_writer /usr/local/lib/python3.8/dist-packages/dbcounter.py:114}}
Aug 28 00:45:36.583772 dv-osbrick-master-4-iscsi devstack@keystone.service[81582]: DEBUG keystone.server.flask.request_processing.middleware.auth_context [None req-89842ce6-1e15-411b-b583-73bb2b130e5c None None] Validating token access rules against request {{(pid=81582) validate_allowed_request /usr/local/lib/python3.8/dist-packages/keystonemiddleware/auth_token/__init__.py:545}}
Aug 28 00:45:36.592582 dv-osbrick-master-4-iscsi devstack@keystone.service[81581]: DEBUG keystone.server.flask.request_processing.middleware.auth_context [None req-d74d651e-d334-4747-80e0-b6a9166c9d0a None admin] Validating token access rules against request {{(pid=81581) validate_allowed_request /usr/local/lib/python3.8/dist-packages/keystonemiddleware/auth_token/__init__.py:545}}
Aug 28 00:45:36.601235 dv-osbrick-master-4-iscsi devstack@keystone.service[81582]: DEBUG dbcounter [-] [81582] Writing DB stats keystone:SELECT=100 {{(pid=81582) stat_writer /usr/local/lib/python3.8/dist-packages/dbcounter.py:114}}
Aug 28 00:45:36.630476 dv-osbrick-master-4-iscsi devstack@keystone.service[81582]: DEBUG keystone.server.flask.request_processing.middleware.auth_context [None req-7e67438f-ccee-4cc1-9ad8-5541b22631b5 None admin] RBAC: auth_context: {'token': , 'domain_id': None, 'trust_id': None, 'trustor_id': None, 'trustee_id': None, 'domain_name': None, 'group_ids': [], 'user_id': '00caaefe5f7440c9962342f8ae00dd35', 'user_domain_id': 'default', 'system_scope': 'all', 'project_id': None, 'project_domain_id': None, 'roles': ['admin', 'member', 'reader'], 'is_admin_project': True, 'service_user_id': None, 'service_user_domain_id': None, 'service_project_id': None, 'service_project_domain_id': None, 'service_roles': []} {{(pid=81582) fill_context /opt/stack/keystone/keystone/server/flask/request_processing/middleware/auth_context.py:478}}
Aug 28 00:45:36.651329 dv-osbrick-master-4-iscsi devstack@keystone.service[81582]: DEBUG keystone.server.flask.request_processing.req_logging [None req-7e67438f-ccee-4cc1-9ad8-5541b22631b5 None admin] REQUEST_METHOD: `GET` {{(pid=81582) log_request_info /opt/stack/keystone/keystone/server/flask/request_processing/req_logging.py:27}}
Aug 28 00:45:36.651329 dv-osbrick-master-4-iscsi devstack@keystone.service[81582]: DEBUG keystone.server.flask.request_processing.req_logging [None req-7e67438f-ccee-4cc1-9ad8-5541b22631b5 None admin] SCRIPT_NAME: `/identity` {{(pid=81582) log_request_info /opt/stack/keystone/keystone/server/flask/request_processing/req_logging.py:28}}
Aug 28 00:45:36.651329 dv-osbrick-master-4-iscsi devstack@keystone.service[81582]: DEBUG keystone.server.flask.request_processing.req_logging [None req-7e67438f-ccee-4cc1-9ad8-5541b22631b5 None admin] PATH_INFO: `/v3/domains/default` {{(pid=81582) log_request_info /opt/stack/keystone/keystone/server/flask/request_processing/req_logging.py:29}}
Aug 28 00:45:36.651329 dv-osbrick-master-4-iscsi devstack@keystone.service[81582]: DEBUG keystone.common.rbac_enforcer.enforcer [None req-7e67438f-ccee-4cc1-9ad8-5541b22631b5 None admin] RBAC: Authorizing `identity:get_domain(domain_id=default)` {{(pid=81582) enforce_call /opt/stack/keystone/keystone/common/rbac_enforcer/enforcer.py:449}}
Aug 28 00:45:36.651329 dv-osbrick-master-4-iscsi devstack@keystone.service[81582]: DEBUG keystone.common.rbac_enforcer.enforcer [None req-7e67438f-ccee-4cc1-9ad8-5541b22631b5 None admin] RBAC: Authorization granted {{(pid=81582) enforce_call /opt/stack/keystone/keystone/common/rbac_enforcer/enforcer.py:457}}
Aug 28 00:45:36.651329 dv-osbrick-master-4-iscsi devstack@keystone.service[81582]: [pid: 81582|app: 0|req: 22/38] 10.222.0.58 () {56 vars in 1108 bytes} [Sun Aug 28 00:45:36 2022] GET /identity/v3/domains/default => generated 199 bytes in 208 msecs (HTTP/1.1 200) 5 headers in 177 bytes (1 switches on core 0)
Aug 28 00:45:36.651957 dv-osbrick-master-4-iscsi devstack@keystone.service[81582]: DEBUG keystone.server.flask.request_processing.req_logging [None req-6637bdc5-aa5b-4acf-9986-17b0a6c41cc8 None None] REQUEST_METHOD: `POST` {{(pid=81582) log_request_info /opt/stack/keystone/keystone/server/flask/request_processing/req_logging.py:27}}
Aug 28 00:45:36.651957 dv-osbrick-master-4-iscsi devstack@keystone.service[81582]: DEBUG keystone.server.flask.request_processing.req_logging [None req-6637bdc5-aa5b-4acf-9986-17b0a6c41cc8 None None] SCRIPT_NAME: `/identity` {{(pid=81582) log_request_info /opt/stack/keystone/keystone/server/flask/request_processing/req_logging.py:28}}
Aug 28 00:45:36.651957 dv-osbrick-master-4-iscsi devstack@keystone.service[81582]: DEBUG keystone.server.flask.request_processing.req_logging [None req-6637bdc5-aa5b-4acf-9986-17b0a6c41cc8 None None] PATH_INFO: `/v3/auth/tokens` {{(pid=81582) log_request_info /opt/stack/keystone/keystone/server/flask/request_processing/req_logging.py:29}}
Aug 28 00:45:36.652138 dv-osbrick-master-4-iscsi devstack@keystone.service[81581]: DEBUG keystone.server.flask.request_processing.middleware.auth_context [None req-8d55285d-8097-4d53-b059-06df587f9ac0 None admin] RBAC: auth_context: {'token': , 'domain_id': None, 'trust_id': None, 'trustor_id': None, 'trustee_id': None, 'domain_name': None, 'group_ids': [], 'user_id': '00caaefe5f7440c9962342f8ae00dd35', 'user_domain_id': 'default', 'system_scope': 'all', 'project_id': None, 'project_domain_id': None, 'roles': ['admin', 'member', 'reader'], 'is_admin_project': True, 'service_user_id': None, 'service_user_domain_id': None, 'service_project_id': None, 'service_project_domain_id': None, 'service_roles': []} {{(pid=81581) fill_context /opt/stack/keystone/keystone/server/flask/request_processing/middleware/auth_context.py:478}}
Aug 28 00:45:36.652138 dv-osbrick-master-4-iscsi devstack@keystone.service[81581]: DEBUG keystone.server.flask.request_processing.req_logging [None req-8d55285d-8097-4d53-b059-06df587f9ac0 None admin] REQUEST_METHOD: `POST` {{(pid=81581) log_request_info /opt/stack/keystone/keystone/server/flask/request_processing/req_logging.py:27}}
Aug 28 00:45:36.652138 dv-osbrick-master-4-iscsi devstack@keystone.service[81581]: DEBUG keystone.server.flask.request_processing.req_logging [None req-8d55285d-8097-4d53-b059-06df587f9ac0 None admin] SCRIPT_NAME: `/identity` {{(pid=81581) log_request_info /opt/stack/keystone/keystone/server/flask/request_processing/req_logging.py:28}}
