Aug 28 00:45:36.652138 dv-osbrick-master-4-iscsi devstack@keystone.service[81581]: DEBUG keystone.server.flask.request_processing.req_logging [None req-8d55285d-8097-4d53-b059-06df587f9ac0 None admin] PATH_INFO: `/v3/projects` {{(pid=81581) log_request_info /opt/stack/keystone/keystone/server/flask/request_processing/req_logging.py:29}}
Aug 28 00:45:36.652393 dv-osbrick-master-4-iscsi devstack@keystone.service[81581]: DEBUG keystone.common.rbac_enforcer.enforcer [None req-8d55285d-8097-4d53-b059-06df587f9ac0 None admin] RBAC: Authorizing `identity:create_project()` {{(pid=81581) enforce_call /opt/stack/keystone/keystone/common/rbac_enforcer/enforcer.py:449}}
Aug 28 00:45:36.652393 dv-osbrick-master-4-iscsi devstack@keystone.service[81581]: DEBUG keystone.common.rbac_enforcer.enforcer [None req-8d55285d-8097-4d53-b059-06df587f9ac0 None admin] RBAC: Authorization granted {{(pid=81581) enforce_call /opt/stack/keystone/keystone/common/rbac_enforcer/enforcer.py:457}}
Aug 28 00:45:36.665829 dv-osbrick-master-4-iscsi devstack@keystone.service[81582]: DEBUG keystone.auth.core [None req-6637bdc5-aa5b-4acf-9986-17b0a6c41cc8 None None] MFA Rules not processed for user `00caaefe5f7440c9962342f8ae00dd35`. Rule list: `[]` (Enabled: `True`). {{(pid=81582) check_auth_methods_against_rules /opt/stack/keystone/keystone/auth/core.py:438}}
Aug 28 00:45:36.667298 dv-osbrick-master-4-iscsi devstack@keystone.service[81582]: DEBUG keystone.common.fernet_utils [None req-6637bdc5-aa5b-4acf-9986-17b0a6c41cc8 None None] Loaded 2 Fernet keys from /etc/keystone/fernet-keys/, but `[fernet_tokens] max_active_keys = 3`; perhaps there have not been enough key rotations to reach `max_active_keys` yet? {{(pid=81582) load_keys /opt/stack/keystone/keystone/common/fernet_utils.py:286}}
Aug 28 00:45:36.744228 dv-osbrick-master-4-iscsi devstack@keystone.service[81582]: [pid: 81582|app: 0|req: 23/39] 10.222.0.58 () {58 vars in 1024 bytes} [Sun Aug 28 00:45:36 2022] POST /identity/v3/auth/tokens => generated 799 bytes in 106 msecs (HTTP/1.1 201) 6 headers in 363 bytes (1 switches on core 0)
Aug 28 00:45:36.745686 dv-osbrick-master-4-iscsi devstack@keystone.service[81582]: DEBUG keystone.server.flask.request_processing.middleware.auth_context [None req-6637bdc5-aa5b-4acf-9986-17b0a6c41cc8 None None] Authenticating user token {{(pid=81582) process_request /usr/local/lib/python3.8/dist-packages/keystonemiddleware/auth_token/__init__.py:407}}
Aug 28 00:45:36.766506 dv-osbrick-master-4-iscsi devstack@keystone.service[81581]: [pid: 81581|app: 0|req: 17/40] 10.222.0.58 () {60 vars in 1141 bytes} [Sun Aug 28 00:45:36 2022] POST /identity/v3/projects => generated 301 bytes in 323 msecs (HTTP/1.1 201) 5 headers in 182 bytes (2 switches on core 0)
Aug 28 00:45:36.767733 dv-osbrick-master-4-iscsi devstack@keystone.service[81581]: DEBUG keystone.server.flask.request_processing.req_logging [None req-b463b533-72e3-4ac8-96ec-0fbe21dac37b None None] REQUEST_METHOD: `GET` {{(pid=81581) log_request_info /opt/stack/keystone/keystone/server/flask/request_processing/req_logging.py:27}}
Aug 28 00:45:36.768076 dv-osbrick-master-4-iscsi devstack@keystone.service[81581]: DEBUG keystone.server.flask.request_processing.req_logging [None req-b463b533-72e3-4ac8-96ec-0fbe21dac37b None None] SCRIPT_NAME: `/identity` {{(pid=81581) log_request_info /opt/stack/keystone/keystone/server/flask/request_processing/req_logging.py:28}}
Aug 28 00:45:36.768579 dv-osbrick-master-4-iscsi devstack@keystone.service[81581]: DEBUG keystone.server.flask.request_processing.req_logging [None req-b463b533-72e3-4ac8-96ec-0fbe21dac37b None None] PATH_INFO: `/` {{(pid=81581) log_request_info /opt/stack/keystone/keystone/server/flask/request_processing/req_logging.py:29}}
Aug 28 00:45:36.769888 dv-osbrick-master-4-iscsi devstack@keystone.service[81581]: [pid: 81581|app: 0|req: 18/41] 10.222.0.58 () {54 vars in 927 bytes} [Sun Aug 28 00:45:36 2022] GET /identity => generated 270 bytes in 3 msecs (HTTP/1.1 300) 6 headers in 234 bytes (1 switches on core 0)
Aug 28 00:45:36.783019 dv-osbrick-master-4-iscsi devstack@keystone.service[81581]: DEBUG keystone.server.flask.request_processing.req_logging [None req-6c3528b4-31f5-423b-906c-a8fd16e01924 None None] REQUEST_METHOD: `POST` {{(pid=81581) log_request_info /opt/stack/keystone/keystone/server/flask/request_processing/req_logging.py:27}}
Aug 28 00:45:36.783019 dv-osbrick-master-4-iscsi devstack@keystone.service[81581]: DEBUG keystone.server.flask.request_processing.req_logging [None req-6c3528b4-31f5-423b-906c-a8fd16e01924 None None] SCRIPT_NAME: `/identity` {{(pid=81581) log_request_info /opt/stack/keystone/keystone/server/flask/request_processing/req_logging.py:28}}
Aug 28 00:45:36.783019 dv-osbrick-master-4-iscsi devstack@keystone.service[81581]: DEBUG keystone.server.flask.request_processing.req_logging [None req-6c3528b4-31f5-423b-906c-a8fd16e01924 None None] PATH_INFO: `/v3/auth/tokens` {{(pid=81581) log_request_info /opt/stack/keystone/keystone/server/flask/request_processing/req_logging.py:29}}
Aug 28 00:45:36.804903 dv-osbrick-master-4-iscsi devstack@keystone.service[81581]: DEBUG keystone.auth.core [None req-6c3528b4-31f5-423b-906c-a8fd16e01924 None None] MFA Rules not processed for user `00caaefe5f7440c9962342f8ae00dd35`. Rule list: `[]` (Enabled: `True`). {{(pid=81581) check_auth_methods_against_rules /opt/stack/keystone/keystone/auth/core.py:438}}
Aug 28 00:45:36.807421 dv-osbrick-master-4-iscsi devstack@keystone.service[81581]: DEBUG keystone.common.fernet_utils [None req-6c3528b4-31f5-423b-906c-a8fd16e01924 None None] Loaded 2 Fernet keys from /etc/keystone/fernet-keys/, but `[fernet_tokens] max_active_keys = 3`; perhaps there have not been enough key rotations to reach `max_active_keys` yet? {{(pid=81581) load_keys /opt/stack/keystone/keystone/common/fernet_utils.py:286}}
Aug 28 00:45:36.905626 dv-osbrick-master-4-iscsi devstack@keystone.service[81582]: DEBUG keystone.server.flask.request_processing.middleware.auth_context [None req-6637bdc5-aa5b-4acf-9986-17b0a6c41cc8 None None] Validating token access rules against request {{(pid=81582) validate_allowed_request /usr/local/lib/python3.8/dist-packages/keystonemiddleware/auth_token/__init__.py:545}}
Aug 28 00:45:36.917884 dv-osbrick-master-4-iscsi devstack@keystone.service[81581]: [pid: 81581|app: 0|req: 19/42] 10.222.0.58 () {58 vars in 1024 bytes} [Sun Aug 28 00:45:36 2022] POST /identity/v3/auth/tokens => generated 799 bytes in 143 msecs (HTTP/1.1 201) 6 headers in 363 bytes (2 switches on core 0)
Aug 28 00:45:36.924997 dv-osbrick-master-4-iscsi devstack@keystone.service[81582]: DEBUG dbcounter [-] [81582] Writing DB stats keystone:SELECT=100 {{(pid=81582) stat_writer /usr/local/lib/python3.8/dist-packages/dbcounter.py:114}}
Aug 28 00:45:36.950367 dv-osbrick-master-4-iscsi devstack@keystone.service[81582]: DEBUG keystone.server.flask.request_processing.middleware.auth_context [None req-ef4e772f-49e7-49aa-b435-aa061ed71ac4 None admin] RBAC: auth_context: {'token': , 'domain_id': None, 'trust_id': None, 'trustor_id': None, 'trustee_id': None, 'domain_name': None, 'group_ids': [], 'user_id': '00caaefe5f7440c9962342f8ae00dd35', 'user_domain_id': 'default', 'system_scope': 'all', 'project_id': None, 'project_domain_id': None, 'roles': ['admin', 'member', 'reader'], 'is_admin_project': True, 'service_user_id': None, 'service_user_domain_id': None, 'service_project_id': None, 'service_project_domain_id': None, 'service_roles': []} {{(pid=81582) fill_context /opt/stack/keystone/keystone/server/flask/request_processing/middleware/auth_context.py:478}}
Aug 28 00:45:36.951049 dv-osbrick-master-4-iscsi devstack@keystone.service[81582]: DEBUG keystone.server.flask.request_processing.req_logging [None req-ef4e772f-49e7-49aa-b435-aa061ed71ac4 None admin] REQUEST_METHOD: `PUT` {{(pid=81582) log_request_info /opt/stack/keystone/keystone/server/flask/request_processing/req_logging.py:27}}
Aug 28 00:45:36.951363 dv-osbrick-master-4-iscsi devstack@keystone.service[81582]: DEBUG keystone.server.flask.request_processing.req_logging [None req-ef4e772f-49e7-49aa-b435-aa061ed71ac4 None admin] SCRIPT_NAME: `/identity` {{(pid=81582) log_request_info /opt/stack/keystone/keystone/server/flask/request_processing/req_logging.py:28}}
Aug 28 00:45:36.951705 dv-osbrick-master-4-iscsi devstack@keystone.service[81582]: DEBUG keystone.server.flask.request_processing.req_logging [None req-ef4e772f-49e7-49aa-b435-aa061ed71ac4 None admin] PATH_INFO: `/v3/domains/default/users/00caaefe5f7440c9962342f8ae00dd35/roles/82d5022e454c445f8cefd903b8eef5b0` {{(pid=81582) log_request_info /opt/stack/keystone/keystone/server/flask/request_processing/req_logging.py:29}}
Aug 28 00:45:36.954426 dv-osbrick-master-4-iscsi devstack@keystone.service[81582]: DEBUG keystone.common.rbac_enforcer.enforcer [None req-ef4e772f-49e7-49aa-b435-aa061ed71ac4 None admin] RBAC: Authorizing `identity:create_grant(domain_id=default, user_id=00caaefe5f7440c9962342f8ae00dd35, role_id=82d5022e454c445f8cefd903b8eef5b0)` {{(pid=81582) enforce_call /opt/stack/keystone/keystone/common/rbac_enforcer/enforcer.py:449}}
Aug 28 00:45:36.955669 dv-osbrick-master-4-iscsi devstack@keystone.service[81582]: DEBUG keystone.common.rbac_enforcer.enforcer [None req-ef4e772f-49e7-49aa-b435-aa061ed71ac4 None admin] RBAC: Authorization granted {{(pid=81582) enforce_call /opt/stack/keystone/keystone/common/rbac_enforcer/enforcer.py:457}}
Aug 28 00:45:37.021892 dv-osbrick-master-4-iscsi devstack@keystone.service[81581]: DEBUG keystone.server.flask.request_processing.middleware.auth_context [None req-6c3528b4-31f5-423b-906c-a8fd16e01924 None None] Authenticating user token {{(pid=81581) process_request /usr/local/lib/python3.8/dist-packages/keystonemiddleware/auth_token/__init__.py:407}}
Aug 28 00:45:37.049382 dv-osbrick-master-4-iscsi devstack@keystone.service[81582]: [pid: 81582|app: 0|req: 24/43] 10.222.0.58 () {58 vars in 1361 bytes} [Sun Aug 28 00:45:36 2022] PUT /identity/v3/domains/default/users/00caaefe5f7440c9962342f8ae00dd35/roles/82d5022e454c445f8cefd903b8eef5b0 => generated 0 bytes in 301 msecs (HTTP/1.1 204) 3 headers in 132 bytes (0 switches on core 0)
Aug 28 00:45:37.128232 dv-osbrick-master-4-iscsi devstack@keystone.service[81581]: DEBUG dbcounter [-] [81581] Writing DB stats keystone:SELECT=99,keystone:INSERT=1 {{(pid=81581) stat_writer /usr/local/lib/python3.8/dist-packages/dbcounter.py:114}}
Aug 28 00:45:37.165256 dv-osbrick-master-4-iscsi devstack@keystone.service[81581]: DEBUG keystone.server.flask.request_processing.middleware.auth_context [None req-6c3528b4-31f5-423b-906c-a8fd16e01924 None None] Validating token access rules against request {{(pid=81581) validate_allowed_request /usr/local/lib/python3.8/dist-packages/keystonemiddleware/auth_token/__init__.py:545}}
Aug 28 00:45:37.204553 dv-osbrick-master-4-iscsi devstack@keystone.service[81582]: DEBUG keystone.server.flask.request_processing.middleware.auth_context [None req-ef4e772f-49e7-49aa-b435-aa061ed71ac4 None admin] Authenticating user token {{(pid=81582) process_request /usr/local/lib/python3.8/dist-packages/keystonemiddleware/auth_token/__init__.py:407}}
Aug 28 00:45:37.208761 dv-osbrick-master-4-iscsi devstack@keystone.service[81581]: DEBUG keystone.server.flask.request_processing.middleware.auth_context [None req-666255a5-d442-43ec-9e5f-cfae4be1ad64 None admin] RBAC: auth_context: {'token': , 'domain_id': None, 'trust_id': None, 'trustor_id': None, 'trustee_id': None, 'domain_name': None, 'group_ids': [], 'user_id': '00caaefe5f7440c9962342f8ae00dd35', 'user_domain_id': 'default', 'system_scope': 'all', 'project_id': None, 'project_domain_id': None, 'roles': ['admin', 'member', 'reader'], 'is_admin_project': True, 'service_user_id': None, 'service_user_domain_id': None, 'service_project_id': None, 'service_project_domain_id': None, 'service_roles': []} {{(pid=81581) fill_context /opt/stack/keystone/keystone/server/flask/request_processing/middleware/auth_context.py:478}}
Aug 28 00:45:37.209392 dv-osbrick-master-4-iscsi devstack@keystone.service[81581]: DEBUG keystone.server.flask.request_processing.req_logging [None req-666255a5-d442-43ec-9e5f-cfae4be1ad64 None admin] REQUEST_METHOD: `POST` {{(pid=81581) log_request_info /opt/stack/keystone/keystone/server/flask/request_processing/req_logging.py:27}}
Aug 28 00:45:37.209675 dv-osbrick-master-4-iscsi devstack@keystone.service[81581]: DEBUG keystone.server.flask.request_processing.req_logging [None req-666255a5-d442-43ec-9e5f-cfae4be1ad64 None admin] SCRIPT_NAME: `/identity` {{(pid=81581) log_request_info /opt/stack/keystone/keystone/server/flask/request_processing/req_logging.py:28}}
Aug 28 00:45:37.209936 dv-osbrick-master-4-iscsi devstack@keystone.service[81581]: DEBUG keystone.server.flask.request_processing.req_logging [None req-666255a5-d442-43ec-9e5f-cfae4be1ad64 None admin] PATH_INFO: `/v3/roles` {{(pid=81581) log_request_info /opt/stack/keystone/keystone/server/flask/request_processing/req_logging.py:29}}
Aug 28 00:45:37.210610 dv-osbrick-master-4-iscsi devstack@keystone.service[81581]: DEBUG keystone.common.rbac_enforcer.enforcer [None req-666255a5-d442-43ec-9e5f-cfae4be1ad64 None admin] RBAC: Authorizing `identity:create_role()` {{(pid=81581) enforce_call /opt/stack/keystone/keystone/common/rbac_enforcer/enforcer.py:449}}
Aug 28 00:45:37.212068 dv-osbrick-master-4-iscsi devstack@keystone.service[81581]: DEBUG keystone.common.rbac_enforcer.enforcer [None req-666255a5-d442-43ec-9e5f-cfae4be1ad64 None admin] RBAC: Authorization granted {{(pid=81581) enforce_call /opt/stack/keystone/keystone/common/rbac_enforcer/enforcer.py:457}}
Aug 28 00:45:37.285120 dv-osbrick-master-4-iscsi devstack@keystone.service[81581]: [pid: 81581|app: 0|req: 20/44] 10.222.0.58 () {60 vars in 1131 bytes} [Sun Aug 28 00:45:37 2022] POST /identity/v3/roles => generated 223 bytes in 264 msecs (HTTP/1.1 201) 5 headers in 182 bytes (2 switches on core 0)
Aug 28 00:45:37.336099 dv-osbrick-master-4-iscsi devstack@keystone.service[81582]: DEBUG keystone.server.flask.request_processing.middleware.auth_context [None req-ef4e772f-49e7-49aa-b435-aa061ed71ac4 None admin] Validating token access rules against request {{(pid=81582) validate_allowed_request /usr/local/lib/python3.8/dist-packages/keystonemiddleware/auth_token/__init__.py:545}}
Aug 28 00:45:37.385787 dv-osbrick-master-4-iscsi devstack@keystone.service[81582]: DEBUG keystone.server.flask.request_processing.middleware.auth_context [None req-9f41b8ba-02fc-4a7c-a62a-a91606646895 None admin] RBAC: auth_context: {'token': , 'domain_id': None, 'trust_id': None, 'trustor_id': None, 'trustee_id': None, 'domain_name': None, 'group_ids': [], 'user_id': '00caaefe5f7440c9962342f8ae00dd35', 'user_domain_id': 'default', 'system_scope': 'all', 'project_id': None, 'project_domain_id': None, 'roles': ['admin', 'member', 'reader'], 'is_admin_project': True, 'service_user_id': None, 'service_user_domain_id': None, 'service_project_id': None, 'service_project_domain_id': None, 'service_roles': []} {{(pid=81582) fill_context /opt/stack/keystone/keystone/server/flask/request_processing/middleware/auth_context.py:478}}
Aug 28 00:45:37.386831 dv-osbrick-master-4-iscsi devstack@keystone.service[81582]: DEBUG keystone.server.flask.request_processing.req_logging [None req-9f41b8ba-02fc-4a7c-a62a-a91606646895 None admin] REQUEST_METHOD: `GET` {{(pid=81582) log_request_info /opt/stack/keystone/keystone/server/flask/request_processing/req_logging.py:27}}
Aug 28 00:45:37.387136 dv-osbrick-master-4-iscsi devstack@keystone.service[81582]: DEBUG keystone.server.flask.request_processing.req_logging [None req-9f41b8ba-02fc-4a7c-a62a-a91606646895 None admin] SCRIPT_NAME: `/identity` {{(pid=81582) log_request_info /opt/stack/keystone/keystone/server/flask/request_processing/req_logging.py:28}}
Aug 28 00:45:37.387422 dv-osbrick-master-4-iscsi devstack@keystone.service[81582]: DEBUG keystone.server.flask.request_processing.req_logging [None req-9f41b8ba-02fc-4a7c-a62a-a91606646895 None admin] PATH_INFO: `/v3/domains/default` {{(pid=81582) log_request_info /opt/stack/keystone/keystone/server/flask/request_processing/req_logging.py:29}}
Aug 28 00:45:37.388736 dv-osbrick-master-4-iscsi devstack@keystone.service[81582]: DEBUG keystone.common.rbac_enforcer.enforcer [None req-9f41b8ba-02fc-4a7c-a62a-a91606646895 None admin] RBAC: Authorizing `identity:get_domain(domain_id=default)` {{(pid=81582) enforce_call /opt/stack/keystone/keystone/common/rbac_enforcer/enforcer.py:449}}
Aug 28 00:45:37.390317 dv-osbrick-master-4-iscsi devstack@keystone.service[81582]: DEBUG keystone.common.rbac_enforcer.enforcer [None req-9f41b8ba-02fc-4a7c-a62a-a91606646895 None admin] RBAC: Authorization granted {{(pid=81582) enforce_call /opt/stack/keystone/keystone/common/rbac_enforcer/enforcer.py:457}}
Aug 28 00:45:37.392377 dv-osbrick-master-4-iscsi devstack@keystone.service[81582]: [pid: 81582|app: 0|req: 25/45] 10.222.0.58 () {56 vars in 1108 bytes} [Sun Aug 28 00:45:37 2022] GET /identity/v3/domains/default => generated 199 bytes in 188 msecs (HTTP/1.1 200) 5 headers in 177 bytes (1 switches on core 0)
Aug 28 00:45:37.398306 dv-osbrick-master-4-iscsi devstack@keystone.service[81581]: DEBUG keystone.server.flask.request_processing.middleware.auth_context [None req-666255a5-d442-43ec-9e5f-cfae4be1ad64 None admin] Authenticating user token {{(pid=81581) process_request /usr/local/lib/python3.8/dist-packages/keystonemiddleware/auth_token/__init__.py:407}}
Aug 28 00:45:37.527136 dv-osbrick-master-4-iscsi devstack@keystone.service[81581]: DEBUG keystone.server.flask.request_processing.middleware.auth_context [None req-666255a5-d442-43ec-9e5f-cfae4be1ad64 None admin] Validating token access rules against request {{(pid=81581) validate_allowed_request /usr/local/lib/python3.8/dist-packages/keystonemiddleware/auth_token/__init__.py:545}}
Aug 28 00:45:37.562037 dv-osbrick-master-4-iscsi devstack@keystone.service[81581]: DEBUG dbcounter [-] [81581] Writing DB stats keystone:SELECT=99,keystone:INSERT=1 {{(pid=81581) stat_writer /usr/local/lib/python3.8/dist-packages/dbcounter.py:114}}
Aug 28 00:45:37.569455 dv-osbrick-master-4-iscsi devstack@keystone.service[81581]: DEBUG keystone.server.flask.request_processing.middleware.auth_context [None req-5baea2dc-7e18-4777-a01f-999a2a504522 None admin] RBAC: auth_context: {'token': , 'domain_id': None, 'trust_id': None, 'trustor_id': None, 'trustee_id': None, 'domain_name': None, 'group_ids': [], 'user_id': '00caaefe5f7440c9962342f8ae00dd35', 'user_domain_id': 'default', 'system_scope': 'all', 'project_id': None, 'project_domain_id': None, 'roles': ['admin', 'member', 'reader'], 'is_admin_project': True, 'service_user_id': None, 'service_user_domain_id': None, 'service_project_id': None, 'service_project_domain_id': None, 'service_roles': []} {{(pid=81581) fill_context /opt/stack/keystone/keystone/server/flask/request_processing/middleware/auth_context.py:478}}
Aug 28 00:45:37.570076 dv-osbrick-master-4-iscsi devstack@keystone.service[81581]: DEBUG keystone.server.flask.request_processing.req_logging [None req-5baea2dc-7e18-4777-a01f-999a2a504522 None admin] REQUEST_METHOD: `POST` {{(pid=81581) log_request_info /opt/stack/keystone/keystone/server/flask/request_processing/req_logging.py:27}}
Aug 28 00:45:37.570355 dv-osbrick-master-4-iscsi devstack@keystone.service[81581]: DEBUG keystone.server.flask.request_processing.req_logging [None req-5baea2dc-7e18-4777-a01f-999a2a504522 None admin] SCRIPT_NAME: `/identity` {{(pid=81581) log_request_info /opt/stack/keystone/keystone/server/flask/request_processing/req_logging.py:28}}
Aug 28 00:45:37.571150 dv-osbrick-master-4-iscsi devstack@keystone.service[81581]: DEBUG keystone.server.flask.request_processing.req_logging [None req-5baea2dc-7e18-4777-a01f-999a2a504522 None admin] PATH_INFO: `/v3/projects` {{(pid=81581) log_request_info /opt/stack/keystone/keystone/server/flask/request_processing/req_logging.py:29}}
Aug 28 00:45:37.571834 dv-osbrick-master-4-iscsi devstack@keystone.service[81581]: DEBUG keystone.common.rbac_enforcer.enforcer [None req-5baea2dc-7e18-4777-a01f-999a2a504522 None admin] RBAC: Authorizing `identity:create_project()` {{(pid=81581) enforce_call /opt/stack/keystone/keystone/common/rbac_enforcer/enforcer.py:449}}
Aug 28 00:45:37.573582 dv-osbrick-master-4-iscsi devstack@keystone.service[81581]: DEBUG keystone.common.rbac_enforcer.enforcer [None req-5baea2dc-7e18-4777-a01f-999a2a504522 None admin] RBAC: Authorization granted {{(pid=81581) enforce_call /opt/stack/keystone/keystone/common/rbac_enforcer/enforcer.py:457}}
Aug 28 00:45:37.696801 dv-osbrick-master-4-iscsi devstack@keystone.service[81581]: [pid: 81581|app: 0|req: 21/46] 10.222.0.58 () {60 vars in 1141 bytes} [Sun Aug 28 00:45:37 2022] POST /identity/v3/projects => generated 312 bytes in 299 msecs (HTTP/1.1 201) 5 headers in 182 bytes (1 switches on core 0)
Aug 28 00:45:38.981272 dv-osbrick-master-4-iscsi devstack@keystone.service[81582]: DEBUG keystone.server.flask.request_processing.req_logging [None req-6f809abe-919e-4005-9925-c9169985a8c3 None None] REQUEST_METHOD: `GET` {{(pid=81582) log_request_info /opt/stack/keystone/keystone/server/flask/request_processing/req_logging.py:27}}
Aug 28 00:45:38.981771 dv-osbrick-master-4-iscsi devstack@keystone.service[81582]: DEBUG keystone.server.flask.request_processing.req_logging [None req-6f809abe-919e-4005-9925-c9169985a8c3 None None] SCRIPT_NAME: `/identity` {{(pid=81582) log_request_info /opt/stack/keystone/keystone/server/flask/request_processing/req_logging.py:28}}
Aug 28 00:45:38.981771 dv-osbrick-master-4-iscsi devstack@keystone.service[81582]: DEBUG keystone.server.flask.request_processing.req_logging [None req-6f809abe-919e-4005-9925-c9169985a8c3 None None] PATH_INFO: `/` {{(pid=81582) log_request_info /opt/stack/keystone/keystone/server/flask/request_processing/req_logging.py:29}}
Aug 28 00:45:38.983079 dv-osbrick-master-4-iscsi devstack@keystone.service[81582]: [pid: 81582|app: 0|req: 26/47] 10.222.0.58 () {54 vars in 927 bytes} [Sun Aug 28 00:45:38 2022] GET /identity => generated 270 bytes in 3 msecs (HTTP/1.1 300) 6 headers in 234 bytes (2 switches on core 0)
Aug 28 00:45:38.988701 dv-osbrick-master-4-iscsi devstack@keystone.service[81581]: DEBUG keystone.server.flask.request_processing.req_logging [None req-a065d7e9-4596-4fce-a5b2-f0277693a3a3 None None] REQUEST_METHOD: `POST` {{(pid=81581) log_request_info /opt/stack/keystone/keystone/server/flask/request_processing/req_logging.py:27}}
Aug 28 00:45:38.989220 dv-osbrick-master-4-iscsi devstack@keystone.service[81581]: DEBUG keystone.server.flask.request_processing.req_logging [None req-a065d7e9-4596-4fce-a5b2-f0277693a3a3 None None] SCRIPT_NAME: `/identity` {{(pid=81581) log_request_info /opt/stack/keystone/keystone/server/flask/request_processing/req_logging.py:28}}
Aug 28 00:45:38.989356 dv-osbrick-master-4-iscsi devstack@keystone.service[81581]: DEBUG keystone.server.flask.request_processing.req_logging [None req-a065d7e9-4596-4fce-a5b2-f0277693a3a3 None None] PATH_INFO: `/v3/auth/tokens` {{(pid=81581) log_request_info /opt/stack/keystone/keystone/server/flask/request_processing/req_logging.py:29}}
Aug 28 00:45:39.008477 dv-osbrick-master-4-iscsi devstack@keystone.service[81581]: DEBUG keystone.auth.core [None req-a065d7e9-4596-4fce-a5b2-f0277693a3a3 None None] MFA Rules not processed for user `00caaefe5f7440c9962342f8ae00dd35`. Rule list: `[]` (Enabled: `True`). {{(pid=81581) check_auth_methods_against_rules /opt/stack/keystone/keystone/auth/core.py:438}}
Aug 28 00:45:39.009678 dv-osbrick-master-4-iscsi devstack@keystone.service[81581]: DEBUG keystone.common.fernet_utils [None req-a065d7e9-4596-4fce-a5b2-f0277693a3a3 None None] Loaded 2 Fernet keys from /etc/keystone/fernet-keys/, but `[fernet_tokens] max_active_keys = 3`; perhaps there have not been enough key rotations to reach `max_active_keys` yet? {{(pid=81581) load_keys /opt/stack/keystone/keystone/common/fernet_utils.py:286}}
Aug 28 00:45:39.078921 dv-osbrick-master-4-iscsi devstack@keystone.service[81581]: [pid: 81581|app: 0|req: 22/48] 10.222.0.58 () {58 vars in 1024 bytes} [Sun Aug 28 00:45:38 2022] POST /identity/v3/auth/tokens => generated 799 bytes in 91 msecs (HTTP/1.1 201) 6 headers in 363 bytes (1 switches on core 0)
Aug 28 00:45:39.350621 dv-osbrick-master-4-iscsi devstack@keystone.service[81582]: DEBUG keystone.server.flask.request_processing.middleware.auth_context [None req-6f809abe-919e-4005-9925-c9169985a8c3 None None] Authenticating user token {{(pid=81582) process_request /usr/local/lib/python3.8/dist-packages/keystonemiddleware/auth_token/__init__.py:407}}
Aug 28 00:45:39.505008 dv-osbrick-master-4-iscsi devstack@keystone.service[81582]: DEBUG dbcounter [-] [81582] Writing DB stats keystone:SELECT=99,keystone:INSERT=1 {{(pid=81582) stat_writer /usr/local/lib/python3.8/dist-packages/dbcounter.py:114}}
Aug 28 00:45:39.567236 dv-osbrick-master-4-iscsi devstack@keystone.service[81582]: DEBUG keystone.server.flask.request_processing.middleware.auth_context [None req-6f809abe-919e-4005-9925-c9169985a8c3 None None] Validating token access rules against request {{(pid=81582) validate_allowed_request /usr/local/lib/python3.8/dist-packages/keystonemiddleware/auth_token/__init__.py:545}}
Aug 28 00:45:39.602637 dv-osbrick-master-4-iscsi devstack@keystone.service[81582]: DEBUG keystone.server.flask.request_processing.middleware.auth_context [None req-44d1896d-483a-438f-894e-5294919b1d69 None admin] RBAC: auth_context: {'token': , 'domain_id': None, 'trust_id': None, 'trustor_id': None, 'trustee_id': None, 'domain_name': None, 'group_ids': [], 'user_id': '00caaefe5f7440c9962342f8ae00dd35', 'user_domain_id': 'default', 'system_scope': 'all', 'project_id': None, 'project_domain_id': None, 'roles': ['admin', 'member', 'reader'], 'is_admin_project': True, 'service_user_id': None, 'service_user_domain_id': None, 'service_project_id': None, 'service_project_domain_id': None, 'service_roles': []} {{(pid=81582) fill_context /opt/stack/keystone/keystone/server/flask/request_processing/middleware/auth_context.py:478}}
Aug 28 00:45:39.603230 dv-osbrick-master-4-iscsi devstack@keystone.service[81582]: DEBUG keystone.server.flask.request_processing.req_logging [None req-44d1896d-483a-438f-894e-5294919b1d69 None admin] REQUEST_METHOD: `GET` {{(pid=81582) log_request_info /opt/stack/keystone/keystone/server/flask/request_processing/req_logging.py:27}}
Aug 28 00:45:39.603520 dv-osbrick-master-4-iscsi devstack@keystone.service[81582]: DEBUG keystone.server.flask.request_processing.req_logging [None req-44d1896d-483a-438f-894e-5294919b1d69 None admin] SCRIPT_NAME: `/identity` {{(pid=81582) log_request_info /opt/stack/keystone/keystone/server/flask/request_processing/req_logging.py:28}}
Aug 28 00:45:39.604334 dv-osbrick-master-4-iscsi devstack@keystone.service[81582]: DEBUG keystone.server.flask.request_processing.req_logging [None req-44d1896d-483a-438f-894e-5294919b1d69 None admin] PATH_INFO: `/v3/roles/admin` {{(pid=81582) log_request_info /opt/stack/keystone/keystone/server/flask/request_processing/req_logging.py:29}}
Aug 28 00:45:39.614931 dv-osbrick-master-4-iscsi devstack@keystone.service[81582]: DEBUG keystone.common.rbac_enforcer.enforcer [None req-44d1896d-483a-438f-894e-5294919b1d69 None admin] Extracting inferred target data resulted in "NOT FOUND (404)". {{(pid=81582) enforce_call /opt/stack/keystone/keystone/common/rbac_enforcer/enforcer.py:409}}
Aug 28 00:45:39.617475 dv-osbrick-master-4-iscsi devstack@keystone.service[81581]: DEBUG keystone.server.flask.request_processing.req_logging [None req-12cf7e88-6edc-44dc-b62a-36c07676aed5 None None] REQUEST_METHOD: `GET` {{(pid=81581) log_request_info /opt/stack/keystone/keystone/server/flask/request_processing/req_logging.py:27}}
Aug 28 00:45:39.617757 dv-osbrick-master-4-iscsi devstack@keystone.service[81581]: DEBUG keystone.server.flask.request_processing.req_logging [None req-12cf7e88-6edc-44dc-b62a-36c07676aed5 None None] SCRIPT_NAME: `/identity` {{(pid=81581) log_request_info /opt/stack/keystone/keystone/server/flask/request_processing/req_logging.py:28}}
Aug 28 00:45:39.618031 dv-osbrick-master-4-iscsi devstack@keystone.service[81581]: DEBUG keystone.server.flask.request_processing.req_logging [None req-12cf7e88-6edc-44dc-b62a-36c07676aed5 None None] PATH_INFO: `/` {{(pid=81581) log_request_info /opt/stack/keystone/keystone/server/flask/request_processing/req_logging.py:29}}
Aug 28 00:45:39.620232 dv-osbrick-master-4-iscsi devstack@keystone.service[81581]: [pid: 81581|app: 0|req: 23/49] 10.222.0.58 () {54 vars in 927 bytes} [Sun Aug 28 00:45:39 2022] GET /identity => generated 270 bytes in 4 msecs (HTTP/1.1 300) 6 headers in 234 bytes (1 switches on core 0)
Aug 28 00:45:39.620926 dv-osbrick-master-4-iscsi devstack@keystone.service[81582]: ERROR keystone.server.flask.application [None req-44d1896d-483a-438f-894e-5294919b1d69 None admin] Could not find role: admin.: keystone.exception.RoleNotFound: Could not find role: admin.
Aug 28 00:45:39.620926 dv-osbrick-master-4-iscsi devstack@keystone.service[81582]: ERROR keystone.server.flask.application
Traceback (most recent call last):
Aug 28 00:45:39.620926 dv-osbrick-master-4-iscsi devstack@keystone.service[81582]: ERROR keystone.server.flask.application
File "/usr/local/lib/python3.8/dist-packages/flask/app.py", line 1820, in full_dispatch_request
Aug 28 00:45:39.620926 dv-osbrick-master-4-iscsi devstack@keystone.service[81582]: ERROR keystone.server.flask.application rv = self.dispatch_request()
Aug 28 00:45:39.620926 dv-osbrick-master-4-iscsi devstack@keystone.service[81582]: ERROR keystone.server.flask.application
File "/usr/local/lib/python3.8/dist-packages/flask/app.py", line 1796, in dispatch_request
Aug 28 00:45:39.620926 dv-osbrick-master-4-iscsi devstack@keystone.service[81582]: ERROR keystone.server.flask.application return self.ensure_sync(self.view_functions[rule.endpoint])(**view_args)
Aug 28 00:45:39.620926 dv-osbrick-master-4-iscsi devstack@keystone.service[81582]: ERROR keystone.server.flask.application
File "/usr/local/lib/python3.8/dist-packages/flask_restful/__init__.py", line 467, in wrapper
Aug 28 00:45:39.620926 dv-osbrick-master-4-iscsi devstack@keystone.service[81582]: ERROR keystone.server.flask.application resp = resource(*args, **kwargs)
Aug 28 00:45:39.620926 dv-osbrick-master-4-iscsi devstack@keystone.service[81582]: ERROR keystone.server.flask.application
File "/usr/local/lib/python3.8/dist-packages/flask/views.py", line 107, in view
Aug 28 00:45:39.620926 dv-osbrick-master-4-iscsi devstack@keystone.service[81582]: ERROR keystone.server.flask.application return current_app.ensure_sync(self.dispatch_request)(**kwargs)
Aug 28 00:45:39.620926 dv-osbrick-master-4-iscsi devstack@keystone.service[81582]: ERROR keystone.server.flask.application
File "/usr/local/lib/python3.8/dist-packages/flask_restful/__init__.py", line 582, in dispatch_request
Aug 28 00:45:39.620926 dv-osbrick-master-4-iscsi devstack@keystone.service[81582]: ERROR keystone.server.flask.application resp = meth(*args, **kwargs)
Aug 28 00:45:39.620926 dv-osbrick-master-4-iscsi devstack@keystone.service[81582]: ERROR keystone.server.flask.application
File "/opt/stack/keystone/keystone/api/roles.py", line 50, in get
Aug 28 00:45:39.620926 dv-osbrick-master-4-iscsi devstack@keystone.service[81582]: ERROR keystone.server.flask.application return self._get_role(role_id)
Aug 28 00:45:39.620926 dv-osbrick-master-4-iscsi devstack@keystone.service[81582]: ERROR keystone.server.flask.application
File "/opt/stack/keystone/keystone/api/roles.py", line 70, in _get_role
Aug 28 00:45:39.620926 dv-osbrick-master-4-iscsi devstack@keystone.service[81582]: ERROR keystone.server.flask.application ENFORCER.enforce_call(action='identity:get_role')
Aug 28 00:45:39.621759 dv-osbrick-master-4-iscsi devstack@keystone.service[81582]: ERROR keystone.server.flask.application
File "/opt/stack/keystone/keystone/common/rbac_enforcer/enforcer.py", line 402, in enforce_call
Aug 28 00:45:39.621759 dv-osbrick-master-4-iscsi devstack@keystone.service[81582]: ERROR keystone.server.flask.application policy_dict.update(cls._extract_member_target_data(
Aug 28 00:45:39.621759 dv-osbrick-master-4-iscsi devstack@keystone.service[81582]: ERROR keystone.server.flask.application
File "/opt/stack/keystone/keystone/common/rbac_enforcer/enforcer.py", line 234, in _extract_member_target_data
Aug 28 00:45:39.621759 dv-osbrick-master-4-iscsi devstack@keystone.service[81582]: ERROR keystone.server.flask.application member_name: func(flask.request.view_args[key])
Aug 28 00:45:39.621759 dv-osbrick-master-4-iscsi devstack@keystone.service[81582]: ERROR keystone.server.flask.application
File "/opt/stack/keystone/keystone/common/manager.py", line 115, in wrapped
Aug 28 00:45:39.621759 dv-osbrick-master-4-iscsi devstack@keystone.service[81582]: ERROR keystone.server.flask.application __ret_val = __f(*args, **kwargs)
Aug 28 00:45:39.621759 dv-osbrick-master-4-iscsi devstack@keystone.service[81582]: ERROR keystone.server.flask.application
File "/usr/local/lib/python3.8/dist-packages/decorator.py", line 232, in fun
Aug 28 00:45:39.621759 dv-osbrick-master-4-iscsi devstack@keystone.service[81582]: ERROR keystone.server.flask.application return caller(func, *(extras + args), **kw)
Aug 28 00:45:39.621759 dv-osbrick-master-4-iscsi devstack@keystone.service[81582]: ERROR keystone.server.flask.application
File "/usr/local/lib/python3.8/dist-packages/dogpile/cache/region.py", line 1577, in get_or_create_for_user_func
Aug 28 00:45:39.621759 dv-osbrick-master-4-iscsi devstack@keystone.service[81582]: ERROR keystone.server.flask.application return self.get_or_create(
Aug 28 00:45:39.621759 dv-osbrick-master-4-iscsi devstack@keystone.service[81582]: ERROR keystone.server.flask.application
File "/usr/local/lib/python3.8/dist-packages/dogpile/cache/region.py", line 1042, in get_or_create
Aug 28 00:45:39.621759 dv-osbrick-master-4-iscsi devstack@keystone.service[81582]: ERROR keystone.server.flask.application with Lock(
Aug 28 00:45:39.621759 dv-osbrick-master-4-iscsi devstack@keystone.service[81582]: ERROR keystone.server.flask.application
File "/usr/local/lib/python3.8/dist-packages/dogpile/lock.py", line 185, in __enter__
Aug 28 00:45:39.621759 dv-osbrick-master-4-iscsi devstack@keystone.service[81582]: ERROR keystone.server.flask.application return self._enter()
Aug 28 00:45:39.621759 dv-osbrick-master-4-iscsi devstack@keystone.service[81582]: ERROR keystone.server.flask.application
File "/usr/local/lib/python3.8/dist-packages/dogpile/lock.py", line 94, in _enter
Aug 28 00:45:39.621759 dv-osbrick-master-4-iscsi devstack@keystone.service[81582]: ERROR keystone.server.flask.application generated = self._enter_create(value, createdtime)
Aug 28 00:45:39.622540 dv-osbrick-master-4-iscsi devstack@keystone.service[81582]: ERROR keystone.server.flask.application
File "/usr/local/lib/python3.8/dist-packages/dogpile/lock.py", line 178, in _enter_create
Aug 28 00:45:39.622540 dv-osbrick-master-4-iscsi devstack@keystone.service[81582]: ERROR keystone.server.flask.application return self.creator()
Aug 28 00:45:39.622540 dv-osbrick-master-4-iscsi devstack@keystone.service[81582]: ERROR keystone.server.flask.application
File "/usr/local/lib/python3.8/dist-packages/dogpile/cache/region.py", line 995, in gen_value
Aug 28 00:45:39.622540 dv-osbrick-master-4-iscsi devstack@keystone.service[81582]: ERROR keystone.server.flask.application created_value = creator(
Aug 28 00:45:39.622540 dv-osbrick-master-4-iscsi devstack@keystone.service[81582]: ERROR keystone.server.flask.application
File "/opt/stack/keystone/keystone/assignment/core.py", line 1276, in get_role
Aug 28 00:45:39.622540 dv-osbrick-master-4-iscsi devstack@keystone.service[81582]: ERROR keystone.server.flask.application return self.driver.get_role(role_id)
Aug 28 00:45:39.622540 dv-osbrick-master-4-iscsi devstack@keystone.service[81582]: ERROR keystone.server.flask.application
File "/opt/stack/keystone/keystone/assignment/role_backends/sql.py", line 70, in get_role
Aug 28 00:45:39.622540 dv-osbrick-master-4-iscsi devstack@keystone.service[81582]: ERROR keystone.server.flask.application return self._get_role(session, role_id).to_dict()
Aug 28 00:45:39.622540 dv-osbrick-master-4-iscsi devstack@keystone.service[81582]: ERROR keystone.server.flask.application
File "/opt/stack/keystone/keystone/assignment/role_backends/sql.py", line 65, in _get_role
Aug 28 00:45:39.622540 dv-osbrick-master-4-iscsi devstack@keystone.service[81582]: ERROR keystone.server.flask.application raise exception.RoleNotFound(role_id=role_id)
Aug 28 00:45:39.622540 dv-osbrick-master-4-iscsi devstack@keystone.service[81582]: ERROR keystone.server.flask.application keystone.exception.RoleNotFound: Could not find role: admin.
Aug 28 00:45:39.622540 dv-osbrick-master-4-iscsi devstack@keystone.service[81582]: ERROR keystone.server.flask.application
Aug 28 00:45:39.622540 dv-osbrick-master-4-iscsi devstack@keystone.service[81582]: [pid: 81582|app: 0|req: 27/50] 10.222.0.58 () {56 vars in 1096 bytes} [Sun Aug 28 00:45:39 2022] GET /identity/v3/roles/admin => generated 83 bytes in 272 msecs (HTTP/1.1 404) 5 headers in 183 bytes (1 switches on core 0)
Aug 28 00:45:39.625144 dv-osbrick-master-4-iscsi devstack@keystone.service[81581]: DEBUG keystone.server.flask.request_processing.req_logging [None req-7bc32912-b412-405f-9cf2-90e5a9ba638d None None] REQUEST_METHOD: `POST` {{(pid=81581) log_request_info /opt/stack/keystone/keystone/server/flask/request_processing/req_logging.py:27}}
Aug 28 00:45:39.625426 dv-osbrick-master-4-iscsi devstack@keystone.service[81581]: DEBUG keystone.server.flask.request_processing.req_logging [None req-7bc32912-b412-405f-9cf2-90e5a9ba638d None None] SCRIPT_NAME: `/identity` {{(pid=81581) log_request_info /opt/stack/keystone/keystone/server/flask/request_processing/req_logging.py:28}}
Aug 28 00:45:39.625700 dv-osbrick-master-4-iscsi devstack@keystone.service[81581]: DEBUG keystone.server.flask.request_processing.req_logging [None req-7bc32912-b412-405f-9cf2-90e5a9ba638d None None] PATH_INFO: `/v3/auth/tokens` {{(pid=81581) log_request_info /opt/stack/keystone/keystone/server/flask/request_processing/req_logging.py:29}}
Aug 28 00:45:39.627750 dv-osbrick-master-4-iscsi devstack@keystone.service[81582]: DEBUG keystone.server.flask.request_processing.middleware.auth_context [None req-44d1896d-483a-438f-894e-5294919b1d69 None admin] Authenticating user token {{(pid=81582) process_request /usr/local/lib/python3.8/dist-packages/keystonemiddleware/auth_token/__init__.py:407}}
Aug 28 00:45:39.643451 dv-osbrick-master-4-iscsi devstack@keystone.service[81581]: DEBUG keystone.auth.core [None req-7bc32912-b412-405f-9cf2-90e5a9ba638d None None] MFA Rules not processed for user `00caaefe5f7440c9962342f8ae00dd35`. Rule list: `[]` (Enabled: `True`). {{(pid=81581) check_auth_methods_against_rules /opt/stack/keystone/keystone/auth/core.py:438}}
Aug 28 00:45:39.644651 dv-osbrick-master-4-iscsi devstack@keystone.service[81581]: DEBUG keystone.common.fernet_utils [None req-7bc32912-b412-405f-9cf2-90e5a9ba638d None None] Loaded 2 Fernet keys from /etc/keystone/fernet-keys/, but `[fernet_tokens] max_active_keys = 3`; perhaps there have not been enough key rotations to reach `max_active_keys` yet? {{(pid=81581) load_keys /opt/stack/keystone/keystone/common/fernet_utils.py:286}}
Aug 28 00:45:39.715777 dv-osbrick-master-4-iscsi devstack@keystone.service[81581]: [pid: 81581|app: 0|req: 24/51] 10.222.0.58 () {58 vars in 1024 bytes} [Sun Aug 28 00:45:39 2022] POST /identity/v3/auth/tokens => generated 799 bytes in 91 msecs (HTTP/1.1 201) 6 headers in 363 bytes (1 switches on core 0)
Aug 28 00:45:39.728373 dv-osbrick-master-4-iscsi devstack@keystone.service[81582]: DEBUG dbcounter [-] [81582] Writing DB stats keystone:SELECT=100 {{(pid=81582) stat_writer /usr/local/lib/python3.8/dist-packages/dbcounter.py:114}}
Aug 28 00:45:39.732013 dv-osbrick-master-4-iscsi devstack@keystone.service[81582]: DEBUG keystone.server.flask.request_processing.middleware.auth_context [None req-44d1896d-483a-438f-894e-5294919b1d69 None admin] Validating token access rules against request {{(pid=81582) validate_allowed_request /usr/local/lib/python3.8/dist-packages/keystonemiddleware/auth_token/__init__.py:545}}
Aug 28 00:45:39.766643 dv-osbrick-master-4-iscsi devstack@keystone.service[81582]: DEBUG keystone.server.flask.request_processing.middleware.auth_context [None req-3d9102c0-8fa1-4bcb-893d-13ad11c03a22 None admin] RBAC: auth_context: {'token': , 'domain_id': None, 'trust_id': None, 'trustor_id': None, 'trustee_id': None, 'domain_name': None, 'group_ids': [], 'user_id': '00caaefe5f7440c9962342f8ae00dd35', 'user_domain_id': 'default', 'system_scope': 'all', 'project_id': None, 'project_domain_id': None, 'roles': ['admin', 'member', 'reader'], 'is_admin_project': True, 'service_user_id': None, 'service_user_domain_id': None, 'service_project_id': None, 'service_project_domain_id': None, 'service_roles': []} {{(pid=81582) fill_context /opt/stack/keystone/keystone/server/flask/request_processing/middleware/auth_context.py:478}}
Aug 28 00:45:39.767299 dv-osbrick-master-4-iscsi devstack@keystone.service[81582]: DEBUG keystone.server.flask.request_processing.req_logging [None req-3d9102c0-8fa1-4bcb-893d-13ad11c03a22 None admin] REQUEST_METHOD: `GET` {{(pid=81582) log_request_info /opt/stack/keystone/keystone/server/flask/request_processing/req_logging.py:27}}
Aug 28 00:45:39.767597 dv-osbrick-master-4-iscsi devstack@keystone.service[81582]: DEBUG keystone.server.flask.request_processing.req_logging [None req-3d9102c0-8fa1-4bcb-893d-13ad11c03a22 None admin] SCRIPT_NAME: `/identity` {{(pid=81582) log_request_info /opt/stack/keystone/keystone/server/flask/request_processing/req_logging.py:28}}
Aug 28 00:45:39.767858 dv-osbrick-master-4-iscsi devstack@keystone.service[81582]: DEBUG keystone.server.flask.request_processing.req_logging [None req-3d9102c0-8fa1-4bcb-893d-13ad11c03a22 None admin] PATH_INFO: `/v3/roles` {{(pid=81582) log_request_info /opt/stack/keystone/keystone/server/flask/request_processing/req_logging.py:29}}
Aug 28 00:45:39.768526 dv-osbrick-master-4-iscsi devstack@keystone.service[81582]: DEBUG keystone.common.rbac_enforcer.enforcer [None req-3d9102c0-8fa1-4bcb-893d-13ad11c03a22 None admin] RBAC: Adding query filter params (name=admin) {{(pid=81582) _extract_filter_values /opt/stack/keystone/keystone/common/rbac_enforcer/enforcer.py:167}}
Aug 28 00:45:39.768832 dv-osbrick-master-4-iscsi devstack@keystone.service[81582]: DEBUG keystone.common.rbac_enforcer.enforcer [None req-3d9102c0-8fa1-4bcb-893d-13ad11c03a22 None admin] RBAC: Authorizing `identity:list_roles()` {{(pid=81582) enforce_call /opt/stack/keystone/keystone/common/rbac_enforcer/enforcer.py:449}}
Aug 28 00:45:39.770214 dv-osbrick-master-4-iscsi devstack@keystone.service[81582]: DEBUG keystone.common.rbac_enforcer.enforcer [None req-3d9102c0-8fa1-4bcb-893d-13ad11c03a22 None admin] RBAC: Authorization granted {{(pid=81582) enforce_call /opt/stack/keystone/keystone/common/rbac_enforcer/enforcer.py:457}}
Aug 28 00:45:39.779433 dv-osbrick-master-4-iscsi devstack@keystone.service[81582]: [pid: 81582|app: 0|req: 28/52] 10.222.0.58 () {56 vars in 1099 bytes} [Sun Aug 28 00:45:39 2022] GET /identity/v3/roles?name=admin => generated 339 bytes in 152 msecs (HTTP/1.1 200) 5 headers in 177 bytes (2 switches on core 0)
Aug 28 00:45:39.784964 dv-osbrick-master-4-iscsi devstack@keystone.service[81581]: DEBUG keystone.server.flask.request_processing.middleware.auth_context [None req-7bc32912-b412-405f-9cf2-90e5a9ba638d None None] Authenticating user token {{(pid=81581) process_request /usr/local/lib/python3.8/dist-packages/keystonemiddleware/auth_token/__init__.py:407}}
Aug 28 00:45:39.943886 dv-osbrick-master-4-iscsi devstack@keystone.service[81581]: DEBUG dbcounter [-] [81581] Writing DB stats keystone:SELECT=99,keystone:INSERT=1 {{(pid=81581) stat_writer /usr/local/lib/python3.8/dist-packages/dbcounter.py:114}}
Aug 28 00:45:39.999028 dv-osbrick-master-4-iscsi devstack@keystone.service[81582]: DEBUG keystone.server.flask.request_processing.middleware.auth_context [None req-3d9102c0-8fa1-4bcb-893d-13ad11c03a22 None admin] Authenticating user token {{(pid=81582) process_request /usr/local/lib/python3.8/dist-packages/keystonemiddleware/auth_token/__init__.py:407}}
Aug 28 00:45:40.002655 dv-osbrick-master-4-iscsi devstack@keystone.service[81581]: DEBUG keystone.server.flask.request_processing.middleware.auth_context [None req-7bc32912-b412-405f-9cf2-90e5a9ba638d None None] Validating token access rules against request {{(pid=81581) validate_allowed_request /usr/local/lib/python3.8/dist-packages/keystonemiddleware/auth_token/__init__.py:545}}
Aug 28 00:45:40.039417 dv-osbrick-master-4-iscsi devstack@keystone.service[81581]: DEBUG keystone.server.flask.request_processing.middleware.auth_context [None req-bc2b536b-99ac-4530-a712-6d707714a011 None admin] RBAC: auth_context: {'token': , 'domain_id': None, 'trust_id': None, 'trustor_id': None, 'trustee_id': None, 'domain_name': None, 'group_ids': [], 'user_id': '00caaefe5f7440c9962342f8ae00dd35', 'user_domain_id': 'default', 'system_scope': 'all', 'project_id': None, 'project_domain_id': None, 'roles': ['admin', 'member', 'reader'], 'is_admin_project': True, 'service_user_id': None, 'service_user_domain_id': None, 'service_project_id': None, 'service_project_domain_id': None, 'service_roles': []} {{(pid=81581) fill_context /opt/stack/keystone/keystone/server/flask/request_processing/middleware/auth_context.py:478}}
Aug 28 00:45:40.040064 dv-osbrick-master-4-iscsi devstack@keystone.service[81581]: DEBUG keystone.server.flask.request_processing.req_logging [None req-bc2b536b-99ac-4530-a712-6d707714a011 None admin] REQUEST_METHOD: `GET` {{(pid=81581) log_request_info /opt/stack/keystone/keystone/server/flask/request_processing/req_logging.py:27}}
Aug 28 00:45:40.040347 dv-osbrick-master-4-iscsi devstack@keystone.service[81581]: DEBUG keystone.server.flask.request_processing.req_logging [None req-bc2b536b-99ac-4530-a712-6d707714a011 None admin] SCRIPT_NAME: `/identity` {{(pid=81581) log_request_info /opt/stack/keystone/keystone/server/flask/request_processing/req_logging.py:28}}
Aug 28 00:45:40.040629 dv-osbrick-master-4-iscsi devstack@keystone.service[81581]: DEBUG keystone.server.flask.request_processing.req_logging [None req-bc2b536b-99ac-4530-a712-6d707714a011 None admin] PATH_INFO: `/v3/users/00caaefe5f7440c9962342f8ae00dd35` {{(pid=81581) log_request_info /opt/stack/keystone/keystone/server/flask/request_processing/req_logging.py:29}}
Aug 28 00:45:40.042876 dv-osbrick-master-4-iscsi devstack@keystone.service[81581]: DEBUG keystone.common.rbac_enforcer.enforcer [None req-bc2b536b-99ac-4530-a712-6d707714a011 None admin] RBAC: Authorizing `identity:get_user(user_id=00caaefe5f7440c9962342f8ae00dd35)` {{(pid=81581) enforce_call /opt/stack/keystone/keystone/common/rbac_enforcer/enforcer.py:449}}
Aug 28 00:45:40.044387 dv-osbrick-master-4-iscsi devstack@keystone.service[81581]: DEBUG keystone.common.rbac_enforcer.enforcer [None req-bc2b536b-99ac-4530-a712-6d707714a011 None admin] RBAC: Authorization granted {{(pid=81581) enforce_call /opt/stack/keystone/keystone/common/rbac_enforcer/enforcer.py:457}}
Aug 28 00:45:40.046020 dv-osbrick-master-4-iscsi devstack@keystone.service[81581]: [pid: 81581|app: 0|req: 25/53] 10.222.0.58 () {56 vars in 1177 bytes} [Sun Aug 28 00:45:39 2022] GET /identity/v3/users/00caaefe5f7440c9962342f8ae00dd35 => generated 247 bytes in 262 msecs (HTTP/1.1 200) 5 headers in 177 bytes (1 switches on core 0)
Aug 28 00:45:40.051785 dv-osbrick-master-4-iscsi devstack@keystone.service[81581]: DEBUG keystone.server.flask.request_processing.middleware.auth_context [None req-bc2b536b-99ac-4530-a712-6d707714a011 None admin] Authenticating user token {{(pid=81581) process_request /usr/local/lib/python3.8/dist-packages/keystonemiddleware/auth_token/__init__.py:407}}
Aug 28 00:45:40.105343 dv-osbrick-master-4-iscsi devstack@keystone.service[81582]: DEBUG keystone.server.flask.request_processing.middleware.auth_context [None req-3d9102c0-8fa1-4bcb-893d-13ad11c03a22 None admin] Validating token access rules against request {{(pid=81582) validate_allowed_request /usr/local/lib/python3.8/dist-packages/keystonemiddleware/auth_token/__init__.py:545}}
Aug 28 00:45:40.138316 dv-osbrick-master-4-iscsi devstack@keystone.service[81582]: DEBUG keystone.server.flask.request_processing.middleware.auth_context [None req-df586885-e3dc-4bef-b6fa-3abfe4387668 None admin] RBAC: auth_context: {'token': , 'domain_id': None, 'trust_id': None, 'trustor_id': None, 'trustee_id': None, 'domain_name': None, 'group_ids': [], 'user_id': '00caaefe5f7440c9962342f8ae00dd35', 'user_domain_id': 'default', 'system_scope': 'all', 'project_id': None, 'project_domain_id': None, 'roles': ['admin', 'member', 'reader'], 'is_admin_project': True, 'service_user_id': None, 'service_user_domain_id': None, 'service_project_id': None, 'service_project_domain_id': None, 'service_roles': []} {{(pid=81582) fill_context /opt/stack/keystone/keystone/server/flask/request_processing/middleware/auth_context.py:478}}
Aug 28 00:45:40.138947 dv-osbrick-master-4-iscsi devstack@keystone.service[81582]: DEBUG keystone.server.flask.request_processing.req_logging [None req-df586885-e3dc-4bef-b6fa-3abfe4387668 None admin] REQUEST_METHOD: `GET` {{(pid=81582) log_request_info /opt/stack/keystone/keystone/server/flask/request_processing/req_logging.py:27}}
