Aug 21 00:51:25.660891 dv-osbrick-master-4-iscsi devstack@keystone.service[81577]: DEBUG keystone.common.rbac_enforcer.enforcer [None req-d34e3025-33b2-4998-805e-5c95476b77c9 None admin] RBAC: Authorizing `identity:validate_token()` {{(pid=81577) enforce_call /opt/stack/keystone/keystone/common/rbac_enforcer/enforcer.py:449}}
Aug 21 00:51:25.662451 dv-osbrick-master-4-iscsi devstack@keystone.service[81577]: DEBUG keystone.common.rbac_enforcer.enforcer [None req-d34e3025-33b2-4998-805e-5c95476b77c9 None admin] RBAC: Authorization granted {{(pid=81577) enforce_call /opt/stack/keystone/keystone/common/rbac_enforcer/enforcer.py:457}}
Aug 21 00:51:25.747968 dv-osbrick-master-4-iscsi devstack@keystone.service[81578]: DEBUG keystone.server.flask.request_processing.middleware.auth_context [None req-d418b212-cae2-4d10-a8aa-7f3eb3841e26 None admin] Validating token access rules against request {{(pid=81578) validate_allowed_request /usr/local/lib/python3.8/dist-packages/keystonemiddleware/auth_token/__init__.py:545}}
Aug 21 00:51:25.781792 dv-osbrick-master-4-iscsi devstack@keystone.service[81577]: [pid: 81577|app: 0|req: 127/260] 10.222.0.49 () {58 vars in 1282 bytes} [Sun Aug 21 00:51:25 2022] GET /identity/v3/auth/tokens => generated 799 bytes in 403 msecs (HTTP/1.1 200) 6 headers in 358 bytes (1 switches on core 0)
Aug 21 00:51:25.782655 dv-osbrick-master-4-iscsi devstack@keystone.service[81577]: DEBUG keystone.server.flask.request_processing.middleware.auth_context [None req-d34e3025-33b2-4998-805e-5c95476b77c9 None admin] Authenticating user token {{(pid=81577) process_request /usr/local/lib/python3.8/dist-packages/keystonemiddleware/auth_token/__init__.py:407}}
Aug 21 00:51:25.785298 dv-osbrick-master-4-iscsi devstack@keystone.service[81577]: DEBUG dbcounter [-] [81577] Writing DB stats keystone:SELECT=100 {{(pid=81577) stat_writer /usr/local/lib/python3.8/dist-packages/dbcounter.py:114}}
Aug 21 00:51:25.826163 dv-osbrick-master-4-iscsi devstack@keystone.service[81578]: DEBUG keystone.server.flask.request_processing.middleware.auth_context [None req-de735193-a35f-48bd-961e-bdfe61003718 None admin] RBAC: auth_context: {'token': , 'domain_id': None, 'trust_id': None, 'trustor_id': None, 'trustee_id': None, 'domain_name': None, 'group_ids': [], 'user_id': 'bab4a9bddb7141a48bb694677f33efcc', 'user_domain_id': 'default', 'system_scope': 'all', 'project_id': None, 'project_domain_id': None, 'roles': ['admin', 'member', 'reader'], 'is_admin_project': True, 'service_user_id': None, 'service_user_domain_id': None, 'service_project_id': None, 'service_project_domain_id': None, 'service_roles': []} {{(pid=81578) fill_context /opt/stack/keystone/keystone/server/flask/request_processing/middleware/auth_context.py:478}}
Aug 21 00:51:25.827874 dv-osbrick-master-4-iscsi devstack@keystone.service[81578]: DEBUG keystone.server.flask.request_processing.req_logging [None req-de735193-a35f-48bd-961e-bdfe61003718 None admin] REQUEST_METHOD: `GET` {{(pid=81578) log_request_info /opt/stack/keystone/keystone/server/flask/request_processing/req_logging.py:27}}
Aug 21 00:51:25.828661 dv-osbrick-master-4-iscsi devstack@keystone.service[81578]: DEBUG keystone.server.flask.request_processing.req_logging [None req-de735193-a35f-48bd-961e-bdfe61003718 None admin] SCRIPT_NAME: `/identity` {{(pid=81578) log_request_info /opt/stack/keystone/keystone/server/flask/request_processing/req_logging.py:28}}
Aug 21 00:51:25.829430 dv-osbrick-master-4-iscsi devstack@keystone.service[81578]: DEBUG keystone.server.flask.request_processing.req_logging [None req-de735193-a35f-48bd-961e-bdfe61003718 None admin] PATH_INFO: `/v3/roles/anotherrole` {{(pid=81578) log_request_info /opt/stack/keystone/keystone/server/flask/request_processing/req_logging.py:29}}
Aug 21 00:51:25.856351 dv-osbrick-master-4-iscsi devstack@keystone.service[81578]: DEBUG keystone.common.rbac_enforcer.enforcer [None req-de735193-a35f-48bd-961e-bdfe61003718 None admin] Extracting inferred target data resulted in "NOT FOUND (404)". {{(pid=81578) enforce_call /opt/stack/keystone/keystone/common/rbac_enforcer/enforcer.py:409}}
Aug 21 00:51:25.867496 dv-osbrick-master-4-iscsi devstack@keystone.service[81578]: ERROR keystone.server.flask.application [None req-de735193-a35f-48bd-961e-bdfe61003718 None admin] Could not find role: anotherrole.: keystone.exception.RoleNotFound: Could not find role: anotherrole.
Aug 21 00:51:25.867496 dv-osbrick-master-4-iscsi devstack@keystone.service[81578]: ERROR keystone.server.flask.application
Traceback (most recent call last):
Aug 21 00:51:25.867496 dv-osbrick-master-4-iscsi devstack@keystone.service[81578]: ERROR keystone.server.flask.application
File "/usr/local/lib/python3.8/dist-packages/flask/app.py", line 1820, in full_dispatch_request
Aug 21 00:51:25.867496 dv-osbrick-master-4-iscsi devstack@keystone.service[81578]: ERROR keystone.server.flask.application rv = self.dispatch_request()
Aug 21 00:51:25.867496 dv-osbrick-master-4-iscsi devstack@keystone.service[81578]: ERROR keystone.server.flask.application
File "/usr/local/lib/python3.8/dist-packages/flask/app.py", line 1796, in dispatch_request
Aug 21 00:51:25.867496 dv-osbrick-master-4-iscsi devstack@keystone.service[81578]: ERROR keystone.server.flask.application return self.ensure_sync(self.view_functions[rule.endpoint])(**view_args)
Aug 21 00:51:25.867496 dv-osbrick-master-4-iscsi devstack@keystone.service[81578]: ERROR keystone.server.flask.application
File "/usr/local/lib/python3.8/dist-packages/flask_restful/__init__.py", line 467, in wrapper
Aug 21 00:51:25.867496 dv-osbrick-master-4-iscsi devstack@keystone.service[81578]: ERROR keystone.server.flask.application resp = resource(*args, **kwargs)
Aug 21 00:51:25.867496 dv-osbrick-master-4-iscsi devstack@keystone.service[81578]: ERROR keystone.server.flask.application
File "/usr/local/lib/python3.8/dist-packages/flask/views.py", line 107, in view
Aug 21 00:51:25.867496 dv-osbrick-master-4-iscsi devstack@keystone.service[81578]: ERROR keystone.server.flask.application return current_app.ensure_sync(self.dispatch_request)(**kwargs)
Aug 21 00:51:25.867496 dv-osbrick-master-4-iscsi devstack@keystone.service[81578]: ERROR keystone.server.flask.application
File "/usr/local/lib/python3.8/dist-packages/flask_restful/__init__.py", line 582, in dispatch_request
Aug 21 00:51:25.867496 dv-osbrick-master-4-iscsi devstack@keystone.service[81578]: ERROR keystone.server.flask.application resp = meth(*args, **kwargs)
Aug 21 00:51:25.867496 dv-osbrick-master-4-iscsi devstack@keystone.service[81578]: ERROR keystone.server.flask.application
File "/opt/stack/keystone/keystone/api/roles.py", line 50, in get
Aug 21 00:51:25.867496 dv-osbrick-master-4-iscsi devstack@keystone.service[81578]: ERROR keystone.server.flask.application return self._get_role(role_id)
Aug 21 00:51:25.867496 dv-osbrick-master-4-iscsi devstack@keystone.service[81578]: ERROR keystone.server.flask.application
File "/opt/stack/keystone/keystone/api/roles.py", line 70, in _get_role
Aug 21 00:51:25.867496 dv-osbrick-master-4-iscsi devstack@keystone.service[81578]: ERROR keystone.server.flask.application ENFORCER.enforce_call(action='identity:get_role')
Aug 21 00:51:25.869311 dv-osbrick-master-4-iscsi devstack@keystone.service[81578]: ERROR keystone.server.flask.application
File "/opt/stack/keystone/keystone/common/rbac_enforcer/enforcer.py", line 402, in enforce_call
Aug 21 00:51:25.869311 dv-osbrick-master-4-iscsi devstack@keystone.service[81578]: ERROR keystone.server.flask.application policy_dict.update(cls._extract_member_target_data(
Aug 21 00:51:25.869311 dv-osbrick-master-4-iscsi devstack@keystone.service[81578]: ERROR keystone.server.flask.application
File "/opt/stack/keystone/keystone/common/rbac_enforcer/enforcer.py", line 234, in _extract_member_target_data
Aug 21 00:51:25.869311 dv-osbrick-master-4-iscsi devstack@keystone.service[81578]: ERROR keystone.server.flask.application member_name: func(flask.request.view_args[key])
Aug 21 00:51:25.869311 dv-osbrick-master-4-iscsi devstack@keystone.service[81578]: ERROR keystone.server.flask.application
File "/opt/stack/keystone/keystone/common/manager.py", line 115, in wrapped
Aug 21 00:51:25.869311 dv-osbrick-master-4-iscsi devstack@keystone.service[81578]: ERROR keystone.server.flask.application __ret_val = __f(*args, **kwargs)
Aug 21 00:51:25.869311 dv-osbrick-master-4-iscsi devstack@keystone.service[81578]: ERROR keystone.server.flask.application
File "/usr/local/lib/python3.8/dist-packages/decorator.py", line 232, in fun
Aug 21 00:51:25.869311 dv-osbrick-master-4-iscsi devstack@keystone.service[81578]: ERROR keystone.server.flask.application return caller(func, *(extras + args), **kw)
Aug 21 00:51:25.869311 dv-osbrick-master-4-iscsi devstack@keystone.service[81578]: ERROR keystone.server.flask.application
File "/usr/local/lib/python3.8/dist-packages/dogpile/cache/region.py", line 1577, in get_or_create_for_user_func
Aug 21 00:51:25.869311 dv-osbrick-master-4-iscsi devstack@keystone.service[81578]: ERROR keystone.server.flask.application return self.get_or_create(
Aug 21 00:51:25.869311 dv-osbrick-master-4-iscsi devstack@keystone.service[81578]: ERROR keystone.server.flask.application
File "/usr/local/lib/python3.8/dist-packages/dogpile/cache/region.py", line 1042, in get_or_create
Aug 21 00:51:25.869311 dv-osbrick-master-4-iscsi devstack@keystone.service[81578]: ERROR keystone.server.flask.application with Lock(
Aug 21 00:51:25.869311 dv-osbrick-master-4-iscsi devstack@keystone.service[81578]: ERROR keystone.server.flask.application
File "/usr/local/lib/python3.8/dist-packages/dogpile/lock.py", line 185, in __enter__
Aug 21 00:51:25.869311 dv-osbrick-master-4-iscsi devstack@keystone.service[81578]: ERROR keystone.server.flask.application return self._enter()
Aug 21 00:51:25.869311 dv-osbrick-master-4-iscsi devstack@keystone.service[81578]: ERROR keystone.server.flask.application
File "/usr/local/lib/python3.8/dist-packages/dogpile/lock.py", line 94, in _enter
Aug 21 00:51:25.869311 dv-osbrick-master-4-iscsi devstack@keystone.service[81578]: ERROR keystone.server.flask.application generated = self._enter_create(value, createdtime)
Aug 21 00:51:25.871037 dv-osbrick-master-4-iscsi devstack@keystone.service[81578]: ERROR keystone.server.flask.application
File "/usr/local/lib/python3.8/dist-packages/dogpile/lock.py", line 178, in _enter_create
Aug 21 00:51:25.871037 dv-osbrick-master-4-iscsi devstack@keystone.service[81578]: ERROR keystone.server.flask.application return self.creator()
Aug 21 00:51:25.871037 dv-osbrick-master-4-iscsi devstack@keystone.service[81578]: ERROR keystone.server.flask.application
File "/usr/local/lib/python3.8/dist-packages/dogpile/cache/region.py", line 995, in gen_value
Aug 21 00:51:25.871037 dv-osbrick-master-4-iscsi devstack@keystone.service[81578]: ERROR keystone.server.flask.application created_value = creator(
Aug 21 00:51:25.871037 dv-osbrick-master-4-iscsi devstack@keystone.service[81578]: ERROR keystone.server.flask.application
File "/opt/stack/keystone/keystone/assignment/core.py", line 1276, in get_role
Aug 21 00:51:25.871037 dv-osbrick-master-4-iscsi devstack@keystone.service[81578]: ERROR keystone.server.flask.application return self.driver.get_role(role_id)
Aug 21 00:51:25.871037 dv-osbrick-master-4-iscsi devstack@keystone.service[81578]: ERROR keystone.server.flask.application
File "/opt/stack/keystone/keystone/assignment/role_backends/sql.py", line 70, in get_role
Aug 21 00:51:25.871037 dv-osbrick-master-4-iscsi devstack@keystone.service[81578]: ERROR keystone.server.flask.application return self._get_role(session, role_id).to_dict()
Aug 21 00:51:25.871037 dv-osbrick-master-4-iscsi devstack@keystone.service[81578]: ERROR keystone.server.flask.application
File "/opt/stack/keystone/keystone/assignment/role_backends/sql.py", line 65, in _get_role
Aug 21 00:51:25.871037 dv-osbrick-master-4-iscsi devstack@keystone.service[81578]: ERROR keystone.server.flask.application raise exception.RoleNotFound(role_id=role_id)
Aug 21 00:51:25.871037 dv-osbrick-master-4-iscsi devstack@keystone.service[81578]: ERROR keystone.server.flask.application keystone.exception.RoleNotFound: Could not find role: anotherrole.
Aug 21 00:51:25.871037 dv-osbrick-master-4-iscsi devstack@keystone.service[81578]: ERROR keystone.server.flask.application
Aug 21 00:51:25.874487 dv-osbrick-master-4-iscsi devstack@keystone.service[81578]: [pid: 81578|app: 0|req: 134/261] 10.222.0.49 () {56 vars in 1114 bytes} [Sun Aug 21 00:51:25 2022] GET /identity/v3/roles/anotherrole => generated 89 bytes in 358 msecs (HTTP/1.1 404) 5 headers in 183 bytes (1 switches on core 0)
Aug 21 00:51:25.876595 dv-osbrick-master-4-iscsi devstack@keystone.service[81578]: DEBUG keystone.server.flask.request_processing.middleware.auth_context [None req-de735193-a35f-48bd-961e-bdfe61003718 None admin] Authenticating user token {{(pid=81578) process_request /usr/local/lib/python3.8/dist-packages/keystonemiddleware/auth_token/__init__.py:407}}
Aug 21 00:51:25.903696 dv-osbrick-master-4-iscsi devstack@keystone.service[81577]: DEBUG keystone.server.flask.request_processing.middleware.auth_context [None req-d34e3025-33b2-4998-805e-5c95476b77c9 None admin] Validating token access rules against request {{(pid=81577) validate_allowed_request /usr/local/lib/python3.8/dist-packages/keystonemiddleware/auth_token/__init__.py:545}}
Aug 21 00:51:25.943367 dv-osbrick-master-4-iscsi devstack@keystone.service[81577]: DEBUG keystone.server.flask.request_processing.middleware.auth_context [None req-63a91b71-8308-4b97-9106-614c68f03c4d None admin] RBAC: auth_context: {'token': , 'domain_id': None, 'trust_id': None, 'trustor_id': None, 'trustee_id': None, 'domain_name': None, 'group_ids': [], 'user_id': 'bab4a9bddb7141a48bb694677f33efcc', 'user_domain_id': 'default', 'system_scope': 'all', 'project_id': None, 'project_domain_id': None, 'roles': ['admin', 'member', 'reader'], 'is_admin_project': True, 'service_user_id': None, 'service_user_domain_id': None, 'service_project_id': None, 'service_project_domain_id': None, 'service_roles': []} {{(pid=81577) fill_context /opt/stack/keystone/keystone/server/flask/request_processing/middleware/auth_context.py:478}}
Aug 21 00:51:25.944058 dv-osbrick-master-4-iscsi devstack@keystone.service[81577]: DEBUG keystone.server.flask.request_processing.req_logging [None req-63a91b71-8308-4b97-9106-614c68f03c4d None admin] REQUEST_METHOD: `PUT` {{(pid=81577) log_request_info /opt/stack/keystone/keystone/server/flask/request_processing/req_logging.py:27}}
Aug 21 00:51:25.944429 dv-osbrick-master-4-iscsi devstack@keystone.service[81577]: DEBUG keystone.server.flask.request_processing.req_logging [None req-63a91b71-8308-4b97-9106-614c68f03c4d None admin] SCRIPT_NAME: `/identity` {{(pid=81577) log_request_info /opt/stack/keystone/keystone/server/flask/request_processing/req_logging.py:28}}
Aug 21 00:51:25.944676 dv-osbrick-master-4-iscsi devstack@keystone.service[81577]: DEBUG keystone.server.flask.request_processing.req_logging [None req-63a91b71-8308-4b97-9106-614c68f03c4d None admin] PATH_INFO: `/v3/projects/796ee44386c443e8885ece664a23534b/users/216a826ed0544041b19d313c7d9b4ce7/roles/54545d831b9e469dad64f2d28c12e462` {{(pid=81577) log_request_info /opt/stack/keystone/keystone/server/flask/request_processing/req_logging.py:29}}
Aug 21 00:51:25.947020 dv-osbrick-master-4-iscsi devstack@keystone.service[81577]: DEBUG keystone.common.rbac_enforcer.enforcer [None req-63a91b71-8308-4b97-9106-614c68f03c4d None admin] RBAC: Authorizing `identity:create_grant(project_id=796ee44386c443e8885ece664a23534b, user_id=216a826ed0544041b19d313c7d9b4ce7, role_id=54545d831b9e469dad64f2d28c12e462)` {{(pid=81577) enforce_call /opt/stack/keystone/keystone/common/rbac_enforcer/enforcer.py:449}}
Aug 21 00:51:25.949115 dv-osbrick-master-4-iscsi devstack@keystone.service[81577]: DEBUG keystone.common.rbac_enforcer.enforcer [None req-63a91b71-8308-4b97-9106-614c68f03c4d None admin] RBAC: Authorization granted {{(pid=81577) enforce_call /opt/stack/keystone/keystone/common/rbac_enforcer/enforcer.py:457}}
Aug 21 00:51:25.967477 dv-osbrick-master-4-iscsi devstack@keystone.service[81577]: [pid: 81577|app: 0|req: 128/262] 10.222.0.49 () {58 vars in 1439 bytes} [Sun Aug 21 00:51:25 2022] PUT /identity/v3/projects/796ee44386c443e8885ece664a23534b/users/216a826ed0544041b19d313c7d9b4ce7/roles/54545d831b9e469dad64f2d28c12e462 => generated 0 bytes in 185 msecs (HTTP/1.1 204) 3 headers in 132 bytes (0 switches on core 0)
Aug 21 00:51:25.969085 dv-osbrick-master-4-iscsi devstack@keystone.service[81577]: DEBUG keystone.server.flask.request_processing.middleware.auth_context [None req-63a91b71-8308-4b97-9106-614c68f03c4d None admin] Authenticating user token {{(pid=81577) process_request /usr/local/lib/python3.8/dist-packages/keystonemiddleware/auth_token/__init__.py:407}}
Aug 21 00:51:26.077843 dv-osbrick-master-4-iscsi devstack@keystone.service[81577]: DEBUG dbcounter [-] [81577] Writing DB stats keystone:SELECT=99,keystone:INSERT=1 {{(pid=81577) stat_writer /usr/local/lib/python3.8/dist-packages/dbcounter.py:114}}
Aug 21 00:51:26.095945 dv-osbrick-master-4-iscsi devstack@keystone.service[81578]: DEBUG keystone.server.flask.request_processing.middleware.auth_context [None req-de735193-a35f-48bd-961e-bdfe61003718 None admin] Validating token access rules against request {{(pid=81578) validate_allowed_request /usr/local/lib/python3.8/dist-packages/keystonemiddleware/auth_token/__init__.py:545}}
Aug 21 00:51:26.141620 dv-osbrick-master-4-iscsi devstack@keystone.service[81578]: DEBUG dbcounter [-] [81578] Writing DB stats keystone:SELECT=100 {{(pid=81578) stat_writer /usr/local/lib/python3.8/dist-packages/dbcounter.py:114}}
Aug 21 00:51:26.234729 dv-osbrick-master-4-iscsi devstack@keystone.service[81577]: DEBUG keystone.server.flask.request_processing.middleware.auth_context [None req-63a91b71-8308-4b97-9106-614c68f03c4d None admin] Validating token access rules against request {{(pid=81577) validate_allowed_request /usr/local/lib/python3.8/dist-packages/keystonemiddleware/auth_token/__init__.py:545}}
Aug 21 00:51:26.261842 dv-osbrick-master-4-iscsi devstack@keystone.service[81578]: DEBUG keystone.server.flask.request_processing.middleware.auth_context [None req-ec3409d8-36be-4aaf-a79b-5da0b2d0b166 None admin] RBAC: auth_context: {'token': , 'domain_id': None, 'trust_id': None, 'trustor_id': None, 'trustee_id': None, 'domain_name': None, 'group_ids': [], 'user_id': 'bab4a9bddb7141a48bb694677f33efcc', 'user_domain_id': 'default', 'system_scope': 'all', 'project_id': None, 'project_domain_id': None, 'roles': ['admin', 'member', 'reader'], 'is_admin_project': True, 'service_user_id': None, 'service_user_domain_id': None, 'service_project_id': None, 'service_project_domain_id': None, 'service_roles': []} {{(pid=81578) fill_context /opt/stack/keystone/keystone/server/flask/request_processing/middleware/auth_context.py:478}}
Aug 21 00:51:26.263437 dv-osbrick-master-4-iscsi devstack@keystone.service[81578]: DEBUG keystone.server.flask.request_processing.req_logging [None req-ec3409d8-36be-4aaf-a79b-5da0b2d0b166 None admin] REQUEST_METHOD: `GET` {{(pid=81578) log_request_info /opt/stack/keystone/keystone/server/flask/request_processing/req_logging.py:27}}
Aug 21 00:51:26.264223 dv-osbrick-master-4-iscsi devstack@keystone.service[81578]: DEBUG keystone.server.flask.request_processing.req_logging [None req-ec3409d8-36be-4aaf-a79b-5da0b2d0b166 None admin] SCRIPT_NAME: `/identity` {{(pid=81578) log_request_info /opt/stack/keystone/keystone/server/flask/request_processing/req_logging.py:28}}
Aug 21 00:51:26.265037 dv-osbrick-master-4-iscsi devstack@keystone.service[81578]: DEBUG keystone.server.flask.request_processing.req_logging [None req-ec3409d8-36be-4aaf-a79b-5da0b2d0b166 None admin] PATH_INFO: `/v3/projects/796ee44386c443e8885ece664a23534b` {{(pid=81578) log_request_info /opt/stack/keystone/keystone/server/flask/request_processing/req_logging.py:29}}
Aug 21 00:51:26.268989 dv-osbrick-master-4-iscsi devstack@keystone.service[81578]: DEBUG keystone.common.rbac_enforcer.enforcer [None req-ec3409d8-36be-4aaf-a79b-5da0b2d0b166 None admin] RBAC: Authorizing `identity:get_project(project_id=796ee44386c443e8885ece664a23534b)` {{(pid=81578) enforce_call /opt/stack/keystone/keystone/common/rbac_enforcer/enforcer.py:449}}
Aug 21 00:51:26.272537 dv-osbrick-master-4-iscsi devstack@keystone.service[81578]: DEBUG keystone.common.rbac_enforcer.enforcer [None req-ec3409d8-36be-4aaf-a79b-5da0b2d0b166 None admin] RBAC: Authorization granted {{(pid=81578) enforce_call /opt/stack/keystone/keystone/common/rbac_enforcer/enforcer.py:457}}
Aug 21 00:51:26.278191 dv-osbrick-master-4-iscsi devstack@keystone.service[81578]: [pid: 81578|app: 0|req: 135/263] 10.222.0.49 () {56 vars in 1186 bytes} [Sun Aug 21 00:51:25 2022] GET /identity/v3/projects/796ee44386c443e8885ece664a23534b => generated 302 bytes in 403 msecs (HTTP/1.1 200) 5 headers in 177 bytes (1 switches on core 0)
Aug 21 00:51:26.290606 dv-osbrick-master-4-iscsi devstack@keystone.service[81578]: DEBUG keystone.server.flask.request_processing.middleware.auth_context [None req-ec3409d8-36be-4aaf-a79b-5da0b2d0b166 None admin] Authenticating user token {{(pid=81578) process_request /usr/local/lib/python3.8/dist-packages/keystonemiddleware/auth_token/__init__.py:407}}
Aug 21 00:51:26.304934 dv-osbrick-master-4-iscsi devstack@keystone.service[81577]: DEBUG keystone.server.flask.request_processing.middleware.auth_context [None req-8fd88a07-7fdd-4d4a-9ea0-8a47b41a6aae None admin] RBAC: auth_context: {'token': , 'domain_id': None, 'trust_id': None, 'trustor_id': None, 'trustee_id': None, 'domain_name': None, 'group_ids': [], 'user_id': 'bab4a9bddb7141a48bb694677f33efcc', 'user_domain_id': 'default', 'system_scope': 'all', 'project_id': None, 'project_domain_id': None, 'roles': ['admin', 'member', 'reader'], 'is_admin_project': True, 'service_user_id': None, 'service_user_domain_id': None, 'service_project_id': None, 'service_project_domain_id': None, 'service_roles': []} {{(pid=81577) fill_context /opt/stack/keystone/keystone/server/flask/request_processing/middleware/auth_context.py:478}}
Aug 21 00:51:26.305899 dv-osbrick-master-4-iscsi devstack@keystone.service[81577]: DEBUG keystone.server.flask.request_processing.req_logging [None req-8fd88a07-7fdd-4d4a-9ea0-8a47b41a6aae None admin] REQUEST_METHOD: `GET` {{(pid=81577) log_request_info /opt/stack/keystone/keystone/server/flask/request_processing/req_logging.py:27}}
Aug 21 00:51:26.306311 dv-osbrick-master-4-iscsi devstack@keystone.service[81577]: DEBUG keystone.server.flask.request_processing.req_logging [None req-8fd88a07-7fdd-4d4a-9ea0-8a47b41a6aae None admin] SCRIPT_NAME: `/identity` {{(pid=81577) log_request_info /opt/stack/keystone/keystone/server/flask/request_processing/req_logging.py:28}}
Aug 21 00:51:26.306712 dv-osbrick-master-4-iscsi devstack@keystone.service[81577]: DEBUG keystone.server.flask.request_processing.req_logging [None req-8fd88a07-7fdd-4d4a-9ea0-8a47b41a6aae None admin] PATH_INFO: `/v3/roles` {{(pid=81577) log_request_info /opt/stack/keystone/keystone/server/flask/request_processing/req_logging.py:29}}
Aug 21 00:51:26.307972 dv-osbrick-master-4-iscsi devstack@keystone.service[81577]: DEBUG keystone.common.rbac_enforcer.enforcer [None req-8fd88a07-7fdd-4d4a-9ea0-8a47b41a6aae None admin] RBAC: Adding query filter params (name=anotherrole) {{(pid=81577) _extract_filter_values /opt/stack/keystone/keystone/common/rbac_enforcer/enforcer.py:167}}
Aug 21 00:51:26.308500 dv-osbrick-master-4-iscsi devstack@keystone.service[81577]: DEBUG keystone.common.rbac_enforcer.enforcer [None req-8fd88a07-7fdd-4d4a-9ea0-8a47b41a6aae None admin] RBAC: Authorizing `identity:list_roles()` {{(pid=81577) enforce_call /opt/stack/keystone/keystone/common/rbac_enforcer/enforcer.py:449}}
Aug 21 00:51:26.311262 dv-osbrick-master-4-iscsi devstack@keystone.service[81577]: DEBUG keystone.common.rbac_enforcer.enforcer [None req-8fd88a07-7fdd-4d4a-9ea0-8a47b41a6aae None admin] RBAC: Authorization granted {{(pid=81577) enforce_call /opt/stack/keystone/keystone/common/rbac_enforcer/enforcer.py:457}}
Aug 21 00:51:26.329544 dv-osbrick-master-4-iscsi devstack@keystone.service[81577]: [pid: 81577|app: 0|req: 129/264] 10.222.0.49 () {56 vars in 1111 bytes} [Sun Aug 21 00:51:25 2022] GET /identity/v3/roles?name=anotherrole => generated 334 bytes in 361 msecs (HTTP/1.1 200) 5 headers in 177 bytes (1 switches on core 0)
Aug 21 00:51:26.339406 dv-osbrick-master-4-iscsi devstack@keystone.service[81577]: DEBUG keystone.server.flask.request_processing.middleware.auth_context [None req-8fd88a07-7fdd-4d4a-9ea0-8a47b41a6aae None admin] Authenticating user token {{(pid=81577) process_request /usr/local/lib/python3.8/dist-packages/keystonemiddleware/auth_token/__init__.py:407}}
Aug 21 00:51:26.576730 dv-osbrick-master-4-iscsi devstack@keystone.service[81578]: DEBUG keystone.server.flask.request_processing.middleware.auth_context [None req-ec3409d8-36be-4aaf-a79b-5da0b2d0b166 None admin] Validating token access rules against request {{(pid=81578) validate_allowed_request /usr/local/lib/python3.8/dist-packages/keystonemiddleware/auth_token/__init__.py:545}}
Aug 21 00:51:26.605306 dv-osbrick-master-4-iscsi devstack@keystone.service[81577]: DEBUG keystone.server.flask.request_processing.middleware.auth_context [None req-8fd88a07-7fdd-4d4a-9ea0-8a47b41a6aae None admin] Validating token access rules against request {{(pid=81577) validate_allowed_request /usr/local/lib/python3.8/dist-packages/keystonemiddleware/auth_token/__init__.py:545}}
Aug 21 00:51:26.656526 dv-osbrick-master-4-iscsi devstack@keystone.service[81578]: DEBUG keystone.server.flask.request_processing.middleware.auth_context [None req-eb5ab9b9-d26b-4b4e-a42d-c99e9da20ee3 None admin] RBAC: auth_context: {'token': , 'domain_id': None, 'trust_id': None, 'trustor_id': None, 'trustee_id': None, 'domain_name': None, 'group_ids': [], 'user_id': 'bab4a9bddb7141a48bb694677f33efcc', 'user_domain_id': 'default', 'system_scope': 'all', 'project_id': None, 'project_domain_id': None, 'roles': ['admin', 'member', 'reader'], 'is_admin_project': True, 'service_user_id': None, 'service_user_domain_id': None, 'service_project_id': None, 'service_project_domain_id': None, 'service_roles': []} {{(pid=81578) fill_context /opt/stack/keystone/keystone/server/flask/request_processing/middleware/auth_context.py:478}}
Aug 21 00:51:26.657476 dv-osbrick-master-4-iscsi devstack@keystone.service[81577]: DEBUG dbcounter [-] [81577] Writing DB stats keystone:SELECT=100 {{(pid=81577) stat_writer /usr/local/lib/python3.8/dist-packages/dbcounter.py:114}}
Aug 21 00:51:26.657657 dv-osbrick-master-4-iscsi devstack@keystone.service[81578]: DEBUG keystone.server.flask.request_processing.req_logging [None req-eb5ab9b9-d26b-4b4e-a42d-c99e9da20ee3 None admin] REQUEST_METHOD: `GET` {{(pid=81578) log_request_info /opt/stack/keystone/keystone/server/flask/request_processing/req_logging.py:27}}
Aug 21 00:51:26.657657 dv-osbrick-master-4-iscsi devstack@keystone.service[81578]: DEBUG keystone.server.flask.request_processing.req_logging [None req-eb5ab9b9-d26b-4b4e-a42d-c99e9da20ee3 None admin] SCRIPT_NAME: `/identity` {{(pid=81578) log_request_info /opt/stack/keystone/keystone/server/flask/request_processing/req_logging.py:28}}
Aug 21 00:51:26.657899 dv-osbrick-master-4-iscsi devstack@keystone.service[81578]: DEBUG keystone.server.flask.request_processing.req_logging [None req-eb5ab9b9-d26b-4b4e-a42d-c99e9da20ee3 None admin] PATH_INFO: `/v3/role_assignments` {{(pid=81578) log_request_info /opt/stack/keystone/keystone/server/flask/request_processing/req_logging.py:29}}
Aug 21 00:51:26.658532 dv-osbrick-master-4-iscsi devstack@keystone.service[81578]: DEBUG keystone.common.rbac_enforcer.enforcer [None req-eb5ab9b9-d26b-4b4e-a42d-c99e9da20ee3 None admin] RBAC: Adding query filter params (role.id=3ad6ad0ef7dd4a94be313f7b1074a82e, scope.project.id=796ee44386c443e8885ece664a23534b, user.id=05fad14f60ea49d893726cdad460d81d) {{(pid=81578) _extract_filter_values /opt/stack/keystone/keystone/common/rbac_enforcer/enforcer.py:167}}
Aug 21 00:51:26.658837 dv-osbrick-master-4-iscsi devstack@keystone.service[81578]: DEBUG keystone.common.rbac_enforcer.enforcer [None req-eb5ab9b9-d26b-4b4e-a42d-c99e9da20ee3 None admin] RBAC: Authorizing `identity:list_role_assignments()` {{(pid=81578) enforce_call /opt/stack/keystone/keystone/common/rbac_enforcer/enforcer.py:449}}
Aug 21 00:51:26.660662 dv-osbrick-master-4-iscsi devstack@keystone.service[81578]: DEBUG keystone.common.rbac_enforcer.enforcer [None req-eb5ab9b9-d26b-4b4e-a42d-c99e9da20ee3 None admin] RBAC: Authorization granted {{(pid=81578) enforce_call /opt/stack/keystone/keystone/common/rbac_enforcer/enforcer.py:457}}
Aug 21 00:51:26.676469 dv-osbrick-master-4-iscsi devstack@keystone.service[81578]: [pid: 81578|app: 0|req: 136/265] 10.222.0.49 () {56 vars in 1374 bytes} [Sun Aug 21 00:51:26 2022] GET /identity/v3/role_assignments?user.id=05fad14f60ea49d893726cdad460d81d&scope.project.id=796ee44386c443e8885ece664a23534b&role.id=3ad6ad0ef7dd4a94be313f7b1074a82e => generated 259 bytes in 389 msecs (HTTP/1.1 200) 5 headers in 177 bytes (2 switches on core 0)
Aug 21 00:51:26.680029 dv-osbrick-master-4-iscsi devstack@keystone.service[81577]: DEBUG keystone.server.flask.request_processing.middleware.auth_context [None req-af9a4af3-0401-4ac5-bf51-42d0b9b59ed5 None admin] RBAC: auth_context: {'token': , 'domain_id': None, 'trust_id': None, 'trustor_id': None, 'trustee_id': None, 'domain_name': None, 'group_ids': [], 'user_id': 'bab4a9bddb7141a48bb694677f33efcc', 'user_domain_id': 'default', 'system_scope': 'all', 'project_id': None, 'project_domain_id': None, 'roles': ['admin', 'member', 'reader'], 'is_admin_project': True, 'service_user_id': None, 'service_user_domain_id': None, 'service_project_id': None, 'service_project_domain_id': None, 'service_roles': []} {{(pid=81577) fill_context /opt/stack/keystone/keystone/server/flask/request_processing/middleware/auth_context.py:478}}
Aug 21 00:51:26.680721 dv-osbrick-master-4-iscsi devstack@keystone.service[81577]: DEBUG keystone.server.flask.request_processing.req_logging [None req-af9a4af3-0401-4ac5-bf51-42d0b9b59ed5 None admin] REQUEST_METHOD: `GET` {{(pid=81577) log_request_info /opt/stack/keystone/keystone/server/flask/request_processing/req_logging.py:27}}
Aug 21 00:51:26.680999 dv-osbrick-master-4-iscsi devstack@keystone.service[81577]: DEBUG keystone.server.flask.request_processing.req_logging [None req-af9a4af3-0401-4ac5-bf51-42d0b9b59ed5 None admin] SCRIPT_NAME: `/identity` {{(pid=81577) log_request_info /opt/stack/keystone/keystone/server/flask/request_processing/req_logging.py:28}}
Aug 21 00:51:26.681308 dv-osbrick-master-4-iscsi devstack@keystone.service[81577]: DEBUG keystone.server.flask.request_processing.req_logging [None req-af9a4af3-0401-4ac5-bf51-42d0b9b59ed5 None admin] PATH_INFO: `/v3/users/95d93f8e15b04d9e9eaa4401476755d5` {{(pid=81577) log_request_info /opt/stack/keystone/keystone/server/flask/request_processing/req_logging.py:29}}
Aug 21 00:51:26.682635 dv-osbrick-master-4-iscsi devstack@keystone.service[81577]: DEBUG keystone.common.rbac_enforcer.enforcer [None req-af9a4af3-0401-4ac5-bf51-42d0b9b59ed5 None admin] RBAC: Authorizing `identity:get_user(user_id=95d93f8e15b04d9e9eaa4401476755d5)` {{(pid=81577) enforce_call /opt/stack/keystone/keystone/common/rbac_enforcer/enforcer.py:449}}
Aug 21 00:51:26.684240 dv-osbrick-master-4-iscsi devstack@keystone.service[81577]: DEBUG keystone.common.rbac_enforcer.enforcer [None req-af9a4af3-0401-4ac5-bf51-42d0b9b59ed5 None admin] RBAC: Authorization granted {{(pid=81577) enforce_call /opt/stack/keystone/keystone/common/rbac_enforcer/enforcer.py:457}}
Aug 21 00:51:26.686071 dv-osbrick-master-4-iscsi devstack@keystone.service[81577]: [pid: 81577|app: 0|req: 130/266] 10.222.0.49 () {56 vars in 1177 bytes} [Sun Aug 21 00:51:26 2022] GET /identity/v3/users/95d93f8e15b04d9e9eaa4401476755d5 => generated 283 bytes in 348 msecs (HTTP/1.1 200) 5 headers in 177 bytes (2 switches on core 0)
Aug 21 00:51:26.695535 dv-osbrick-master-4-iscsi devstack@keystone.service[81578]: DEBUG keystone.server.flask.request_processing.middleware.auth_context [None req-eb5ab9b9-d26b-4b4e-a42d-c99e9da20ee3 None admin] Authenticating user token {{(pid=81578) process_request /usr/local/lib/python3.8/dist-packages/keystonemiddleware/auth_token/__init__.py:407}}
Aug 21 00:51:26.773701 dv-osbrick-master-4-iscsi devstack@keystone.service[81578]: DEBUG dbcounter [-] [81578] Writing DB stats keystone:SELECT=100 {{(pid=81578) stat_writer /usr/local/lib/python3.8/dist-packages/dbcounter.py:114}}
Aug 21 00:51:26.889789 dv-osbrick-master-4-iscsi devstack@keystone.service[81578]: DEBUG keystone.server.flask.request_processing.middleware.auth_context [None req-eb5ab9b9-d26b-4b4e-a42d-c99e9da20ee3 None admin] Validating token access rules against request {{(pid=81578) validate_allowed_request /usr/local/lib/python3.8/dist-packages/keystonemiddleware/auth_token/__init__.py:545}}
Aug 21 00:51:26.944755 dv-osbrick-master-4-iscsi devstack@keystone.service[81578]: DEBUG keystone.server.flask.request_processing.middleware.auth_context [None req-89cbb584-4b0e-4402-ade3-241b99726854 None admin] RBAC: auth_context: {'token': , 'domain_id': None, 'trust_id': None, 'trustor_id': None, 'trustee_id': None, 'domain_name': None, 'group_ids': [], 'user_id': 'bab4a9bddb7141a48bb694677f33efcc', 'user_domain_id': 'default', 'system_scope': 'all', 'project_id': None, 'project_domain_id': None, 'roles': ['admin', 'member', 'reader'], 'is_admin_project': True, 'service_user_id': None, 'service_user_domain_id': None, 'service_project_id': None, 'service_project_domain_id': None, 'service_roles': []} {{(pid=81578) fill_context /opt/stack/keystone/keystone/server/flask/request_processing/middleware/auth_context.py:478}}
Aug 21 00:51:26.945473 dv-osbrick-master-4-iscsi devstack@keystone.service[81578]: DEBUG keystone.server.flask.request_processing.req_logging [None req-89cbb584-4b0e-4402-ade3-241b99726854 None admin] REQUEST_METHOD: `GET` {{(pid=81578) log_request_info /opt/stack/keystone/keystone/server/flask/request_processing/req_logging.py:27}}
Aug 21 00:51:26.945749 dv-osbrick-master-4-iscsi devstack@keystone.service[81578]: DEBUG keystone.server.flask.request_processing.req_logging [None req-89cbb584-4b0e-4402-ade3-241b99726854 None admin] SCRIPT_NAME: `/identity` {{(pid=81578) log_request_info /opt/stack/keystone/keystone/server/flask/request_processing/req_logging.py:28}}
Aug 21 00:51:26.946022 dv-osbrick-master-4-iscsi devstack@keystone.service[81578]: DEBUG keystone.server.flask.request_processing.req_logging [None req-89cbb584-4b0e-4402-ade3-241b99726854 None admin] PATH_INFO: `/v3/auth/tokens` {{(pid=81578) log_request_info /opt/stack/keystone/keystone/server/flask/request_processing/req_logging.py:29}}
Aug 21 00:51:27.025952 dv-osbrick-master-4-iscsi devstack@keystone.service[81578]: DEBUG keystone.common.rbac_enforcer.enforcer [None req-89cbb584-4b0e-4402-ade3-241b99726854 None admin] RBAC: Authorizing `identity:validate_token()` {{(pid=81578) enforce_call /opt/stack/keystone/keystone/common/rbac_enforcer/enforcer.py:449}}
Aug 21 00:51:27.027536 dv-osbrick-master-4-iscsi devstack@keystone.service[81578]: DEBUG keystone.common.rbac_enforcer.enforcer [None req-89cbb584-4b0e-4402-ade3-241b99726854 None admin] RBAC: Authorization granted {{(pid=81578) enforce_call /opt/stack/keystone/keystone/common/rbac_enforcer/enforcer.py:457}}
Aug 21 00:51:27.090450 dv-osbrick-master-4-iscsi devstack@keystone.service[81578]: DEBUG dbcounter [-] [81578] Writing DB stats keystone:SELECT=100 {{(pid=81578) stat_writer /usr/local/lib/python3.8/dist-packages/dbcounter.py:114}}
Aug 21 00:51:27.139358 dv-osbrick-master-4-iscsi devstack@keystone.service[81578]: [pid: 81578|app: 0|req: 137/267] 10.222.0.49 () {58 vars in 1282 bytes} [Sun Aug 21 00:51:26 2022] GET /identity/v3/auth/tokens => generated 799 bytes in 444 msecs (HTTP/1.1 200) 6 headers in 358 bytes (2 switches on core 0)
Aug 21 00:51:27.145940 dv-osbrick-master-4-iscsi devstack@keystone.service[81577]: DEBUG keystone.server.flask.request_processing.middleware.auth_context [None req-af9a4af3-0401-4ac5-bf51-42d0b9b59ed5 None admin] Authenticating user token {{(pid=81577) process_request /usr/local/lib/python3.8/dist-packages/keystonemiddleware/auth_token/__init__.py:407}}
Aug 21 00:51:27.409745 dv-osbrick-master-4-iscsi devstack@keystone.service[81577]: DEBUG keystone.server.flask.request_processing.middleware.auth_context [None req-af9a4af3-0401-4ac5-bf51-42d0b9b59ed5 None admin] Validating token access rules against request {{(pid=81577) validate_allowed_request /usr/local/lib/python3.8/dist-packages/keystonemiddleware/auth_token/__init__.py:545}}
Aug 21 00:51:27.459715 dv-osbrick-master-4-iscsi devstack@keystone.service[81577]: DEBUG keystone.server.flask.request_processing.middleware.auth_context [None req-47e8fc98-889f-4743-9abf-58b1ff8d42f6 None admin] RBAC: auth_context: {'token': , 'domain_id': None, 'trust_id': None, 'trustor_id': None, 'trustee_id': None, 'domain_name': None, 'group_ids': [], 'user_id': 'bab4a9bddb7141a48bb694677f33efcc', 'user_domain_id': 'default', 'system_scope': 'all', 'project_id': None, 'project_domain_id': None, 'roles': ['admin', 'member', 'reader'], 'is_admin_project': True, 'service_user_id': None, 'service_user_domain_id': None, 'service_project_id': None, 'service_project_domain_id': None, 'service_roles': []} {{(pid=81577) fill_context /opt/stack/keystone/keystone/server/flask/request_processing/middleware/auth_context.py:478}}
Aug 21 00:51:27.460386 dv-osbrick-master-4-iscsi devstack@keystone.service[81577]: DEBUG keystone.server.flask.request_processing.req_logging [None req-47e8fc98-889f-4743-9abf-58b1ff8d42f6 None admin] REQUEST_METHOD: `GET` {{(pid=81577) log_request_info /opt/stack/keystone/keystone/server/flask/request_processing/req_logging.py:27}}
Aug 21 00:51:27.460665 dv-osbrick-master-4-iscsi devstack@keystone.service[81577]: DEBUG keystone.server.flask.request_processing.req_logging [None req-47e8fc98-889f-4743-9abf-58b1ff8d42f6 None admin] SCRIPT_NAME: `/identity` {{(pid=81577) log_request_info /opt/stack/keystone/keystone/server/flask/request_processing/req_logging.py:28}}
Aug 21 00:51:27.460938 dv-osbrick-master-4-iscsi devstack@keystone.service[81577]: DEBUG keystone.server.flask.request_processing.req_logging [None req-47e8fc98-889f-4743-9abf-58b1ff8d42f6 None admin] PATH_INFO: `/v3/projects/796ee44386c443e8885ece664a23534b` {{(pid=81577) log_request_info /opt/stack/keystone/keystone/server/flask/request_processing/req_logging.py:29}}
Aug 21 00:51:27.463476 dv-osbrick-master-4-iscsi devstack@keystone.service[81577]: DEBUG keystone.common.rbac_enforcer.enforcer [None req-47e8fc98-889f-4743-9abf-58b1ff8d42f6 None admin] RBAC: Authorizing `identity:get_project(project_id=796ee44386c443e8885ece664a23534b)` {{(pid=81577) enforce_call /opt/stack/keystone/keystone/common/rbac_enforcer/enforcer.py:449}}
Aug 21 00:51:27.465130 dv-osbrick-master-4-iscsi devstack@keystone.service[81577]: DEBUG keystone.common.rbac_enforcer.enforcer [None req-47e8fc98-889f-4743-9abf-58b1ff8d42f6 None admin] RBAC: Authorization granted {{(pid=81577) enforce_call /opt/stack/keystone/keystone/common/rbac_enforcer/enforcer.py:457}}
Aug 21 00:51:27.467240 dv-osbrick-master-4-iscsi devstack@keystone.service[81577]: [pid: 81577|app: 0|req: 131/268] 10.222.0.49 () {56 vars in 1186 bytes} [Sun Aug 21 00:51:27 2022] GET /identity/v3/projects/796ee44386c443e8885ece664a23534b => generated 302 bytes in 322 msecs (HTTP/1.1 200) 5 headers in 177 bytes (2 switches on core 0)
Aug 21 00:51:27.473835 dv-osbrick-master-4-iscsi devstack@keystone.service[81578]: DEBUG keystone.server.flask.request_processing.middleware.auth_context [None req-89cbb584-4b0e-4402-ade3-241b99726854 None admin] Authenticating user token {{(pid=81578) process_request /usr/local/lib/python3.8/dist-packages/keystonemiddleware/auth_token/__init__.py:407}}
Aug 21 00:51:27.635466 dv-osbrick-master-4-iscsi devstack@keystone.service[81577]: DEBUG keystone.server.flask.request_processing.req_logging [None req-f0615a12-ada3-4aac-a33b-792be25521c7 None None] REQUEST_METHOD: `GET` {{(pid=81577) log_request_info /opt/stack/keystone/keystone/server/flask/request_processing/req_logging.py:27}}
Aug 21 00:51:27.636363 dv-osbrick-master-4-iscsi devstack@keystone.service[81577]: DEBUG keystone.server.flask.request_processing.req_logging [None req-f0615a12-ada3-4aac-a33b-792be25521c7 None None] SCRIPT_NAME: `/identity` {{(pid=81577) log_request_info /opt/stack/keystone/keystone/server/flask/request_processing/req_logging.py:28}}
Aug 21 00:51:27.636363 dv-osbrick-master-4-iscsi devstack@keystone.service[81577]: DEBUG keystone.server.flask.request_processing.req_logging [None req-f0615a12-ada3-4aac-a33b-792be25521c7 None None] PATH_INFO: `/` {{(pid=81577) log_request_info /opt/stack/keystone/keystone/server/flask/request_processing/req_logging.py:29}}
Aug 21 00:51:27.637768 dv-osbrick-master-4-iscsi devstack@keystone.service[81577]: [pid: 81577|app: 0|req: 132/269] 10.222.0.49 () {54 vars in 927 bytes} [Sun Aug 21 00:51:27 2022] GET /identity => generated 270 bytes in 3 msecs (HTTP/1.1 300) 6 headers in 234 bytes (1 switches on core 0)
Aug 21 00:51:27.645694 dv-osbrick-master-4-iscsi devstack@keystone.service[81577]: DEBUG keystone.server.flask.request_processing.req_logging [None req-71d304e6-8b77-410c-944f-c085fe8ddf87 None None] REQUEST_METHOD: `POST` {{(pid=81577) log_request_info /opt/stack/keystone/keystone/server/flask/request_processing/req_logging.py:27}}
Aug 21 00:51:27.646183 dv-osbrick-master-4-iscsi devstack@keystone.service[81577]: DEBUG keystone.server.flask.request_processing.req_logging [None req-71d304e6-8b77-410c-944f-c085fe8ddf87 None None] SCRIPT_NAME: `/identity` {{(pid=81577) log_request_info /opt/stack/keystone/keystone/server/flask/request_processing/req_logging.py:28}}
Aug 21 00:51:27.646671 dv-osbrick-master-4-iscsi devstack@keystone.service[81577]: DEBUG keystone.server.flask.request_processing.req_logging [None req-71d304e6-8b77-410c-944f-c085fe8ddf87 None None] PATH_INFO: `/v3/auth/tokens` {{(pid=81577) log_request_info /opt/stack/keystone/keystone/server/flask/request_processing/req_logging.py:29}}
Aug 21 00:51:27.653601 dv-osbrick-master-4-iscsi devstack@keystone.service[81578]: DEBUG keystone.server.flask.request_processing.middleware.auth_context [None req-89cbb584-4b0e-4402-ade3-241b99726854 None admin] Validating token access rules against request {{(pid=81578) validate_allowed_request /usr/local/lib/python3.8/dist-packages/keystonemiddleware/auth_token/__init__.py:545}}
Aug 21 00:51:27.691588 dv-osbrick-master-4-iscsi devstack@keystone.service[81577]: DEBUG keystone.auth.core [None req-71d304e6-8b77-410c-944f-c085fe8ddf87 None None] MFA Rules not processed for user `bab4a9bddb7141a48bb694677f33efcc`. Rule list: `[]` (Enabled: `True`). {{(pid=81577) check_auth_methods_against_rules /opt/stack/keystone/keystone/auth/core.py:438}}
Aug 21 00:51:27.692713 dv-osbrick-master-4-iscsi devstack@keystone.service[81577]: DEBUG keystone.common.fernet_utils [None req-71d304e6-8b77-410c-944f-c085fe8ddf87 None None] Loaded 2 Fernet keys from /etc/keystone/fernet-keys/, but `[fernet_tokens] max_active_keys = 3`; perhaps there have not been enough key rotations to reach `max_active_keys` yet? {{(pid=81577) load_keys /opt/stack/keystone/keystone/common/fernet_utils.py:286}}
Aug 21 00:51:27.753222 dv-osbrick-master-4-iscsi devstack@keystone.service[81578]: DEBUG keystone.server.flask.request_processing.middleware.auth_context [None req-6400feba-0fe8-4323-85c8-98e62651a16e None admin] RBAC: auth_context: {'token': , 'domain_id': None, 'trust_id': None, 'trustor_id': None, 'trustee_id': None, 'domain_name': None, 'group_ids': [], 'user_id': 'bab4a9bddb7141a48bb694677f33efcc', 'user_domain_id': 'default', 'system_scope': 'all', 'project_id': None, 'project_domain_id': None, 'roles': ['admin', 'member', 'reader'], 'is_admin_project': True, 'service_user_id': None, 'service_user_domain_id': None, 'service_project_id': None, 'service_project_domain_id': None, 'service_roles': []} {{(pid=81578) fill_context /opt/stack/keystone/keystone/server/flask/request_processing/middleware/auth_context.py:478}}
Aug 21 00:51:27.753871 dv-osbrick-master-4-iscsi devstack@keystone.service[81578]: DEBUG keystone.server.flask.request_processing.req_logging [None req-6400feba-0fe8-4323-85c8-98e62651a16e None admin] REQUEST_METHOD: `GET` {{(pid=81578) log_request_info /opt/stack/keystone/keystone/server/flask/request_processing/req_logging.py:27}}
Aug 21 00:51:27.754153 dv-osbrick-master-4-iscsi devstack@keystone.service[81578]: DEBUG keystone.server.flask.request_processing.req_logging [None req-6400feba-0fe8-4323-85c8-98e62651a16e None admin] SCRIPT_NAME: `/identity` {{(pid=81578) log_request_info /opt/stack/keystone/keystone/server/flask/request_processing/req_logging.py:28}}
Aug 21 00:51:27.754422 dv-osbrick-master-4-iscsi devstack@keystone.service[81578]: DEBUG keystone.server.flask.request_processing.req_logging [None req-6400feba-0fe8-4323-85c8-98e62651a16e None admin] PATH_INFO: `/v3/role_assignments` {{(pid=81578) log_request_info /opt/stack/keystone/keystone/server/flask/request_processing/req_logging.py:29}}
Aug 21 00:51:27.755186 dv-osbrick-master-4-iscsi devstack@keystone.service[81578]: DEBUG keystone.common.rbac_enforcer.enforcer [None req-6400feba-0fe8-4323-85c8-98e62651a16e None admin] RBAC: Adding query filter params (role.id=f186b24dc4eb43668f180c85b7c1fc20, scope.project.id=796ee44386c443e8885ece664a23534b, user.id=95d93f8e15b04d9e9eaa4401476755d5) {{(pid=81578) _extract_filter_values /opt/stack/keystone/keystone/common/rbac_enforcer/enforcer.py:167}}
Aug 21 00:51:27.755549 dv-osbrick-master-4-iscsi devstack@keystone.service[81578]: DEBUG keystone.common.rbac_enforcer.enforcer [None req-6400feba-0fe8-4323-85c8-98e62651a16e None admin] RBAC: Authorizing `identity:list_role_assignments()` {{(pid=81578) enforce_call /opt/stack/keystone/keystone/common/rbac_enforcer/enforcer.py:449}}
Aug 21 00:51:27.757221 dv-osbrick-master-4-iscsi devstack@keystone.service[81578]: DEBUG keystone.common.rbac_enforcer.enforcer [None req-6400feba-0fe8-4323-85c8-98e62651a16e None admin] RBAC: Authorization granted {{(pid=81578) enforce_call /opt/stack/keystone/keystone/common/rbac_enforcer/enforcer.py:457}}
Aug 21 00:51:27.773754 dv-osbrick-master-4-iscsi devstack@keystone.service[81578]: [pid: 81578|app: 0|req: 138/270] 10.222.0.49 () {56 vars in 1374 bytes} [Sun Aug 21 00:51:27 2022] GET /identity/v3/role_assignments?user.id=95d93f8e15b04d9e9eaa4401476755d5&scope.project.id=796ee44386c443e8885ece664a23534b&role.id=f186b24dc4eb43668f180c85b7c1fc20 => generated 608 bytes in 301 msecs (HTTP/1.1 200) 5 headers in 177 bytes (2 switches on core 0)
Aug 21 00:51:27.789501 dv-osbrick-master-4-iscsi devstack@keystone.service[81577]: DEBUG dbcounter [-] [81577] Writing DB stats keystone:SELECT=100 {{(pid=81577) stat_writer /usr/local/lib/python3.8/dist-packages/dbcounter.py:114}}
Aug 21 00:51:27.816319 dv-osbrick-master-4-iscsi devstack@keystone.service[81577]: [pid: 81577|app: 0|req: 133/271] 10.222.0.49 () {58 vars in 1024 bytes} [Sun Aug 21 00:51:27 2022] POST /identity/v3/auth/tokens => generated 799 bytes in 172 msecs (HTTP/1.1 201) 6 headers in 363 bytes (1 switches on core 0)
Aug 21 00:51:27.831015 dv-osbrick-master-4-iscsi devstack@keystone.service[81578]: DEBUG keystone.server.flask.request_processing.req_logging [None req-a7b14560-9171-4868-ab66-7cf41025fd7b None None] REQUEST_METHOD: `GET` {{(pid=81578) log_request_info /opt/stack/keystone/keystone/server/flask/request_processing/req_logging.py:27}}
Aug 21 00:51:27.831533 dv-osbrick-master-4-iscsi devstack@keystone.service[81578]: DEBUG keystone.server.flask.request_processing.req_logging [None req-a7b14560-9171-4868-ab66-7cf41025fd7b None None] SCRIPT_NAME: `/identity` {{(pid=81578) log_request_info /opt/stack/keystone/keystone/server/flask/request_processing/req_logging.py:28}}
Aug 21 00:51:27.831961 dv-osbrick-master-4-iscsi devstack@keystone.service[81578]: DEBUG keystone.server.flask.request_processing.req_logging [None req-a7b14560-9171-4868-ab66-7cf41025fd7b None None] PATH_INFO: `/` {{(pid=81578) log_request_info /opt/stack/keystone/keystone/server/flask/request_processing/req_logging.py:29}}
Aug 21 00:51:27.835078 dv-osbrick-master-4-iscsi devstack@keystone.service[81578]: [pid: 81578|app: 0|req: 139/272] 10.222.0.49 () {54 vars in 927 bytes} [Sun Aug 21 00:51:27 2022] GET /identity => generated 270 bytes in 6 msecs (HTTP/1.1 300) 6 headers in 234 bytes (1 switches on core 0)
Aug 21 00:51:27.844707 dv-osbrick-master-4-iscsi devstack@keystone.service[81577]: DEBUG keystone.server.flask.request_processing.req_logging [None req-bfc48fdf-7110-4e26-b2e9-c0f467a8f398 None None] REQUEST_METHOD: `POST` {{(pid=81577) log_request_info /opt/stack/keystone/keystone/server/flask/request_processing/req_logging.py:27}}
Aug 21 00:51:27.845304 dv-osbrick-master-4-iscsi devstack@keystone.service[81577]: DEBUG keystone.server.flask.request_processing.req_logging [None req-bfc48fdf-7110-4e26-b2e9-c0f467a8f398 None None] SCRIPT_NAME: `/identity` {{(pid=81577) log_request_info /opt/stack/keystone/keystone/server/flask/request_processing/req_logging.py:28}}
Aug 21 00:51:27.845811 dv-osbrick-master-4-iscsi devstack@keystone.service[81577]: DEBUG keystone.server.flask.request_processing.req_logging [None req-bfc48fdf-7110-4e26-b2e9-c0f467a8f398 None None] PATH_INFO: `/v3/auth/tokens` {{(pid=81577) log_request_info /opt/stack/keystone/keystone/server/flask/request_processing/req_logging.py:29}}
