Jan 05 14:43:32.495435 dv-osbrick-master-4-iscsi neutron-server[109211]: 'ConntrackHelper': '1.0',
Jan 05 14:43:32.495435 dv-osbrick-master-4-iscsi neutron-server[109211]: 'LocalIPAssociation': '1.0',
Jan 05 14:43:32.495435 dv-osbrick-master-4-iscsi neutron-server[109211]: 'Log': '1.0',
Jan 05 14:43:32.495435 dv-osbrick-master-4-iscsi neutron-server[109211]: 'Network': '1.1',
Jan 05 14:43:32.495435 dv-osbrick-master-4-iscsi neutron-server[109211]: 'Port': '1.7',
Jan 05 14:43:32.495435 dv-osbrick-master-4-iscsi neutron-server[109211]: 'PortForwarding': '1.2',
Jan 05 14:43:32.495435 dv-osbrick-master-4-iscsi neutron-server[109211]: 'QosPolicy': '1.10',
Jan 05 14:43:32.495435 dv-osbrick-master-4-iscsi neutron-server[109211]: 'SecurityGroup': '1.5',
Jan 05 14:43:32.495435 dv-osbrick-master-4-iscsi neutron-server[109211]: 'SecurityGroupRule': '1.2',
Jan 05 14:43:32.495435 dv-osbrick-master-4-iscsi neutron-server[109211]: 'SubPort': '1.0',
Jan 05 14:43:32.495435 dv-osbrick-master-4-iscsi neutron-server[109211]: 'Subnet': '1.1',
Jan 05 14:43:32.495435 dv-osbrick-master-4-iscsi neutron-server[109211]: 'Trunk': '1.1'}}
Jan 05 14:43:32.495435 dv-osbrick-master-4-iscsi neutron-server[109211]: {{(pid=109211) report /opt/stack/neutron/neutron/api/rpc/callbacks/version_manager.py:175}}
Jan 05 14:43:32.537004 dv-osbrick-master-4-iscsi neutron-server[109209]: DEBUG neutron.scheduler.dhcp_agent_scheduler [None req-eb1faa46-e97d-44f1-bd11-70009528bf43 admin admin] Network ae372471-ba92-41d4-b508-f47b0b5b1188 is already hosted by enough agents. {{(pid=109209) _get_dhcp_agents_hosting_network /opt/stack/neutron/neutron/scheduler/dhcp_agent_scheduler.py:275}}
Jan 05 14:43:32.567943 dv-osbrick-master-4-iscsi neutron-server[109209]: DEBUG neutron.scheduler.base_scheduler [None req-eb1faa46-e97d-44f1-bd11-70009528bf43 admin admin] Resources bound (agent type, host, resource id): {{(pid=109209) schedule /opt/stack/neutron/neutron/scheduler/base_scheduler.py:57}}
Jan 05 14:43:32.572281 dv-osbrick-master-4-iscsi neutron-server[109209]: DEBUG neutron.api.rpc.handlers.resources_rpc [None req-eb1faa46-e97d-44f1-bd11-70009528bf43 admin admin] Pushing event updated for resources: {'Port': ['ID=735e9c77-2039-4fa1-a23d-4502e64ffaa9,revision_number=1']} {{(pid=109209) push /opt/stack/neutron/neutron/api/rpc/handlers/resources_rpc.py:237}}
Jan 05 14:43:32.576107 dv-osbrick-master-4-iscsi neutron-server[109211]: DEBUG neutron.plugins.ml2.managers [None req-d089d642-5480-4e37-b5d5-6ba3a5a9c709 None None] Attempting to bind port 2c7de80e-e966-4ce6-8178-97f167024a07 on host dv-osbrick-master-4-iscsi for vnic_type normal with profile {{(pid=109211) bind_port /opt/stack/neutron/neutron/plugins/ml2/managers.py:795}}
Jan 05 14:43:32.576527 dv-osbrick-master-4-iscsi neutron-server[109211]: DEBUG neutron.plugins.ml2.managers [None req-d089d642-5480-4e37-b5d5-6ba3a5a9c709 None None] Attempting to bind port 2c7de80e-e966-4ce6-8178-97f167024a07 by drivers openvswitch,hyperv on host dv-osbrick-master-4-iscsi at level 0 using segments [{'id': 'b92557a3-a0f1-4341-92d3-459c7a105094', 'network_type': 'vlan', 'physical_network': 'physnet1', 'segmentation_id': 69, 'network_id': '9db196f2-6b36-4e03-ae36-a16a3ced4a48'}] {{(pid=109211) _bind_port_level /opt/stack/neutron/neutron/plugins/ml2/managers.py:820}}
Jan 05 14:43:32.576873 dv-osbrick-master-4-iscsi neutron-server[109211]: DEBUG neutron.plugins.ml2.drivers.mech_agent [None req-d089d642-5480-4e37-b5d5-6ba3a5a9c709 None None] Attempting to bind port 2c7de80e-e966-4ce6-8178-97f167024a07 on network 9db196f2-6b36-4e03-ae36-a16a3ced4a48 {{(pid=109211) bind_port /opt/stack/neutron/neutron/plugins/ml2/drivers/mech_agent.py:91}}
Jan 05 14:43:32.582001 dv-osbrick-master-4-iscsi neutron-server[109209]: DEBUG neutron.db.l3_dvrscheduler_db [None req-eb1faa46-e97d-44f1-bd11-70009528bf43 admin admin] Received port after_create {{(pid=109209) _notify_l3_agent_new_port /opt/stack/neutron/neutron/db/l3_dvrscheduler_db.py:535}}
Jan 05 14:43:32.587431 dv-osbrick-master-4-iscsi neutron-server[109211]: DEBUG neutron.plugins.ml2.drivers.mech_agent [None req-d089d642-5480-4e37-b5d5-6ba3a5a9c709 None None] Checking agent: {'id': 'c64facaa-5ab4-437d-8cb3-d2b912e9572e', 'agent_type': 'Open vSwitch agent', 'binary': 'neutron-openvswitch-agent', 'topic': 'N/A', 'host': 'dv-osbrick-master-4-iscsi', 'admin_state_up': True, 'created_at': datetime.datetime(2022, 1, 5, 14, 35, 55), 'started_at': datetime.datetime(2022, 1, 5, 14, 36, 25), 'heartbeat_timestamp': datetime.datetime(2022, 1, 5, 14, 43, 25), 'description': None, 'resources_synced': None, 'availability_zone': None, 'alive': True, 'configurations': {'arp_responder_enabled': False, 'baremetal_smartnic': False, 'bridge_mappings': {'physnet1': 'br-data'}, 'datapath_type': 'system', 'devices': 0, 'enable_distributed_routing': False, 'extensions': [], 'in_distributed_mode': False, 'integration_bridge': 'br-int', 'l2_population': False, 'log_agent_heartbeats': False, 'ovs_capabilities': {'datapath_types': ['netdev', 'system'], 'iface_types': ['erspan', 'geneve', 'gre', 'internal', 'ip6erspan', 'ip6gre', 'lisp', 'patch', 'stt', 'system', 'tap', 'vxlan']}, 'ovs_hybrid_plug': False, 'resource_provider_bandwidths': {}, 'resource_provider_hypervisors': {'br-data': 'dv-osbrick-master-4-iscsi'}, 'resource_provider_inventory_defaults': {'allocation_ratio': 1.0, 'min_unit': 1, 'step_size': 1, 'reserved': 0}, 'resource_provider_packet_processing_inventory_defaults': {'allocation_ratio': 1.0, 'min_unit': 1, 'step_size': 1, 'reserved': 0}, 'resource_provider_packet_processing_with_direction': {}, 'resource_provider_packet_processing_without_direction': {}, 'tunnel_types': [], 'tunneling_ip': None, 'vhostuser_socket_dir': '/var/run/openvswitch'}, 'resource_versions': {'AddressGroup': '1.2', 'ConntrackHelper': '1.0', 'LocalIPAssociation': '1.0', 'Log': '1.0', 'Network': '1.1', 'Port': '1.7', 'PortForwarding': '1.2', 'QosPolicy': '1.10', 'SecurityGroup': '1.5', 'SecurityGroupRule': '1.2', 'SubPort': '1.0', 'Subnet': '1.1', 'Trunk': '1.1'}} {{(pid=109211) bind_port /opt/stack/neutron/neutron/plugins/ml2/drivers/mech_agent.py:110}}
Jan 05 14:43:32.587806 dv-osbrick-master-4-iscsi neutron-server[109211]: DEBUG neutron.plugins.ml2.drivers.mech_agent [None req-d089d642-5480-4e37-b5d5-6ba3a5a9c709 None None] Checking segment: {'id': 'b92557a3-a0f1-4341-92d3-459c7a105094', 'network_type': 'vlan', 'physical_network': 'physnet1', 'segmentation_id': 69, 'network_id': '9db196f2-6b36-4e03-ae36-a16a3ced4a48'} for mappings: {'physnet1': 'br-data'} with network types: ['local', 'flat', 'vlan'] {{(pid=109211) check_segment_for_agent /opt/stack/neutron/neutron/plugins/ml2/drivers/mech_agent.py:371}}
Jan 05 14:43:32.588374 dv-osbrick-master-4-iscsi neutron-server[109211]: DEBUG neutron_lib.callbacks.manager [None req-d089d642-5480-4e37-b5d5-6ba3a5a9c709 None None] Publish callbacks [] for ovs_bridge_name, before_read {{(pid=109211) _notify_loop /usr/local/lib/python3.8/dist-packages/neutron_lib/callbacks/manager.py:175}}
Jan 05 14:43:32.589063 dv-osbrick-master-4-iscsi neutron-server[109211]: DEBUG neutron.plugins.ml2.drivers.mech_agent [None req-d089d642-5480-4e37-b5d5-6ba3a5a9c709 None None] Bound using segment: {'id': 'b92557a3-a0f1-4341-92d3-459c7a105094', 'network_type': 'vlan', 'physical_network': 'physnet1', 'segmentation_id': 69, 'network_id': '9db196f2-6b36-4e03-ae36-a16a3ced4a48'} {{(pid=109211) bind_port /opt/stack/neutron/neutron/plugins/ml2/drivers/mech_agent.py:120}}
Jan 05 14:43:32.589887 dv-osbrick-master-4-iscsi neutron-server[109211]: DEBUG neutron.plugins.ml2.managers [None req-d089d642-5480-4e37-b5d5-6ba3a5a9c709 None None] Bound port: 2c7de80e-e966-4ce6-8178-97f167024a07, host: dv-osbrick-master-4-iscsi, vif_type: ovs, vif_details: {"connectivity": "l2", "port_filter": true, "ovs_hybrid_plug": false, "datapath_type": "system", "bridge_name": "br-int"}, binding_levels: [{'bound_driver': 'openvswitch', 'bound_segment': {'id': 'b92557a3-a0f1-4341-92d3-459c7a105094', 'network_type': 'vlan', 'physical_network': 'physnet1', 'segmentation_id': 69, 'network_id': '9db196f2-6b36-4e03-ae36-a16a3ced4a48'}}] {{(pid=109211) _bind_port_level /opt/stack/neutron/neutron/plugins/ml2/managers.py:932}}
Jan 05 14:43:32.590634 dv-osbrick-master-4-iscsi neutron-server[109211]: DEBUG neutron_lib.callbacks.manager [None req-d089d642-5480-4e37-b5d5-6ba3a5a9c709 None None] Publish callbacks ['neutron.plugins.ml2.plugin.SecurityGroupDbMixin._ensure_default_security_group_handler-726985'] for port, before_update {{(pid=109211) _notify_loop /usr/local/lib/python3.8/dist-packages/neutron_lib/callbacks/manager.py:175}}
Jan 05 14:43:32.616303 dv-osbrick-master-4-iscsi neutron-server[109210]: DEBUG neutron_lib.callbacks.manager [None req-4cda3364-f5ee-48ef-ac69-55c72bea5a96 admin admin] Publish callbacks [] for router_gateway, before_create {{(pid=109210) _notify_loop /usr/local/lib/python3.8/dist-packages/neutron_lib/callbacks/manager.py:175}}
Jan 05 14:43:32.647193 dv-osbrick-master-4-iscsi neutron-server[109210]: DEBUG neutron_lib.callbacks.manager [None req-4cda3364-f5ee-48ef-ac69-55c72bea5a96 admin admin] Publish callbacks ['neutron.plugins.ml2.plugin.SecurityGroupDbMixin._ensure_default_security_group_handler-726985'] for port, before_create {{(pid=109210) _notify_loop /usr/local/lib/python3.8/dist-packages/neutron_lib/callbacks/manager.py:175}}
Jan 05 14:43:32.800658 dv-osbrick-master-4-iscsi neutron-server[109211]: DEBUG neutron.plugins.ml2.db [None req-d089d642-5480-4e37-b5d5-6ba3a5a9c709 None None] For port 2c7de80e-e966-4ce6-8178-97f167024a07, host dv-osbrick-master-4-iscsi, cleared binding levels {{(pid=109211) clear_binding_levels /opt/stack/neutron/neutron/plugins/ml2/db.py:87}}
Jan 05 14:43:32.827112 dv-osbrick-master-4-iscsi neutron-server[109211]: DEBUG neutron.plugins.ml2.db [None req-d089d642-5480-4e37-b5d5-6ba3a5a9c709 None None] For port 2c7de80e-e966-4ce6-8178-97f167024a07, host dv-osbrick-master-4-iscsi, set binding levels [PortBindingLevel(driver='openvswitch',host='dv-osbrick-master-4-iscsi',level=0,port_id=2c7de80e-e966-4ce6-8178-97f167024a07,segment=NetworkSegment(b92557a3-a0f1-4341-92d3-459c7a105094),segment_id=b92557a3-a0f1-4341-92d3-459c7a105094)] {{(pid=109211) set_binding_levels /opt/stack/neutron/neutron/plugins/ml2/db.py:59}}
Jan 05 14:43:32.836077 dv-osbrick-master-4-iscsi neutron-server[109211]: DEBUG neutron_lib.callbacks.manager [None req-d089d642-5480-4e37-b5d5-6ba3a5a9c709 None None] Publish callbacks ['neutron.plugins.ml2.plugin.SecurityGroupServerNotifierRpcMixin._notify_sg_on_port_change-726922', 'neutron.plugins.ml2.ovo_rpc._ObjectChangeHandler.handle_event-2088923', 'neutron.api.rpc.agentnotifiers.dhcp_rpc_agent_api.DhcpAgentNotifyAPI._native_event_send_dhcp_notification-1607719', 'neutron.db.l3_db.L3RpcNotifierMixin._notify_gateway_port_ip_changed-8786942084109', 'neutron.db.l3_dvrscheduler_db._notify_l3_agent_port_update-8786941680330', 'neutron.db.l3_hascheduler_db._notify_l3_agent_ha_port_update-8786941680348'] for port, after_update {{(pid=109211) _notify_loop /usr/local/lib/python3.8/dist-packages/neutron_lib/callbacks/manager.py:175}}
Jan 05 14:43:32.839083 dv-osbrick-master-4-iscsi neutron-server[109211]: DEBUG neutron_lib.callbacks.manager [None req-6460ac15-a92a-46a2-9c50-c622d5bfbd1f None None] Publish callbacks [] for port, precommit_create {{(pid=109211) _notify_loop /usr/local/lib/python3.8/dist-packages/neutron_lib/callbacks/manager.py:175}}
Jan 05 14:43:32.871746 dv-osbrick-master-4-iscsi neutron-server[109211]: DEBUG neutron_lib.callbacks.manager [None req-6460ac15-a92a-46a2-9c50-c622d5bfbd1f None None] Publish callbacks ['neutron.plugins.ml2.plugin.SecurityGroupServerNotifierRpcMixin._notify_sg_on_port_change-726922', 'neutron.plugins.ml2.ovo_rpc._ObjectChangeHandler.handle_event-2088923', 'neutron.api.rpc.agentnotifiers.dhcp_rpc_agent_api.DhcpAgentNotifyAPI._native_event_send_dhcp_notification-1607719', 'neutron.db.l3_dvrscheduler_db._notify_l3_agent_new_port-8786941680312'] for port, after_create {{(pid=109211) _notify_loop /usr/local/lib/python3.8/dist-packages/neutron_lib/callbacks/manager.py:175}}
Jan 05 14:43:32.910770 dv-osbrick-master-4-iscsi neutron-server[109211]: DEBUG neutron.scheduler.dhcp_agent_scheduler [None req-6460ac15-a92a-46a2-9c50-c622d5bfbd1f None None] Network 2b6d99f8-3e3c-448b-a01c-1a222e4409cd is already hosted by enough agents. {{(pid=109211) _get_dhcp_agents_hosting_network /opt/stack/neutron/neutron/scheduler/dhcp_agent_scheduler.py:275}}
Jan 05 14:43:32.918541 dv-osbrick-master-4-iscsi neutron-server[109211]: DEBUG neutron.scheduler.base_scheduler [None req-6460ac15-a92a-46a2-9c50-c622d5bfbd1f None None] Resources bound (agent type, host, resource id): {{(pid=109211) schedule /opt/stack/neutron/neutron/scheduler/base_scheduler.py:57}}
Jan 05 14:43:32.921160 dv-osbrick-master-4-iscsi neutron-server[109211]: DEBUG neutron.db.l3_dvrscheduler_db [None req-6460ac15-a92a-46a2-9c50-c622d5bfbd1f None None] Received port after_create {{(pid=109211) _notify_l3_agent_new_port /opt/stack/neutron/neutron/db/l3_dvrscheduler_db.py:535}}
Jan 05 14:43:32.933480 dv-osbrick-master-4-iscsi neutron-server[109211]: DEBUG neutron.api.rpc.handlers.resources_rpc [None req-d089d642-5480-4e37-b5d5-6ba3a5a9c709 None None] Pushing event updated for resources: {'Port': ['ID=2c7de80e-e966-4ce6-8178-97f167024a07,revision_number=2']} {{(pid=109211) push /opt/stack/neutron/neutron/api/rpc/handlers/resources_rpc.py:237}}
Jan 05 14:43:32.953673 dv-osbrick-master-4-iscsi neutron-server[109209]: DEBUG neutron_lib.callbacks.manager [None req-eb1faa46-e97d-44f1-bd11-70009528bf43 admin admin] Publish callbacks [] for router_gateway, after_create {{(pid=109209) _notify_loop /usr/local/lib/python3.8/dist-packages/neutron_lib/callbacks/manager.py:175}}
Jan 05 14:43:32.975630 dv-osbrick-master-4-iscsi neutron-server[109210]: DEBUG neutron.db.db_base_plugin_common [None req-4cda3364-f5ee-48ef-ac69-55c72bea5a96 admin admin] Allocated IP 172.38.0.51 (ae372471-ba92-41d4-b508-f47b0b5b1188/4b20c205-72a1-4fca-b8c1-03e4dce8b0f8/15aedd36-cc25-435e-a38e-6d8e43eb53a1) {{(pid=109210) _store_ip_allocation /opt/stack/neutron/neutron/db/db_base_plugin_common.py:131}}
Jan 05 14:43:33.032734 dv-osbrick-master-4-iscsi neutron-server[109211]: DEBUG neutron.api.rpc.handlers.resources_rpc [None req-6460ac15-a92a-46a2-9c50-c622d5bfbd1f None None] Pushing event updated for resources: {'Port': ['ID=96775328-9b96-437a-b10a-17eef3ab3591,revision_number=1']} {{(pid=109211) push /opt/stack/neutron/neutron/api/rpc/handlers/resources_rpc.py:237}}
Jan 05 14:43:33.051241 dv-osbrick-master-4-iscsi neutron-server[109211]: DEBUG neutron.plugins.ml2.managers [None req-6460ac15-a92a-46a2-9c50-c622d5bfbd1f None None] Attempting to bind port 96775328-9b96-437a-b10a-17eef3ab3591 on host dv-osbrick-master-4-iscsi for vnic_type normal with profile {{(pid=109211) bind_port /opt/stack/neutron/neutron/plugins/ml2/managers.py:795}}
Jan 05 14:43:33.051818 dv-osbrick-master-4-iscsi neutron-server[109211]: DEBUG neutron.plugins.ml2.managers [None req-6460ac15-a92a-46a2-9c50-c622d5bfbd1f None None] Attempting to bind port 96775328-9b96-437a-b10a-17eef3ab3591 by drivers openvswitch,hyperv on host dv-osbrick-master-4-iscsi at level 0 using segments [{'id': 'f37162ca-1f04-4c31-9acd-e958210d4114', 'network_type': 'vlan', 'physical_network': 'physnet1', 'segmentation_id': 98, 'network_id': '2b6d99f8-3e3c-448b-a01c-1a222e4409cd'}] {{(pid=109211) _bind_port_level /opt/stack/neutron/neutron/plugins/ml2/managers.py:820}}
Jan 05 14:43:33.052344 dv-osbrick-master-4-iscsi neutron-server[109211]: DEBUG neutron.plugins.ml2.drivers.mech_agent [None req-6460ac15-a92a-46a2-9c50-c622d5bfbd1f None None] Attempting to bind port 96775328-9b96-437a-b10a-17eef3ab3591 on network 2b6d99f8-3e3c-448b-a01c-1a222e4409cd {{(pid=109211) bind_port /opt/stack/neutron/neutron/plugins/ml2/drivers/mech_agent.py:91}}
Jan 05 14:43:33.059085 dv-osbrick-master-4-iscsi neutron-server[109211]: DEBUG neutron.plugins.ml2.drivers.mech_agent [None req-6460ac15-a92a-46a2-9c50-c622d5bfbd1f None None] Checking agent: {'id': 'c64facaa-5ab4-437d-8cb3-d2b912e9572e', 'agent_type': 'Open vSwitch agent', 'binary': 'neutron-openvswitch-agent', 'topic': 'N/A', 'host': 'dv-osbrick-master-4-iscsi', 'admin_state_up': True, 'created_at': datetime.datetime(2022, 1, 5, 14, 35, 55), 'started_at': datetime.datetime(2022, 1, 5, 14, 36, 25), 'heartbeat_timestamp': datetime.datetime(2022, 1, 5, 14, 43, 25), 'description': None, 'resources_synced': None, 'availability_zone': None, 'alive': True, 'configurations': {'arp_responder_enabled': False, 'baremetal_smartnic': False, 'bridge_mappings': {'physnet1': 'br-data'}, 'datapath_type': 'system', 'devices': 0, 'enable_distributed_routing': False, 'extensions': [], 'in_distributed_mode': False, 'integration_bridge': 'br-int', 'l2_population': False, 'log_agent_heartbeats': False, 'ovs_capabilities': {'datapath_types': ['netdev', 'system'], 'iface_types': ['erspan', 'geneve', 'gre', 'internal', 'ip6erspan', 'ip6gre', 'lisp', 'patch', 'stt', 'system', 'tap', 'vxlan']}, 'ovs_hybrid_plug': False, 'resource_provider_bandwidths': {}, 'resource_provider_hypervisors': {'br-data': 'dv-osbrick-master-4-iscsi'}, 'resource_provider_inventory_defaults': {'allocation_ratio': 1.0, 'min_unit': 1, 'step_size': 1, 'reserved': 0}, 'resource_provider_packet_processing_inventory_defaults': {'allocation_ratio': 1.0, 'min_unit': 1, 'step_size': 1, 'reserved': 0}, 'resource_provider_packet_processing_with_direction': {}, 'resource_provider_packet_processing_without_direction': {}, 'tunnel_types': [], 'tunneling_ip': None, 'vhostuser_socket_dir': '/var/run/openvswitch'}, 'resource_versions': {'AddressGroup': '1.2', 'ConntrackHelper': '1.0', 'LocalIPAssociation': '1.0', 'Log': '1.0', 'Network': '1.1', 'Port': '1.7', 'PortForwarding': '1.2', 'QosPolicy': '1.10', 'SecurityGroup': '1.5', 'SecurityGroupRule': '1.2', 'SubPort': '1.0', 'Subnet': '1.1', 'Trunk': '1.1'}} {{(pid=109211) bind_port /opt/stack/neutron/neutron/plugins/ml2/drivers/mech_agent.py:110}}
Jan 05 14:43:33.059924 dv-osbrick-master-4-iscsi neutron-server[109211]: DEBUG neutron.plugins.ml2.drivers.mech_agent [None req-6460ac15-a92a-46a2-9c50-c622d5bfbd1f None None] Checking segment: {'id': 'f37162ca-1f04-4c31-9acd-e958210d4114', 'network_type': 'vlan', 'physical_network': 'physnet1', 'segmentation_id': 98, 'network_id': '2b6d99f8-3e3c-448b-a01c-1a222e4409cd'} for mappings: {'physnet1': 'br-data'} with network types: ['local', 'flat', 'vlan'] {{(pid=109211) check_segment_for_agent /opt/stack/neutron/neutron/plugins/ml2/drivers/mech_agent.py:371}}
Jan 05 14:43:33.060545 dv-osbrick-master-4-iscsi neutron-server[109211]: DEBUG neutron_lib.callbacks.manager [None req-6460ac15-a92a-46a2-9c50-c622d5bfbd1f None None] Publish callbacks [] for ovs_bridge_name, before_read {{(pid=109211) _notify_loop /usr/local/lib/python3.8/dist-packages/neutron_lib/callbacks/manager.py:175}}
Jan 05 14:43:33.061170 dv-osbrick-master-4-iscsi neutron-server[109211]: DEBUG neutron.plugins.ml2.drivers.mech_agent [None req-6460ac15-a92a-46a2-9c50-c622d5bfbd1f None None] Bound using segment: {'id': 'f37162ca-1f04-4c31-9acd-e958210d4114', 'network_type': 'vlan', 'physical_network': 'physnet1', 'segmentation_id': 98, 'network_id': '2b6d99f8-3e3c-448b-a01c-1a222e4409cd'} {{(pid=109211) bind_port /opt/stack/neutron/neutron/plugins/ml2/drivers/mech_agent.py:120}}
Jan 05 14:43:33.061834 dv-osbrick-master-4-iscsi neutron-server[109211]: DEBUG neutron.plugins.ml2.managers [None req-6460ac15-a92a-46a2-9c50-c622d5bfbd1f None None] Bound port: 96775328-9b96-437a-b10a-17eef3ab3591, host: dv-osbrick-master-4-iscsi, vif_type: ovs, vif_details: {"connectivity": "l2", "port_filter": true, "ovs_hybrid_plug": false, "datapath_type": "system", "bridge_name": "br-int"}, binding_levels: [{'bound_driver': 'openvswitch', 'bound_segment': {'id': 'f37162ca-1f04-4c31-9acd-e958210d4114', 'network_type': 'vlan', 'physical_network': 'physnet1', 'segmentation_id': 98, 'network_id': '2b6d99f8-3e3c-448b-a01c-1a222e4409cd'}}] {{(pid=109211) _bind_port_level /opt/stack/neutron/neutron/plugins/ml2/managers.py:932}}
Jan 05 14:43:33.062425 dv-osbrick-master-4-iscsi neutron-server[109211]: DEBUG neutron_lib.callbacks.manager [None req-6460ac15-a92a-46a2-9c50-c622d5bfbd1f None None] Publish callbacks ['neutron.plugins.ml2.plugin.SecurityGroupDbMixin._ensure_default_security_group_handler-726985'] for port, before_update {{(pid=109211) _notify_loop /usr/local/lib/python3.8/dist-packages/neutron_lib/callbacks/manager.py:175}}
Jan 05 14:43:33.151620 dv-osbrick-master-4-iscsi neutron-server[109210]: DEBUG neutron_lib.callbacks.manager [None req-4cda3364-f5ee-48ef-ac69-55c72bea5a96 admin admin] Publish callbacks [] for port, precommit_create {{(pid=109210) _notify_loop /usr/local/lib/python3.8/dist-packages/neutron_lib/callbacks/manager.py:175}}
Jan 05 14:43:33.178797 dv-osbrick-master-4-iscsi neutron-server[109211]: DEBUG neutron.plugins.ml2.db [None req-6460ac15-a92a-46a2-9c50-c622d5bfbd1f None None] For port 96775328-9b96-437a-b10a-17eef3ab3591, host dv-osbrick-master-4-iscsi, cleared binding levels {{(pid=109211) clear_binding_levels /opt/stack/neutron/neutron/plugins/ml2/db.py:87}}
Jan 05 14:43:33.185526 dv-osbrick-master-4-iscsi neutron-server[109211]: DEBUG neutron.plugins.ml2.db [None req-6460ac15-a92a-46a2-9c50-c622d5bfbd1f None None] For port 96775328-9b96-437a-b10a-17eef3ab3591, host dv-osbrick-master-4-iscsi, set binding levels [PortBindingLevel(driver='openvswitch',host='dv-osbrick-master-4-iscsi',level=0,port_id=96775328-9b96-437a-b10a-17eef3ab3591,segment=NetworkSegment(f37162ca-1f04-4c31-9acd-e958210d4114),segment_id=f37162ca-1f04-4c31-9acd-e958210d4114)] {{(pid=109211) set_binding_levels /opt/stack/neutron/neutron/plugins/ml2/db.py:59}}
Jan 05 14:43:33.195456 dv-osbrick-master-4-iscsi neutron-server[109211]: DEBUG neutron_lib.callbacks.manager [None req-6460ac15-a92a-46a2-9c50-c622d5bfbd1f None None] Publish callbacks ['neutron.plugins.ml2.plugin.SecurityGroupServerNotifierRpcMixin._notify_sg_on_port_change-726922', 'neutron.plugins.ml2.ovo_rpc._ObjectChangeHandler.handle_event-2088923', 'neutron.api.rpc.agentnotifiers.dhcp_rpc_agent_api.DhcpAgentNotifyAPI._native_event_send_dhcp_notification-1607719', 'neutron.db.l3_db.L3RpcNotifierMixin._notify_gateway_port_ip_changed-8786942084109', 'neutron.db.l3_dvrscheduler_db._notify_l3_agent_port_update-8786941680330', 'neutron.db.l3_hascheduler_db._notify_l3_agent_ha_port_update-8786941680348'] for port, after_update {{(pid=109211) _notify_loop /usr/local/lib/python3.8/dist-packages/neutron_lib/callbacks/manager.py:175}}
Jan 05 14:43:33.264072 dv-osbrick-master-4-iscsi neutron-server[109210]: DEBUG neutron_lib.callbacks.manager [None req-4cda3364-f5ee-48ef-ac69-55c72bea5a96 admin admin] Publish callbacks ['neutron.plugins.ml2.plugin.SecurityGroupServerNotifierRpcMixin._notify_sg_on_port_change-726922', 'neutron.plugins.ml2.ovo_rpc._ObjectChangeHandler.handle_event-2088923', 'neutron.api.rpc.agentnotifiers.dhcp_rpc_agent_api.DhcpAgentNotifyAPI._native_event_send_dhcp_notification-1607719', 'neutron.db.l3_dvrscheduler_db._notify_l3_agent_new_port-8786941680312'] for port, after_create {{(pid=109210) _notify_loop /usr/local/lib/python3.8/dist-packages/neutron_lib/callbacks/manager.py:175}}
Jan 05 14:43:33.372505 dv-osbrick-master-4-iscsi neutron-server[109211]: DEBUG neutron.api.rpc.handlers.resources_rpc [None req-6460ac15-a92a-46a2-9c50-c622d5bfbd1f None None] Pushing event updated for resources: {'Port': ['ID=96775328-9b96-437a-b10a-17eef3ab3591,revision_number=2']} {{(pid=109211) push /opt/stack/neutron/neutron/api/rpc/handlers/resources_rpc.py:237}}
Jan 05 14:43:33.425686 dv-osbrick-master-4-iscsi neutron-server[109209]: DEBUG neutron_lib.callbacks.manager [None req-eb1faa46-e97d-44f1-bd11-70009528bf43 admin admin] Publish callbacks ['neutron.services.l3_router.l3_router_plugin.L3_HA_NAT_db_mixin._after_router_create-386196', 'neutron.services.l3_router.l3_router_plugin.DVRResourceOperationHandler._create_snat_interfaces_after_change-387781'] for router, after_create {{(pid=109209) _notify_loop /usr/local/lib/python3.8/dist-packages/neutron_lib/callbacks/manager.py:175}}
Jan 05 14:43:33.432675 dv-osbrick-master-4-iscsi neutron-server[109210]: DEBUG neutron.api.rpc.handlers.resources_rpc [None req-4cda3364-f5ee-48ef-ac69-55c72bea5a96 admin admin] Pushing event updated for resources: {'Port': ['ID=15aedd36-cc25-435e-a38e-6d8e43eb53a1,revision_number=1']} {{(pid=109210) push /opt/stack/neutron/neutron/api/rpc/handlers/resources_rpc.py:237}}
Jan 05 14:43:33.450486 dv-osbrick-master-4-iscsi neutron-server[109210]: DEBUG neutron.scheduler.dhcp_agent_scheduler [None req-4cda3364-f5ee-48ef-ac69-55c72bea5a96 admin admin] Network ae372471-ba92-41d4-b508-f47b0b5b1188 is already hosted by enough agents. {{(pid=109210) _get_dhcp_agents_hosting_network /opt/stack/neutron/neutron/scheduler/dhcp_agent_scheduler.py:275}}
Jan 05 14:43:33.453216 dv-osbrick-master-4-iscsi neutron-server[109210]: DEBUG neutron.scheduler.base_scheduler [None req-4cda3364-f5ee-48ef-ac69-55c72bea5a96 admin admin] Resources bound (agent type, host, resource id): {{(pid=109210) schedule /opt/stack/neutron/neutron/scheduler/base_scheduler.py:57}}
Jan 05 14:43:33.464179 dv-osbrick-master-4-iscsi neutron-server[109210]: DEBUG neutron.db.l3_dvrscheduler_db [None req-4cda3364-f5ee-48ef-ac69-55c72bea5a96 admin admin] Received port after_create {{(pid=109210) _notify_l3_agent_new_port /opt/stack/neutron/neutron/db/l3_dvrscheduler_db.py:535}}
Jan 05 14:43:33.666208 dv-osbrick-master-4-iscsi neutron-server[109209]: DEBUG neutron.scheduler.l3_agent_scheduler [None req-eb1faa46-e97d-44f1-bd11-70009528bf43 admin admin] Router 3b2cf927-a4c9-4fe9-83ab-7fa97612e6e5 is scheduled to L3 agent bd599e05-6cc8-4340-90be-26ac59c79197 with binding_index 1 {{(pid=109209) bind_router /opt/stack/neutron/neutron/scheduler/l3_agent_scheduler.py:209}}
Jan 05 14:43:33.915358 dv-osbrick-master-4-iscsi neutron-server[109210]: DEBUG neutron_lib.callbacks.manager [None req-4cda3364-f5ee-48ef-ac69-55c72bea5a96 admin admin] Publish callbacks [] for router_gateway, after_create {{(pid=109210) _notify_loop /usr/local/lib/python3.8/dist-packages/neutron_lib/callbacks/manager.py:175}}
Jan 05 14:43:33.971485 dv-osbrick-master-4-iscsi neutron-server[109209]: DEBUG neutron.api.rpc.agentnotifiers.l3_rpc_agent_api [None req-eb1faa46-e97d-44f1-bd11-70009528bf43 admin admin] Notify agent at l3_agent.dv-osbrick-master-4-iscsi the message routers_updated {{(pid=109209) _agent_notification /opt/stack/neutron/neutron/api/rpc/agentnotifiers/l3_rpc_agent_api.py:65}}
Jan 05 14:43:33.994386 dv-osbrick-master-4-iscsi neutron-server[109212]: DEBUG neutron.api.rpc.handlers.l3_rpc [None req-19480f2f-e1bf-4950-aa2b-add71142194d None None] Sync routers for ids ['3b2cf927-a4c9-4fe9-83ab-7fa97612e6e5'] in dv-osbrick-master-4-iscsi {{(pid=109212) sync_routers /opt/stack/neutron/neutron/api/rpc/handlers/l3_rpc.py:125}}
Jan 05 14:43:34.001928 dv-osbrick-master-4-iscsi neutron-server[109209]: DEBUG neutron_lib.callbacks.manager [None req-eb1faa46-e97d-44f1-bd11-70009528bf43 admin admin] Publish callbacks [] for router, before_response {{(pid=109209) _notify_loop /usr/local/lib/python3.8/dist-packages/neutron_lib/callbacks/manager.py:175}}
Jan 05 14:43:34.007506 dv-osbrick-master-4-iscsi neutron-server[109209]: INFO neutron.wsgi [None req-eb1faa46-e97d-44f1-bd11-70009528bf43 admin admin] 10.222.0.23 "POST /v2.0/routers HTTP/1.1" status: 201 len: 923 time: 2.6836951
Jan 05 14:43:34.008726 dv-osbrick-master-4-iscsi neutron-server[109209]: DEBUG neutron.wsgi [-] (109209) accepted ('10.222.0.23', 59920) {{(pid=109209) server /usr/local/lib/python3.8/dist-packages/eventlet/wsgi.py:1004}}
Jan 05 14:43:34.015528 dv-osbrick-master-4-iscsi neutron-server[109212]: DEBUG neutron.db.l3_dvrscheduler_db [None req-19480f2f-e1bf-4950-aa2b-add71142194d None None] Routers {'3b2cf927-a4c9-4fe9-83ab-7fa97612e6e5'} bound to L3 agent in host dv-osbrick-master-4-iscsi {{(pid=109212) _get_router_ids_for_agent /opt/stack/neutron/neutron/db/l3_dvrscheduler_db.py:420}}
Jan 05 14:43:34.016548 dv-osbrick-master-4-iscsi neutron-server[109212]: DEBUG neutron.db.l3_hamode_db [None req-19480f2f-e1bf-4950-aa2b-add71142194d None None] neutron.services.l3_router.l3_router_plugin.L3RouterPlugin method get_ha_sync_data_for_host called with arguments (, 'dv-osbrick-master-4-iscsi', Agent(admin_state_up=True,agent_type='L3 agent',availability_zone='nova',binary='neutron-l3-agent',configurations={"agent_mode": "legacy", "ex_gw_ports": 1, "extensions": [], "floating_ips": 0, "handle_internal_only_routers": true, "interface_driver": "openvswitch", "interfaces": 1, "log_agent_heartbeats": false, "routers": 1},created_at=2022-01-05T14:35:51Z,description=,heartbeat_timestamp=2022-01-05T14:43:21Z,host='dv-osbrick-master-4-iscsi',id=bd599e05-6cc8-4340-90be-26ac59c79197,load=0,resource_versions=,resources_synced=,started_at=2022-01-05T14:35:51Z,topic='l3_agent')) {'router_ids': ['3b2cf927-a4c9-4fe9-83ab-7fa97612e6e5'], 'active': True} {{(pid=109212) wrapper /usr/local/lib/python3.8/dist-packages/oslo_log/helpers.py:65}}
Jan 05 14:43:34.390133 dv-osbrick-master-4-iscsi neutron-server[109211]: DEBUG neutron.plugins.ml2.rpc [None req-6f161ca0-74ed-4b92-a039-7f6d0241effd None None] Device 96775328-9b96-437a-b10a-17eef3ab3591 up at agent ovs-agent-dv-osbrick-master-4-iscsi {{(pid=109211) update_device_up /opt/stack/neutron/neutron/plugins/ml2/rpc.py:296}}
Jan 05 14:43:34.404774 dv-osbrick-master-4-iscsi neutron-server[109212]: DEBUG neutron.db.l3_dvr_db [None req-19480f2f-e1bf-4950-aa2b-add71142194d None None] Set router 3b2cf927-a4c9-4fe9-83ab-7fa97612e6e5 gateway port host: dv-osbrick-master-4-iscsi {{(pid=109212) _build_routers_list /opt/stack/neutron/neutron/db/l3_dvr_db.py:906}}
Jan 05 14:43:34.452160 dv-osbrick-master-4-iscsi neutron-server[109210]: DEBUG neutron_lib.callbacks.manager [None req-4cda3364-f5ee-48ef-ac69-55c72bea5a96 admin admin] Publish callbacks ['neutron.services.l3_router.l3_router_plugin.L3_HA_NAT_db_mixin._after_router_create-386196', 'neutron.services.l3_router.l3_router_plugin.DVRResourceOperationHandler._create_snat_interfaces_after_change-387781'] for router, after_create {{(pid=109210) _notify_loop /usr/local/lib/python3.8/dist-packages/neutron_lib/callbacks/manager.py:175}}
Jan 05 14:43:34.529499 dv-osbrick-master-4-iscsi neutron-server[109211]: DEBUG neutron.db.provisioning_blocks [None req-6f161ca0-74ed-4b92-a039-7f6d0241effd None None] Provisioning complete for port 96775328-9b96-437a-b10a-17eef3ab3591 triggered by entity L2. {{(pid=109211) provisioning_complete /opt/stack/neutron/neutron/db/provisioning_blocks.py:139}}
Jan 05 14:43:34.533023 dv-osbrick-master-4-iscsi neutron-server[109211]: DEBUG neutron_lib.callbacks.manager [None req-6f161ca0-74ed-4b92-a039-7f6d0241effd None None] Publish callbacks ['neutron.plugins.ml2.plugin.Ml2Plugin._port_provisioned-1419322'] for port, provisioning_complete {{(pid=109211) _notify_loop /usr/local/lib/python3.8/dist-packages/neutron_lib/callbacks/manager.py:175}}
Jan 05 14:43:34.600192 dv-osbrick-master-4-iscsi neutron-server[109211]: DEBUG neutron.api.rpc.handlers.dhcp_rpc [None req-97dddbb8-e53f-49ce-b260-cbd331308443 None None] Network 9db196f2-6b36-4e03-ae36-a16a3ced4a48 requested from dv-osbrick-master-4-iscsi {{(pid=109211) get_network_info /opt/stack/neutron/neutron/api/rpc/handlers/dhcp_rpc.py:219}}
Jan 05 14:43:34.793095 dv-osbrick-master-4-iscsi neutron-server[109210]: DEBUG neutron.scheduler.l3_agent_scheduler [None req-4cda3364-f5ee-48ef-ac69-55c72bea5a96 admin admin] Router 334ff181-7337-46f6-a12d-a37ca887ae35 is scheduled to L3 agent bd599e05-6cc8-4340-90be-26ac59c79197 with binding_index 1 {{(pid=109210) bind_router /opt/stack/neutron/neutron/scheduler/l3_agent_scheduler.py:209}}
Jan 05 14:43:34.822591 dv-osbrick-master-4-iscsi neutron-server[109212]: DEBUG neutron.db.l3_hamode_db [None req-19480f2f-e1bf-4950-aa2b-add71142194d None None] neutron.services.l3_router.l3_router_plugin.L3RouterPlugin method _process_sync_ha_data called with arguments (, [{'id': '3b2cf927-a4c9-4fe9-83ab-7fa97612e6e5', 'name': 'tempest-TestVolumeBootPattern-1480910976-router', 'tenant_id': '562b795700064fd1b0642cd550c2e04b', 'admin_state_up': True, 'status': 'ACTIVE', 'external_gateway_info': {'network_id': 'ae372471-ba92-41d4-b508-f47b0b5b1188', 'external_fixed_ips': [{'subnet_id': '4b20c205-72a1-4fca-b8c1-03e4dce8b0f8', 'ip_address': '172.38.0.55'}], 'enable_snat': True}, 'gw_port_id': '735e9c77-2039-4fa1-a23d-4502e64ffaa9', 'description': '', 'availability_zones': ['nova'], 'distributed': False, 'ha': False, 'ha_vr_id': 0, 'availability_zone_hints': [], 'routes': [], 'flavor_id': None, 'tags': [], 'created_at': '2022-01-05T14:43:31Z', 'updated_at': '2022-01-05T14:43:32Z', 'revision_number': 3, 'project_id': '562b795700064fd1b0642cd550c2e04b', 'gw_port': {'id': '735e9c77-2039-4fa1-a23d-4502e64ffaa9', 'name': '', 'network_id': 'ae372471-ba92-41d4-b508-f47b0b5b1188', 'tenant_id': '', 'mac_address': 'fa:16:3e:10:30:9f', 'admin_state_up': True, 'status': 'DOWN', 'device_id': '3b2cf927-a4c9-4fe9-83ab-7fa97612e6e5', 'device_owner': 'network:router_gateway', 'standard_attr_id': 50, 'fixed_ips': [{'subnet_id': '4b20c205-72a1-4fca-b8c1-03e4dce8b0f8', 'ip_address': '172.38.0.55', 'prefixlen': 24}], 'allowed_address_pairs': [], 'extra_dhcp_opts': [], 'security_groups': [], 'description': '', 'binding:vnic_type': 'normal', 'binding:profile': {}, 'binding:host_id': '', 'binding:vif_type': 'unbound', 'binding:vif_details': {}, 'port_security_enabled': False, 'tags': [], 'created_at': '2022-01-05T14:43:32Z', 'updated_at': '2022-01-05T14:43:32Z', 'revision_number': 1, 'project_id': '', 'subnets': [{'id': '4b20c205-72a1-4fca-b8c1-03e4dce8b0f8', 'cidr': '172.38.0.0/24', 'gateway_ip': '172.38.0.1', 'dns_nameservers': [], 'ipv6_ra_mode': None, 'subnetpool_id': None}], 'extra_subnets': [], 'address_scopes': {4: None, 6: None}, 'mtu': 1500}, 'enable_snat': True, 'gw_port_host': 'dv-osbrick-master-4-iscsi'}], 'dv-osbrick-master-4-iscsi', False) {} {{(pid=109212) wrapper /usr/local/lib/python3.8/dist-packages/oslo_log/helpers.py:65}}
Jan 05 14:43:34.883047 dv-osbrick-master-4-iscsi neutron-server[109212]: DEBUG neutron.api.rpc.handlers.l3_rpc [None req-19480f2f-e1bf-4950-aa2b-add71142194d None None] Checking router: 3b2cf927-a4c9-4fe9-83ab-7fa97612e6e5 for host: dv-osbrick-master-4-iscsi {{(pid=109212) _ensure_host_set_on_ports /opt/stack/neutron/neutron/api/rpc/handlers/l3_rpc.py:155}}
Jan 05 14:43:34.884003 dv-osbrick-master-4-iscsi neutron-server[109212]: DEBUG neutron.api.rpc.handlers.l3_rpc [None req-19480f2f-e1bf-4950-aa2b-add71142194d None None] Updating router 3b2cf927-a4c9-4fe9-83ab-7fa97612e6e5 port 735e9c77-2039-4fa1-a23d-4502e64ffaa9 binding host dv-osbrick-master-4-iscsi {{(pid=109212) _ensure_host_set_on_port /opt/stack/neutron/neutron/api/rpc/handlers/l3_rpc.py:205}}
Jan 05 14:43:34.884246 dv-osbrick-master-4-iscsi neutron-server[109209]: DEBUG neutron_lib.callbacks.manager [None req-bf18cbdc-13a5-4140-9062-c00c63183960 admin admin] Publish callbacks ['neutron.plugins.ml2.plugin.SecurityGroupDbMixin._ensure_default_security_group_handler-726985'] for port, before_create {{(pid=109209) _notify_loop /usr/local/lib/python3.8/dist-packages/neutron_lib/callbacks/manager.py:175}}
Jan 05 14:43:34.916013 dv-osbrick-master-4-iscsi neutron-server[109211]: DEBUG neutron.db.provisioning_blocks [None req-4790fe00-093b-4559-a73f-e60cb3a50390 None None] Provisioning complete for port 2c7de80e-e966-4ce6-8178-97f167024a07 triggered by entity DHCP. {{(pid=109211) provisioning_complete /opt/stack/neutron/neutron/db/provisioning_blocks.py:139}}
Jan 05 14:43:34.916383 dv-osbrick-master-4-iscsi neutron-server[109211]: DEBUG neutron_lib.callbacks.manager [None req-4790fe00-093b-4559-a73f-e60cb3a50390 None None] Publish callbacks ['neutron.plugins.ml2.plugin.Ml2Plugin._port_provisioned-1419322'] for port, provisioning_complete {{(pid=109211) _notify_loop /usr/local/lib/python3.8/dist-packages/neutron_lib/callbacks/manager.py:175}}
Jan 05 14:43:34.940892 dv-osbrick-master-4-iscsi neutron-server[109212]: DEBUG neutron_lib.callbacks.manager [None req-19480f2f-e1bf-4950-aa2b-add71142194d None None] Publish callbacks ['neutron.plugins.ml2.plugin.SecurityGroupDbMixin._ensure_default_security_group_handler-726985'] for port, before_update {{(pid=109212) _notify_loop /usr/local/lib/python3.8/dist-packages/neutron_lib/callbacks/manager.py:175}}
Jan 05 14:43:34.960138 dv-osbrick-master-4-iscsi neutron-server[109211]: DEBUG neutron.api.rpc.handlers.dhcp_rpc [None req-4fcc19c5-fe47-43cb-89ae-1dd8278b7348 None None] Network 2b6d99f8-3e3c-448b-a01c-1a222e4409cd requested from dv-osbrick-master-4-iscsi {{(pid=109211) get_network_info /opt/stack/neutron/neutron/api/rpc/handlers/dhcp_rpc.py:219}}
Jan 05 14:43:35.019382 dv-osbrick-master-4-iscsi neutron-server[109210]: DEBUG neutron.api.rpc.agentnotifiers.l3_rpc_agent_api [None req-4cda3364-f5ee-48ef-ac69-55c72bea5a96 admin admin] Notify agent at l3_agent.dv-osbrick-master-4-iscsi the message routers_updated {{(pid=109210) _agent_notification /opt/stack/neutron/neutron/api/rpc/agentnotifiers/l3_rpc_agent_api.py:65}}
Jan 05 14:43:35.059649 dv-osbrick-master-4-iscsi neutron-server[109211]: DEBUG neutron.api.rpc.handlers.l3_rpc [None req-6479f346-0cf2-4e6e-9192-e8621c8614fa None None] Sync routers for ids ['334ff181-7337-46f6-a12d-a37ca887ae35'] in dv-osbrick-master-4-iscsi {{(pid=109211) sync_routers /opt/stack/neutron/neutron/api/rpc/handlers/l3_rpc.py:125}}
Jan 05 14:43:35.071205 dv-osbrick-master-4-iscsi neutron-server[109210]: DEBUG neutron_lib.callbacks.manager [None req-4cda3364-f5ee-48ef-ac69-55c72bea5a96 admin admin] Publish callbacks [] for router, before_response {{(pid=109210) _notify_loop /usr/local/lib/python3.8/dist-packages/neutron_lib/callbacks/manager.py:175}}
Jan 05 14:43:35.073768 dv-osbrick-master-4-iscsi neutron-server[109210]: INFO neutron.wsgi [None req-4cda3364-f5ee-48ef-ac69-55c72bea5a96 admin admin] 10.222.0.23 "POST /v2.0/routers HTTP/1.1" status: 201 len: 926 time: 3.2625294
Jan 05 14:43:35.079205 dv-osbrick-master-4-iscsi neutron-server[109210]: DEBUG neutron.wsgi [-] (109210) accepted ('10.222.0.23', 59926) {{(pid=109210) server /usr/local/lib/python3.8/dist-packages/eventlet/wsgi.py:1004}}
Jan 05 14:43:35.121490 dv-osbrick-master-4-iscsi neutron-server[109211]: DEBUG neutron.db.l3_dvrscheduler_db [None req-6479f346-0cf2-4e6e-9192-e8621c8614fa None None] Routers {'334ff181-7337-46f6-a12d-a37ca887ae35'} bound to L3 agent in host dv-osbrick-master-4-iscsi {{(pid=109211) _get_router_ids_for_agent /opt/stack/neutron/neutron/db/l3_dvrscheduler_db.py:420}}
Jan 05 14:43:35.122651 dv-osbrick-master-4-iscsi neutron-server[109211]: DEBUG neutron.db.l3_hamode_db [None req-6479f346-0cf2-4e6e-9192-e8621c8614fa None None] neutron.services.l3_router.l3_router_plugin.L3RouterPlugin method get_ha_sync_data_for_host called with arguments (, 'dv-osbrick-master-4-iscsi', Agent(admin_state_up=True,agent_type='L3 agent',availability_zone='nova',binary='neutron-l3-agent',configurations={"agent_mode": "legacy", "ex_gw_ports": 1, "extensions": [], "floating_ips": 0, "handle_internal_only_routers": true, "interface_driver": "openvswitch", "interfaces": 1, "log_agent_heartbeats": false, "routers": 1},created_at=2022-01-05T14:35:51Z,description=,heartbeat_timestamp=2022-01-05T14:43:21Z,host='dv-osbrick-master-4-iscsi',id=bd599e05-6cc8-4340-90be-26ac59c79197,load=0,resource_versions=,resources_synced=,started_at=2022-01-05T14:35:51Z,topic='l3_agent')) {'router_ids': ['334ff181-7337-46f6-a12d-a37ca887ae35'], 'active': True} {{(pid=109211) wrapper /usr/local/lib/python3.8/dist-packages/oslo_log/helpers.py:65}}
Jan 05 14:43:35.234632 dv-osbrick-master-4-iscsi neutron-server[109211]: DEBUG neutron_lib.callbacks.manager [None req-4790fe00-093b-4559-a73f-e60cb3a50390 None None] Publish callbacks ['neutron.plugins.ml2.plugin.SecurityGroupDbMixin._ensure_default_security_group_handler-726985'] for port, before_update {{(pid=109211) _notify_loop /usr/local/lib/python3.8/dist-packages/neutron_lib/callbacks/manager.py:175}}
Jan 05 14:43:35.235131 dv-osbrick-master-4-iscsi neutron-server[109209]: DEBUG neutron.db.db_base_plugin_common [None req-bf18cbdc-13a5-4140-9062-c00c63183960 admin admin] Allocated IP 172.20.0.1 (9db196f2-6b36-4e03-ae36-a16a3ced4a48/aa140004-77dc-4ffe-8e82-302132c30d09/afa24879-8808-4f18-b29f-f0809b5f728d) {{(pid=109209) _store_ip_allocation /opt/stack/neutron/neutron/db/db_base_plugin_common.py:131}}
Jan 05 14:43:35.278898 dv-osbrick-master-4-iscsi neutron-server[109211]: DEBUG neutron.plugins.ml2.db [None req-4790fe00-093b-4559-a73f-e60cb3a50390 None None] For port 2c7de80e-e966-4ce6-8178-97f167024a07, host dv-osbrick-master-4-iscsi, got binding levels [PortBindingLevel(driver='openvswitch',host='dv-osbrick-master-4-iscsi',level=0,port_id=2c7de80e-e966-4ce6-8178-97f167024a07,segment=NetworkSegment(b92557a3-a0f1-4341-92d3-459c7a105094),segment_id=b92557a3-a0f1-4341-92d3-459c7a105094)] {{(pid=109211) get_binding_level_objs /opt/stack/neutron/neutron/plugins/ml2/db.py:74}}
Jan 05 14:43:35.326079 dv-osbrick-master-4-iscsi neutron-server[109211]: DEBUG neutron_lib.callbacks.manager [None req-6f161ca0-74ed-4b92-a039-7f6d0241effd None None] Publish callbacks ['neutron.plugins.ml2.plugin.SecurityGroupDbMixin._ensure_default_security_group_handler-726985'] for port, before_update {{(pid=109211) _notify_loop /usr/local/lib/python3.8/dist-packages/neutron_lib/callbacks/manager.py:175}}
Jan 05 14:43:35.328720 dv-osbrick-master-4-iscsi neutron-server[109211]: DEBUG neutron_lib.callbacks.manager [None req-4790fe00-093b-4559-a73f-e60cb3a50390 None None] Publish callbacks ['neutron.plugins.ml2.plugin.SecurityGroupServerNotifierRpcMixin._notify_sg_on_port_change-726922', 'neutron.plugins.ml2.ovo_rpc._ObjectChangeHandler.handle_event-2088923', 'neutron.api.rpc.agentnotifiers.dhcp_rpc_agent_api.DhcpAgentNotifyAPI._native_event_send_dhcp_notification-1607719', 'neutron.db.l3_db.L3RpcNotifierMixin._notify_gateway_port_ip_changed-8786942084109', 'neutron.db.l3_dvrscheduler_db._notify_l3_agent_port_update-8786941680330', 'neutron.db.l3_hascheduler_db._notify_l3_agent_ha_port_update-8786941680348'] for port, after_update {{(pid=109211) _notify_loop /usr/local/lib/python3.8/dist-packages/neutron_lib/callbacks/manager.py:175}}
Jan 05 14:43:35.410484 dv-osbrick-master-4-iscsi neutron-server[109209]: DEBUG neutron_lib.callbacks.manager [None req-bf18cbdc-13a5-4140-9062-c00c63183960 admin admin] Publish callbacks [] for port, precommit_create {{(pid=109209) _notify_loop /usr/local/lib/python3.8/dist-packages/neutron_lib/callbacks/manager.py:175}}
Jan 05 14:43:35.420606 dv-osbrick-master-4-iscsi neutron-server[109212]: DEBUG neutron.db.agents_db [None req-4291cec6-a625-48b8-8404-acb909a02173 None None] Agent healthcheck: found 6 active agents {{(pid=109212) agent_health_check /opt/stack/neutron/neutron/db/agents_db.py:317}}
Jan 05 14:43:35.425629 dv-osbrick-master-4-iscsi neutron-server[109211]: DEBUG neutron.db.l3_dvr_db [None req-6479f346-0cf2-4e6e-9192-e8621c8614fa None None] Set router 334ff181-7337-46f6-a12d-a37ca887ae35 gateway port host: dv-osbrick-master-4-iscsi {{(pid=109211) _build_routers_list /opt/stack/neutron/neutron/db/l3_dvr_db.py:906}}
Jan 05 14:43:35.523274 dv-osbrick-master-4-iscsi neutron-server[109209]: DEBUG neutron_lib.callbacks.manager [None req-bf18cbdc-13a5-4140-9062-c00c63183960 admin admin] Publish callbacks ['neutron.plugins.ml2.plugin.SecurityGroupServerNotifierRpcMixin._notify_sg_on_port_change-726922', 'neutron.plugins.ml2.ovo_rpc._ObjectChangeHandler.handle_event-2088923', 'neutron.api.rpc.agentnotifiers.dhcp_rpc_agent_api.DhcpAgentNotifyAPI._native_event_send_dhcp_notification-1607719', 'neutron.db.l3_dvrscheduler_db._notify_l3_agent_new_port-8786941680312'] for port, after_create {{(pid=109209) _notify_loop /usr/local/lib/python3.8/dist-packages/neutron_lib/callbacks/manager.py:175}}
Jan 05 14:43:35.569225 dv-osbrick-master-4-iscsi neutron-server[109212]: DEBUG neutron_lib.callbacks.manager [None req-19480f2f-e1bf-4950-aa2b-add71142194d None None] Publish callbacks [] for port, precommit_update {{(pid=109212) _notify_loop /usr/local/lib/python3.8/dist-packages/neutron_lib/callbacks/manager.py:175}}
Jan 05 14:43:35.580694 dv-osbrick-master-4-iscsi neutron-server[109212]: DEBUG neutron_lib.callbacks.manager [None req-19480f2f-e1bf-4950-aa2b-add71142194d None None] Publish callbacks ['neutron.plugins.ml2.plugin.SecurityGroupServerNotifierRpcMixin._notify_sg_on_port_change-726922', 'neutron.plugins.ml2.ovo_rpc._ObjectChangeHandler.handle_event-2088923', 'neutron.api.rpc.agentnotifiers.dhcp_rpc_agent_api.DhcpAgentNotifyAPI._native_event_send_dhcp_notification-1607719', 'neutron.db.l3_db.L3RpcNotifierMixin._notify_gateway_port_ip_changed-8786942084109', 'neutron.db.l3_dvrscheduler_db._notify_l3_agent_port_update-8786941680330', 'neutron.db.l3_hascheduler_db._notify_l3_agent_ha_port_update-8786941680348'] for port, after_update {{(pid=109212) _notify_loop /usr/local/lib/python3.8/dist-packages/neutron_lib/callbacks/manager.py:175}}
Jan 05 14:43:35.596162 dv-osbrick-master-4-iscsi neutron-server[109211]: DEBUG neutron.plugins.ml2.db [None req-6f161ca0-74ed-4b92-a039-7f6d0241effd None None] For port 96775328-9b96-437a-b10a-17eef3ab3591, host dv-osbrick-master-4-iscsi, got binding levels [PortBindingLevel(driver='openvswitch',host='dv-osbrick-master-4-iscsi',level=0,port_id=96775328-9b96-437a-b10a-17eef3ab3591,segment=NetworkSegment(f37162ca-1f04-4c31-9acd-e958210d4114),segment_id=f37162ca-1f04-4c31-9acd-e958210d4114)] {{(pid=109211) get_binding_level_objs /opt/stack/neutron/neutron/plugins/ml2/db.py:74}}
Jan 05 14:43:35.625542 dv-osbrick-master-4-iscsi neutron-server[109209]: DEBUG neutron.api.rpc.handlers.resources_rpc [None req-bf18cbdc-13a5-4140-9062-c00c63183960 admin admin] Pushing event updated for resources: {'Port': ['ID=afa24879-8808-4f18-b29f-f0809b5f728d,revision_number=1']} {{(pid=109209) push /opt/stack/neutron/neutron/api/rpc/handlers/resources_rpc.py:237}}
Jan 05 14:43:35.647628 dv-osbrick-master-4-iscsi neutron-server[109209]: DEBUG neutron.scheduler.dhcp_agent_scheduler [None req-bf18cbdc-13a5-4140-9062-c00c63183960 admin admin] Network 9db196f2-6b36-4e03-ae36-a16a3ced4a48 is already hosted by enough agents. {{(pid=109209) _get_dhcp_agents_hosting_network /opt/stack/neutron/neutron/scheduler/dhcp_agent_scheduler.py:275}}
Jan 05 14:43:35.649439 dv-osbrick-master-4-iscsi neutron-server[109209]: DEBUG neutron.scheduler.base_scheduler [None req-bf18cbdc-13a5-4140-9062-c00c63183960 admin admin] Resources bound (agent type, host, resource id): {{(pid=109209) schedule /opt/stack/neutron/neutron/scheduler/base_scheduler.py:57}}
Jan 05 14:43:35.656058 dv-osbrick-master-4-iscsi neutron-server[109209]: DEBUG neutron.db.l3_dvrscheduler_db [None req-bf18cbdc-13a5-4140-9062-c00c63183960 admin admin] Received port after_create {{(pid=109209) _notify_l3_agent_new_port /opt/stack/neutron/neutron/db/l3_dvrscheduler_db.py:535}}
Jan 05 14:43:35.656850 dv-osbrick-master-4-iscsi neutron-server[109209]: DEBUG neutron_lib.callbacks.manager [None req-bf18cbdc-13a5-4140-9062-c00c63183960 admin admin] Publish callbacks ['neutron.services.l3_router.l3_router_plugin.DVRResourceOperationHandler._add_csnat_on_interface_create-387602'] for router_interface, before_create {{(pid=109209) _notify_loop /usr/local/lib/python3.8/dist-packages/neutron_lib/callbacks/manager.py:175}}
Jan 05 14:43:35.702146 dv-osbrick-master-4-iscsi neutron-server[109211]: DEBUG neutron_lib.callbacks.manager [None req-6f161ca0-74ed-4b92-a039-7f6d0241effd None None] Publish callbacks ['neutron.plugins.ml2.plugin.SecurityGroupServerNotifierRpcMixin._notify_sg_on_port_change-726922', 'neutron.plugins.ml2.ovo_rpc._ObjectChangeHandler.handle_event-2088923', 'neutron.api.rpc.agentnotifiers.dhcp_rpc_agent_api.DhcpAgentNotifyAPI._native_event_send_dhcp_notification-1607719', 'neutron.db.l3_db.L3RpcNotifierMixin._notify_gateway_port_ip_changed-8786942084109', 'neutron.db.l3_dvrscheduler_db._notify_l3_agent_port_update-8786941680330', 'neutron.db.l3_hascheduler_db._notify_l3_agent_ha_port_update-8786941680348'] for port, after_update {{(pid=109211) _notify_loop /usr/local/lib/python3.8/dist-packages/neutron_lib/callbacks/manager.py:175}}
Jan 05 14:43:35.703931 dv-osbrick-master-4-iscsi neutron-server[109211]: DEBUG neutron.plugins.ml2.rpc [None req-6f161ca0-74ed-4b92-a039-7f6d0241effd None None] Device 2c7de80e-e966-4ce6-8178-97f167024a07 up at agent ovs-agent-dv-osbrick-master-4-iscsi {{(pid=109211) update_device_up /opt/stack/neutron/neutron/plugins/ml2/rpc.py:296}}
Jan 05 14:43:35.737986 dv-osbrick-master-4-iscsi neutron-server[109212]: DEBUG neutron.api.rpc.handlers.resources_rpc [None req-bb5a4b0b-fd1d-4a60-ab8e-feeac66f14b0 None None] Pushing event updated for resources: {'Port': ['ID=735e9c77-2039-4fa1-a23d-4502e64ffaa9,revision_number=2']} {{(pid=109212) push /opt/stack/neutron/neutron/api/rpc/handlers/resources_rpc.py:237}}
Jan 05 14:43:35.758826 dv-osbrick-master-4-iscsi neutron-server[109212]: DEBUG neutron.plugins.ml2.managers [None req-19480f2f-e1bf-4950-aa2b-add71142194d None None] Attempting to bind port 735e9c77-2039-4fa1-a23d-4502e64ffaa9 on host dv-osbrick-master-4-iscsi for vnic_type normal with profile {{(pid=109212) bind_port /opt/stack/neutron/neutron/plugins/ml2/managers.py:795}}
