Dec 21 13:25:49.701091 dv-osbrick-master-4-iscsi neutron-server[102423]: INFO neutron.wsgi [req-d0b1b78e-7abd-4454-ad42-111b0dda8a83 req-55385446-dc31-4b89-a27a-b1598060fdbf tempest-TestVolumeBootPattern-969872157 tempest-TestVolumeBootPattern-969872157-project] 10.222.0.24 "GET /v2.0/ports?device_id=3860d781-a55a-4c3c-90a7-b66b7612e530 HTTP/1.1" status: 200 len: 210 time: 0.0291755
Dec 21 13:25:49.802785 dv-osbrick-master-4-iscsi neutron-server[102422]: DEBUG neutron.pecan_wsgi.hooks.quota_enforcement [req-45f91ceb-51cb-4656-baf3-70f1bc9feafb req-0e94a902-f3bf-4756-bb9c-73700b253842 tempest-TestVolumeBootPattern-969872157 tempest-TestVolumeBootPattern-969872157-project] Made reservation on behalf of 9f107be983de4d108c8a16bd010718ab for: {'port': 1} {{(pid=102422) before /opt/stack/neutron/neutron/pecan_wsgi/hooks/quota_enforcement.py:53}}
Dec 21 13:25:49.809836 dv-osbrick-master-4-iscsi neutron-server[102422]: DEBUG neutron_lib.callbacks.manager [req-45f91ceb-51cb-4656-baf3-70f1bc9feafb req-0e94a902-f3bf-4756-bb9c-73700b253842 tempest-TestVolumeBootPattern-969872157 tempest-TestVolumeBootPattern-969872157-project] Publish callbacks ['neutron.plugins.ml2.plugin.SecurityGroupDbMixin._ensure_default_security_group_handler-1561375'] for port, before_create {{(pid=102422) _notify_loop /usr/local/lib/python3.8/dist-packages/neutron_lib/callbacks/manager.py:175}}
Dec 21 13:25:49.994364 dv-osbrick-master-4-iscsi neutron-server[102422]: DEBUG neutron.db.db_base_plugin_common [req-45f91ceb-51cb-4656-baf3-70f1bc9feafb req-0e94a902-f3bf-4756-bb9c-73700b253842 tempest-TestVolumeBootPattern-969872157 tempest-TestVolumeBootPattern-969872157-project] Allocated IP 172.20.0.14 (31368398-ca98-4b17-9c7f-3dbef75ad618/05a9c1da-2b4c-4136-8f50-3017aae34e59/7e24f64d-c1ec-4d02-9dfd-cce1dacafbbd) {{(pid=102422) _store_ip_allocation /opt/stack/neutron/neutron/db/db_base_plugin_common.py:131}}
Dec 21 13:25:50.180380 dv-osbrick-master-4-iscsi neutron-server[102422]: DEBUG neutron_lib.callbacks.manager [req-45f91ceb-51cb-4656-baf3-70f1bc9feafb req-0e94a902-f3bf-4756-bb9c-73700b253842 tempest-TestVolumeBootPattern-969872157 tempest-TestVolumeBootPattern-969872157-project] Publish callbacks [] for port, precommit_create {{(pid=102422) _notify_loop /usr/local/lib/python3.8/dist-packages/neutron_lib/callbacks/manager.py:175}}
Dec 21 13:25:50.221084 dv-osbrick-master-4-iscsi neutron-server[102422]: DEBUG neutron_lib.callbacks.manager [req-45f91ceb-51cb-4656-baf3-70f1bc9feafb req-0e94a902-f3bf-4756-bb9c-73700b253842 tempest-TestVolumeBootPattern-969872157 tempest-TestVolumeBootPattern-969872157-project] Publish callbacks ['neutron.plugins.ml2.plugin.SecurityGroupServerNotifierRpcMixin._notify_sg_on_port_change-1561298', 'neutron.plugins.ml2.ovo_rpc._ObjectChangeHandler.handle_event-27098', 'neutron.api.rpc.agentnotifiers.dhcp_rpc_agent_api.DhcpAgentNotifyAPI._native_event_send_dhcp_notification-7836208', 'neutron.db.l3_dvrscheduler_db._notify_l3_agent_new_port-8765965275859'] for port, after_create {{(pid=102422) _notify_loop /usr/local/lib/python3.8/dist-packages/neutron_lib/callbacks/manager.py:175}}
Dec 21 13:25:50.267489 dv-osbrick-master-4-iscsi neutron-server[102422]: DEBUG neutron.scheduler.dhcp_agent_scheduler [req-45f91ceb-51cb-4656-baf3-70f1bc9feafb req-0e94a902-f3bf-4756-bb9c-73700b253842 tempest-TestVolumeBootPattern-969872157 tempest-TestVolumeBootPattern-969872157-project] Network 31368398-ca98-4b17-9c7f-3dbef75ad618 is already hosted by enough agents. {{(pid=102422) _get_dhcp_agents_hosting_network /opt/stack/neutron/neutron/scheduler/dhcp_agent_scheduler.py:275}}
Dec 21 13:25:50.270807 dv-osbrick-master-4-iscsi neutron-server[102422]: DEBUG neutron.scheduler.base_scheduler [req-45f91ceb-51cb-4656-baf3-70f1bc9feafb req-0e94a902-f3bf-4756-bb9c-73700b253842 tempest-TestVolumeBootPattern-969872157 tempest-TestVolumeBootPattern-969872157-project] Resources bound (agent type, host, resource id): {{(pid=102422) schedule /opt/stack/neutron/neutron/scheduler/base_scheduler.py:57}}
Dec 21 13:25:50.274992 dv-osbrick-master-4-iscsi neutron-server[102422]: DEBUG neutron.db.l3_dvrscheduler_db [req-45f91ceb-51cb-4656-baf3-70f1bc9feafb req-0e94a902-f3bf-4756-bb9c-73700b253842 tempest-TestVolumeBootPattern-969872157 tempest-TestVolumeBootPattern-969872157-project] Received port after_create {{(pid=102422) _notify_l3_agent_new_port /opt/stack/neutron/neutron/db/l3_dvrscheduler_db.py:535}}
Dec 21 13:25:50.281163 dv-osbrick-master-4-iscsi neutron-server[102422]: DEBUG neutron.pecan_wsgi.hooks.policy_enforcement [req-45f91ceb-51cb-4656-baf3-70f1bc9feafb req-0e94a902-f3bf-4756-bb9c-73700b253842 tempest-TestVolumeBootPattern-969872157 tempest-TestVolumeBootPattern-969872157-project] Attributes excluded by policy engine: ['standard_attr_id', 'binding:profile', 'binding:host_id', 'binding:vif_type', 'binding:vif_details', 'network'] {{(pid=102422) _exclude_attributes_by_policy /opt/stack/neutron/neutron/pecan_wsgi/hooks/policy_enforcement.py:255}}
Dec 21 13:25:50.281952 dv-osbrick-master-4-iscsi neutron-server[102422]: DEBUG neutron_lib.callbacks.manager [req-45f91ceb-51cb-4656-baf3-70f1bc9feafb req-0e94a902-f3bf-4756-bb9c-73700b253842 tempest-TestVolumeBootPattern-969872157 tempest-TestVolumeBootPattern-969872157-project] Publish callbacks ['neutron.notifiers.nova.Notifier._send_nova_notification-173615'] for port, before_response {{(pid=102422) _notify_loop /usr/local/lib/python3.8/dist-packages/neutron_lib/callbacks/manager.py:175}}
Dec 21 13:25:50.288749 dv-osbrick-master-4-iscsi neutron-server[102422]: DEBUG neutron.api.rpc.handlers.resources_rpc [None req-0e94a902-f3bf-4756-bb9c-73700b253842 tempest-TestVolumeBootPattern-969872157 tempest-TestVolumeBootPattern-969872157-project] Pushing event updated for resources: {'Port': ['ID=7e24f64d-c1ec-4d02-9dfd-cce1dacafbbd,revision_number=1']} {{(pid=102422) push /opt/stack/neutron/neutron/api/rpc/handlers/resources_rpc.py:237}}
Dec 21 13:25:50.314504 dv-osbrick-master-4-iscsi neutron-server[102422]: INFO neutron.wsgi [req-45f91ceb-51cb-4656-baf3-70f1bc9feafb req-0e94a902-f3bf-4756-bb9c-73700b253842 tempest-TestVolumeBootPattern-969872157 tempest-TestVolumeBootPattern-969872157-project] 10.222.0.59 "POST /v2.0/ports HTTP/1.1" status: 201 len: 934 time: 0.7282407
Dec 21 13:25:50.329060 dv-osbrick-master-4-iscsi neutron-server[102422]: DEBUG neutron.api.v2.base [req-45f91ceb-51cb-4656-baf3-70f1bc9feafb req-d8f734b7-e1af-4b0d-a821-659417cb33a5 service neutron] Request body: {'port': {'device_id': '3860d781-a55a-4c3c-90a7-b66b7612e530', 'device_owner': 'compute:nova', 'binding:host_id': 'hv-osbrick-mast'}} {{(pid=102422) prepare_request_body /opt/stack/neutron/neutron/api/v2/base.py:729}}
Dec 21 13:25:50.397192 dv-osbrick-master-4-iscsi neutron-server[102422]: DEBUG neutron_lib.callbacks.manager [req-45f91ceb-51cb-4656-baf3-70f1bc9feafb req-d8f734b7-e1af-4b0d-a821-659417cb33a5 service neutron] Publish callbacks ['neutron.plugins.ml2.plugin.SecurityGroupDbMixin._ensure_default_security_group_handler-1561375'] for port, before_update {{(pid=102422) _notify_loop /usr/local/lib/python3.8/dist-packages/neutron_lib/callbacks/manager.py:175}}
Dec 21 13:25:50.594396 dv-osbrick-master-4-iscsi neutron-server[102424]: DEBUG neutron.db.provisioning_blocks [None req-0d36e1dc-531d-40b5-b178-f6b3e37ff0d6 None None] Provisioning complete for port 7e24f64d-c1ec-4d02-9dfd-cce1dacafbbd triggered by entity DHCP. {{(pid=102424) provisioning_complete /opt/stack/neutron/neutron/db/provisioning_blocks.py:139}}
Dec 21 13:25:50.595213 dv-osbrick-master-4-iscsi neutron-server[102424]: DEBUG neutron_lib.callbacks.manager [None req-0d36e1dc-531d-40b5-b178-f6b3e37ff0d6 None None] Publish callbacks ['neutron.plugins.ml2.plugin.Ml2Plugin._port_provisioned-1473490'] for port, provisioning_complete {{(pid=102424) _notify_loop /usr/local/lib/python3.8/dist-packages/neutron_lib/callbacks/manager.py:175}}
Dec 21 13:25:50.646985 dv-osbrick-master-4-iscsi neutron-server[102424]: DEBUG neutron.plugins.ml2.plugin [None req-0d36e1dc-531d-40b5-b178-f6b3e37ff0d6 None None] Port 7e24f64d-c1ec-4d02-9dfd-cce1dacafbbd cannot update to ACTIVE because it is not bound. {{(pid=102424) _port_provisioned /opt/stack/neutron/neutron/plugins/ml2/plugin.py:342}}
Dec 21 13:25:50.713129 dv-osbrick-master-4-iscsi neutron-server[102422]: DEBUG neutron.notifiers.nova [req-45f91ceb-51cb-4656-baf3-70f1bc9feafb req-d8f734b7-e1af-4b0d-a821-659417cb33a5 service neutron] Ignoring state change previous_port_status: DOWN current_port_status: DOWN port_id 7e24f64d-c1ec-4d02-9dfd-cce1dacafbbd {{(pid=102422) record_port_status_changed /opt/stack/neutron/neutron/notifiers/nova.py:224}}
Dec 21 13:25:50.722046 dv-osbrick-master-4-iscsi neutron-server[102422]: DEBUG neutron_lib.callbacks.manager [req-45f91ceb-51cb-4656-baf3-70f1bc9feafb req-d8f734b7-e1af-4b0d-a821-659417cb33a5 service neutron] Publish callbacks [] for port, precommit_update {{(pid=102422) _notify_loop /usr/local/lib/python3.8/dist-packages/neutron_lib/callbacks/manager.py:175}}
Dec 21 13:25:50.736345 dv-osbrick-master-4-iscsi neutron-server[102422]: DEBUG neutron.db.provisioning_blocks [req-45f91ceb-51cb-4656-baf3-70f1bc9feafb req-d8f734b7-e1af-4b0d-a821-659417cb33a5 service neutron] Transition to ACTIVE for port object 7e24f64d-c1ec-4d02-9dfd-cce1dacafbbd will not be triggered until provisioned by entity L2. {{(pid=102422) add_provisioning_component /opt/stack/neutron/neutron/db/provisioning_blocks.py:73}}
Dec 21 13:25:50.741002 dv-osbrick-master-4-iscsi neutron-server[102422]: DEBUG neutron_lib.callbacks.manager [req-45f91ceb-51cb-4656-baf3-70f1bc9feafb req-d8f734b7-e1af-4b0d-a821-659417cb33a5 service neutron] Publish callbacks ['neutron.plugins.ml2.plugin.SecurityGroupServerNotifierRpcMixin._notify_sg_on_port_change-1561298', 'neutron.plugins.ml2.ovo_rpc._ObjectChangeHandler.handle_event-27098', 'neutron.api.rpc.agentnotifiers.dhcp_rpc_agent_api.DhcpAgentNotifyAPI._native_event_send_dhcp_notification-7836208', 'neutron.db.l3_db.L3RpcNotifierMixin._notify_gateway_port_ip_changed-8765965792323', 'neutron.db.l3_dvrscheduler_db._notify_l3_agent_port_update-8765965275877', 'neutron.db.l3_hascheduler_db._notify_l3_agent_ha_port_update-8765965275895'] for port, after_update {{(pid=102422) _notify_loop /usr/local/lib/python3.8/dist-packages/neutron_lib/callbacks/manager.py:175}}
Dec 21 13:25:50.803887 dv-osbrick-master-4-iscsi neutron-server[102422]: DEBUG neutron.api.rpc.handlers.resources_rpc [None req-d8f734b7-e1af-4b0d-a821-659417cb33a5 service neutron] Pushing event updated for resources: {'Port': ['ID=7e24f64d-c1ec-4d02-9dfd-cce1dacafbbd,revision_number=2']} {{(pid=102422) push /opt/stack/neutron/neutron/api/rpc/handlers/resources_rpc.py:237}}
Dec 21 13:25:50.838733 dv-osbrick-master-4-iscsi neutron-server[102422]: DEBUG neutron.plugins.ml2.managers [req-45f91ceb-51cb-4656-baf3-70f1bc9feafb req-d8f734b7-e1af-4b0d-a821-659417cb33a5 service neutron] Attempting to bind port 7e24f64d-c1ec-4d02-9dfd-cce1dacafbbd on host hv-osbrick-mast for vnic_type normal with profile {{(pid=102422) bind_port /opt/stack/neutron/neutron/plugins/ml2/managers.py:795}}
Dec 21 13:25:50.839193 dv-osbrick-master-4-iscsi neutron-server[102422]: DEBUG neutron.plugins.ml2.managers [req-45f91ceb-51cb-4656-baf3-70f1bc9feafb req-d8f734b7-e1af-4b0d-a821-659417cb33a5 service neutron] Attempting to bind port 7e24f64d-c1ec-4d02-9dfd-cce1dacafbbd by drivers openvswitch,hyperv on host hv-osbrick-mast at level 0 using segments [{'id': 'c2d61eff-8ba3-4f83-b628-2e1b2fbd05db', 'network_type': 'vlan', 'physical_network': 'physnet1', 'segmentation_id': 125, 'network_id': '31368398-ca98-4b17-9c7f-3dbef75ad618'}] {{(pid=102422) _bind_port_level /opt/stack/neutron/neutron/plugins/ml2/managers.py:820}}
Dec 21 13:25:50.839464 dv-osbrick-master-4-iscsi neutron-server[102422]: DEBUG neutron.plugins.ml2.drivers.mech_agent [req-45f91ceb-51cb-4656-baf3-70f1bc9feafb req-d8f734b7-e1af-4b0d-a821-659417cb33a5 service neutron] Attempting to bind port 7e24f64d-c1ec-4d02-9dfd-cce1dacafbbd on network 31368398-ca98-4b17-9c7f-3dbef75ad618 {{(pid=102422) bind_port /opt/stack/neutron/neutron/plugins/ml2/drivers/mech_agent.py:91}}
Dec 21 13:25:50.845308 dv-osbrick-master-4-iscsi neutron-server[102422]: DEBUG neutron.plugins.ml2.drivers.mech_agent [req-45f91ceb-51cb-4656-baf3-70f1bc9feafb req-d8f734b7-e1af-4b0d-a821-659417cb33a5 service neutron] Port 7e24f64d-c1ec-4d02-9dfd-cce1dacafbbd on network 31368398-ca98-4b17-9c7f-3dbef75ad618 not bound, no agent of type Open vSwitch agent registered on host hv-osbrick-mast {{(pid=102422) bind_port /opt/stack/neutron/neutron/plugins/ml2/drivers/mech_agent.py:103}}
Dec 21 13:25:50.845635 dv-osbrick-master-4-iscsi neutron-server[102422]: DEBUG neutron.plugins.ml2.drivers.mech_agent [req-45f91ceb-51cb-4656-baf3-70f1bc9feafb req-d8f734b7-e1af-4b0d-a821-659417cb33a5 service neutron] Attempting to bind port 7e24f64d-c1ec-4d02-9dfd-cce1dacafbbd on network 31368398-ca98-4b17-9c7f-3dbef75ad618 {{(pid=102422) bind_port /opt/stack/neutron/neutron/plugins/ml2/drivers/mech_agent.py:91}}
Dec 21 13:25:50.851974 dv-osbrick-master-4-iscsi neutron-server[102422]: DEBUG neutron.plugins.ml2.drivers.mech_agent [req-45f91ceb-51cb-4656-baf3-70f1bc9feafb req-d8f734b7-e1af-4b0d-a821-659417cb33a5 service neutron] Checking agent: {'id': '2442f95d-6fa5-4ea8-b554-f0f3f9cb908c', 'agent_type': 'HyperV agent', 'binary': 'neutron-hyperv-agent', 'topic': 'N/A', 'host': 'hv-osbrick-mast', 'admin_state_up': True, 'created_at': datetime.datetime(2021, 12, 21, 13, 22, 22), 'started_at': datetime.datetime(2021, 12, 21, 13, 22, 22), 'heartbeat_timestamp': datetime.datetime(2021, 12, 21, 13, 25, 22), 'description': None, 'resources_synced': None, 'availability_zone': None, 'alive': True, 'configurations': {'vswitch_mappings': {'physnet1$': 'br-data'}}, 'resource_versions': {}} {{(pid=102422) bind_port /opt/stack/neutron/neutron/plugins/ml2/drivers/mech_agent.py:110}}
Dec 21 13:25:50.852448 dv-osbrick-master-4-iscsi neutron-server[102422]: DEBUG neutron.plugins.ml2.drivers.mech_agent [req-45f91ceb-51cb-4656-baf3-70f1bc9feafb req-d8f734b7-e1af-4b0d-a821-659417cb33a5 service neutron] Checking segment: {'id': 'c2d61eff-8ba3-4f83-b628-2e1b2fbd05db', 'network_type': 'vlan', 'physical_network': 'physnet1', 'segmentation_id': 125, 'network_id': '31368398-ca98-4b17-9c7f-3dbef75ad618'} for mappings: {'physnet1$': 'br-data'} with network types: ['local', 'flat', 'vlan'] {{(pid=102422) check_segment_for_agent /opt/stack/neutron/neutron/plugins/ml2/drivers/mech_agent.py:371}}
Dec 21 13:25:50.852780 dv-osbrick-master-4-iscsi neutron-server[102422]: DEBUG neutron.plugins.ml2.drivers.mech_agent [req-45f91ceb-51cb-4656-baf3-70f1bc9feafb req-d8f734b7-e1af-4b0d-a821-659417cb33a5 service neutron] Bound using segment: {'id': 'c2d61eff-8ba3-4f83-b628-2e1b2fbd05db', 'network_type': 'vlan', 'physical_network': 'physnet1', 'segmentation_id': 125, 'network_id': '31368398-ca98-4b17-9c7f-3dbef75ad618'} {{(pid=102422) bind_port /opt/stack/neutron/neutron/plugins/ml2/drivers/mech_agent.py:120}}
Dec 21 13:25:50.853257 dv-osbrick-master-4-iscsi neutron-server[102422]: DEBUG neutron.plugins.ml2.managers [req-45f91ceb-51cb-4656-baf3-70f1bc9feafb req-d8f734b7-e1af-4b0d-a821-659417cb33a5 service neutron] Bound port: 7e24f64d-c1ec-4d02-9dfd-cce1dacafbbd, host: hv-osbrick-mast, vif_type: hyperv, vif_details: {"connectivity": "legacy", "port_filter": false}, binding_levels: [{'bound_driver': 'hyperv', 'bound_segment': {'id': 'c2d61eff-8ba3-4f83-b628-2e1b2fbd05db', 'network_type': 'vlan', 'physical_network': 'physnet1', 'segmentation_id': 125, 'network_id': '31368398-ca98-4b17-9c7f-3dbef75ad618'}}] {{(pid=102422) _bind_port_level /opt/stack/neutron/neutron/plugins/ml2/managers.py:932}}
Dec 21 13:25:50.853664 dv-osbrick-master-4-iscsi neutron-server[102422]: DEBUG neutron_lib.callbacks.manager [req-45f91ceb-51cb-4656-baf3-70f1bc9feafb req-d8f734b7-e1af-4b0d-a821-659417cb33a5 service neutron] Publish callbacks ['neutron.plugins.ml2.plugin.SecurityGroupDbMixin._ensure_default_security_group_handler-1561375'] for port, before_update {{(pid=102422) _notify_loop /usr/local/lib/python3.8/dist-packages/neutron_lib/callbacks/manager.py:175}}
Dec 21 13:25:50.896455 dv-osbrick-master-4-iscsi neutron-server[102423]: DEBUG neutron.pecan_wsgi.hooks.policy_enforcement [req-f442097e-9ea6-47da-8686-dba956caf30a req-5bef595e-8e7a-4350-8a65-dca9e0da972c tempest-TestVolumeBootPattern-969872157 tempest-TestVolumeBootPattern-969872157-project] Attributes excluded by policy engine: ['standard_attr_id', 'binding:profile', 'binding:host_id', 'binding:vif_type', 'binding:vif_details'] {{(pid=102423) _exclude_attributes_by_policy /opt/stack/neutron/neutron/pecan_wsgi/hooks/policy_enforcement.py:255}}
Dec 21 13:25:50.898186 dv-osbrick-master-4-iscsi neutron-server[102423]: INFO neutron.wsgi [req-f442097e-9ea6-47da-8686-dba956caf30a req-5bef595e-8e7a-4350-8a65-dca9e0da972c tempest-TestVolumeBootPattern-969872157 tempest-TestVolumeBootPattern-969872157-project] 10.222.0.24 "GET /v2.0/ports?device_id=3860d781-a55a-4c3c-90a7-b66b7612e530 HTTP/1.1" status: 200 len: 944 time: 0.0818179
Dec 21 13:25:50.961940 dv-osbrick-master-4-iscsi neutron-server[102422]: DEBUG neutron.plugins.ml2.db [req-45f91ceb-51cb-4656-baf3-70f1bc9feafb req-d8f734b7-e1af-4b0d-a821-659417cb33a5 service neutron] For port 7e24f64d-c1ec-4d02-9dfd-cce1dacafbbd, host hv-osbrick-mast, cleared binding levels {{(pid=102422) clear_binding_levels /opt/stack/neutron/neutron/plugins/ml2/db.py:87}}
Dec 21 13:25:50.969063 dv-osbrick-master-4-iscsi neutron-server[102422]: DEBUG neutron.plugins.ml2.db [req-45f91ceb-51cb-4656-baf3-70f1bc9feafb req-d8f734b7-e1af-4b0d-a821-659417cb33a5 service neutron] For port 7e24f64d-c1ec-4d02-9dfd-cce1dacafbbd, host hv-osbrick-mast, set binding levels [PortBindingLevel(driver='hyperv',host='hv-osbrick-mast',level=0,port_id=7e24f64d-c1ec-4d02-9dfd-cce1dacafbbd,segment=NetworkSegment(c2d61eff-8ba3-4f83-b628-2e1b2fbd05db),segment_id=c2d61eff-8ba3-4f83-b628-2e1b2fbd05db)] {{(pid=102422) set_binding_levels /opt/stack/neutron/neutron/plugins/ml2/db.py:59}}
Dec 21 13:25:50.976232 dv-osbrick-master-4-iscsi neutron-server[102422]: DEBUG neutron_lib.callbacks.manager [req-45f91ceb-51cb-4656-baf3-70f1bc9feafb req-d8f734b7-e1af-4b0d-a821-659417cb33a5 service neutron] Publish callbacks ['neutron.plugins.ml2.plugin.SecurityGroupServerNotifierRpcMixin._notify_sg_on_port_change-1561298', 'neutron.plugins.ml2.ovo_rpc._ObjectChangeHandler.handle_event-27098', 'neutron.api.rpc.agentnotifiers.dhcp_rpc_agent_api.DhcpAgentNotifyAPI._native_event_send_dhcp_notification-7836208', 'neutron.db.l3_db.L3RpcNotifierMixin._notify_gateway_port_ip_changed-8765965792323', 'neutron.db.l3_dvrscheduler_db._notify_l3_agent_port_update-8765965275877', 'neutron.db.l3_hascheduler_db._notify_l3_agent_ha_port_update-8765965275895'] for port, after_update {{(pid=102422) _notify_loop /usr/local/lib/python3.8/dist-packages/neutron_lib/callbacks/manager.py:175}}
Dec 21 13:25:50.991154 dv-osbrick-master-4-iscsi neutron-server[102423]: INFO neutron.wsgi [req-f442097e-9ea6-47da-8686-dba956caf30a req-9e9654b3-5ff5-4445-abad-8361c4781abf tempest-TestVolumeBootPattern-969872157 tempest-TestVolumeBootPattern-969872157-project] 10.222.0.24 "GET /v2.0/security-groups?id=b9703528-d5ca-49f6-bbc8-3cb80e9b6374&fields=id&fields=name HTTP/1.1" status: 200 len: 286 time: 0.0802248
Dec 21 13:25:51.026816 dv-osbrick-master-4-iscsi neutron-server[102422]: DEBUG neutron.pecan_wsgi.hooks.policy_enforcement [req-45f91ceb-51cb-4656-baf3-70f1bc9feafb req-d8f734b7-e1af-4b0d-a821-659417cb33a5 service neutron] Attributes excluded by policy engine: ['standard_attr_id'] {{(pid=102422) _exclude_attributes_by_policy /opt/stack/neutron/neutron/pecan_wsgi/hooks/policy_enforcement.py:255}}
Dec 21 13:25:51.027507 dv-osbrick-master-4-iscsi neutron-server[102422]: DEBUG neutron_lib.callbacks.manager [req-45f91ceb-51cb-4656-baf3-70f1bc9feafb req-d8f734b7-e1af-4b0d-a821-659417cb33a5 service neutron] Publish callbacks ['neutron.notifiers.nova.Notifier._send_nova_notification-173615'] for port, before_response {{(pid=102422) _notify_loop /usr/local/lib/python3.8/dist-packages/neutron_lib/callbacks/manager.py:175}}
Dec 21 13:25:51.029101 dv-osbrick-master-4-iscsi neutron-server[102422]: INFO neutron.wsgi [req-45f91ceb-51cb-4656-baf3-70f1bc9feafb req-d8f734b7-e1af-4b0d-a821-659417cb33a5 service neutron] 10.222.0.59 "PUT /v2.0/ports/7e24f64d-c1ec-4d02-9dfd-cce1dacafbbd HTTP/1.1" status: 200 len: 1094 time: 0.7063677
Dec 21 13:25:51.029621 dv-osbrick-master-4-iscsi neutron-server[102422]: DEBUG neutron.notifiers.nova [-] Sending events: [{'name': 'network-changed', 'server_uuid': '3860d781-a55a-4c3c-90a7-b66b7612e530', 'tag': '7e24f64d-c1ec-4d02-9dfd-cce1dacafbbd'}] {{(pid=102422) send_events /opt/stack/neutron/neutron/notifiers/nova.py:262}}
Dec 21 13:25:51.032224 dv-osbrick-master-4-iscsi neutron-server[102422]: DEBUG novaclient.v2.client [-] REQ: curl -g -i --cacert "/opt/stack/data/ca-bundle.pem" -X POST http://10.222.0.24/compute/v2.1/os-server-external-events -H "Accept: application/json" -H "Content-Type: application/json" -H "User-Agent: python-novaclient" -H "X-Auth-Token: {SHA256}d5f1d8eafc803235bbd4ebe32846526b7f4a334cd4bc041f677356791921f605" -H "X-OpenStack-Nova-API-Version: 2.1" -H "X-OpenStack-Request-ID: req-7efb723d-96ef-49aa-8713-42a31bc2bc06" -d '{"events": [{"name": "network-changed", "server_uuid": "3860d781-a55a-4c3c-90a7-b66b7612e530", "tag": "7e24f64d-c1ec-4d02-9dfd-cce1dacafbbd"}]}' {{(pid=102422) _http_log_request /usr/local/lib/python3.8/dist-packages/keystoneauth1/session.py:519}}
Dec 21 13:25:51.073839 dv-osbrick-master-4-iscsi neutron-server[102422]: DEBUG neutron.api.rpc.handlers.resources_rpc [None req-d8f734b7-e1af-4b0d-a821-659417cb33a5 service neutron] Pushing event updated for resources: {'Port': ['ID=7e24f64d-c1ec-4d02-9dfd-cce1dacafbbd,revision_number=3']} {{(pid=102422) push /opt/stack/neutron/neutron/api/rpc/handlers/resources_rpc.py:237}}
Dec 21 13:25:51.120224 dv-osbrick-master-4-iscsi neutron-server[102422]: DEBUG novaclient.v2.client [-] RESP: [200] Connection: close Content-Length: 179 Content-Type: application/json Date: Tue, 21 Dec 2021 13:25:51 GMT OpenStack-API-Version: compute 2.1 Server: Apache/2.4.41 (Ubuntu) Vary: OpenStack-API-Version,X-OpenStack-Nova-API-Version X-OpenStack-Nova-API-Version: 2.1 x-compute-request-id: req-1217958b-c521-49c6-8507-187ad36474a3 x-openstack-request-id: req-1217958b-c521-49c6-8507-187ad36474a3 {{(pid=102422) _http_log_response /usr/local/lib/python3.8/dist-packages/keystoneauth1/session.py:550}}
Dec 21 13:25:51.120521 dv-osbrick-master-4-iscsi neutron-server[102422]: DEBUG novaclient.v2.client [-] RESP BODY: {"events": [{"name": "network-changed", "server_uuid": "3860d781-a55a-4c3c-90a7-b66b7612e530", "tag": "7e24f64d-c1ec-4d02-9dfd-cce1dacafbbd", "status": "completed", "code": 200}]} {{(pid=102422) _http_log_response /usr/local/lib/python3.8/dist-packages/keystoneauth1/session.py:582}}
Dec 21 13:25:51.120777 dv-osbrick-master-4-iscsi neutron-server[102422]: DEBUG novaclient.v2.client [-] POST call to compute for http://10.222.0.24/compute/v2.1/os-server-external-events used request id req-1217958b-c521-49c6-8507-187ad36474a3 {{(pid=102422) request /usr/local/lib/python3.8/dist-packages/keystoneauth1/session.py:954}}
Dec 21 13:25:51.121724 dv-osbrick-master-4-iscsi neutron-server[102422]: INFO neutron.notifiers.nova [-] Nova event response: {'name': 'network-changed', 'server_uuid': '3860d781-a55a-4c3c-90a7-b66b7612e530', 'tag': '7e24f64d-c1ec-4d02-9dfd-cce1dacafbbd', 'status': 'completed', 'code': 200}
Dec 21 13:25:51.137189 dv-osbrick-master-4-iscsi neutron-server[102422]: DEBUG neutron.pecan_wsgi.hooks.policy_enforcement [req-45f91ceb-51cb-4656-baf3-70f1bc9feafb req-f5ddcb69-8407-4eb9-b2bf-b0e4f06dcbe0 service neutron] Attributes excluded by policy engine: ['standard_attr_id'] {{(pid=102422) _exclude_attributes_by_policy /opt/stack/neutron/neutron/pecan_wsgi/hooks/policy_enforcement.py:255}}
Dec 21 13:25:51.138784 dv-osbrick-master-4-iscsi neutron-server[102422]: INFO neutron.wsgi [req-45f91ceb-51cb-4656-baf3-70f1bc9feafb req-f5ddcb69-8407-4eb9-b2bf-b0e4f06dcbe0 service neutron] 10.222.0.59 "GET /v2.0/ports?tenant_id=9f107be983de4d108c8a16bd010718ab&device_id=3860d781-a55a-4c3c-90a7-b66b7612e530 HTTP/1.1" status: 200 len: 1097 time: 0.0554712
Dec 21 13:25:51.200674 dv-osbrick-master-4-iscsi neutron-server[102422]: INFO neutron.wsgi [req-45f91ceb-51cb-4656-baf3-70f1bc9feafb req-ad305fb3-129a-44b2-91ce-b984d5c2cf8c service neutron] 10.222.0.59 "GET /v2.0/floatingips?fixed_ip_address=172.20.0.14&port_id=7e24f64d-c1ec-4d02-9dfd-cce1dacafbbd HTTP/1.1" status: 200 len: 217 time: 0.0541058
Dec 21 13:25:51.273966 dv-osbrick-master-4-iscsi neutron-server[102422]: DEBUG neutron.pecan_wsgi.hooks.policy_enforcement [req-45f91ceb-51cb-4656-baf3-70f1bc9feafb req-69a393de-bde6-49f9-b9d2-4737c8867157 service neutron] Attributes excluded by policy engine: ['standard_attr_id', 'shared'] {{(pid=102422) _exclude_attributes_by_policy /opt/stack/neutron/neutron/pecan_wsgi/hooks/policy_enforcement.py:255}}
Dec 21 13:25:51.276223 dv-osbrick-master-4-iscsi neutron-server[102422]: INFO neutron.wsgi [req-45f91ceb-51cb-4656-baf3-70f1bc9feafb req-69a393de-bde6-49f9-b9d2-4737c8867157 service neutron] 10.222.0.59 "GET /v2.0/subnets?id=05a9c1da-2b4c-4136-8f50-3017aae34e59 HTTP/1.1" status: 200 len: 851 time: 0.0693295
Dec 21 13:25:51.339256 dv-osbrick-master-4-iscsi neutron-server[102422]: DEBUG neutron.pecan_wsgi.hooks.policy_enforcement [req-45f91ceb-51cb-4656-baf3-70f1bc9feafb req-135cb66c-a12f-42d1-8b27-8259234a8a2e service neutron] Attributes excluded by policy engine: ['standard_attr_id'] {{(pid=102422) _exclude_attributes_by_policy /opt/stack/neutron/neutron/pecan_wsgi/hooks/policy_enforcement.py:255}}
Dec 21 13:25:51.340789 dv-osbrick-master-4-iscsi neutron-server[102422]: INFO neutron.wsgi [req-45f91ceb-51cb-4656-baf3-70f1bc9feafb req-135cb66c-a12f-42d1-8b27-8259234a8a2e service neutron] 10.222.0.59 "GET /v2.0/ports?network_id=31368398-ca98-4b17-9c7f-3dbef75ad618&device_owner=network%3Adhcp HTTP/1.1" status: 200 len: 1176 time: 0.0576446
Dec 21 13:25:51.500978 dv-osbrick-master-4-iscsi neutron-server[102422]: INFO neutron.wsgi [req-45f91ceb-51cb-4656-baf3-70f1bc9feafb req-ea623a9b-3544-47f8-955c-19e7c46801f5 service neutron] 10.222.0.59 "GET /v2.0/networks/31368398-ca98-4b17-9c7f-3dbef75ad618?fields=segments HTTP/1.1" status: 200 len: 212 time: 0.1529977
Dec 21 13:25:51.602276 dv-osbrick-master-4-iscsi neutron-server[102422]: INFO neutron.wsgi [req-45f91ceb-51cb-4656-baf3-70f1bc9feafb req-d2047f60-459d-48c9-92ef-3942e6d211b3 service neutron] 10.222.0.59 "GET /v2.0/networks/31368398-ca98-4b17-9c7f-3dbef75ad618?fields=provider%3Aphysical_network&fields=provider%3Anetwork_type HTTP/1.1" status: 200 len: 281 time: 0.0948341
Dec 21 13:25:51.706118 dv-osbrick-master-4-iscsi neutron-server[102422]: DEBUG neutron.pecan_wsgi.hooks.policy_enforcement [req-7efb723d-96ef-49aa-8713-42a31bc2bc06 req-18ff745b-4eca-4ef1-b644-3560a3f398e8 service neutron] Attributes excluded by policy engine: ['standard_attr_id'] {{(pid=102422) _exclude_attributes_by_policy /opt/stack/neutron/neutron/pecan_wsgi/hooks/policy_enforcement.py:255}}
Dec 21 13:25:51.707659 dv-osbrick-master-4-iscsi neutron-server[102422]: INFO neutron.wsgi [req-7efb723d-96ef-49aa-8713-42a31bc2bc06 req-18ff745b-4eca-4ef1-b644-3560a3f398e8 service neutron] 10.222.0.59 "GET /v2.0/ports?tenant_id=9f107be983de4d108c8a16bd010718ab&device_id=3860d781-a55a-4c3c-90a7-b66b7612e530 HTTP/1.1" status: 200 len: 1097 time: 0.0478504
Dec 21 13:25:51.812173 dv-osbrick-master-4-iscsi neutron-server[102422]: DEBUG neutron.pecan_wsgi.hooks.policy_enforcement [req-7efb723d-96ef-49aa-8713-42a31bc2bc06 req-26426edc-9f85-495b-bbd5-115e875e8bef service neutron] Attributes excluded by policy engine: ['standard_attr_id', 'vlan_transparent'] {{(pid=102422) _exclude_attributes_by_policy /opt/stack/neutron/neutron/pecan_wsgi/hooks/policy_enforcement.py:255}}
Dec 21 13:25:51.813532 dv-osbrick-master-4-iscsi neutron-server[102422]: INFO neutron.wsgi [req-7efb723d-96ef-49aa-8713-42a31bc2bc06 req-26426edc-9f85-495b-bbd5-115e875e8bef service neutron] 10.222.0.59 "GET /v2.0/networks?id=31368398-ca98-4b17-9c7f-3dbef75ad618 HTTP/1.1" status: 200 len: 913 time: 0.0983789
Dec 21 13:25:51.861313 dv-osbrick-master-4-iscsi neutron-server[102422]: INFO neutron.wsgi [req-7efb723d-96ef-49aa-8713-42a31bc2bc06 req-8dd19ffa-8000-4ead-b178-62f9ba1dfaea service neutron] 10.222.0.59 "GET /v2.0/floatingips?fixed_ip_address=172.20.0.14&port_id=7e24f64d-c1ec-4d02-9dfd-cce1dacafbbd HTTP/1.1" status: 200 len: 217 time: 0.0374336
Dec 21 13:25:51.920477 dv-osbrick-master-4-iscsi neutron-server[102422]: DEBUG neutron.pecan_wsgi.hooks.policy_enforcement [req-7efb723d-96ef-49aa-8713-42a31bc2bc06 req-ad58b8cd-558f-41a1-9f56-708150ef84e3 service neutron] Attributes excluded by policy engine: ['standard_attr_id', 'shared'] {{(pid=102422) _exclude_attributes_by_policy /opt/stack/neutron/neutron/pecan_wsgi/hooks/policy_enforcement.py:255}}
Dec 21 13:25:51.923140 dv-osbrick-master-4-iscsi neutron-server[102422]: INFO neutron.wsgi [req-7efb723d-96ef-49aa-8713-42a31bc2bc06 req-ad58b8cd-558f-41a1-9f56-708150ef84e3 service neutron] 10.222.0.59 "GET /v2.0/subnets?id=05a9c1da-2b4c-4136-8f50-3017aae34e59 HTTP/1.1" status: 200 len: 851 time: 0.0547264
Dec 21 13:25:51.948225 dv-osbrick-master-4-iscsi neutron-server[102424]: DEBUG neutron_lib.callbacks.manager [None req-a7b8355d-d763-44ac-a9d4-b2e74076ab79 None None] Publish callbacks ['neutron.services.segments.db._update_segment_host_mapping_for_agent-8765965858762', 'neutron.plugins.ml2.plugin.Ml2Plugin._retry_binding_revived_agents-1473379'] for agent, after_update {{(pid=102424) _notify_loop /usr/local/lib/python3.8/dist-packages/neutron_lib/callbacks/manager.py:175}}
Dec 21 13:25:52.009602 dv-osbrick-master-4-iscsi neutron-server[102422]: DEBUG neutron.pecan_wsgi.hooks.policy_enforcement [req-7efb723d-96ef-49aa-8713-42a31bc2bc06 req-1e3c2471-4ddc-4c6a-9371-d006a34d2dd7 service neutron] Attributes excluded by policy engine: ['standard_attr_id'] {{(pid=102422) _exclude_attributes_by_policy /opt/stack/neutron/neutron/pecan_wsgi/hooks/policy_enforcement.py:255}}
Dec 21 13:25:52.013278 dv-osbrick-master-4-iscsi neutron-server[102422]: INFO neutron.wsgi [req-7efb723d-96ef-49aa-8713-42a31bc2bc06 req-1e3c2471-4ddc-4c6a-9371-d006a34d2dd7 service neutron] 10.222.0.59 "GET /v2.0/ports?network_id=31368398-ca98-4b17-9c7f-3dbef75ad618&device_owner=network%3Adhcp HTTP/1.1" status: 200 len: 1176 time: 0.0832710
Dec 21 13:25:52.160337 dv-osbrick-master-4-iscsi neutron-server[102423]: DEBUG neutron.pecan_wsgi.hooks.policy_enforcement [req-63c316b0-c2fe-4135-a84f-74010aab602e req-01127ad7-9e23-43af-8dcd-bc5afe9d1ef7 tempest-TestVolumeBootPattern-969872157 tempest-TestVolumeBootPattern-969872157-project] Attributes excluded by policy engine: ['standard_attr_id', 'binding:profile', 'binding:host_id', 'binding:vif_type', 'binding:vif_details'] {{(pid=102423) _exclude_attributes_by_policy /opt/stack/neutron/neutron/pecan_wsgi/hooks/policy_enforcement.py:255}}
Dec 21 13:25:52.161841 dv-osbrick-master-4-iscsi neutron-server[102423]: INFO neutron.wsgi [req-63c316b0-c2fe-4135-a84f-74010aab602e req-01127ad7-9e23-43af-8dcd-bc5afe9d1ef7 tempest-TestVolumeBootPattern-969872157 tempest-TestVolumeBootPattern-969872157-project] 10.222.0.24 "GET /v2.0/ports?device_id=3860d781-a55a-4c3c-90a7-b66b7612e530 HTTP/1.1" status: 200 len: 944 time: 0.0632870
Dec 21 13:25:52.163010 dv-osbrick-master-4-iscsi neutron-server[102422]: INFO neutron.wsgi [req-7efb723d-96ef-49aa-8713-42a31bc2bc06 req-f9c8eff9-94d5-4bbb-b37a-48a45390d097 service neutron] 10.222.0.59 "GET /v2.0/networks/31368398-ca98-4b17-9c7f-3dbef75ad618?fields=segments HTTP/1.1" status: 200 len: 212 time: 0.1419737
Dec 21 13:25:52.234013 dv-osbrick-master-4-iscsi neutron-server[102423]: INFO neutron.wsgi [req-63c316b0-c2fe-4135-a84f-74010aab602e req-f64d9952-0bd5-4c09-9b0a-a913090044cd tempest-TestVolumeBootPattern-969872157 tempest-TestVolumeBootPattern-969872157-project] 10.222.0.24 "GET /v2.0/security-groups?id=b9703528-d5ca-49f6-bbc8-3cb80e9b6374&fields=id&fields=name HTTP/1.1" status: 200 len: 286 time: 0.0646818
Dec 21 13:25:52.296722 dv-osbrick-master-4-iscsi neutron-server[102422]: INFO neutron.wsgi [req-7efb723d-96ef-49aa-8713-42a31bc2bc06 req-64bfc8cd-d8ab-4bcc-8dd0-5526fd1cbc71 service neutron] 10.222.0.59 "GET /v2.0/networks/31368398-ca98-4b17-9c7f-3dbef75ad618?fields=provider%3Aphysical_network&fields=provider%3Anetwork_type HTTP/1.1" status: 200 len: 281 time: 0.1262591
Dec 21 13:25:53.501883 dv-osbrick-master-4-iscsi neutron-server[102423]: DEBUG neutron.pecan_wsgi.hooks.policy_enforcement [req-0fda8a98-baac-44de-a9ad-f467a43426ee req-5316ff76-ee99-4715-8bed-9e5b2248879e tempest-TestVolumeBootPattern-969872157 tempest-TestVolumeBootPattern-969872157-project] Attributes excluded by policy engine: ['standard_attr_id', 'binding:profile', 'binding:host_id', 'binding:vif_type', 'binding:vif_details'] {{(pid=102423) _exclude_attributes_by_policy /opt/stack/neutron/neutron/pecan_wsgi/hooks/policy_enforcement.py:255}}
Dec 21 13:25:53.503517 dv-osbrick-master-4-iscsi neutron-server[102423]: INFO neutron.wsgi [req-0fda8a98-baac-44de-a9ad-f467a43426ee req-5316ff76-ee99-4715-8bed-9e5b2248879e tempest-TestVolumeBootPattern-969872157 tempest-TestVolumeBootPattern-969872157-project] 10.222.0.24 "GET /v2.0/ports?device_id=3860d781-a55a-4c3c-90a7-b66b7612e530 HTTP/1.1" status: 200 len: 944 time: 0.0515003
Dec 21 13:25:53.560602 dv-osbrick-master-4-iscsi neutron-server[102423]: INFO neutron.wsgi [req-0fda8a98-baac-44de-a9ad-f467a43426ee req-85fda7f7-c128-49d2-9936-99e7a3205700 tempest-TestVolumeBootPattern-969872157 tempest-TestVolumeBootPattern-969872157-project] 10.222.0.24 "GET /v2.0/security-groups?id=b9703528-d5ca-49f6-bbc8-3cb80e9b6374&fields=id&fields=name HTTP/1.1" status: 200 len: 286 time: 0.0456381
Dec 21 13:25:54.701259 dv-osbrick-master-4-iscsi neutron-server[102423]: DEBUG neutron.pecan_wsgi.hooks.policy_enforcement [req-4e177642-f65c-4275-a373-d631acc7fd99 req-8a3d5572-af37-4f86-b398-6088f33c24bf tempest-TestVolumeBootPattern-969872157 tempest-TestVolumeBootPattern-969872157-project] Attributes excluded by policy engine: ['standard_attr_id', 'binding:profile', 'binding:host_id', 'binding:vif_type', 'binding:vif_details'] {{(pid=102423) _exclude_attributes_by_policy /opt/stack/neutron/neutron/pecan_wsgi/hooks/policy_enforcement.py:255}}
Dec 21 13:25:54.702817 dv-osbrick-master-4-iscsi neutron-server[102423]: INFO neutron.wsgi [req-4e177642-f65c-4275-a373-d631acc7fd99 req-8a3d5572-af37-4f86-b398-6088f33c24bf tempest-TestVolumeBootPattern-969872157 tempest-TestVolumeBootPattern-969872157-project] 10.222.0.24 "GET /v2.0/ports?device_id=3860d781-a55a-4c3c-90a7-b66b7612e530 HTTP/1.1" status: 200 len: 944 time: 0.0686758
Dec 21 13:25:54.757963 dv-osbrick-master-4-iscsi neutron-server[102423]: INFO neutron.wsgi [req-4e177642-f65c-4275-a373-d631acc7fd99 req-3a6e9b86-aa04-4ad2-a752-cb995b97a6e5 tempest-TestVolumeBootPattern-969872157 tempest-TestVolumeBootPattern-969872157-project] 10.222.0.24 "GET /v2.0/security-groups?id=b9703528-d5ca-49f6-bbc8-3cb80e9b6374&fields=id&fields=name HTTP/1.1" status: 200 len: 286 time: 0.0487955
Dec 21 13:25:55.885056 dv-osbrick-master-4-iscsi neutron-server[102423]: DEBUG neutron.pecan_wsgi.hooks.policy_enforcement [req-e3c39e9b-57ec-45dd-91de-cabcc2bc8557 req-07620e56-8acd-4863-8a96-37aad4fe7310 tempest-TestVolumeBootPattern-969872157 tempest-TestVolumeBootPattern-969872157-project] Attributes excluded by policy engine: ['standard_attr_id', 'binding:profile', 'binding:host_id', 'binding:vif_type', 'binding:vif_details'] {{(pid=102423) _exclude_attributes_by_policy /opt/stack/neutron/neutron/pecan_wsgi/hooks/policy_enforcement.py:255}}
Dec 21 13:25:55.886781 dv-osbrick-master-4-iscsi neutron-server[102423]: INFO neutron.wsgi [req-e3c39e9b-57ec-45dd-91de-cabcc2bc8557 req-07620e56-8acd-4863-8a96-37aad4fe7310 tempest-TestVolumeBootPattern-969872157 tempest-TestVolumeBootPattern-969872157-project] 10.222.0.24 "GET /v2.0/ports?device_id=3860d781-a55a-4c3c-90a7-b66b7612e530 HTTP/1.1" status: 200 len: 944 time: 0.0533876
Dec 21 13:25:55.945419 dv-osbrick-master-4-iscsi neutron-server[102423]: INFO neutron.wsgi [req-e3c39e9b-57ec-45dd-91de-cabcc2bc8557 req-def12a05-eafd-4ef3-bdca-ca6a5b5bbda3 tempest-TestVolumeBootPattern-969872157 tempest-TestVolumeBootPattern-969872157-project] 10.222.0.24 "GET /v2.0/security-groups?id=b9703528-d5ca-49f6-bbc8-3cb80e9b6374&fields=id&fields=name HTTP/1.1" status: 200 len: 286 time: 0.0520506
Dec 21 13:25:57.143222 dv-osbrick-master-4-iscsi neutron-server[102423]: DEBUG neutron.pecan_wsgi.hooks.policy_enforcement [req-0bd113e0-0ea1-4541-b8fd-bb68936491df req-e9dc1872-cb09-4c4c-8cf3-3a38bc908b47 tempest-TestVolumeBootPattern-969872157 tempest-TestVolumeBootPattern-969872157-project] Attributes excluded by policy engine: ['standard_attr_id', 'binding:profile', 'binding:host_id', 'binding:vif_type', 'binding:vif_details'] {{(pid=102423) _exclude_attributes_by_policy /opt/stack/neutron/neutron/pecan_wsgi/hooks/policy_enforcement.py:255}}
Dec 21 13:25:57.145817 dv-osbrick-master-4-iscsi neutron-server[102423]: INFO neutron.wsgi [req-0bd113e0-0ea1-4541-b8fd-bb68936491df req-e9dc1872-cb09-4c4c-8cf3-3a38bc908b47 tempest-TestVolumeBootPattern-969872157 tempest-TestVolumeBootPattern-969872157-project] 10.222.0.24 "GET /v2.0/ports?device_id=3860d781-a55a-4c3c-90a7-b66b7612e530 HTTP/1.1" status: 200 len: 944 time: 0.0885503
Dec 21 13:25:57.225764 dv-osbrick-master-4-iscsi neutron-server[102423]: INFO neutron.wsgi [req-0bd113e0-0ea1-4541-b8fd-bb68936491df req-13964935-a31b-4841-ba00-5f3d771e14c3 tempest-TestVolumeBootPattern-969872157 tempest-TestVolumeBootPattern-969872157-project] 10.222.0.24 "GET /v2.0/security-groups?id=b9703528-d5ca-49f6-bbc8-3cb80e9b6374&fields=id&fields=name HTTP/1.1" status: 200 len: 286 time: 0.0731902
Dec 21 13:25:58.349882 dv-osbrick-master-4-iscsi neutron-server[102423]: DEBUG neutron.pecan_wsgi.hooks.policy_enforcement [req-6ef9569d-0150-4c00-97cc-de63082e0b4e req-7e3c423d-379f-4a84-b6f1-0cb5ffbd52dd tempest-TestVolumeBootPattern-969872157 tempest-TestVolumeBootPattern-969872157-project] Attributes excluded by policy engine: ['standard_attr_id', 'binding:profile', 'binding:host_id', 'binding:vif_type', 'binding:vif_details'] {{(pid=102423) _exclude_attributes_by_policy /opt/stack/neutron/neutron/pecan_wsgi/hooks/policy_enforcement.py:255}}
Dec 21 13:25:58.351671 dv-osbrick-master-4-iscsi neutron-server[102423]: INFO neutron.wsgi [req-6ef9569d-0150-4c00-97cc-de63082e0b4e req-7e3c423d-379f-4a84-b6f1-0cb5ffbd52dd tempest-TestVolumeBootPattern-969872157 tempest-TestVolumeBootPattern-969872157-project] 10.222.0.24 "GET /v2.0/ports?device_id=3860d781-a55a-4c3c-90a7-b66b7612e530 HTTP/1.1" status: 200 len: 944 time: 0.0522120
Dec 21 13:25:58.429786 dv-osbrick-master-4-iscsi neutron-server[102423]: INFO neutron.wsgi [req-6ef9569d-0150-4c00-97cc-de63082e0b4e req-1f8b3762-1e39-4a80-aac8-20bad8243fd9 tempest-TestVolumeBootPattern-969872157 tempest-TestVolumeBootPattern-969872157-project] 10.222.0.24 "GET /v2.0/security-groups?id=b9703528-d5ca-49f6-bbc8-3cb80e9b6374&fields=id&fields=name HTTP/1.1" status: 200 len: 286 time: 0.0661724
Dec 21 13:25:58.617945 dv-osbrick-master-4-iscsi neutron-server[102424]: DEBUG neutron.plugins.ml2.rpc [None req-a7b8355d-d763-44ac-a9d4-b2e74076ab79 None None] Device 7e24f64d-c1ec-4d02-9dfd-cce1dacafbbd details requested by agent hyperv_hv-osbrick-mast with host hv-osbrick-mast {{(pid=102424) get_device_details /opt/stack/neutron/neutron/plugins/ml2/rpc.py:102}}
Dec 21 13:25:58.727067 dv-osbrick-master-4-iscsi neutron-server[102424]: DEBUG neutron.plugins.ml2.db [None req-a7b8355d-d763-44ac-a9d4-b2e74076ab79 None None] For port 7e24f64d-c1ec-4d02-9dfd-cce1dacafbbd, host hv-osbrick-mast, got binding levels [PortBindingLevel(driver='hyperv',host='hv-osbrick-mast',level=0,port_id=7e24f64d-c1ec-4d02-9dfd-cce1dacafbbd,segment=NetworkSegment(c2d61eff-8ba3-4f83-b628-2e1b2fbd05db),segment_id=c2d61eff-8ba3-4f83-b628-2e1b2fbd05db)] {{(pid=102424) get_binding_level_objs /opt/stack/neutron/neutron/plugins/ml2/db.py:74}}
Dec 21 13:25:58.740195 dv-osbrick-master-4-iscsi neutron-server[102424]: DEBUG neutron.plugins.ml2.rpc [None req-a7b8355d-d763-44ac-a9d4-b2e74076ab79 None None] Returning: {'device': '7e24f64d-c1ec-4d02-9dfd-cce1dacafbbd', 'network_id': '31368398-ca98-4b17-9c7f-3dbef75ad618', 'port_id': '7e24f64d-c1ec-4d02-9dfd-cce1dacafbbd', 'mac_address': 'fa:16:3e:66:65:81', 'admin_state_up': True, 'network_type': 'vlan', 'segmentation_id': 125, 'physical_network': 'physnet1', 'mtu': 1500, 'fixed_ips': [{'subnet_id': '05a9c1da-2b4c-4136-8f50-3017aae34e59', 'ip_address': '172.20.0.14'}], 'device_owner': 'compute:nova', 'allowed_address_pairs': [], 'port_security_enabled': True, 'qos_policy_id': None, 'network_qos_policy_id': None, 'profile': {}, 'propagate_uplink_status': False} {{(pid=102424) _get_device_details /opt/stack/neutron/neutron/plugins/ml2/rpc.py:184}}
Dec 21 13:25:58.781760 dv-osbrick-master-4-iscsi neutron-server[102424]: DEBUG neutron_lib.callbacks.manager [None req-a7b8355d-d763-44ac-a9d4-b2e74076ab79 None None] Publish callbacks ['neutron.plugins.ml2.plugin.SecurityGroupDbMixin._ensure_default_security_group_handler-1561375'] for port, before_update {{(pid=102424) _notify_loop /usr/local/lib/python3.8/dist-packages/neutron_lib/callbacks/manager.py:175}}
Dec 21 13:25:58.797711 dv-osbrick-master-4-iscsi neutron-server[102424]: DEBUG neutron.notifiers.nova [None req-a7b8355d-d763-44ac-a9d4-b2e74076ab79 None None] Ignoring state change previous_port_status: DOWN current_port_status: BUILD port_id 7e24f64d-c1ec-4d02-9dfd-cce1dacafbbd {{(pid=102424) record_port_status_changed /opt/stack/neutron/neutron/notifiers/nova.py:224}}
Dec 21 13:25:58.831266 dv-osbrick-master-4-iscsi neutron-server[102424]: DEBUG neutron.plugins.ml2.db [None req-a7b8355d-d763-44ac-a9d4-b2e74076ab79 None None] For port 7e24f64d-c1ec-4d02-9dfd-cce1dacafbbd, host hv-osbrick-mast, got binding levels [PortBindingLevel(driver='hyperv',host='hv-osbrick-mast',level=0,port_id=7e24f64d-c1ec-4d02-9dfd-cce1dacafbbd,segment=NetworkSegment(c2d61eff-8ba3-4f83-b628-2e1b2fbd05db),segment_id=c2d61eff-8ba3-4f83-b628-2e1b2fbd05db)] {{(pid=102424) get_binding_level_objs /opt/stack/neutron/neutron/plugins/ml2/db.py:74}}
Dec 21 13:25:58.837014 dv-osbrick-master-4-iscsi neutron-server[102424]: DEBUG neutron_lib.callbacks.manager [None req-a7b8355d-d763-44ac-a9d4-b2e74076ab79 None None] Publish callbacks ['neutron.plugins.ml2.plugin.SecurityGroupServerNotifierRpcMixin._notify_sg_on_port_change-1561298', 'neutron.plugins.ml2.ovo_rpc._ObjectChangeHandler.handle_event-27098', 'neutron.api.rpc.agentnotifiers.dhcp_rpc_agent_api.DhcpAgentNotifyAPI._native_event_send_dhcp_notification-7836208', 'neutron.db.l3_db.L3RpcNotifierMixin._notify_gateway_port_ip_changed-8765965792323', 'neutron.db.l3_dvrscheduler_db._notify_l3_agent_port_update-8765965275877', 'neutron.db.l3_hascheduler_db._notify_l3_agent_ha_port_update-8765965275895'] for port, after_update {{(pid=102424) _notify_loop /usr/local/lib/python3.8/dist-packages/neutron_lib/callbacks/manager.py:175}}
Dec 21 13:25:58.892357 dv-osbrick-master-4-iscsi neutron-server[102424]: DEBUG neutron.api.rpc.handlers.resources_rpc [None req-a7b8355d-d763-44ac-a9d4-b2e74076ab79 None None] Pushing event updated for resources: {'Port': ['ID=7e24f64d-c1ec-4d02-9dfd-cce1dacafbbd,revision_number=4']} {{(pid=102424) push /opt/stack/neutron/neutron/api/rpc/handlers/resources_rpc.py:237}}
Dec 21 13:25:59.077726 dv-osbrick-master-4-iscsi neutron-server[102424]: DEBUG neutron.plugins.ml2.db [None req-a7b8355d-d763-44ac-a9d4-b2e74076ab79 None None] get_ports_and_sgs() called for port_ids ['7e24f64d-c1ec-4d02-9dfd-cce1dacafbbd'] {{(pid=102424) get_ports_and_sgs /opt/stack/neutron/neutron/plugins/ml2/db.py:156}}
Dec 21 13:25:59.557283 dv-osbrick-master-4-iscsi neutron-server[102423]: DEBUG neutron.pecan_wsgi.hooks.policy_enforcement [req-522b0eaf-532b-4039-927b-b43821c5d927 req-4a7118a3-f88b-4bd0-914c-8a18f5d1de50 tempest-TestVolumeBootPattern-969872157 tempest-TestVolumeBootPattern-969872157-project] Attributes excluded by policy engine: ['standard_attr_id', 'binding:profile', 'binding:host_id', 'binding:vif_type', 'binding:vif_details'] {{(pid=102423) _exclude_attributes_by_policy /opt/stack/neutron/neutron/pecan_wsgi/hooks/policy_enforcement.py:255}}
Dec 21 13:25:59.559306 dv-osbrick-master-4-iscsi neutron-server[102423]: INFO neutron.wsgi [req-522b0eaf-532b-4039-927b-b43821c5d927 req-4a7118a3-f88b-4bd0-914c-8a18f5d1de50 tempest-TestVolumeBootPattern-969872157 tempest-TestVolumeBootPattern-969872157-project] 10.222.0.24 "GET /v2.0/ports?device_id=3860d781-a55a-4c3c-90a7-b66b7612e530 HTTP/1.1" status: 200 len: 945 time: 0.0533688
Dec 21 13:25:59.623711 dv-osbrick-master-4-iscsi neutron-server[102423]: INFO neutron.wsgi [req-522b0eaf-532b-4039-927b-b43821c5d927 req-f9b7c580-9998-405a-ba03-c150e382aaf4 tempest-TestVolumeBootPattern-969872157 tempest-TestVolumeBootPattern-969872157-project] 10.222.0.24 "GET /v2.0/security-groups?id=b9703528-d5ca-49f6-bbc8-3cb80e9b6374&fields=id&fields=name HTTP/1.1" status: 200 len: 286 time: 0.0575156
Dec 21 13:26:00.404140 dv-osbrick-master-4-iscsi neutron-server[102424]: DEBUG neutron_lib.callbacks.manager [None req-133fb4d8-6f11-4215-957f-595f2f286bd6 None None] Publish callbacks ['neutron.services.segments.db._update_segment_host_mapping_for_agent-8765965858762', 'neutron.plugins.ml2.plugin.Ml2Plugin._retry_binding_revived_agents-1473379'] for agent, after_update {{(pid=102424) _notify_loop /usr/local/lib/python3.8/dist-packages/neutron_lib/callbacks/manager.py:175}}
Dec 21 13:26:00.631582 dv-osbrick-master-4-iscsi neutron-server[102424]: DEBUG neutron.plugins.ml2.rpc [None req-a7b8355d-d763-44ac-a9d4-b2e74076ab79 None None] Device 7e24f64d-c1ec-4d02-9dfd-cce1dacafbbd up at agent hyperv_hv-osbrick-mast {{(pid=102424) update_device_up /opt/stack/neutron/neutron/plugins/ml2/rpc.py:296}}
Dec 21 13:26:00.691131 dv-osbrick-master-4-iscsi neutron-server[102424]: DEBUG neutron.db.provisioning_blocks [None req-a7b8355d-d763-44ac-a9d4-b2e74076ab79 None None] Provisioning for port 7e24f64d-c1ec-4d02-9dfd-cce1dacafbbd completed by entity L2. {{(pid=102424) provisioning_complete /opt/stack/neutron/neutron/db/provisioning_blocks.py:133}}
Dec 21 13:26:00.696505 dv-osbrick-master-4-iscsi neutron-server[102424]: DEBUG neutron.db.provisioning_blocks [None req-a7b8355d-d763-44ac-a9d4-b2e74076ab79 None None] Provisioning complete for port 7e24f64d-c1ec-4d02-9dfd-cce1dacafbbd triggered by entity L2. {{(pid=102424) provisioning_complete /opt/stack/neutron/neutron/db/provisioning_blocks.py:139}}
Dec 21 13:26:00.697033 dv-osbrick-master-4-iscsi neutron-server[102424]: DEBUG neutron_lib.callbacks.manager [None req-a7b8355d-d763-44ac-a9d4-b2e74076ab79 None None] Publish callbacks ['neutron.plugins.ml2.plugin.Ml2Plugin._port_provisioned-1473490'] for port, provisioning_complete {{(pid=102424) _notify_loop /usr/local/lib/python3.8/dist-packages/neutron_lib/callbacks/manager.py:175}}
Dec 21 13:26:00.766882 dv-osbrick-master-4-iscsi neutron-server[102423]: DEBUG neutron.pecan_wsgi.hooks.policy_enforcement [req-d53ff6c0-4cec-4fdb-9abc-d4b2129054a3 req-b61ab502-f2e6-4fbe-837d-e2b1d06306db tempest-TestVolumeBootPattern-969872157 tempest-TestVolumeBootPattern-969872157-project] Attributes excluded by policy engine: ['standard_attr_id', 'binding:profile', 'binding:host_id', 'binding:vif_type', 'binding:vif_details'] {{(pid=102423) _exclude_attributes_by_policy /opt/stack/neutron/neutron/pecan_wsgi/hooks/policy_enforcement.py:255}}
Dec 21 13:26:00.769068 dv-osbrick-master-4-iscsi neutron-server[102423]: INFO neutron.wsgi [req-d53ff6c0-4cec-4fdb-9abc-d4b2129054a3 req-b61ab502-f2e6-4fbe-837d-e2b1d06306db tempest-TestVolumeBootPattern-969872157 tempest-TestVolumeBootPattern-969872157-project] 10.222.0.24 "GET /v2.0/ports?device_id=3860d781-a55a-4c3c-90a7-b66b7612e530 HTTP/1.1" status: 200 len: 945 time: 0.0619013
Dec 21 13:26:00.805518 dv-osbrick-master-4-iscsi neutron-server[102424]: DEBUG neutron_lib.callbacks.manager [None req-a7b8355d-d763-44ac-a9d4-b2e74076ab79 None None] Publish callbacks ['neutron.plugins.ml2.plugin.SecurityGroupDbMixin._ensure_default_security_group_handler-1561375'] for port, before_update {{(pid=102424) _notify_loop /usr/local/lib/python3.8/dist-packages/neutron_lib/callbacks/manager.py:175}}
Dec 21 13:26:00.833227 dv-osbrick-master-4-iscsi neutron-server[102424]: DEBUG neutron.notifiers.nova [-] Sending events: [{'server_uuid': '3860d781-a55a-4c3c-90a7-b66b7612e530', 'name': 'network-vif-plugged', 'status': 'completed', 'tag': '7e24f64d-c1ec-4d02-9dfd-cce1dacafbbd'}] {{(pid=102424) send_events /opt/stack/neutron/neutron/notifiers/nova.py:262}}
Dec 21 13:26:00.836091 dv-osbrick-master-4-iscsi neutron-server[102424]: DEBUG novaclient.v2.client [-] REQ: curl -g -i --cacert "/opt/stack/data/ca-bundle.pem" -X POST http://10.222.0.24/compute/v2.1/os-server-external-events -H "Accept: application/json" -H "Content-Type: application/json" -H "User-Agent: python-novaclient" -H "X-Auth-Token: {SHA256}45963ad097e23df69d346f02f4371f5f0374d0c0a9ad1b3d097dc9e51fa68c7e" -H "X-OpenStack-Nova-API-Version: 2.1" -H "X-OpenStack-Request-ID: req-6be3cbe2-3546-44f0-afec-c7a74d1c48b1" -d '{"events": [{"server_uuid": "3860d781-a55a-4c3c-90a7-b66b7612e530", "name": "network-vif-plugged", "status": "completed", "tag": "7e24f64d-c1ec-4d02-9dfd-cce1dacafbbd"}]}' {{(pid=102424) _http_log_request /usr/local/lib/python3.8/dist-packages/keystoneauth1/session.py:519}}
