Oct 22 20:31:06.088478 dv-osbrick-master-4-ceph devstack@keystone.service[88408]: DEBUG keystone.common.rbac_enforcer.enforcer [None req-c3d41790-74c4-40c6-b838-c9d96f0258ef None admin] RBAC: Authorization granted {{(pid=88408) enforce_call /opt/stack/keystone/keystone/common/rbac_enforcer/enforcer.py:457}}
Oct 22 20:31:06.109512 dv-osbrick-master-4-ceph devstack@keystone.service[88408]: [pid: 88408|app: 0|req: 85/172] 10.222.0.39 () {60 vars in 1132 bytes} [Sat Oct 22 20:31:05 2022] POST /identity/v3/users => generated 297 bytes in 162 msecs (HTTP/1.1 201) 5 headers in 182 bytes (1 switches on core 0)
Oct 22 20:31:06.110308 dv-osbrick-master-4-ceph devstack@keystone.service[88408]: DEBUG keystone.server.flask.request_processing.middleware.auth_context [None req-c3d41790-74c4-40c6-b838-c9d96f0258ef None admin] Authenticating user token {{(pid=88408) process_request /usr/local/lib/python3.8/dist-packages/keystonemiddleware/auth_token/__init__.py:407}}
Oct 22 20:31:06.136724 dv-osbrick-master-4-ceph devstack@keystone.service[88408]: DEBUG dbcounter [-] [88408] Writing DB stats keystone:SELECT=97,keystone:INSERT=3 {{(pid=88408) stat_writer /usr/local/lib/python3.8/dist-packages/dbcounter.py:114}}
Oct 22 20:31:06.160678 dv-osbrick-master-4-ceph devstack@keystone.service[88407]: DEBUG keystone.server.flask.request_processing.middleware.auth_context [None req-d9fffc9e-951d-45e2-a0ea-a1311dde233f None admin] Validating token access rules against request {{(pid=88407) validate_allowed_request /usr/local/lib/python3.8/dist-packages/keystonemiddleware/auth_token/__init__.py:545}}
Oct 22 20:31:06.201373 dv-osbrick-master-4-ceph devstack@keystone.service[88407]: DEBUG keystone.server.flask.request_processing.middleware.auth_context [None req-edad6f3f-194a-44ef-b936-b32073d27176 None admin] RBAC: auth_context: {'token': , 'domain_id': None, 'trust_id': None, 'trustor_id': None, 'trustee_id': None, 'domain_name': None, 'group_ids': [], 'user_id': 'f2fce337ce4a417ea9044d0fbc87d49f', 'user_domain_id': 'default', 'system_scope': 'all', 'project_id': None, 'project_domain_id': None, 'roles': ['admin', 'member', 'reader'], 'is_admin_project': True, 'service_user_id': None, 'service_user_domain_id': None, 'service_project_id': None, 'service_project_domain_id': None, 'service_roles': []} {{(pid=88407) fill_context /opt/stack/keystone/keystone/server/flask/request_processing/middleware/auth_context.py:478}}
Oct 22 20:31:06.202251 dv-osbrick-master-4-ceph devstack@keystone.service[88407]: DEBUG keystone.server.flask.request_processing.req_logging [None req-edad6f3f-194a-44ef-b936-b32073d27176 None admin] REQUEST_METHOD: `GET` {{(pid=88407) log_request_info /opt/stack/keystone/keystone/server/flask/request_processing/req_logging.py:27}}
Oct 22 20:31:06.202534 dv-osbrick-master-4-ceph devstack@keystone.service[88407]: DEBUG keystone.server.flask.request_processing.req_logging [None req-edad6f3f-194a-44ef-b936-b32073d27176 None admin] SCRIPT_NAME: `/identity` {{(pid=88407) log_request_info /opt/stack/keystone/keystone/server/flask/request_processing/req_logging.py:28}}
Oct 22 20:31:06.202800 dv-osbrick-master-4-ceph devstack@keystone.service[88407]: DEBUG keystone.server.flask.request_processing.req_logging [None req-edad6f3f-194a-44ef-b936-b32073d27176 None admin] PATH_INFO: `/v3/users/e539b174637e4aeb9e8ced5baf3b4918` {{(pid=88407) log_request_info /opt/stack/keystone/keystone/server/flask/request_processing/req_logging.py:29}}
Oct 22 20:31:06.218259 dv-osbrick-master-4-ceph devstack@keystone.service[88407]: DEBUG keystone.common.rbac_enforcer.enforcer [None req-edad6f3f-194a-44ef-b936-b32073d27176 None admin] RBAC: Authorizing `identity:get_user(user_id=e539b174637e4aeb9e8ced5baf3b4918)` {{(pid=88407) enforce_call /opt/stack/keystone/keystone/common/rbac_enforcer/enforcer.py:449}}
Oct 22 20:31:06.219814 dv-osbrick-master-4-ceph devstack@keystone.service[88407]: DEBUG keystone.common.rbac_enforcer.enforcer [None req-edad6f3f-194a-44ef-b936-b32073d27176 None admin] RBAC: Authorization granted {{(pid=88407) enforce_call /opt/stack/keystone/keystone/common/rbac_enforcer/enforcer.py:457}}
Oct 22 20:31:06.221716 dv-osbrick-master-4-ceph devstack@keystone.service[88407]: [pid: 88407|app: 0|req: 88/173] 10.222.0.39 () {56 vars in 1177 bytes} [Sat Oct 22 20:31:06 2022] GET /identity/v3/users/e539b174637e4aeb9e8ced5baf3b4918 => generated 297 bytes in 172 msecs (HTTP/1.1 200) 5 headers in 177 bytes (1 switches on core 0)
Oct 22 20:31:06.222922 dv-osbrick-master-4-ceph devstack@keystone.service[88407]: DEBUG keystone.server.flask.request_processing.middleware.auth_context [None req-edad6f3f-194a-44ef-b936-b32073d27176 None admin] Authenticating user token {{(pid=88407) process_request /usr/local/lib/python3.8/dist-packages/keystonemiddleware/auth_token/__init__.py:407}}
Oct 22 20:31:06.229440 dv-osbrick-master-4-ceph devstack@keystone.service[88408]: DEBUG keystone.server.flask.request_processing.middleware.auth_context [None req-c3d41790-74c4-40c6-b838-c9d96f0258ef None admin] Validating token access rules against request {{(pid=88408) validate_allowed_request /usr/local/lib/python3.8/dist-packages/keystonemiddleware/auth_token/__init__.py:545}}
Oct 22 20:31:06.261151 dv-osbrick-master-4-ceph devstack@keystone.service[88407]: DEBUG dbcounter [-] [88407] Writing DB stats keystone:SELECT=100 {{(pid=88407) stat_writer /usr/local/lib/python3.8/dist-packages/dbcounter.py:114}}
Oct 22 20:31:06.269753 dv-osbrick-master-4-ceph devstack@keystone.service[88408]: DEBUG keystone.server.flask.request_processing.middleware.auth_context [None req-ba7ae440-3d59-492a-8513-4c3ca5d3cc08 None admin] RBAC: auth_context: {'token': , 'domain_id': None, 'trust_id': None, 'trustor_id': None, 'trustee_id': None, 'domain_name': None, 'group_ids': [], 'user_id': 'f2fce337ce4a417ea9044d0fbc87d49f', 'user_domain_id': 'default', 'system_scope': 'all', 'project_id': None, 'project_domain_id': None, 'roles': ['admin', 'member', 'reader'], 'is_admin_project': True, 'service_user_id': None, 'service_user_domain_id': None, 'service_project_id': None, 'service_project_domain_id': None, 'service_roles': []} {{(pid=88408) fill_context /opt/stack/keystone/keystone/server/flask/request_processing/middleware/auth_context.py:478}}
Oct 22 20:31:06.270675 dv-osbrick-master-4-ceph devstack@keystone.service[88408]: DEBUG keystone.server.flask.request_processing.req_logging [None req-ba7ae440-3d59-492a-8513-4c3ca5d3cc08 None admin] REQUEST_METHOD: `GET` {{(pid=88408) log_request_info /opt/stack/keystone/keystone/server/flask/request_processing/req_logging.py:27}}
Oct 22 20:31:06.271102 dv-osbrick-master-4-ceph devstack@keystone.service[88408]: DEBUG keystone.server.flask.request_processing.req_logging [None req-ba7ae440-3d59-492a-8513-4c3ca5d3cc08 None admin] SCRIPT_NAME: `/identity` {{(pid=88408) log_request_info /opt/stack/keystone/keystone/server/flask/request_processing/req_logging.py:28}}
Oct 22 20:31:06.271548 dv-osbrick-master-4-ceph devstack@keystone.service[88408]: DEBUG keystone.server.flask.request_processing.req_logging [None req-ba7ae440-3d59-492a-8513-4c3ca5d3cc08 None admin] PATH_INFO: `/v3/roles/anotherrole` {{(pid=88408) log_request_info /opt/stack/keystone/keystone/server/flask/request_processing/req_logging.py:29}}
Oct 22 20:31:06.283507 dv-osbrick-master-4-ceph devstack@keystone.service[88408]: DEBUG keystone.common.rbac_enforcer.enforcer [None req-ba7ae440-3d59-492a-8513-4c3ca5d3cc08 None admin] Extracting inferred target data resulted in "NOT FOUND (404)". {{(pid=88408) enforce_call /opt/stack/keystone/keystone/common/rbac_enforcer/enforcer.py:409}}
Oct 22 20:31:06.288876 dv-osbrick-master-4-ceph devstack@keystone.service[88408]: ERROR keystone.server.flask.application [None req-ba7ae440-3d59-492a-8513-4c3ca5d3cc08 None admin] Could not find role: anotherrole.: keystone.exception.RoleNotFound: Could not find role: anotherrole.
Oct 22 20:31:06.288876 dv-osbrick-master-4-ceph devstack@keystone.service[88408]: ERROR keystone.server.flask.application
Traceback (most recent call last):
Oct 22 20:31:06.288876 dv-osbrick-master-4-ceph devstack@keystone.service[88408]: ERROR keystone.server.flask.application
File "/usr/local/lib/python3.8/dist-packages/flask/app.py", line 1820, in full_dispatch_request
Oct 22 20:31:06.288876 dv-osbrick-master-4-ceph devstack@keystone.service[88408]: ERROR keystone.server.flask.application rv = self.dispatch_request()
Oct 22 20:31:06.288876 dv-osbrick-master-4-ceph devstack@keystone.service[88408]: ERROR keystone.server.flask.application
File "/usr/local/lib/python3.8/dist-packages/flask/app.py", line 1796, in dispatch_request
Oct 22 20:31:06.288876 dv-osbrick-master-4-ceph devstack@keystone.service[88408]: ERROR keystone.server.flask.application return self.ensure_sync(self.view_functions[rule.endpoint])(**view_args)
Oct 22 20:31:06.288876 dv-osbrick-master-4-ceph devstack@keystone.service[88408]: ERROR keystone.server.flask.application
File "/usr/local/lib/python3.8/dist-packages/flask_restful/__init__.py", line 467, in wrapper
Oct 22 20:31:06.288876 dv-osbrick-master-4-ceph devstack@keystone.service[88408]: ERROR keystone.server.flask.application resp = resource(*args, **kwargs)
Oct 22 20:31:06.288876 dv-osbrick-master-4-ceph devstack@keystone.service[88408]: ERROR keystone.server.flask.application
File "/usr/local/lib/python3.8/dist-packages/flask/views.py", line 107, in view
Oct 22 20:31:06.288876 dv-osbrick-master-4-ceph devstack@keystone.service[88408]: ERROR keystone.server.flask.application return current_app.ensure_sync(self.dispatch_request)(**kwargs)
Oct 22 20:31:06.288876 dv-osbrick-master-4-ceph devstack@keystone.service[88408]: ERROR keystone.server.flask.application
File "/usr/local/lib/python3.8/dist-packages/flask_restful/__init__.py", line 582, in dispatch_request
Oct 22 20:31:06.288876 dv-osbrick-master-4-ceph devstack@keystone.service[88408]: ERROR keystone.server.flask.application resp = meth(*args, **kwargs)
Oct 22 20:31:06.288876 dv-osbrick-master-4-ceph devstack@keystone.service[88408]: ERROR keystone.server.flask.application
File "/opt/stack/keystone/keystone/api/roles.py", line 50, in get
Oct 22 20:31:06.288876 dv-osbrick-master-4-ceph devstack@keystone.service[88408]: ERROR keystone.server.flask.application return self._get_role(role_id)
Oct 22 20:31:06.288876 dv-osbrick-master-4-ceph devstack@keystone.service[88408]: ERROR keystone.server.flask.application
File "/opt/stack/keystone/keystone/api/roles.py", line 70, in _get_role
Oct 22 20:31:06.288876 dv-osbrick-master-4-ceph devstack@keystone.service[88408]: ERROR keystone.server.flask.application ENFORCER.enforce_call(action='identity:get_role')
Oct 22 20:31:06.289821 dv-osbrick-master-4-ceph devstack@keystone.service[88408]: ERROR keystone.server.flask.application
File "/opt/stack/keystone/keystone/common/rbac_enforcer/enforcer.py", line 402, in enforce_call
Oct 22 20:31:06.289821 dv-osbrick-master-4-ceph devstack@keystone.service[88408]: ERROR keystone.server.flask.application policy_dict.update(cls._extract_member_target_data(
Oct 22 20:31:06.289821 dv-osbrick-master-4-ceph devstack@keystone.service[88408]: ERROR keystone.server.flask.application
File "/opt/stack/keystone/keystone/common/rbac_enforcer/enforcer.py", line 234, in _extract_member_target_data
Oct 22 20:31:06.289821 dv-osbrick-master-4-ceph devstack@keystone.service[88408]: ERROR keystone.server.flask.application member_name: func(flask.request.view_args[key])
Oct 22 20:31:06.289821 dv-osbrick-master-4-ceph devstack@keystone.service[88408]: ERROR keystone.server.flask.application
File "/opt/stack/keystone/keystone/common/manager.py", line 115, in wrapped
Oct 22 20:31:06.289821 dv-osbrick-master-4-ceph devstack@keystone.service[88408]: ERROR keystone.server.flask.application __ret_val = __f(*args, **kwargs)
Oct 22 20:31:06.289821 dv-osbrick-master-4-ceph devstack@keystone.service[88408]: ERROR keystone.server.flask.application
File "/usr/local/lib/python3.8/dist-packages/decorator.py", line 232, in fun
Oct 22 20:31:06.289821 dv-osbrick-master-4-ceph devstack@keystone.service[88408]: ERROR keystone.server.flask.application return caller(func, *(extras + args), **kw)
Oct 22 20:31:06.289821 dv-osbrick-master-4-ceph devstack@keystone.service[88408]: ERROR keystone.server.flask.application
File "/usr/local/lib/python3.8/dist-packages/dogpile/cache/region.py", line 1577, in get_or_create_for_user_func
Oct 22 20:31:06.289821 dv-osbrick-master-4-ceph devstack@keystone.service[88408]: ERROR keystone.server.flask.application return self.get_or_create(
Oct 22 20:31:06.289821 dv-osbrick-master-4-ceph devstack@keystone.service[88408]: ERROR keystone.server.flask.application
File "/usr/local/lib/python3.8/dist-packages/dogpile/cache/region.py", line 1042, in get_or_create
Oct 22 20:31:06.289821 dv-osbrick-master-4-ceph devstack@keystone.service[88408]: ERROR keystone.server.flask.application with Lock(
Oct 22 20:31:06.289821 dv-osbrick-master-4-ceph devstack@keystone.service[88408]: ERROR keystone.server.flask.application
File "/usr/local/lib/python3.8/dist-packages/dogpile/lock.py", line 185, in __enter__
Oct 22 20:31:06.289821 dv-osbrick-master-4-ceph devstack@keystone.service[88408]: ERROR keystone.server.flask.application return self._enter()
Oct 22 20:31:06.289821 dv-osbrick-master-4-ceph devstack@keystone.service[88408]: ERROR keystone.server.flask.application
File "/usr/local/lib/python3.8/dist-packages/dogpile/lock.py", line 94, in _enter
Oct 22 20:31:06.289821 dv-osbrick-master-4-ceph devstack@keystone.service[88408]: ERROR keystone.server.flask.application generated = self._enter_create(value, createdtime)
Oct 22 20:31:06.295746 dv-osbrick-master-4-ceph devstack@keystone.service[88408]: ERROR keystone.server.flask.application
File "/usr/local/lib/python3.8/dist-packages/dogpile/lock.py", line 178, in _enter_create
Oct 22 20:31:06.295746 dv-osbrick-master-4-ceph devstack@keystone.service[88408]: ERROR keystone.server.flask.application return self.creator()
Oct 22 20:31:06.295746 dv-osbrick-master-4-ceph devstack@keystone.service[88408]: ERROR keystone.server.flask.application
File "/usr/local/lib/python3.8/dist-packages/dogpile/cache/region.py", line 995, in gen_value
Oct 22 20:31:06.295746 dv-osbrick-master-4-ceph devstack@keystone.service[88408]: ERROR keystone.server.flask.application created_value = creator(
Oct 22 20:31:06.295746 dv-osbrick-master-4-ceph devstack@keystone.service[88408]: ERROR keystone.server.flask.application
File "/opt/stack/keystone/keystone/assignment/core.py", line 1276, in get_role
Oct 22 20:31:06.295746 dv-osbrick-master-4-ceph devstack@keystone.service[88408]: ERROR keystone.server.flask.application return self.driver.get_role(role_id)
Oct 22 20:31:06.295746 dv-osbrick-master-4-ceph devstack@keystone.service[88408]: ERROR keystone.server.flask.application
File "/opt/stack/keystone/keystone/assignment/role_backends/sql.py", line 70, in get_role
Oct 22 20:31:06.295746 dv-osbrick-master-4-ceph devstack@keystone.service[88408]: ERROR keystone.server.flask.application return self._get_role(session, role_id).to_dict()
Oct 22 20:31:06.295746 dv-osbrick-master-4-ceph devstack@keystone.service[88408]: ERROR keystone.server.flask.application
File "/opt/stack/keystone/keystone/assignment/role_backends/sql.py", line 65, in _get_role
Oct 22 20:31:06.295746 dv-osbrick-master-4-ceph devstack@keystone.service[88408]: ERROR keystone.server.flask.application raise exception.RoleNotFound(role_id=role_id)
Oct 22 20:31:06.295746 dv-osbrick-master-4-ceph devstack@keystone.service[88408]: ERROR keystone.server.flask.application keystone.exception.RoleNotFound: Could not find role: anotherrole.
Oct 22 20:31:06.295746 dv-osbrick-master-4-ceph devstack@keystone.service[88408]: ERROR keystone.server.flask.application
Oct 22 20:31:06.295746 dv-osbrick-master-4-ceph devstack@keystone.service[88408]: [pid: 88408|app: 0|req: 86/174] 10.222.0.39 () {56 vars in 1114 bytes} [Sat Oct 22 20:31:06 2022] GET /identity/v3/roles/anotherrole => generated 89 bytes in 180 msecs (HTTP/1.1 404) 5 headers in 183 bytes (1 switches on core 0)
Oct 22 20:31:06.295746 dv-osbrick-master-4-ceph devstack@keystone.service[88408]: DEBUG keystone.server.flask.request_processing.middleware.auth_context [None req-ba7ae440-3d59-492a-8513-4c3ca5d3cc08 None admin] Authenticating user token {{(pid=88408) process_request /usr/local/lib/python3.8/dist-packages/keystonemiddleware/auth_token/__init__.py:407}}
Oct 22 20:31:06.349464 dv-osbrick-master-4-ceph devstack@keystone.service[88407]: DEBUG keystone.server.flask.request_processing.middleware.auth_context [None req-edad6f3f-194a-44ef-b936-b32073d27176 None admin] Validating token access rules against request {{(pid=88407) validate_allowed_request /usr/local/lib/python3.8/dist-packages/keystonemiddleware/auth_token/__init__.py:545}}
Oct 22 20:31:06.386415 dv-osbrick-master-4-ceph devstack@keystone.service[88408]: DEBUG dbcounter [-] [88408] Writing DB stats keystone:SELECT=100 {{(pid=88408) stat_writer /usr/local/lib/python3.8/dist-packages/dbcounter.py:114}}
Oct 22 20:31:06.396113 dv-osbrick-master-4-ceph devstack@keystone.service[88407]: DEBUG keystone.server.flask.request_processing.middleware.auth_context [None req-263f1ea1-6a41-4007-813a-73ed1805d363 None admin] RBAC: auth_context: {'token': , 'domain_id': None, 'trust_id': None, 'trustor_id': None, 'trustee_id': None, 'domain_name': None, 'group_ids': [], 'user_id': 'f2fce337ce4a417ea9044d0fbc87d49f', 'user_domain_id': 'default', 'system_scope': 'all', 'project_id': None, 'project_domain_id': None, 'roles': ['admin', 'member', 'reader'], 'is_admin_project': True, 'service_user_id': None, 'service_user_domain_id': None, 'service_project_id': None, 'service_project_domain_id': None, 'service_roles': []} {{(pid=88407) fill_context /opt/stack/keystone/keystone/server/flask/request_processing/middleware/auth_context.py:478}}
Oct 22 20:31:06.396770 dv-osbrick-master-4-ceph devstack@keystone.service[88407]: DEBUG keystone.server.flask.request_processing.req_logging [None req-263f1ea1-6a41-4007-813a-73ed1805d363 None admin] REQUEST_METHOD: `GET` {{(pid=88407) log_request_info /opt/stack/keystone/keystone/server/flask/request_processing/req_logging.py:27}}
Oct 22 20:31:06.397643 dv-osbrick-master-4-ceph devstack@keystone.service[88407]: DEBUG keystone.server.flask.request_processing.req_logging [None req-263f1ea1-6a41-4007-813a-73ed1805d363 None admin] SCRIPT_NAME: `/identity` {{(pid=88407) log_request_info /opt/stack/keystone/keystone/server/flask/request_processing/req_logging.py:28}}
Oct 22 20:31:06.397916 dv-osbrick-master-4-ceph devstack@keystone.service[88407]: DEBUG keystone.server.flask.request_processing.req_logging [None req-263f1ea1-6a41-4007-813a-73ed1805d363 None admin] PATH_INFO: `/v3/roles` {{(pid=88407) log_request_info /opt/stack/keystone/keystone/server/flask/request_processing/req_logging.py:29}}
Oct 22 20:31:06.398588 dv-osbrick-master-4-ceph devstack@keystone.service[88407]: DEBUG keystone.common.rbac_enforcer.enforcer [None req-263f1ea1-6a41-4007-813a-73ed1805d363 None admin] RBAC: Adding query filter params (name=admin) {{(pid=88407) _extract_filter_values /opt/stack/keystone/keystone/common/rbac_enforcer/enforcer.py:167}}
Oct 22 20:31:06.398885 dv-osbrick-master-4-ceph devstack@keystone.service[88407]: DEBUG keystone.common.rbac_enforcer.enforcer [None req-263f1ea1-6a41-4007-813a-73ed1805d363 None admin] RBAC: Authorizing `identity:list_roles()` {{(pid=88407) enforce_call /opt/stack/keystone/keystone/common/rbac_enforcer/enforcer.py:449}}
Oct 22 20:31:06.400301 dv-osbrick-master-4-ceph devstack@keystone.service[88407]: DEBUG keystone.common.rbac_enforcer.enforcer [None req-263f1ea1-6a41-4007-813a-73ed1805d363 None admin] RBAC: Authorization granted {{(pid=88407) enforce_call /opt/stack/keystone/keystone/common/rbac_enforcer/enforcer.py:457}}
Oct 22 20:31:06.412899 dv-osbrick-master-4-ceph devstack@keystone.service[88408]: DEBUG keystone.server.flask.request_processing.middleware.auth_context [None req-ba7ae440-3d59-492a-8513-4c3ca5d3cc08 None admin] Validating token access rules against request {{(pid=88408) validate_allowed_request /usr/local/lib/python3.8/dist-packages/keystonemiddleware/auth_token/__init__.py:545}}
Oct 22 20:31:06.414173 dv-osbrick-master-4-ceph devstack@keystone.service[88407]: [pid: 88407|app: 0|req: 89/175] 10.222.0.39 () {56 vars in 1099 bytes} [Sat Oct 22 20:31:06 2022] GET /identity/v3/roles?name=admin => generated 339 bytes in 192 msecs (HTTP/1.1 200) 5 headers in 177 bytes (1 switches on core 0)
Oct 22 20:31:06.415001 dv-osbrick-master-4-ceph devstack@keystone.service[88407]: DEBUG keystone.server.flask.request_processing.middleware.auth_context [None req-263f1ea1-6a41-4007-813a-73ed1805d363 None admin] Authenticating user token {{(pid=88407) process_request /usr/local/lib/python3.8/dist-packages/keystonemiddleware/auth_token/__init__.py:407}}
Oct 22 20:31:06.454332 dv-osbrick-master-4-ceph devstack@keystone.service[88408]: DEBUG keystone.server.flask.request_processing.middleware.auth_context [None req-f7b38d18-24ca-4689-a924-ca54cb18a32d None admin] RBAC: auth_context: {'token': , 'domain_id': None, 'trust_id': None, 'trustor_id': None, 'trustee_id': None, 'domain_name': None, 'group_ids': [], 'user_id': 'f2fce337ce4a417ea9044d0fbc87d49f', 'user_domain_id': 'default', 'system_scope': 'all', 'project_id': None, 'project_domain_id': None, 'roles': ['admin', 'member', 'reader'], 'is_admin_project': True, 'service_user_id': None, 'service_user_domain_id': None, 'service_project_id': None, 'service_project_domain_id': None, 'service_roles': []} {{(pid=88408) fill_context /opt/stack/keystone/keystone/server/flask/request_processing/middleware/auth_context.py:478}}
Oct 22 20:31:06.455450 dv-osbrick-master-4-ceph devstack@keystone.service[88408]: DEBUG keystone.server.flask.request_processing.req_logging [None req-f7b38d18-24ca-4689-a924-ca54cb18a32d None admin] REQUEST_METHOD: `GET` {{(pid=88408) log_request_info /opt/stack/keystone/keystone/server/flask/request_processing/req_logging.py:27}}
Oct 22 20:31:06.455733 dv-osbrick-master-4-ceph devstack@keystone.service[88408]: DEBUG keystone.server.flask.request_processing.req_logging [None req-f7b38d18-24ca-4689-a924-ca54cb18a32d None admin] SCRIPT_NAME: `/identity` {{(pid=88408) log_request_info /opt/stack/keystone/keystone/server/flask/request_processing/req_logging.py:28}}
Oct 22 20:31:06.456005 dv-osbrick-master-4-ceph devstack@keystone.service[88408]: DEBUG keystone.server.flask.request_processing.req_logging [None req-f7b38d18-24ca-4689-a924-ca54cb18a32d None admin] PATH_INFO: `/v3/projects/eadc8205943c46cfaec67ba17ede1850` {{(pid=88408) log_request_info /opt/stack/keystone/keystone/server/flask/request_processing/req_logging.py:29}}
Oct 22 20:31:06.457156 dv-osbrick-master-4-ceph devstack@keystone.service[88408]: DEBUG keystone.common.rbac_enforcer.enforcer [None req-f7b38d18-24ca-4689-a924-ca54cb18a32d None admin] RBAC: Authorizing `identity:get_project(project_id=eadc8205943c46cfaec67ba17ede1850)` {{(pid=88408) enforce_call /opt/stack/keystone/keystone/common/rbac_enforcer/enforcer.py:449}}
Oct 22 20:31:06.458623 dv-osbrick-master-4-ceph devstack@keystone.service[88408]: DEBUG keystone.common.rbac_enforcer.enforcer [None req-f7b38d18-24ca-4689-a924-ca54cb18a32d None admin] RBAC: Authorization granted {{(pid=88408) enforce_call /opt/stack/keystone/keystone/common/rbac_enforcer/enforcer.py:457}}
Oct 22 20:31:06.463294 dv-osbrick-master-4-ceph devstack@keystone.service[88408]: [pid: 88408|app: 0|req: 87/176] 10.222.0.39 () {56 vars in 1186 bytes} [Sat Oct 22 20:31:06 2022] GET /identity/v3/projects/eadc8205943c46cfaec67ba17ede1850 => generated 302 bytes in 170 msecs (HTTP/1.1 200) 5 headers in 177 bytes (1 switches on core 0)
Oct 22 20:31:06.463294 dv-osbrick-master-4-ceph devstack@keystone.service[88408]: DEBUG keystone.server.flask.request_processing.middleware.auth_context [None req-f7b38d18-24ca-4689-a924-ca54cb18a32d None admin] Authenticating user token {{(pid=88408) process_request /usr/local/lib/python3.8/dist-packages/keystonemiddleware/auth_token/__init__.py:407}}
Oct 22 20:31:06.530873 dv-osbrick-master-4-ceph devstack@keystone.service[88407]: DEBUG dbcounter [-] [88407] Writing DB stats keystone:SELECT=100 {{(pid=88407) stat_writer /usr/local/lib/python3.8/dist-packages/dbcounter.py:114}}
Oct 22 20:31:06.540969 dv-osbrick-master-4-ceph devstack@keystone.service[88407]: DEBUG keystone.server.flask.request_processing.middleware.auth_context [None req-263f1ea1-6a41-4007-813a-73ed1805d363 None admin] Validating token access rules against request {{(pid=88407) validate_allowed_request /usr/local/lib/python3.8/dist-packages/keystonemiddleware/auth_token/__init__.py:545}}
Oct 22 20:31:06.578580 dv-osbrick-master-4-ceph devstack@keystone.service[88407]: DEBUG keystone.server.flask.request_processing.middleware.auth_context [None req-9cd2b687-ca4c-4683-b7df-fba23651e81b None admin] RBAC: auth_context: {'token': , 'domain_id': None, 'trust_id': None, 'trustor_id': None, 'trustee_id': None, 'domain_name': None, 'group_ids': [], 'user_id': 'f2fce337ce4a417ea9044d0fbc87d49f', 'user_domain_id': 'default', 'system_scope': 'all', 'project_id': None, 'project_domain_id': None, 'roles': ['admin', 'member', 'reader'], 'is_admin_project': True, 'service_user_id': None, 'service_user_domain_id': None, 'service_project_id': None, 'service_project_domain_id': None, 'service_roles': []} {{(pid=88407) fill_context /opt/stack/keystone/keystone/server/flask/request_processing/middleware/auth_context.py:478}}
Oct 22 20:31:06.579185 dv-osbrick-master-4-ceph devstack@keystone.service[88407]: DEBUG keystone.server.flask.request_processing.req_logging [None req-9cd2b687-ca4c-4683-b7df-fba23651e81b None admin] REQUEST_METHOD: `GET` {{(pid=88407) log_request_info /opt/stack/keystone/keystone/server/flask/request_processing/req_logging.py:27}}
Oct 22 20:31:06.579643 dv-osbrick-master-4-ceph devstack@keystone.service[88407]: DEBUG keystone.server.flask.request_processing.req_logging [None req-9cd2b687-ca4c-4683-b7df-fba23651e81b None admin] SCRIPT_NAME: `/identity` {{(pid=88407) log_request_info /opt/stack/keystone/keystone/server/flask/request_processing/req_logging.py:28}}
Oct 22 20:31:06.579910 dv-osbrick-master-4-ceph devstack@keystone.service[88407]: DEBUG keystone.server.flask.request_processing.req_logging [None req-9cd2b687-ca4c-4683-b7df-fba23651e81b None admin] PATH_INFO: `/v3/roles` {{(pid=88407) log_request_info /opt/stack/keystone/keystone/server/flask/request_processing/req_logging.py:29}}
Oct 22 20:31:06.580972 dv-osbrick-master-4-ceph devstack@keystone.service[88407]: DEBUG keystone.common.rbac_enforcer.enforcer [None req-9cd2b687-ca4c-4683-b7df-fba23651e81b None admin] RBAC: Adding query filter params (name=anotherrole) {{(pid=88407) _extract_filter_values /opt/stack/keystone/keystone/common/rbac_enforcer/enforcer.py:167}}
Oct 22 20:31:06.581522 dv-osbrick-master-4-ceph devstack@keystone.service[88407]: DEBUG keystone.common.rbac_enforcer.enforcer [None req-9cd2b687-ca4c-4683-b7df-fba23651e81b None admin] RBAC: Authorizing `identity:list_roles()` {{(pid=88407) enforce_call /opt/stack/keystone/keystone/common/rbac_enforcer/enforcer.py:449}}
Oct 22 20:31:06.582911 dv-osbrick-master-4-ceph devstack@keystone.service[88407]: DEBUG keystone.common.rbac_enforcer.enforcer [None req-9cd2b687-ca4c-4683-b7df-fba23651e81b None admin] RBAC: Authorization granted {{(pid=88407) enforce_call /opt/stack/keystone/keystone/common/rbac_enforcer/enforcer.py:457}}
Oct 22 20:31:06.590647 dv-osbrick-master-4-ceph devstack@keystone.service[88408]: DEBUG keystone.server.flask.request_processing.middleware.auth_context [None req-f7b38d18-24ca-4689-a924-ca54cb18a32d None admin] Validating token access rules against request {{(pid=88408) validate_allowed_request /usr/local/lib/python3.8/dist-packages/keystonemiddleware/auth_token/__init__.py:545}}
Oct 22 20:31:06.591952 dv-osbrick-master-4-ceph devstack@keystone.service[88407]: [pid: 88407|app: 0|req: 90/177] 10.222.0.39 () {56 vars in 1111 bytes} [Sat Oct 22 20:31:06 2022] GET /identity/v3/roles?name=anotherrole => generated 334 bytes in 177 msecs (HTTP/1.1 200) 5 headers in 177 bytes (1 switches on core 0)
Oct 22 20:31:06.592733 dv-osbrick-master-4-ceph devstack@keystone.service[88407]: DEBUG keystone.server.flask.request_processing.middleware.auth_context [None req-9cd2b687-ca4c-4683-b7df-fba23651e81b None admin] Authenticating user token {{(pid=88407) process_request /usr/local/lib/python3.8/dist-packages/keystonemiddleware/auth_token/__init__.py:407}}
Oct 22 20:31:06.635679 dv-osbrick-master-4-ceph devstack@keystone.service[88408]: DEBUG keystone.server.flask.request_processing.middleware.auth_context [None req-17d44256-0b97-47a1-869b-e11971403714 None admin] RBAC: auth_context: {'token': , 'domain_id': None, 'trust_id': None, 'trustor_id': None, 'trustee_id': None, 'domain_name': None, 'group_ids': [], 'user_id': 'f2fce337ce4a417ea9044d0fbc87d49f', 'user_domain_id': 'default', 'system_scope': 'all', 'project_id': None, 'project_domain_id': None, 'roles': ['admin', 'member', 'reader'], 'is_admin_project': True, 'service_user_id': None, 'service_user_domain_id': None, 'service_project_id': None, 'service_project_domain_id': None, 'service_roles': []} {{(pid=88408) fill_context /opt/stack/keystone/keystone/server/flask/request_processing/middleware/auth_context.py:478}}
Oct 22 20:31:06.636892 dv-osbrick-master-4-ceph devstack@keystone.service[88408]: DEBUG keystone.server.flask.request_processing.req_logging [None req-17d44256-0b97-47a1-869b-e11971403714 None admin] REQUEST_METHOD: `GET` {{(pid=88408) log_request_info /opt/stack/keystone/keystone/server/flask/request_processing/req_logging.py:27}}
Oct 22 20:31:06.637167 dv-osbrick-master-4-ceph devstack@keystone.service[88408]: DEBUG keystone.server.flask.request_processing.req_logging [None req-17d44256-0b97-47a1-869b-e11971403714 None admin] SCRIPT_NAME: `/identity` {{(pid=88408) log_request_info /opt/stack/keystone/keystone/server/flask/request_processing/req_logging.py:28}}
Oct 22 20:31:06.637430 dv-osbrick-master-4-ceph devstack@keystone.service[88408]: DEBUG keystone.server.flask.request_processing.req_logging [None req-17d44256-0b97-47a1-869b-e11971403714 None admin] PATH_INFO: `/v3/users/e79a002b00ad4113b7085b364cc3f24a` {{(pid=88408) log_request_info /opt/stack/keystone/keystone/server/flask/request_processing/req_logging.py:29}}
Oct 22 20:31:06.638994 dv-osbrick-master-4-ceph devstack@keystone.service[88408]: DEBUG keystone.common.rbac_enforcer.enforcer [None req-17d44256-0b97-47a1-869b-e11971403714 None admin] RBAC: Authorizing `identity:get_user(user_id=e79a002b00ad4113b7085b364cc3f24a)` {{(pid=88408) enforce_call /opt/stack/keystone/keystone/common/rbac_enforcer/enforcer.py:449}}
Oct 22 20:31:06.641199 dv-osbrick-master-4-ceph devstack@keystone.service[88408]: DEBUG keystone.common.rbac_enforcer.enforcer [None req-17d44256-0b97-47a1-869b-e11971403714 None admin] RBAC: Authorization granted {{(pid=88408) enforce_call /opt/stack/keystone/keystone/common/rbac_enforcer/enforcer.py:457}}
Oct 22 20:31:06.643326 dv-osbrick-master-4-ceph devstack@keystone.service[88408]: [pid: 88408|app: 0|req: 88/178] 10.222.0.39 () {56 vars in 1177 bytes} [Sat Oct 22 20:31:06 2022] GET /identity/v3/users/e79a002b00ad4113b7085b364cc3f24a => generated 283 bytes in 182 msecs (HTTP/1.1 200) 5 headers in 177 bytes (1 switches on core 0)
Oct 22 20:31:06.644381 dv-osbrick-master-4-ceph devstack@keystone.service[88408]: DEBUG keystone.server.flask.request_processing.middleware.auth_context [None req-17d44256-0b97-47a1-869b-e11971403714 None admin] Authenticating user token {{(pid=88408) process_request /usr/local/lib/python3.8/dist-packages/keystonemiddleware/auth_token/__init__.py:407}}
Oct 22 20:31:06.665268 dv-osbrick-master-4-ceph devstack@keystone.service[88408]: DEBUG dbcounter [-] [88408] Writing DB stats keystone:SELECT=100 {{(pid=88408) stat_writer /usr/local/lib/python3.8/dist-packages/dbcounter.py:114}}
Oct 22 20:31:06.714247 dv-osbrick-master-4-ceph devstack@keystone.service[88407]: DEBUG keystone.server.flask.request_processing.middleware.auth_context [None req-9cd2b687-ca4c-4683-b7df-fba23651e81b None admin] Validating token access rules against request {{(pid=88407) validate_allowed_request /usr/local/lib/python3.8/dist-packages/keystonemiddleware/auth_token/__init__.py:545}}
Oct 22 20:31:06.756781 dv-osbrick-master-4-ceph devstack@keystone.service[88408]: DEBUG keystone.server.flask.request_processing.middleware.auth_context [None req-17d44256-0b97-47a1-869b-e11971403714 None admin] Validating token access rules against request {{(pid=88408) validate_allowed_request /usr/local/lib/python3.8/dist-packages/keystonemiddleware/auth_token/__init__.py:545}}
Oct 22 20:31:06.758725 dv-osbrick-master-4-ceph devstack@keystone.service[88407]: DEBUG keystone.server.flask.request_processing.middleware.auth_context [None req-22ef40f1-374e-4139-a676-388fd9439b75 None admin] RBAC: auth_context: {'token': , 'domain_id': None, 'trust_id': None, 'trustor_id': None, 'trustee_id': None, 'domain_name': None, 'group_ids': [], 'user_id': 'f2fce337ce4a417ea9044d0fbc87d49f', 'user_domain_id': 'default', 'system_scope': 'all', 'project_id': None, 'project_domain_id': None, 'roles': ['admin', 'member', 'reader'], 'is_admin_project': True, 'service_user_id': None, 'service_user_domain_id': None, 'service_project_id': None, 'service_project_domain_id': None, 'service_roles': []} {{(pid=88407) fill_context /opt/stack/keystone/keystone/server/flask/request_processing/middleware/auth_context.py:478}}
Oct 22 20:31:06.760328 dv-osbrick-master-4-ceph devstack@keystone.service[88407]: DEBUG keystone.server.flask.request_processing.req_logging [None req-22ef40f1-374e-4139-a676-388fd9439b75 None admin] REQUEST_METHOD: `PUT` {{(pid=88407) log_request_info /opt/stack/keystone/keystone/server/flask/request_processing/req_logging.py:27}}
Oct 22 20:31:06.760604 dv-osbrick-master-4-ceph devstack@keystone.service[88407]: DEBUG keystone.server.flask.request_processing.req_logging [None req-22ef40f1-374e-4139-a676-388fd9439b75 None admin] SCRIPT_NAME: `/identity` {{(pid=88407) log_request_info /opt/stack/keystone/keystone/server/flask/request_processing/req_logging.py:28}}
Oct 22 20:31:06.760873 dv-osbrick-master-4-ceph devstack@keystone.service[88407]: DEBUG keystone.server.flask.request_processing.req_logging [None req-22ef40f1-374e-4139-a676-388fd9439b75 None admin] PATH_INFO: `/v3/projects/eadc8205943c46cfaec67ba17ede1850/users/e539b174637e4aeb9e8ced5baf3b4918/roles/72c390b29d3240dd8c46b0fd1b18441e` {{(pid=88407) log_request_info /opt/stack/keystone/keystone/server/flask/request_processing/req_logging.py:29}}
Oct 22 20:31:06.762810 dv-osbrick-master-4-ceph devstack@keystone.service[88407]: DEBUG keystone.common.rbac_enforcer.enforcer [None req-22ef40f1-374e-4139-a676-388fd9439b75 None admin] RBAC: Authorizing `identity:create_grant(project_id=eadc8205943c46cfaec67ba17ede1850, user_id=e539b174637e4aeb9e8ced5baf3b4918, role_id=72c390b29d3240dd8c46b0fd1b18441e)` {{(pid=88407) enforce_call /opt/stack/keystone/keystone/common/rbac_enforcer/enforcer.py:449}}
Oct 22 20:31:06.764808 dv-osbrick-master-4-ceph devstack@keystone.service[88407]: DEBUG keystone.common.rbac_enforcer.enforcer [None req-22ef40f1-374e-4139-a676-388fd9439b75 None admin] RBAC: Authorization granted {{(pid=88407) enforce_call /opt/stack/keystone/keystone/common/rbac_enforcer/enforcer.py:457}}
Oct 22 20:31:06.781994 dv-osbrick-master-4-ceph devstack@keystone.service[88407]: [pid: 88407|app: 0|req: 91/179] 10.222.0.39 () {58 vars in 1439 bytes} [Sat Oct 22 20:31:06 2022] PUT /identity/v3/projects/eadc8205943c46cfaec67ba17ede1850/users/e539b174637e4aeb9e8ced5baf3b4918/roles/72c390b29d3240dd8c46b0fd1b18441e => generated 0 bytes in 189 msecs (HTTP/1.1 204) 3 headers in 132 bytes (0 switches on core 0)
Oct 22 20:31:06.783182 dv-osbrick-master-4-ceph devstack@keystone.service[88407]: DEBUG keystone.server.flask.request_processing.middleware.auth_context [None req-22ef40f1-374e-4139-a676-388fd9439b75 None admin] Authenticating user token {{(pid=88407) process_request /usr/local/lib/python3.8/dist-packages/keystonemiddleware/auth_token/__init__.py:407}}
Oct 22 20:31:06.794854 dv-osbrick-master-4-ceph devstack@keystone.service[88408]: DEBUG keystone.server.flask.request_processing.middleware.auth_context [None req-767b05a3-ba31-4eec-893d-71f3ff1999ac None admin] RBAC: auth_context: {'token': , 'domain_id': None, 'trust_id': None, 'trustor_id': None, 'trustee_id': None, 'domain_name': None, 'group_ids': [], 'user_id': 'f2fce337ce4a417ea9044d0fbc87d49f', 'user_domain_id': 'default', 'system_scope': 'all', 'project_id': None, 'project_domain_id': None, 'roles': ['admin', 'member', 'reader'], 'is_admin_project': True, 'service_user_id': None, 'service_user_domain_id': None, 'service_project_id': None, 'service_project_domain_id': None, 'service_roles': []} {{(pid=88408) fill_context /opt/stack/keystone/keystone/server/flask/request_processing/middleware/auth_context.py:478}}
Oct 22 20:31:06.795656 dv-osbrick-master-4-ceph devstack@keystone.service[88408]: DEBUG keystone.server.flask.request_processing.req_logging [None req-767b05a3-ba31-4eec-893d-71f3ff1999ac None admin] REQUEST_METHOD: `GET` {{(pid=88408) log_request_info /opt/stack/keystone/keystone/server/flask/request_processing/req_logging.py:27}}
Oct 22 20:31:06.796025 dv-osbrick-master-4-ceph devstack@keystone.service[88408]: DEBUG keystone.server.flask.request_processing.req_logging [None req-767b05a3-ba31-4eec-893d-71f3ff1999ac None admin] SCRIPT_NAME: `/identity` {{(pid=88408) log_request_info /opt/stack/keystone/keystone/server/flask/request_processing/req_logging.py:28}}
Oct 22 20:31:06.796359 dv-osbrick-master-4-ceph devstack@keystone.service[88408]: DEBUG keystone.server.flask.request_processing.req_logging [None req-767b05a3-ba31-4eec-893d-71f3ff1999ac None admin] PATH_INFO: `/v3/users/e79a002b00ad4113b7085b364cc3f24a` {{(pid=88408) log_request_info /opt/stack/keystone/keystone/server/flask/request_processing/req_logging.py:29}}
Oct 22 20:31:06.797578 dv-osbrick-master-4-ceph devstack@keystone.service[88408]: DEBUG keystone.common.rbac_enforcer.enforcer [None req-767b05a3-ba31-4eec-893d-71f3ff1999ac None admin] RBAC: Authorizing `identity:get_user(user_id=e79a002b00ad4113b7085b364cc3f24a)` {{(pid=88408) enforce_call /opt/stack/keystone/keystone/common/rbac_enforcer/enforcer.py:449}}
Oct 22 20:31:06.799277 dv-osbrick-master-4-ceph devstack@keystone.service[88408]: DEBUG keystone.common.rbac_enforcer.enforcer [None req-767b05a3-ba31-4eec-893d-71f3ff1999ac None admin] RBAC: Authorization granted {{(pid=88408) enforce_call /opt/stack/keystone/keystone/common/rbac_enforcer/enforcer.py:457}}
Oct 22 20:31:06.801043 dv-osbrick-master-4-ceph devstack@keystone.service[88408]: [pid: 88408|app: 0|req: 89/180] 10.222.0.39 () {56 vars in 1177 bytes} [Sat Oct 22 20:31:06 2022] GET /identity/v3/users/e79a002b00ad4113b7085b364cc3f24a => generated 283 bytes in 157 msecs (HTTP/1.1 200) 5 headers in 177 bytes (1 switches on core 0)
Oct 22 20:31:06.811643 dv-osbrick-master-4-ceph devstack@keystone.service[88407]: DEBUG dbcounter [-] [88407] Writing DB stats keystone:SELECT=99,keystone:INSERT=1 {{(pid=88407) stat_writer /usr/local/lib/python3.8/dist-packages/dbcounter.py:114}}
Oct 22 20:31:06.812941 dv-osbrick-master-4-ceph devstack@keystone.service[88408]: DEBUG keystone.server.flask.request_processing.middleware.auth_context [None req-767b05a3-ba31-4eec-893d-71f3ff1999ac None admin] Authenticating user token {{(pid=88408) process_request /usr/local/lib/python3.8/dist-packages/keystonemiddleware/auth_token/__init__.py:407}}
Oct 22 20:31:06.905555 dv-osbrick-master-4-ceph devstack@keystone.service[88407]: DEBUG keystone.server.flask.request_processing.middleware.auth_context [None req-22ef40f1-374e-4139-a676-388fd9439b75 None admin] Validating token access rules against request {{(pid=88407) validate_allowed_request /usr/local/lib/python3.8/dist-packages/keystonemiddleware/auth_token/__init__.py:545}}
Oct 22 20:31:06.949177 dv-osbrick-master-4-ceph devstack@keystone.service[88407]: DEBUG keystone.server.flask.request_processing.middleware.auth_context [None req-ff0f2c5e-c137-4d73-8064-131bd1e89cb2 None admin] RBAC: auth_context: {'token': , 'domain_id': None, 'trust_id': None, 'trustor_id': None, 'trustee_id': None, 'domain_name': None, 'group_ids': [], 'user_id': 'f2fce337ce4a417ea9044d0fbc87d49f', 'user_domain_id': 'default', 'system_scope': 'all', 'project_id': None, 'project_domain_id': None, 'roles': ['admin', 'member', 'reader'], 'is_admin_project': True, 'service_user_id': None, 'service_user_domain_id': None, 'service_project_id': None, 'service_project_domain_id': None, 'service_roles': []} {{(pid=88407) fill_context /opt/stack/keystone/keystone/server/flask/request_processing/middleware/auth_context.py:478}}
Oct 22 20:31:06.949843 dv-osbrick-master-4-ceph devstack@keystone.service[88407]: DEBUG keystone.server.flask.request_processing.req_logging [None req-ff0f2c5e-c137-4d73-8064-131bd1e89cb2 None admin] REQUEST_METHOD: `GET` {{(pid=88407) log_request_info /opt/stack/keystone/keystone/server/flask/request_processing/req_logging.py:27}}
Oct 22 20:31:06.950120 dv-osbrick-master-4-ceph devstack@keystone.service[88407]: DEBUG keystone.server.flask.request_processing.req_logging [None req-ff0f2c5e-c137-4d73-8064-131bd1e89cb2 None admin] SCRIPT_NAME: `/identity` {{(pid=88407) log_request_info /opt/stack/keystone/keystone/server/flask/request_processing/req_logging.py:28}}
Oct 22 20:31:06.950389 dv-osbrick-master-4-ceph devstack@keystone.service[88407]: DEBUG keystone.server.flask.request_processing.req_logging [None req-ff0f2c5e-c137-4d73-8064-131bd1e89cb2 None admin] PATH_INFO: `/v3/auth/tokens` {{(pid=88407) log_request_info /opt/stack/keystone/keystone/server/flask/request_processing/req_logging.py:29}}
Oct 22 20:31:06.985739 dv-osbrick-master-4-ceph devstack@keystone.service[88408]: DEBUG dbcounter [-] [88408] Writing DB stats keystone:SELECT=100 {{(pid=88408) stat_writer /usr/local/lib/python3.8/dist-packages/dbcounter.py:114}}
Oct 22 20:31:07.012684 dv-osbrick-master-4-ceph devstack@keystone.service[88408]: DEBUG keystone.server.flask.request_processing.middleware.auth_context [None req-767b05a3-ba31-4eec-893d-71f3ff1999ac None admin] Validating token access rules against request {{(pid=88408) validate_allowed_request /usr/local/lib/python3.8/dist-packages/keystonemiddleware/auth_token/__init__.py:545}}
Oct 22 20:31:07.040598 dv-osbrick-master-4-ceph devstack@keystone.service[88407]: DEBUG keystone.common.rbac_enforcer.enforcer [None req-ff0f2c5e-c137-4d73-8064-131bd1e89cb2 None admin] RBAC: Authorizing `identity:validate_token()` {{(pid=88407) enforce_call /opt/stack/keystone/keystone/common/rbac_enforcer/enforcer.py:449}}
Oct 22 20:31:07.042106 dv-osbrick-master-4-ceph devstack@keystone.service[88407]: DEBUG keystone.common.rbac_enforcer.enforcer [None req-ff0f2c5e-c137-4d73-8064-131bd1e89cb2 None admin] RBAC: Authorization granted {{(pid=88407) enforce_call /opt/stack/keystone/keystone/common/rbac_enforcer/enforcer.py:457}}
Oct 22 20:31:07.066237 dv-osbrick-master-4-ceph devstack@keystone.service[88407]: DEBUG dbcounter [-] [88407] Writing DB stats keystone:SELECT=100 {{(pid=88407) stat_writer /usr/local/lib/python3.8/dist-packages/dbcounter.py:114}}
Oct 22 20:31:07.086327 dv-osbrick-master-4-ceph devstack@keystone.service[88408]: DEBUG keystone.server.flask.request_processing.middleware.auth_context [None req-decb18e0-8a07-4b4f-ad60-79c8c3832985 None admin] RBAC: auth_context: {'token': , 'domain_id': None, 'trust_id': None, 'trustor_id': None, 'trustee_id': None, 'domain_name': None, 'group_ids': [], 'user_id': 'f2fce337ce4a417ea9044d0fbc87d49f', 'user_domain_id': 'default', 'system_scope': 'all', 'project_id': None, 'project_domain_id': None, 'roles': ['admin', 'member', 'reader'], 'is_admin_project': True, 'service_user_id': None, 'service_user_domain_id': None, 'service_project_id': None, 'service_project_domain_id': None, 'service_roles': []} {{(pid=88408) fill_context /opt/stack/keystone/keystone/server/flask/request_processing/middleware/auth_context.py:478}}
Oct 22 20:31:07.086989 dv-osbrick-master-4-ceph devstack@keystone.service[88408]: DEBUG keystone.server.flask.request_processing.req_logging [None req-decb18e0-8a07-4b4f-ad60-79c8c3832985 None admin] REQUEST_METHOD: `GET` {{(pid=88408) log_request_info /opt/stack/keystone/keystone/server/flask/request_processing/req_logging.py:27}}
Oct 22 20:31:07.087282 dv-osbrick-master-4-ceph devstack@keystone.service[88408]: DEBUG keystone.server.flask.request_processing.req_logging [None req-decb18e0-8a07-4b4f-ad60-79c8c3832985 None admin] SCRIPT_NAME: `/identity` {{(pid=88408) log_request_info /opt/stack/keystone/keystone/server/flask/request_processing/req_logging.py:28}}
Oct 22 20:31:07.088340 dv-osbrick-master-4-ceph devstack@keystone.service[88408]: DEBUG keystone.server.flask.request_processing.req_logging [None req-decb18e0-8a07-4b4f-ad60-79c8c3832985 None admin] PATH_INFO: `/v3/auth/tokens` {{(pid=88408) log_request_info /opt/stack/keystone/keystone/server/flask/request_processing/req_logging.py:29}}
Oct 22 20:31:07.164602 dv-osbrick-master-4-ceph devstack@keystone.service[88408]: DEBUG keystone.common.rbac_enforcer.enforcer [None req-decb18e0-8a07-4b4f-ad60-79c8c3832985 None admin] RBAC: Authorizing `identity:validate_token()` {{(pid=88408) enforce_call /opt/stack/keystone/keystone/common/rbac_enforcer/enforcer.py:449}}
Oct 22 20:31:07.165219 dv-osbrick-master-4-ceph devstack@keystone.service[88407]: [pid: 88407|app: 0|req: 92/181] 10.222.0.39 () {58 vars in 1282 bytes} [Sat Oct 22 20:31:06 2022] GET /identity/v3/auth/tokens => generated 799 bytes in 383 msecs (HTTP/1.1 200) 6 headers in 358 bytes (1 switches on core 0)
Oct 22 20:31:07.166169 dv-osbrick-master-4-ceph devstack@keystone.service[88408]: DEBUG keystone.common.rbac_enforcer.enforcer [None req-decb18e0-8a07-4b4f-ad60-79c8c3832985 None admin] RBAC: Authorization granted {{(pid=88408) enforce_call /opt/stack/keystone/keystone/common/rbac_enforcer/enforcer.py:457}}
Oct 22 20:31:07.171763 dv-osbrick-master-4-ceph devstack@keystone.service[88407]: DEBUG keystone.server.flask.request_processing.middleware.auth_context [None req-ff0f2c5e-c137-4d73-8064-131bd1e89cb2 None admin] Authenticating user token {{(pid=88407) process_request /usr/local/lib/python3.8/dist-packages/keystonemiddleware/auth_token/__init__.py:407}}
Oct 22 20:31:07.256766 dv-osbrick-master-4-ceph devstack@keystone.service[88408]: DEBUG dbcounter [-] [88408] Writing DB stats keystone:SELECT=100 {{(pid=88408) stat_writer /usr/local/lib/python3.8/dist-packages/dbcounter.py:114}}
Oct 22 20:31:07.281725 dv-osbrick-master-4-ceph devstack@keystone.service[88408]: [pid: 88408|app: 0|req: 90/182] 10.222.0.39 () {58 vars in 1282 bytes} [Sat Oct 22 20:31:06 2022] GET /identity/v3/auth/tokens => generated 799 bytes in 470 msecs (HTTP/1.1 200) 6 headers in 358 bytes (1 switches on core 0)
Oct 22 20:31:07.287482 dv-osbrick-master-4-ceph devstack@keystone.service[88408]: DEBUG keystone.server.flask.request_processing.middleware.auth_context [None req-decb18e0-8a07-4b4f-ad60-79c8c3832985 None admin] Authenticating user token {{(pid=88408) process_request /usr/local/lib/python3.8/dist-packages/keystonemiddleware/auth_token/__init__.py:407}}
Oct 22 20:31:07.304290 dv-osbrick-master-4-ceph devstack@keystone.service[88407]: DEBUG keystone.server.flask.request_processing.middleware.auth_context [None req-ff0f2c5e-c137-4d73-8064-131bd1e89cb2 None admin] Validating token access rules against request {{(pid=88407) validate_allowed_request /usr/local/lib/python3.8/dist-packages/keystonemiddleware/auth_token/__init__.py:545}}
Oct 22 20:31:07.338572 dv-osbrick-master-4-ceph devstack@keystone.service[88407]: DEBUG dbcounter [-] [88407] Writing DB stats keystone:SELECT=100 {{(pid=88407) stat_writer /usr/local/lib/python3.8/dist-packages/dbcounter.py:114}}
Oct 22 20:31:07.372658 dv-osbrick-master-4-ceph devstack@keystone.service[88407]: DEBUG keystone.server.flask.request_processing.middleware.auth_context [None req-4fabae2b-1ba1-49c7-8153-7797b98e611e None admin] RBAC: auth_context: {'token': , 'domain_id': None, 'trust_id': None, 'trustor_id': None, 'trustee_id': None, 'domain_name': None, 'group_ids': [], 'user_id': 'f2fce337ce4a417ea9044d0fbc87d49f', 'user_domain_id': 'default', 'system_scope': 'all', 'project_id': None, 'project_domain_id': None, 'roles': ['admin', 'member', 'reader'], 'is_admin_project': True, 'service_user_id': None, 'service_user_domain_id': None, 'service_project_id': None, 'service_project_domain_id': None, 'service_roles': []} {{(pid=88407) fill_context /opt/stack/keystone/keystone/server/flask/request_processing/middleware/auth_context.py:478}}
Oct 22 20:31:07.373488 dv-osbrick-master-4-ceph devstack@keystone.service[88407]: DEBUG keystone.server.flask.request_processing.req_logging [None req-4fabae2b-1ba1-49c7-8153-7797b98e611e None admin] REQUEST_METHOD: `GET` {{(pid=88407) log_request_info /opt/stack/keystone/keystone/server/flask/request_processing/req_logging.py:27}}
Oct 22 20:31:07.373758 dv-osbrick-master-4-ceph devstack@keystone.service[88407]: DEBUG keystone.server.flask.request_processing.req_logging [None req-4fabae2b-1ba1-49c7-8153-7797b98e611e None admin] SCRIPT_NAME: `/identity` {{(pid=88407) log_request_info /opt/stack/keystone/keystone/server/flask/request_processing/req_logging.py:28}}
