Sep 17 20:55:25.053714 dv-osbrick-master-4-ceph neutron-server[121440]: DEBUG neutron_lib.callbacks.manager [None req-00b0a96f-ca7c-470c-aa2d-89a8b5acb8cc admin admin] Publish callbacks ['neutron.plugins.ml2.ovo_rpc._ObjectChangeHandler.handle_event-527058'] for security_group (a5ca956e-18db-43c4-804e-11e9f2e0d132), after_create {{(pid=121440) _notify_loop /usr/local/lib/python3.8/dist-packages/neutron_lib/callbacks/manager.py:176}}
Sep 17 20:55:25.056097 dv-osbrick-master-4-ceph neutron-server[121441]: DEBUG neutron.plugins.ml2.plugin [None req-48049060-307f-47ab-aa16-214ed8673824 None None] Port a8a99a0a-697e-4cdb-b339-29fa4787de7a cannot update to ACTIVE because it is not bound. {{(pid=121441) _port_provisioned /opt/stack/neutron/neutron/plugins/ml2/plugin.py:359}}
Sep 17 20:55:25.079673 dv-osbrick-master-4-ceph neutron-server[121440]: DEBUG neutron.plugins.ml2.drivers.helpers [None req-00b0a96f-ca7c-470c-aa2d-89a8b5acb8cc admin admin] vlan segment allocate from pool success with {'vlan_id': 56, 'physical_network': 'physnet1'} {{(pid=121440) allocate_partially_specified_segment /opt/stack/neutron/neutron/plugins/ml2/drivers/helpers.py:153}}
Sep 17 20:55:25.113206 dv-osbrick-master-4-ceph neutron-server[121440]: DEBUG neutron_lib.callbacks.manager [None req-00b0a96f-ca7c-470c-aa2d-89a8b5acb8cc admin admin] Publish callbacks ['neutron.plugins.ml2.plugin.Ml2Plugin._handle_segment_change-16125991'] for segment (a8e6e7f3-3aed-453f-9b6d-4ab860a1ea26), precommit_create {{(pid=121440) _notify_loop /usr/local/lib/python3.8/dist-packages/neutron_lib/callbacks/manager.py:176}}
Sep 17 20:55:25.113460 dv-osbrick-master-4-ceph neutron-server[121440]: INFO neutron.db.segments_db [None req-00b0a96f-ca7c-470c-aa2d-89a8b5acb8cc admin admin] Added segment a8e6e7f3-3aed-453f-9b6d-4ab860a1ea26 of type vlan for network acd34dc4-54f2-441b-9a23-ca10024802b6
Sep 17 20:55:25.116477 dv-osbrick-master-4-ceph neutron-server[121440]: DEBUG neutron.api.rpc.handlers.resources_rpc [None req-00b0a96f-ca7c-470c-aa2d-89a8b5acb8cc admin admin] Pushing event updated for resources: {'SecurityGroup': ['ID=a5ca956e-18db-43c4-804e-11e9f2e0d132,revision_number=1']} {{(pid=121440) push /opt/stack/neutron/neutron/api/rpc/handlers/resources_rpc.py:237}}
Sep 17 20:55:25.178360 dv-osbrick-master-4-ceph neutron-server[121440]: DEBUG neutron_lib.callbacks.manager [None req-00b0a96f-ca7c-470c-aa2d-89a8b5acb8cc admin admin] Publish callbacks ['neutron.services.auto_allocate.db._ensure_external_network_default_value_callback-8747446890478'] for network (acd34dc4-54f2-441b-9a23-ca10024802b6), precommit_create {{(pid=121440) _notify_loop /usr/local/lib/python3.8/dist-packages/neutron_lib/callbacks/manager.py:176}}
Sep 17 20:55:25.310371 dv-osbrick-master-4-ceph neutron-server[121440]: DEBUG neutron_lib.callbacks.manager [None req-00b0a96f-ca7c-470c-aa2d-89a8b5acb8cc admin admin] Publish callbacks ['neutron.plugins.ml2.ovo_rpc._ObjectChangeHandler.handle_event-528903', 'neutron.api.rpc.agentnotifiers.dhcp_rpc_agent_api.DhcpAgentNotifyAPI._native_event_send_dhcp_notification-16575179'] for network (acd34dc4-54f2-441b-9a23-ca10024802b6), after_create {{(pid=121440) _notify_loop /usr/local/lib/python3.8/dist-packages/neutron_lib/callbacks/manager.py:176}}
Sep 17 20:55:25.312893 dv-osbrick-master-4-ceph neutron-server[121440]: DEBUG neutron.pecan_wsgi.hooks.policy_enforcement [None req-00b0a96f-ca7c-470c-aa2d-89a8b5acb8cc admin admin] Attributes excluded by policy engine: ['standard_attr_id', 'vlan_transparent'] {{(pid=121440) _exclude_attributes_by_policy /opt/stack/neutron/neutron/pecan_wsgi/hooks/policy_enforcement.py:259}}
Sep 17 20:55:25.314485 dv-osbrick-master-4-ceph neutron-server[121440]: DEBUG neutron_lib.callbacks.manager [None req-00b0a96f-ca7c-470c-aa2d-89a8b5acb8cc admin admin] Publish callbacks ['neutron.api.rpc.agentnotifiers.dhcp_rpc_agent_api.DhcpAgentNotifyAPI._send_dhcp_notification-16575165'] for network (None), before_response {{(pid=121440) _notify_loop /usr/local/lib/python3.8/dist-packages/neutron_lib/callbacks/manager.py:176}}
Sep 17 20:55:25.385942 dv-osbrick-master-4-ceph neutron-server[121440]: DEBUG neutron.api.rpc.handlers.resources_rpc [None req-00b0a96f-ca7c-470c-aa2d-89a8b5acb8cc admin admin] Pushing event updated for resources: {'Network': ['ID=acd34dc4-54f2-441b-9a23-ca10024802b6,revision_number=1']} {{(pid=121440) push /opt/stack/neutron/neutron/api/rpc/handlers/resources_rpc.py:237}}
Sep 17 20:55:25.395940 dv-osbrick-master-4-ceph neutron-server[121441]: DEBUG neutron.plugins.ml2.rpc [None req-2d3b0f14-8f66-400d-bf36-0507edb7dbd5 None None] Network acd34dc4-54f2-441b-9a23-ca10024802b6 details requested by agent ovs-agent-dv-osbrick-master-4-ceph with host dv-osbrick-master-4-ceph {{(pid=121441) get_network_details /opt/stack/neutron/neutron/plugins/ml2/rpc.py:248}}
Sep 17 20:55:25.446254 dv-osbrick-master-4-ceph neutron-server[121440]: INFO neutron.wsgi [None req-00b0a96f-ca7c-470c-aa2d-89a8b5acb8cc admin admin] 10.222.0.52 "POST /networking/v2.0/networks HTTP/1.1" status: 201 len: 884 time: 0.6867700
Sep 17 20:55:25.448861 dv-osbrick-master-4-ceph neutron-server[121440]: DEBUG neutron.wsgi [-] (121440) accepted ('10.222.0.52', 42306) {{(pid=121440) server /usr/local/lib/python3.8/dist-packages/eventlet/wsgi.py:1004}}
Sep 17 20:55:25.455420 dv-osbrick-master-4-ceph neutron-server[121440]: DEBUG neutron.api.v2.base [None req-872eaa7e-10f7-4e91-a9cf-b6deb7817ca4 admin admin] Request body: {'subnet': {'network_id': 'acd34dc4-54f2-441b-9a23-ca10024802b6', 'cidr': '172.20.0.0/28', 'name': 'tempest-TestVolumeBootPattern-1698905940-subnet', 'tenant_id': '32b8bdc6df7647709a77962d2118fb8f', 'ip_version': 4}} {{(pid=121440) prepare_request_body /opt/stack/neutron/neutron/api/v2/base.py:730}}
Sep 17 20:55:25.516856 dv-osbrick-master-4-ceph neutron-server[121442]: DEBUG neutron.api.rpc.handlers.l3_rpc [None req-75d0e27a-207c-47a2-aad0-f345c0edab02 None None] Sync routers for ids ['5b2b62da-c40b-42cf-832e-4519e0e4080a'] in dv-osbrick-master-4-ceph {{(pid=121442) sync_routers /opt/stack/neutron/neutron/api/rpc/handlers/l3_rpc.py:125}}
Sep 17 20:55:25.528516 dv-osbrick-master-4-ceph neutron-server[121442]: DEBUG neutron.db.l3_dvrscheduler_db [None req-75d0e27a-207c-47a2-aad0-f345c0edab02 None None] Routers {'5b2b62da-c40b-42cf-832e-4519e0e4080a'} bound to L3 agent in host dv-osbrick-master-4-ceph {{(pid=121442) _get_router_ids_for_agent /opt/stack/neutron/neutron/db/l3_dvrscheduler_db.py:422}}
Sep 17 20:55:25.529406 dv-osbrick-master-4-ceph neutron-server[121442]: DEBUG neutron.db.l3_hamode_db [None req-75d0e27a-207c-47a2-aad0-f345c0edab02 None None] neutron.services.l3_router.l3_router_plugin.L3RouterPlugin method get_ha_sync_data_for_host called with arguments (, 'dv-osbrick-master-4-ceph', Agent(admin_state_up=True,agent_type='L3 agent',availability_zone='nova',binary='neutron-l3-agent',configurations={"agent_mode": "legacy", "ex_gw_ports": 1, "extensions": [], "floating_ips": 0, "handle_internal_only_routers": true, "interface_driver": "openvswitch", "interfaces": 1, "log_agent_heartbeats": false, "routers": 1},created_at=2022-09-17T20:47:28Z,description=,heartbeat_timestamp=2022-09-17T20:54:58Z,host='dv-osbrick-master-4-ceph',id=42052d52-b314-4af8-86d6-2f9803109860,load=0,resource_versions=,resources_synced=,started_at=2022-09-17T20:47:29Z,topic='l3_agent')) {'router_ids': ['5b2b62da-c40b-42cf-832e-4519e0e4080a'], 'active': True} {{(pid=121442) wrapper /usr/local/lib/python3.8/dist-packages/oslo_log/helpers.py:65}}
Sep 17 20:55:25.545598 dv-osbrick-master-4-ceph neutron-server[121440]: DEBUG neutron.pecan_wsgi.hooks.quota_enforcement [None req-872eaa7e-10f7-4e91-a9cf-b6deb7817ca4 admin admin] Made reservation on behalf of 32b8bdc6df7647709a77962d2118fb8f for: {'subnet': 1} {{(pid=121440) before /opt/stack/neutron/neutron/pecan_wsgi/hooks/quota_enforcement.py:53}}
Sep 17 20:55:25.548839 dv-osbrick-master-4-ceph neutron-server[121440]: DEBUG neutron_lib.callbacks.manager [None req-872eaa7e-10f7-4e91-a9cf-b6deb7817ca4 admin admin] Publish callbacks [] for subnet (None), before_create {{(pid=121440) _notify_loop /usr/local/lib/python3.8/dist-packages/neutron_lib/callbacks/manager.py:176}}
Sep 17 20:55:25.556990 dv-osbrick-master-4-ceph neutron-server[121441]: INFO neutron.plugins.ml2.plugin [None req-48049060-307f-47ab-aa16-214ed8673824 None None] Attempt 4 to provision port a8a99a0a-697e-4cdb-b339-29fa4787de7a
Sep 17 20:55:25.602901 dv-osbrick-master-4-ceph neutron-server[121441]: DEBUG neutron.plugins.ml2.plugin [None req-48049060-307f-47ab-aa16-214ed8673824 None None] Port a8a99a0a-697e-4cdb-b339-29fa4787de7a cannot update to ACTIVE because it is not bound. {{(pid=121441) _port_provisioned /opt/stack/neutron/neutron/plugins/ml2/plugin.py:359}}
Sep 17 20:55:25.646979 dv-osbrick-master-4-ceph neutron-server[121439]: DEBUG neutron.wsgi [-] (121439) accepted ('10.222.0.52', 42312) {{(pid=121439) server /usr/local/lib/python3.8/dist-packages/eventlet/wsgi.py:1004}}
Sep 17 20:55:25.657985 dv-osbrick-master-4-ceph neutron-server[121439]: DEBUG neutron.api.v2.base [None req-0dc13e3c-17c2-4014-990a-4700767a0a71 admin admin] Request body: {'network': {'name': 'tempest-TestMinimumBasicScenario-64062319-network', 'tenant_id': '8cda79df9c344d24b7a8a14f506614cc'}} {{(pid=121439) prepare_request_body /opt/stack/neutron/neutron/api/v2/base.py:730}}
Sep 17 20:55:25.744963 dv-osbrick-master-4-ceph neutron-server[121442]: DEBUG neutron.db.l3_dvr_db [None req-75d0e27a-207c-47a2-aad0-f345c0edab02 None None] Set router 5b2b62da-c40b-42cf-832e-4519e0e4080a gateway port host: dv-osbrick-master-4-ceph {{(pid=121442) _build_routers_list /opt/stack/neutron/neutron/db/l3_dvr_db.py:907}}
Sep 17 20:55:25.784021 dv-osbrick-master-4-ceph neutron-server[121440]: DEBUG dbcounter [-] [121440] Writing DB stats neutron:SELECT=84,neutron:INSERT=12,neutron:UPDATE=2,neutron:DELETE=2 {{(pid=121440) stat_writer /usr/local/lib/python3.8/dist-packages/dbcounter.py:114}}
Sep 17 20:55:25.806924 dv-osbrick-master-4-ceph neutron-server[121439]: DEBUG neutron.pecan_wsgi.hooks.quota_enforcement [None req-0dc13e3c-17c2-4014-990a-4700767a0a71 admin admin] Made reservation on behalf of 8cda79df9c344d24b7a8a14f506614cc for: {'network': 1} {{(pid=121439) before /opt/stack/neutron/neutron/pecan_wsgi/hooks/quota_enforcement.py:53}}
Sep 17 20:55:25.811084 dv-osbrick-master-4-ceph neutron-server[121439]: DEBUG neutron_lib.callbacks.manager [None req-0dc13e3c-17c2-4014-990a-4700767a0a71 admin admin] Publish callbacks ['neutron.plugins.ml2.plugin.SecurityGroupDbMixin._ensure_default_security_group_handler-16109323'] for network (None), before_create {{(pid=121439) _notify_loop /usr/local/lib/python3.8/dist-packages/neutron_lib/callbacks/manager.py:176}}
Sep 17 20:55:25.830553 dv-osbrick-master-4-ceph neutron-server[121439]: DEBUG neutron_lib.callbacks.manager [None req-0dc13e3c-17c2-4014-990a-4700767a0a71 admin admin] Publish callbacks [] for security_group (None), before_create {{(pid=121439) _notify_loop /usr/local/lib/python3.8/dist-packages/neutron_lib/callbacks/manager.py:176}}
Sep 17 20:55:25.862678 dv-osbrick-master-4-ceph neutron-server[121441]: DEBUG neutron.plugins.ml2.rpc [None req-2d3b0f14-8f66-400d-bf36-0507edb7dbd5 None None] Device 1f42b19c-b4b2-4d9b-83fa-dd3dc0066317 up at agent ovs-agent-dv-osbrick-master-4-ceph {{(pid=121441) update_device_up /opt/stack/neutron/neutron/plugins/ml2/rpc.py:296}}
Sep 17 20:55:25.931790 dv-osbrick-master-4-ceph neutron-server[121440]: DEBUG neutron_lib.callbacks.manager [None req-872eaa7e-10f7-4e91-a9cf-b6deb7817ca4 admin admin] Publish callbacks ['neutron.plugins.ml2.ovo_rpc._ObjectChangeHandler.handle_event-529006', 'neutron.api.rpc.agentnotifiers.dhcp_rpc_agent_api.DhcpAgentNotifyAPI._native_event_send_dhcp_notification-16575179'] for subnet (9f17a05f-ffbf-4b77-8661-ce50f2b2a669), after_create {{(pid=121440) _notify_loop /usr/local/lib/python3.8/dist-packages/neutron_lib/callbacks/manager.py:176}}
Sep 17 20:55:25.937188 dv-osbrick-master-4-ceph neutron-server[121441]: DEBUG neutron.db.provisioning_blocks [None req-2d3b0f14-8f66-400d-bf36-0507edb7dbd5 None None] Provisioning complete for port 1f42b19c-b4b2-4d9b-83fa-dd3dc0066317 triggered by entity L2. {{(pid=121441) provisioning_complete /opt/stack/neutron/neutron/db/provisioning_blocks.py:144}}
Sep 17 20:55:25.937943 dv-osbrick-master-4-ceph neutron-server[121441]: DEBUG neutron_lib.callbacks.manager [None req-2d3b0f14-8f66-400d-bf36-0507edb7dbd5 None None] Publish callbacks ['neutron.plugins.ml2.plugin.Ml2Plugin._port_provisioned-16103644'] for port (1f42b19c-b4b2-4d9b-83fa-dd3dc0066317), provisioning_complete {{(pid=121441) _notify_loop /usr/local/lib/python3.8/dist-packages/neutron_lib/callbacks/manager.py:176}}
Sep 17 20:55:25.938474 dv-osbrick-master-4-ceph neutron-server[121441]: INFO neutron.plugins.ml2.plugin [None req-2d3b0f14-8f66-400d-bf36-0507edb7dbd5 None None] Attempt 1 to provision port 1f42b19c-b4b2-4d9b-83fa-dd3dc0066317
Sep 17 20:55:25.983969 dv-osbrick-master-4-ceph neutron-server[121439]: DEBUG neutron_lib.callbacks.manager [None req-0dc13e3c-17c2-4014-990a-4700767a0a71 admin admin] Publish callbacks [] for security_group (ae5792ab-ee0a-43e7-a8fa-b2fa22147198), precommit_create {{(pid=121439) _notify_loop /usr/local/lib/python3.8/dist-packages/neutron_lib/callbacks/manager.py:176}}
Sep 17 20:55:26.024572 dv-osbrick-master-4-ceph neutron-server[121440]: DEBUG dbcounter [-] [121440] Writing DB stats neutron:SELECT=83,neutron:INSERT=14,neutron:UPDATE=3 {{(pid=121440) stat_writer /usr/local/lib/python3.8/dist-packages/dbcounter.py:114}}
Sep 17 20:55:26.055773 dv-osbrick-master-4-ceph neutron-server[121440]: DEBUG neutron.api.rpc.handlers.resources_rpc [None req-872eaa7e-10f7-4e91-a9cf-b6deb7817ca4 admin admin] Pushing event updated for resources: {'Subnet': ['ID=9f17a05f-ffbf-4b77-8661-ce50f2b2a669,revision_number=0']} {{(pid=121440) push /opt/stack/neutron/neutron/api/rpc/handlers/resources_rpc.py:237}}
Sep 17 20:55:26.062239 dv-osbrick-master-4-ceph neutron-server[121439]: DEBUG neutron_lib.callbacks.manager [None req-0dc13e3c-17c2-4014-990a-4700767a0a71 admin admin] Publish callbacks ['neutron.plugins.ml2.ovo_rpc._ObjectChangeHandler.handle_event-527058'] for security_group (ae5792ab-ee0a-43e7-a8fa-b2fa22147198), after_create {{(pid=121439) _notify_loop /usr/local/lib/python3.8/dist-packages/neutron_lib/callbacks/manager.py:176}}
Sep 17 20:55:26.072210 dv-osbrick-master-4-ceph neutron-server[121440]: DEBUG neutron.plugins.ml2.drivers.mech_agent [None req-872eaa7e-10f7-4e91-a9cf-b6deb7817ca4 admin admin] Checking segment: {'id': 'a8e6e7f3-3aed-453f-9b6d-4ab860a1ea26', 'network_type': 'vlan', 'physical_network': 'physnet1', 'segmentation_id': 56, 'network_id': 'acd34dc4-54f2-441b-9a23-ca10024802b6'} for mappings: {'physnet1': 'br-data'} with network types: ['local', 'flat', 'vlan'] {{(pid=121440) check_segment_for_agent /opt/stack/neutron/neutron/plugins/ml2/drivers/mech_agent.py:399}}
Sep 17 20:55:26.072797 dv-osbrick-master-4-ceph neutron-server[121440]: DEBUG neutron.scheduler.dhcp_agent_scheduler [None req-872eaa7e-10f7-4e91-a9cf-b6deb7817ca4 admin admin] Network hostable DHCP agents. Network: acd34dc4-54f2-441b-9a23-ca10024802b6, hostable agents: ['41b0c571-a0c6-406d-9cd9-7755a2ba3e7d'], hosted agents: [] {{(pid=121440) _get_network_hostable_dhcp_agents /opt/stack/neutron/neutron/scheduler/dhcp_agent_scheduler.py:329}}
Sep 17 20:55:26.074182 dv-osbrick-master-4-ceph neutron-server[121442]: DEBUG neutron.db.l3_hamode_db [None req-75d0e27a-207c-47a2-aad0-f345c0edab02 None None] neutron.services.l3_router.l3_router_plugin.L3RouterPlugin method _process_sync_ha_data called with arguments (, [{'id': '5b2b62da-c40b-42cf-832e-4519e0e4080a', 'name': 'tempest-TestVolumeBootPattern-1054581763-router', 'tenant_id': '0fa97092b299480c8e707503ffaf79e1', 'admin_state_up': True, 'status': 'ACTIVE', 'external_gateway_info': {'network_id': '6e01bdde-88f3-417e-882d-00fe5bdc2810', 'external_fixed_ips': [{'subnet_id': 'd86df903-b9f0-4f1e-9159-f7c80fa12c7c', 'ip_address': '172.38.3.2'}], 'enable_snat': True}, 'gw_port_id': 'f9f0d268-07d6-420e-ba55-00f5d066bed5', 'description': '', 'availability_zones': ['nova'], 'distributed': False, 'ha': False, 'ha_vr_id': 0, 'availability_zone_hints': [], 'routes': [], 'flavor_id': None, 'tags': [], 'created_at': '2022-09-17T20:55:19Z', 'updated_at': '2022-09-17T20:55:22Z', 'revision_number': 4, 'project_id': '0fa97092b299480c8e707503ffaf79e1', 'gw_port': {'id': 'f9f0d268-07d6-420e-ba55-00f5d066bed5', 'name': '', 'network_id': '6e01bdde-88f3-417e-882d-00fe5bdc2810', 'tenant_id': '', 'mac_address': 'fa:16:3e:c5:24:8b', 'admin_state_up': True, 'status': 'DOWN', 'device_id': '5b2b62da-c40b-42cf-832e-4519e0e4080a', 'device_owner': 'network:router_gateway', 'standard_attr_id': 51, 'fixed_ips': [{'subnet_id': 'd86df903-b9f0-4f1e-9159-f7c80fa12c7c', 'ip_address': '172.38.3.2', 'prefixlen': 24}], 'allowed_address_pairs': [], 'extra_dhcp_opts': [], 'security_groups': [], 'description': '', 'binding:vnic_type': 'normal', 'binding:profile': {}, 'binding:host_id': 'dv-osbrick-master-4-ceph', 'binding:vif_type': 'ovs', 'binding:vif_details': {'connectivity': 'l2', 'port_filter': True, 'ovs_hybrid_plug': False, 'datapath_type': 'system', 'bridge_name': 'br-int', 'bound_drivers': {'0': 'openvswitch'}}, 'port_security_enabled': False, 'tags': [], 'created_at': '2022-09-17T20:55:19Z', 'updated_at': '2022-09-17T20:55:22Z', 'revision_number': 3, 'project_id': '', 'subnets': [{'id': 'd86df903-b9f0-4f1e-9159-f7c80fa12c7c', 'cidr': '172.38.3.0/24', 'gateway_ip': '172.38.3.1', 'dns_nameservers': [], 'ipv6_ra_mode': None, 'subnetpool_id': None}], 'extra_subnets': [], 'address_scopes': {4: None, 6: None}, 'mtu': 1500}, 'enable_snat': True, 'gw_port_host': 'dv-osbrick-master-4-ceph', '_interfaces': [{'id': 'a8a99a0a-697e-4cdb-b339-29fa4787de7a', 'name': '', 'network_id': '1ac0e9b6-2e4a-4962-a3d9-1a67ea427ff3', 'tenant_id': '0fa97092b299480c8e707503ffaf79e1', 'mac_address': 'fa:16:3e:c6:e3:91', 'admin_state_up': True, 'status': 'DOWN', 'device_id': '5b2b62da-c40b-42cf-832e-4519e0e4080a', 'device_owner': 'network:router_interface', 'standard_attr_id': 53, 'fixed_ips': [{'subnet_id': '1de7a576-67db-41a2-bd37-7bb200afebfd', 'ip_address': '172.20.0.1', 'prefixlen': 28}], 'allowed_address_pairs': [], 'extra_dhcp_opts': [], 'security_groups': [], 'description': '', 'binding:vnic_type': 'normal', 'binding:profile': {}, 'binding:host_id': '', 'binding:vif_type': 'unbound', 'binding:vif_details': {}, 'port_security_enabled': False, 'tags': [], 'created_at': '2022-09-17T20:55:22Z', 'updated_at': '2022-09-17T20:55:22Z', 'revision_number': 2, 'project_id': '0fa97092b299480c8e707503ffaf79e1', 'subnets': [{'id': '1de7a576-67db-41a2-bd37-7bb200afebfd', 'cidr': '172.20.0.0/28', 'gateway_ip': '172.20.0.1', 'dns_nameservers': [], 'ipv6_ra_mode': None, 'subnetpool_id': None}], 'extra_subnets': [], 'address_scopes': {4: None, 6: None}, 'mtu': 1500}]}], 'dv-osbrick-master-4-ceph', False) {} {{(pid=121442) wrapper /usr/local/lib/python3.8/dist-packages/oslo_log/helpers.py:65}}
Sep 17 20:55:26.093687 dv-osbrick-master-4-ceph neutron-server[121441]: DEBUG neutron.plugins.ml2.plugin [None req-2d3b0f14-8f66-400d-bf36-0507edb7dbd5 None None] Current status of the port 1f42b19c-b4b2-4d9b-83fa-dd3dc0066317 is: DOWN; New status is: ACTIVE {{(pid=121441) _update_individual_port_db_status /opt/stack/neutron/neutron/plugins/ml2/plugin.py:2321}}
Sep 17 20:55:26.100592 dv-osbrick-master-4-ceph neutron-server[121441]: DEBUG neutron_lib.callbacks.manager [None req-2d3b0f14-8f66-400d-bf36-0507edb7dbd5 None None] Publish callbacks ['neutron.plugins.ml2.plugin.SecurityGroupDbMixin._ensure_default_security_group_handler-16109323'] for port (1f42b19c-b4b2-4d9b-83fa-dd3dc0066317), before_update {{(pid=121441) _notify_loop /usr/local/lib/python3.8/dist-packages/neutron_lib/callbacks/manager.py:176}}
Sep 17 20:55:26.106573 dv-osbrick-master-4-ceph neutron-server[121441]: INFO neutron.plugins.ml2.plugin [None req-48049060-307f-47ab-aa16-214ed8673824 None None] Attempt 5 to provision port a8a99a0a-697e-4cdb-b339-29fa4787de7a
Sep 17 20:55:26.115011 dv-osbrick-master-4-ceph neutron-server[121442]: DEBUG neutron.api.rpc.handlers.l3_rpc [None req-75d0e27a-207c-47a2-aad0-f345c0edab02 None None] Checking router: 5b2b62da-c40b-42cf-832e-4519e0e4080a for host: dv-osbrick-master-4-ceph {{(pid=121442) _ensure_host_set_on_ports /opt/stack/neutron/neutron/api/rpc/handlers/l3_rpc.py:155}}
Sep 17 20:55:26.115421 dv-osbrick-master-4-ceph neutron-server[121442]: DEBUG neutron.api.rpc.handlers.l3_rpc [None req-75d0e27a-207c-47a2-aad0-f345c0edab02 None None] Updating router 5b2b62da-c40b-42cf-832e-4519e0e4080a port a8a99a0a-697e-4cdb-b339-29fa4787de7a binding host dv-osbrick-master-4-ceph {{(pid=121442) _ensure_host_set_on_port /opt/stack/neutron/neutron/api/rpc/handlers/l3_rpc.py:205}}
Sep 17 20:55:26.121979 dv-osbrick-master-4-ceph neutron-server[121439]: DEBUG neutron.plugins.ml2.drivers.helpers [None req-0dc13e3c-17c2-4014-990a-4700767a0a71 admin admin] vlan segment allocate from pool success with {'vlan_id': 68, 'physical_network': 'physnet1'} {{(pid=121439) allocate_partially_specified_segment /opt/stack/neutron/neutron/plugins/ml2/drivers/helpers.py:153}}
Sep 17 20:55:26.134785 dv-osbrick-master-4-ceph neutron-server[121439]: DEBUG neutron.api.rpc.handlers.resources_rpc [None req-0dc13e3c-17c2-4014-990a-4700767a0a71 admin admin] Pushing event updated for resources: {'SecurityGroup': ['ID=ae5792ab-ee0a-43e7-a8fa-b2fa22147198,revision_number=1']} {{(pid=121439) push /opt/stack/neutron/neutron/api/rpc/handlers/resources_rpc.py:237}}
Sep 17 20:55:26.156073 dv-osbrick-master-4-ceph neutron-server[121439]: DEBUG neutron_lib.callbacks.manager [None req-0dc13e3c-17c2-4014-990a-4700767a0a71 admin admin] Publish callbacks ['neutron.plugins.ml2.plugin.Ml2Plugin._handle_segment_change-16125991'] for segment (a9413f12-343c-4072-b4a1-a3612c14996a), precommit_create {{(pid=121439) _notify_loop /usr/local/lib/python3.8/dist-packages/neutron_lib/callbacks/manager.py:176}}
Sep 17 20:55:26.156409 dv-osbrick-master-4-ceph neutron-server[121439]: INFO neutron.db.segments_db [None req-0dc13e3c-17c2-4014-990a-4700767a0a71 admin admin] Added segment a9413f12-343c-4072-b4a1-a3612c14996a of type vlan for network ec269b73-5a9f-467a-a133-8cfb17e867cd
Sep 17 20:55:26.166773 dv-osbrick-master-4-ceph neutron-server[121442]: DEBUG neutron_lib.callbacks.manager [None req-75d0e27a-207c-47a2-aad0-f345c0edab02 None None] Publish callbacks ['neutron.plugins.ml2.plugin.SecurityGroupDbMixin._ensure_default_security_group_handler-16109323'] for port (a8a99a0a-697e-4cdb-b339-29fa4787de7a), before_update {{(pid=121442) _notify_loop /usr/local/lib/python3.8/dist-packages/neutron_lib/callbacks/manager.py:176}}
Sep 17 20:55:26.182585 dv-osbrick-master-4-ceph neutron-server[121441]: DEBUG neutron.plugins.ml2.db [None req-2d3b0f14-8f66-400d-bf36-0507edb7dbd5 None None] For port 1f42b19c-b4b2-4d9b-83fa-dd3dc0066317, host dv-osbrick-master-4-ceph, got binding levels [PortBindingLevel(driver='openvswitch',host='dv-osbrick-master-4-ceph',level=0,port_id=1f42b19c-b4b2-4d9b-83fa-dd3dc0066317,segment=NetworkSegment(00ab5650-b8de-4a6f-9ec2-3292a32a8af9),segment_id=00ab5650-b8de-4a6f-9ec2-3292a32a8af9)] {{(pid=121441) get_binding_level_objs /opt/stack/neutron/neutron/plugins/ml2/db.py:74}}
Sep 17 20:55:26.185857 dv-osbrick-master-4-ceph neutron-server[121441]: DEBUG neutron_lib.callbacks.manager [None req-24820074-bbda-449b-8f15-777fb99f81f5 None None] Publish callbacks ['neutron.services.segments.db._update_segment_host_mapping_for_agent-8747447384899', 'neutron.plugins.ml2.plugin.Ml2Plugin._retry_binding_revived_agents-16103554'] for agent (41b0c571-a0c6-406d-9cd9-7755a2ba3e7d), after_update {{(pid=121441) _notify_loop /usr/local/lib/python3.8/dist-packages/neutron_lib/callbacks/manager.py:176}}
Sep 17 20:55:26.216543 dv-osbrick-master-4-ceph neutron-server[121439]: DEBUG neutron_lib.callbacks.manager [None req-0dc13e3c-17c2-4014-990a-4700767a0a71 admin admin] Publish callbacks ['neutron.services.auto_allocate.db._ensure_external_network_default_value_callback-8747446890478'] for network (ec269b73-5a9f-467a-a133-8cfb17e867cd), precommit_create {{(pid=121439) _notify_loop /usr/local/lib/python3.8/dist-packages/neutron_lib/callbacks/manager.py:176}}
Sep 17 20:55:26.217594 dv-osbrick-master-4-ceph neutron-server[121441]: DEBUG neutron.plugins.ml2.plugin [None req-48049060-307f-47ab-aa16-214ed8673824 None None] Port a8a99a0a-697e-4cdb-b339-29fa4787de7a cannot update to ACTIVE because it is not bound. {{(pid=121441) _port_provisioned /opt/stack/neutron/neutron/plugins/ml2/plugin.py:359}}
Sep 17 20:55:26.225014 dv-osbrick-master-4-ceph neutron-server[121442]: DEBUG dbcounter [-] [121442] Writing DB stats neutron:SELECT=100 {{(pid=121442) stat_writer /usr/local/lib/python3.8/dist-packages/dbcounter.py:114}}
Sep 17 20:55:26.252873 dv-osbrick-master-4-ceph neutron-server[121440]: DEBUG neutron.scheduler.dhcp_agent_scheduler [None req-872eaa7e-10f7-4e91-a9cf-b6deb7817ca4 admin admin] Network acd34dc4-54f2-441b-9a23-ca10024802b6 is scheduled to be hosted by DHCP agent 41b0c571-a0c6-406d-9cd9-7755a2ba3e7d with binding_index 1 {{(pid=121440) bind /opt/stack/neutron/neutron/scheduler/dhcp_agent_scheduler.py:227}}
Sep 17 20:55:26.253269 dv-osbrick-master-4-ceph neutron-server[121441]: DEBUG neutron_lib.callbacks.manager [None req-2d3b0f14-8f66-400d-bf36-0507edb7dbd5 None None] Publish callbacks ['neutron.plugins.ml2.plugin.SecurityGroupServerNotifierRpcMixin._notify_sg_on_port_change-16109514', 'neutron.plugins.ml2.ovo_rpc._ObjectChangeHandler.handle_event-157015', 'neutron.api.rpc.agentnotifiers.dhcp_rpc_agent_api.DhcpAgentNotifyAPI._native_event_send_dhcp_notification-16575179', 'neutron.db.l3_db.L3RpcNotifierMixin._notify_gateway_port_ip_changed-8747447305957', 'neutron.db.l3_dvrscheduler_db._notify_l3_agent_port_update-8747446912494', 'neutron.db.l3_hascheduler_db._notify_l3_agent_ha_port_update-8747446913796'] for port (1f42b19c-b4b2-4d9b-83fa-dd3dc0066317), after_update {{(pid=121441) _notify_loop /usr/local/lib/python3.8/dist-packages/neutron_lib/callbacks/manager.py:176}}
Sep 17 20:55:26.254325 dv-osbrick-master-4-ceph neutron-server[121441]: DEBUG neutron.plugins.ml2.rpc [None req-2d3b0f14-8f66-400d-bf36-0507edb7dbd5 None None] Device f9f0d268-07d6-420e-ba55-00f5d066bed5 up at agent ovs-agent-dv-osbrick-master-4-ceph {{(pid=121441) update_device_up /opt/stack/neutron/neutron/plugins/ml2/rpc.py:296}}
Sep 17 20:55:26.260761 dv-osbrick-master-4-ceph neutron-server[121440]: DEBUG neutron.scheduler.base_scheduler [None req-872eaa7e-10f7-4e91-a9cf-b6deb7817ca4 admin admin] Resources bound (agent type, host, resource id): (DHCP agent, dv-osbrick-master-4-ceph, acd34dc4-54f2-441b-9a23-ca10024802b6) {{(pid=121440) schedule /opt/stack/neutron/neutron/scheduler/base_scheduler.py:57}}
Sep 17 20:55:26.265385 dv-osbrick-master-4-ceph neutron-server[121440]: DEBUG neutron.pecan_wsgi.hooks.policy_enforcement [None req-872eaa7e-10f7-4e91-a9cf-b6deb7817ca4 admin admin] Attributes excluded by policy engine: ['standard_attr_id', 'shared', 'network'] {{(pid=121440) _exclude_attributes_by_policy /opt/stack/neutron/neutron/pecan_wsgi/hooks/policy_enforcement.py:259}}
Sep 17 20:55:26.266003 dv-osbrick-master-4-ceph neutron-server[121440]: DEBUG neutron_lib.callbacks.manager [None req-872eaa7e-10f7-4e91-a9cf-b6deb7817ca4 admin admin] Publish callbacks ['neutron.api.rpc.agentnotifiers.dhcp_rpc_agent_api.DhcpAgentNotifyAPI._send_dhcp_notification-16575165'] for subnet (None), before_response {{(pid=121440) _notify_loop /usr/local/lib/python3.8/dist-packages/neutron_lib/callbacks/manager.py:176}}
Sep 17 20:55:26.297126 dv-osbrick-master-4-ceph neutron-server[121441]: DEBUG neutron.api.rpc.handlers.dhcp_rpc [None req-4e6089b3-c580-4989-a6f2-f90e8f56782c None None] Network acd34dc4-54f2-441b-9a23-ca10024802b6 requested from dv-osbrick-master-4-ceph {{(pid=121441) get_network_info /opt/stack/neutron/neutron/api/rpc/handlers/dhcp_rpc.py:193}}
Sep 17 20:55:26.333014 dv-osbrick-master-4-ceph neutron-server[121441]: DEBUG dbcounter [-] [121441] Writing DB stats neutron:SELECT=97,neutron:UPDATE=3 {{(pid=121441) stat_writer /usr/local/lib/python3.8/dist-packages/dbcounter.py:114}}
Sep 17 20:55:26.344348 dv-osbrick-master-4-ceph neutron-server[121439]: DEBUG neutron_lib.callbacks.manager [None req-0dc13e3c-17c2-4014-990a-4700767a0a71 admin admin] Publish callbacks ['neutron.plugins.ml2.ovo_rpc._ObjectChangeHandler.handle_event-528903', 'neutron.api.rpc.agentnotifiers.dhcp_rpc_agent_api.DhcpAgentNotifyAPI._native_event_send_dhcp_notification-16575179'] for network (ec269b73-5a9f-467a-a133-8cfb17e867cd), after_create {{(pid=121439) _notify_loop /usr/local/lib/python3.8/dist-packages/neutron_lib/callbacks/manager.py:176}}
Sep 17 20:55:26.345515 dv-osbrick-master-4-ceph neutron-server[121439]: DEBUG neutron.pecan_wsgi.hooks.policy_enforcement [None req-0dc13e3c-17c2-4014-990a-4700767a0a71 admin admin] Attributes excluded by policy engine: ['standard_attr_id', 'vlan_transparent'] {{(pid=121439) _exclude_attributes_by_policy /opt/stack/neutron/neutron/pecan_wsgi/hooks/policy_enforcement.py:259}}
Sep 17 20:55:26.346307 dv-osbrick-master-4-ceph neutron-server[121439]: DEBUG neutron_lib.callbacks.manager [None req-0dc13e3c-17c2-4014-990a-4700767a0a71 admin admin] Publish callbacks ['neutron.api.rpc.agentnotifiers.dhcp_rpc_agent_api.DhcpAgentNotifyAPI._send_dhcp_notification-16575165'] for network (None), before_response {{(pid=121439) _notify_loop /usr/local/lib/python3.8/dist-packages/neutron_lib/callbacks/manager.py:176}}
Sep 17 20:55:26.380784 dv-osbrick-master-4-ceph neutron-server[121440]: INFO neutron.wsgi [None req-872eaa7e-10f7-4e91-a9cf-b6deb7817ca4 admin admin] 10.222.0.52 "POST /networking/v2.0/subnets HTTP/1.1" status: 201 len: 848 time: 0.9306934
Sep 17 20:55:26.384025 dv-osbrick-master-4-ceph neutron-server[121440]: DEBUG neutron.wsgi [-] (121440) accepted ('10.222.0.52', 42314) {{(pid=121440) server /usr/local/lib/python3.8/dist-packages/eventlet/wsgi.py:1004}}
Sep 17 20:55:26.390414 dv-osbrick-master-4-ceph neutron-server[121440]: DEBUG neutron.api.v2.base [None req-adca58b1-446d-44fb-ba56-2be5ae0b6dc3 admin admin] Request body: {'router': {'name': 'tempest-TestVolumeBootPattern-1698905940-router', 'tenant_id': '32b8bdc6df7647709a77962d2118fb8f', 'external_gateway_info': {'network_id': '6e01bdde-88f3-417e-882d-00fe5bdc2810'}}} {{(pid=121440) prepare_request_body /opt/stack/neutron/neutron/api/v2/base.py:730}}
Sep 17 20:55:26.421034 dv-osbrick-master-4-ceph neutron-server[121441]: DEBUG neutron.api.rpc.handlers.resources_rpc [None req-2d3b0f14-8f66-400d-bf36-0507edb7dbd5 None None] Pushing event updated for resources: {'Port': ['ID=1f42b19c-b4b2-4d9b-83fa-dd3dc0066317,revision_number=4']} {{(pid=121441) push /opt/stack/neutron/neutron/api/rpc/handlers/resources_rpc.py:237}}
Sep 17 20:55:26.434761 dv-osbrick-master-4-ceph neutron-server[121441]: DEBUG neutron.db.provisioning_blocks [None req-2d3b0f14-8f66-400d-bf36-0507edb7dbd5 None None] Provisioning complete for port f9f0d268-07d6-420e-ba55-00f5d066bed5 triggered by entity L2. {{(pid=121441) provisioning_complete /opt/stack/neutron/neutron/db/provisioning_blocks.py:144}}
Sep 17 20:55:26.435237 dv-osbrick-master-4-ceph neutron-server[121441]: DEBUG neutron_lib.callbacks.manager [None req-2d3b0f14-8f66-400d-bf36-0507edb7dbd5 None None] Publish callbacks ['neutron.plugins.ml2.plugin.Ml2Plugin._port_provisioned-16103644'] for port (f9f0d268-07d6-420e-ba55-00f5d066bed5), provisioning_complete {{(pid=121441) _notify_loop /usr/local/lib/python3.8/dist-packages/neutron_lib/callbacks/manager.py:176}}
Sep 17 20:55:26.435648 dv-osbrick-master-4-ceph neutron-server[121441]: INFO neutron.plugins.ml2.plugin [None req-2d3b0f14-8f66-400d-bf36-0507edb7dbd5 None None] Attempt 1 to provision port f9f0d268-07d6-420e-ba55-00f5d066bed5
Sep 17 20:55:26.473548 dv-osbrick-master-4-ceph neutron-server[121439]: DEBUG neutron.api.rpc.handlers.resources_rpc [None req-0dc13e3c-17c2-4014-990a-4700767a0a71 admin admin] Pushing event updated for resources: {'Network': ['ID=ec269b73-5a9f-467a-a133-8cfb17e867cd,revision_number=1']} {{(pid=121439) push /opt/stack/neutron/neutron/api/rpc/handlers/resources_rpc.py:237}}
Sep 17 20:55:26.485919 dv-osbrick-master-4-ceph neutron-server[121442]: DEBUG neutron_lib.callbacks.manager [None req-75d0e27a-207c-47a2-aad0-f345c0edab02 None None] Publish callbacks [] for port (a8a99a0a-697e-4cdb-b339-29fa4787de7a), precommit_update {{(pid=121442) _notify_loop /usr/local/lib/python3.8/dist-packages/neutron_lib/callbacks/manager.py:176}}
Sep 17 20:55:26.487415 dv-osbrick-master-4-ceph neutron-server[121441]: DEBUG neutron.plugins.ml2.rpc [None req-2d3b0f14-8f66-400d-bf36-0507edb7dbd5 None None] Network ec269b73-5a9f-467a-a133-8cfb17e867cd details requested by agent ovs-agent-dv-osbrick-master-4-ceph with host dv-osbrick-master-4-ceph {{(pid=121441) get_network_details /opt/stack/neutron/neutron/plugins/ml2/rpc.py:248}}
Sep 17 20:55:26.508497 dv-osbrick-master-4-ceph neutron-server[121441]: DEBUG neutron.api.rpc.handlers.dhcp_rpc [None req-e2d42c62-f105-4f8b-b5aa-553e9d8b1fc2 None None] Create dhcp port {'port': {'name': '', 'admin_state_up': True, 'device_id': 'dhcp1c368054-2d54-5262-97e4-2415800f684e-acd34dc4-54f2-441b-9a23-ca10024802b6', 'network_id': 'acd34dc4-54f2-441b-9a23-ca10024802b6', 'project_id': '32b8bdc6df7647709a77962d2118fb8f', 'fixed_ips': [{'subnet_id': '9f17a05f-ffbf-4b77-8661-ce50f2b2a669'}]}} from dv-osbrick-master-4-ceph. {{(pid=121441) create_dhcp_port /opt/stack/neutron/neutron/api/rpc/handlers/dhcp_rpc.py:282}}
Sep 17 20:55:26.509472 dv-osbrick-master-4-ceph neutron-server[121441]: DEBUG neutron_lib.callbacks.manager [None req-e2d42c62-f105-4f8b-b5aa-553e9d8b1fc2 None None] Publish callbacks ['neutron.plugins.ml2.plugin.SecurityGroupDbMixin._ensure_default_security_group_handler-16109323'] for port (None), before_create {{(pid=121441) _notify_loop /usr/local/lib/python3.8/dist-packages/neutron_lib/callbacks/manager.py:176}}
Sep 17 20:55:26.545146 dv-osbrick-master-4-ceph neutron-server[121440]: DEBUG neutron_lib.callbacks.manager [None req-adca58b1-446d-44fb-ba56-2be5ae0b6dc3 admin admin] Publish callbacks ['neutron.services.l3_router.l3_router_plugin.L3_HA_NAT_db_mixin._before_router_create_handler-693013', 'neutron.services.l3_router.service_providers.driver_controller.DriverController._check_router_request-101453'] for router (a0bbf143-082a-4047-9d5a-c0a9a3813757), before_create {{(pid=121440) _notify_loop /usr/local/lib/python3.8/dist-packages/neutron_lib/callbacks/manager.py:176}}
Sep 17 20:55:26.546327 dv-osbrick-master-4-ceph neutron-server[121440]: DEBUG neutron_lib.callbacks.manager [None req-adca58b1-446d-44fb-ba56-2be5ae0b6dc3 admin admin] Publish callbacks ['neutron.services.l3_router.l3_router_plugin.L3_HA_NAT_db_mixin._precommit_router_create-692357', 'neutron.services.l3_router.l3_router_plugin.DVRResourceOperationHandler._set_distributed_flag-691277', 'neutron.services.l3_router.l3_router_plugin.RouterAvailabilityZoneMixin._process_az_request-525528', 'neutron.services.l3_router.service_providers.driver_controller.DriverController._set_router_provider-101462'] for router (a0bbf143-082a-4047-9d5a-c0a9a3813757), precommit_create {{(pid=121440) _notify_loop /usr/local/lib/python3.8/dist-packages/neutron_lib/callbacks/manager.py:176}}
Sep 17 20:55:26.578812 dv-osbrick-master-4-ceph neutron-server[121442]: DEBUG neutron_lib.callbacks.manager [None req-75d0e27a-207c-47a2-aad0-f345c0edab02 None None] Publish callbacks ['neutron.plugins.ml2.plugin.SecurityGroupServerNotifierRpcMixin._notify_sg_on_port_change-16109514', 'neutron.plugins.ml2.ovo_rpc._ObjectChangeHandler.handle_event-157015', 'neutron.api.rpc.agentnotifiers.dhcp_rpc_agent_api.DhcpAgentNotifyAPI._native_event_send_dhcp_notification-16575179', 'neutron.db.l3_db.L3RpcNotifierMixin._notify_gateway_port_ip_changed-8747447305957', 'neutron.db.l3_dvrscheduler_db._notify_l3_agent_port_update-8747446912494', 'neutron.db.l3_hascheduler_db._notify_l3_agent_ha_port_update-8747446913796'] for port (a8a99a0a-697e-4cdb-b339-29fa4787de7a), after_update {{(pid=121442) _notify_loop /usr/local/lib/python3.8/dist-packages/neutron_lib/callbacks/manager.py:176}}
Sep 17 20:55:26.583033 dv-osbrick-master-4-ceph neutron-server[121439]: INFO neutron.wsgi [None req-0dc13e3c-17c2-4014-990a-4700767a0a71 admin admin] 10.222.0.52 "POST /networking/v2.0/networks HTTP/1.1" status: 201 len: 885 time: 0.9268057
Sep 17 20:55:26.583229 dv-osbrick-master-4-ceph neutron-server[121441]: DEBUG dbcounter [-] [121441] Writing DB stats neutron:SELECT=100 {{(pid=121441) stat_writer /usr/local/lib/python3.8/dist-packages/dbcounter.py:114}}
Sep 17 20:55:26.583919 dv-osbrick-master-4-ceph neutron-server[121439]: DEBUG neutron.wsgi [-] (121439) accepted ('10.222.0.52', 42316) {{(pid=121439) server /usr/local/lib/python3.8/dist-packages/eventlet/wsgi.py:1004}}
Sep 17 20:55:26.596486 dv-osbrick-master-4-ceph neutron-server[121439]: DEBUG neutron.api.v2.base [None req-b60efdcc-ac93-4ce8-8d19-86f1e0ae39d6 admin admin] Request body: {'subnet': {'network_id': 'ec269b73-5a9f-467a-a133-8cfb17e867cd', 'cidr': '172.20.0.0/28', 'name': 'tempest-TestMinimumBasicScenario-64062319-subnet', 'tenant_id': '8cda79df9c344d24b7a8a14f506614cc', 'ip_version': 4}} {{(pid=121439) prepare_request_body /opt/stack/neutron/neutron/api/v2/base.py:730}}
Sep 17 20:55:26.611784 dv-osbrick-master-4-ceph neutron-server[121439]: DEBUG dbcounter [-] [121439] Writing DB stats neutron:SELECT=87,neutron:INSERT=8,neutron:UPDATE=4,neutron:DELETE=1 {{(pid=121439) stat_writer /usr/local/lib/python3.8/dist-packages/dbcounter.py:114}}
Sep 17 20:55:26.625012 dv-osbrick-master-4-ceph neutron-server[121440]: DEBUG neutron_lib.callbacks.manager [None req-adca58b1-446d-44fb-ba56-2be5ae0b6dc3 admin admin] Publish callbacks [] for router_controller (a0bbf143-082a-4047-9d5a-c0a9a3813757), precommit_add_association {{(pid=121440) _notify_loop /usr/local/lib/python3.8/dist-packages/neutron_lib/callbacks/manager.py:176}}
Sep 17 20:55:26.666806 dv-osbrick-master-4-ceph neutron-server[121442]: DEBUG neutron.api.rpc.handlers.resources_rpc [None req-c3bccb2c-70e1-4fdd-b7f8-456e350e8298 None None] Pushing event updated for resources: {'Port': ['ID=a8a99a0a-697e-4cdb-b339-29fa4787de7a,revision_number=3']} {{(pid=121442) push /opt/stack/neutron/neutron/api/rpc/handlers/resources_rpc.py:237}}
Sep 17 20:55:26.688195 dv-osbrick-master-4-ceph neutron-server[121439]: DEBUG neutron.pecan_wsgi.hooks.quota_enforcement [None req-b60efdcc-ac93-4ce8-8d19-86f1e0ae39d6 admin admin] Made reservation on behalf of 8cda79df9c344d24b7a8a14f506614cc for: {'subnet': 1} {{(pid=121439) before /opt/stack/neutron/neutron/pecan_wsgi/hooks/quota_enforcement.py:53}}
Sep 17 20:55:26.691497 dv-osbrick-master-4-ceph neutron-server[121439]: DEBUG neutron_lib.callbacks.manager [None req-b60efdcc-ac93-4ce8-8d19-86f1e0ae39d6 admin admin] Publish callbacks [] for subnet (None), before_create {{(pid=121439) _notify_loop /usr/local/lib/python3.8/dist-packages/neutron_lib/callbacks/manager.py:176}}
Sep 17 20:55:26.699898 dv-osbrick-master-4-ceph neutron-server[121442]: DEBUG neutron.plugins.ml2.managers [None req-75d0e27a-207c-47a2-aad0-f345c0edab02 None None] Attempting to bind port a8a99a0a-697e-4cdb-b339-29fa4787de7a on host dv-osbrick-master-4-ceph for vnic_type normal with profile {{(pid=121442) bind_port /opt/stack/neutron/neutron/plugins/ml2/managers.py:810}}
Sep 17 20:55:26.700272 dv-osbrick-master-4-ceph neutron-server[121442]: DEBUG neutron.plugins.ml2.managers [None req-75d0e27a-207c-47a2-aad0-f345c0edab02 None None] Attempting to bind port a8a99a0a-697e-4cdb-b339-29fa4787de7a by drivers openvswitch,hyperv on host dv-osbrick-master-4-ceph at level 0 using segments [{'id': 'b8d9f9f0-1530-42ec-9c86-74676e6c7de2', 'network_type': 'vlan', 'physical_network': 'physnet1', 'segmentation_id': 81, 'network_id': '1ac0e9b6-2e4a-4962-a3d9-1a67ea427ff3'}] {{(pid=121442) _bind_port_level /opt/stack/neutron/neutron/plugins/ml2/managers.py:835}}
Sep 17 20:55:26.700786 dv-osbrick-master-4-ceph neutron-server[121442]: DEBUG neutron.plugins.ml2.drivers.mech_agent [None req-75d0e27a-207c-47a2-aad0-f345c0edab02 None None] Attempting to bind port a8a99a0a-697e-4cdb-b339-29fa4787de7a on network 1ac0e9b6-2e4a-4962-a3d9-1a67ea427ff3 {{(pid=121442) bind_port /opt/stack/neutron/neutron/plugins/ml2/drivers/mech_agent.py:91}}
Sep 17 20:55:26.719025 dv-osbrick-master-4-ceph neutron-server[121441]: INFO neutron.plugins.ml2.plugin [None req-48049060-307f-47ab-aa16-214ed8673824 None None] Attempt 6 to provision port a8a99a0a-697e-4cdb-b339-29fa4787de7a
Sep 17 20:55:26.724330 dv-osbrick-master-4-ceph neutron-server[121441]: DEBUG neutron.plugins.ml2.plugin [None req-2d3b0f14-8f66-400d-bf36-0507edb7dbd5 None None] Current status of the port f9f0d268-07d6-420e-ba55-00f5d066bed5 is: DOWN; New status is: ACTIVE {{(pid=121441) _update_individual_port_db_status /opt/stack/neutron/neutron/plugins/ml2/plugin.py:2321}}
Sep 17 20:55:26.724937 dv-osbrick-master-4-ceph neutron-server[121441]: DEBUG neutron_lib.callbacks.manager [None req-2d3b0f14-8f66-400d-bf36-0507edb7dbd5 None None] Publish callbacks ['neutron.plugins.ml2.plugin.SecurityGroupDbMixin._ensure_default_security_group_handler-16109323'] for port (f9f0d268-07d6-420e-ba55-00f5d066bed5), before_update {{(pid=121441) _notify_loop /usr/local/lib/python3.8/dist-packages/neutron_lib/callbacks/manager.py:176}}
Sep 17 20:55:26.750860 dv-osbrick-master-4-ceph neutron-server[121442]: DEBUG neutron.plugins.ml2.drivers.mech_agent [None req-75d0e27a-207c-47a2-aad0-f345c0edab02 None None] Checking agent: {'id': 'f751f656-9523-4f5f-9f66-2e411e3e9ef7', 'agent_type': 'Open vSwitch agent', 'binary': 'neutron-openvswitch-agent', 'topic': 'N/A', 'host': 'dv-osbrick-master-4-ceph', 'admin_state_up': True, 'created_at': datetime.datetime(2022, 9, 17, 20, 47, 32), 'started_at': datetime.datetime(2022, 9, 17, 20, 48, 2), 'heartbeat_timestamp': datetime.datetime(2022, 9, 17, 20, 55, 2), 'description': None, 'resources_synced': None, 'availability_zone': None, 'alive': True, 'configurations': {'arp_responder_enabled': False, 'baremetal_smartnic': False, 'bridge_mappings': {'physnet1': 'br-data'}, 'datapath_type': 'system', 'devices': 0, 'enable_distributed_routing': False, 'extensions': [], 'in_distributed_mode': False, 'integration_bridge': 'br-int', 'l2_population': False, 'log_agent_heartbeats': False, 'ovs_capabilities': {'datapath_types': ['netdev', 'system'], 'iface_types': ['erspan', 'geneve', 'gre', 'internal', 'ip6erspan', 'ip6gre', 'lisp', 'patch', 'stt', 'system', 'tap', 'vxlan']}, 'ovs_hybrid_plug': False, 'resource_provider_bandwidths': {}, 'resource_provider_hypervisors': {'br-data': 'dv-osbrick-master-4-ceph'}, 'resource_provider_inventory_defaults': {'allocation_ratio': 1.0, 'min_unit': 1, 'step_size': 1, 'reserved': 0}, 'resource_provider_packet_processing_inventory_defaults': {'allocation_ratio': 1.0, 'min_unit': 1, 'step_size': 1, 'reserved': 0}, 'resource_provider_packet_processing_with_direction': {}, 'resource_provider_packet_processing_without_direction': {}, 'tunnel_types': [], 'tunneling_ip': None, 'vhostuser_socket_dir': '/var/run/openvswitch'}, 'resource_versions': {'AddressGroup': '1.2', 'Agent': '1.1', 'ConntrackHelper': '1.0', 'LocalIPAssociation': '1.0', 'Log': '1.0', 'NDPProxy': '1.0', 'Network': '1.1', 'Port': '1.7', 'PortForwarding': '1.3', 'QosPolicy': '1.10', 'SecurityGroup': '1.5', 'SecurityGroupRule': '1.2', 'SubPort': '1.0', 'Subnet': '1.1', 'Trunk': '1.1'}} {{(pid=121442) bind_port /opt/stack/neutron/neutron/plugins/ml2/drivers/mech_agent.py:127}}
Sep 17 20:55:26.751267 dv-osbrick-master-4-ceph neutron-server[121442]: DEBUG neutron.plugins.ml2.drivers.mech_agent [None req-75d0e27a-207c-47a2-aad0-f345c0edab02 None None] Checking segment: {'id': 'b8d9f9f0-1530-42ec-9c86-74676e6c7de2', 'network_type': 'vlan', 'physical_network': 'physnet1', 'segmentation_id': 81, 'network_id': '1ac0e9b6-2e4a-4962-a3d9-1a67ea427ff3'} for mappings: {'physnet1': 'br-data'} with network types: ['local', 'flat', 'vlan'] {{(pid=121442) check_segment_for_agent /opt/stack/neutron/neutron/plugins/ml2/drivers/mech_agent.py:399}}
Sep 17 20:55:26.751904 dv-osbrick-master-4-ceph neutron-server[121442]: DEBUG neutron_lib.callbacks.manager [None req-75d0e27a-207c-47a2-aad0-f345c0edab02 None None] Publish callbacks [] for ovs_bridge_name (None), before_read {{(pid=121442) _notify_loop /usr/local/lib/python3.8/dist-packages/neutron_lib/callbacks/manager.py:176}}
Sep 17 20:55:26.752823 dv-osbrick-master-4-ceph neutron-server[121442]: DEBUG neutron.plugins.ml2.drivers.mech_agent [None req-75d0e27a-207c-47a2-aad0-f345c0edab02 None None] Bound using segment: {'id': 'b8d9f9f0-1530-42ec-9c86-74676e6c7de2', 'network_type': 'vlan', 'physical_network': 'physnet1', 'segmentation_id': 81, 'network_id': '1ac0e9b6-2e4a-4962-a3d9-1a67ea427ff3'} {{(pid=121442) bind_port /opt/stack/neutron/neutron/plugins/ml2/drivers/mech_agent.py:137}}
Sep 17 20:55:26.753349 dv-osbrick-master-4-ceph neutron-server[121442]: DEBUG neutron.plugins.ml2.managers [None req-75d0e27a-207c-47a2-aad0-f345c0edab02 None None] Bound port: a8a99a0a-697e-4cdb-b339-29fa4787de7a, host: dv-osbrick-master-4-ceph, vif_type: ovs, vif_details: {"connectivity": "l2", "port_filter": true, "ovs_hybrid_plug": false, "datapath_type": "system", "bridge_name": "br-int"}, binding_levels: [{'bound_driver': 'openvswitch', 'bound_segment': {'id': 'b8d9f9f0-1530-42ec-9c86-74676e6c7de2', 'network_type': 'vlan', 'physical_network': 'physnet1', 'segmentation_id': 81, 'network_id': '1ac0e9b6-2e4a-4962-a3d9-1a67ea427ff3'}}] {{(pid=121442) _bind_port_level /opt/stack/neutron/neutron/plugins/ml2/managers.py:947}}
Sep 17 20:55:26.753821 dv-osbrick-master-4-ceph neutron-server[121442]: DEBUG neutron_lib.callbacks.manager [None req-75d0e27a-207c-47a2-aad0-f345c0edab02 None None] Publish callbacks ['neutron.plugins.ml2.plugin.SecurityGroupDbMixin._ensure_default_security_group_handler-16109323'] for port (a8a99a0a-697e-4cdb-b339-29fa4787de7a), before_update {{(pid=121442) _notify_loop /usr/local/lib/python3.8/dist-packages/neutron_lib/callbacks/manager.py:176}}
Sep 17 20:55:26.783995 dv-osbrick-master-4-ceph neutron-server[121441]: DEBUG neutron.plugins.ml2.db [None req-2d3b0f14-8f66-400d-bf36-0507edb7dbd5 None None] For port f9f0d268-07d6-420e-ba55-00f5d066bed5, host dv-osbrick-master-4-ceph, got binding levels [PortBindingLevel(driver='openvswitch',host='dv-osbrick-master-4-ceph',level=0,port_id=f9f0d268-07d6-420e-ba55-00f5d066bed5,segment=NetworkSegment(00ab5650-b8de-4a6f-9ec2-3292a32a8af9),segment_id=00ab5650-b8de-4a6f-9ec2-3292a32a8af9)] {{(pid=121441) get_binding_level_objs /opt/stack/neutron/neutron/plugins/ml2/db.py:74}}
Sep 17 20:55:26.789482 dv-osbrick-master-4-ceph neutron-server[121441]: DEBUG neutron.plugins.ml2.plugin [None req-48049060-307f-47ab-aa16-214ed8673824 None None] Port a8a99a0a-697e-4cdb-b339-29fa4787de7a cannot update to ACTIVE because it is not bound. {{(pid=121441) _port_provisioned /opt/stack/neutron/neutron/plugins/ml2/plugin.py:359}}
Sep 17 20:55:26.798385 dv-osbrick-master-4-ceph neutron-server[121441]: DEBUG neutron.db.db_base_plugin_common [None req-e2d42c62-f105-4f8b-b5aa-553e9d8b1fc2 None None] Allocated IP 172.20.0.2 (acd34dc4-54f2-441b-9a23-ca10024802b6/9f17a05f-ffbf-4b77-8661-ce50f2b2a669/f934be53-7daf-42e6-81ff-3e3ba83b52a8) {{(pid=121441) _store_ip_allocation /opt/stack/neutron/neutron/db/db_base_plugin_common.py:131}}
Sep 17 20:55:26.808578 dv-osbrick-master-4-ceph neutron-server[121442]: DEBUG dbcounter [-] [121442] Writing DB stats neutron:SELECT=99,neutron:UPDATE=1 {{(pid=121442) stat_writer /usr/local/lib/python3.8/dist-packages/dbcounter.py:114}}
Sep 17 20:55:26.848888 dv-osbrick-master-4-ceph neutron-server[121442]: DEBUG neutron.plugins.ml2.db [None req-75d0e27a-207c-47a2-aad0-f345c0edab02 None None] For port a8a99a0a-697e-4cdb-b339-29fa4787de7a, host dv-osbrick-master-4-ceph, cleared binding levels {{(pid=121442) clear_binding_levels /opt/stack/neutron/neutron/plugins/ml2/db.py:87}}
Sep 17 20:55:26.853338 dv-osbrick-master-4-ceph neutron-server[121442]: DEBUG neutron.plugins.ml2.db [None req-75d0e27a-207c-47a2-aad0-f345c0edab02 None None] For port a8a99a0a-697e-4cdb-b339-29fa4787de7a, host dv-osbrick-master-4-ceph, set binding levels [PortBindingLevel(driver='openvswitch',host='dv-osbrick-master-4-ceph',level=0,port_id=a8a99a0a-697e-4cdb-b339-29fa4787de7a,segment=NetworkSegment(b8d9f9f0-1530-42ec-9c86-74676e6c7de2),segment_id=b8d9f9f0-1530-42ec-9c86-74676e6c7de2)] {{(pid=121442) set_binding_levels /opt/stack/neutron/neutron/plugins/ml2/db.py:59}}
Sep 17 20:55:26.874926 dv-osbrick-master-4-ceph neutron-server[121441]: DEBUG neutron_lib.callbacks.manager [None req-2d3b0f14-8f66-400d-bf36-0507edb7dbd5 None None] Publish callbacks ['neutron.plugins.ml2.plugin.SecurityGroupServerNotifierRpcMixin._notify_sg_on_port_change-16109514', 'neutron.plugins.ml2.ovo_rpc._ObjectChangeHandler.handle_event-157015', 'neutron.api.rpc.agentnotifiers.dhcp_rpc_agent_api.DhcpAgentNotifyAPI._native_event_send_dhcp_notification-16575179', 'neutron.db.l3_db.L3RpcNotifierMixin._notify_gateway_port_ip_changed-8747447305957', 'neutron.db.l3_dvrscheduler_db._notify_l3_agent_port_update-8747446912494', 'neutron.db.l3_hascheduler_db._notify_l3_agent_ha_port_update-8747446913796'] for port (f9f0d268-07d6-420e-ba55-00f5d066bed5), after_update {{(pid=121441) _notify_loop /usr/local/lib/python3.8/dist-packages/neutron_lib/callbacks/manager.py:176}}
