May 02 08:43:33.224343 dv-osbrick-master-4-ceph devstack@keystone.service[93340]: DEBUG keystone.common.rbac_enforcer.enforcer [None req-27b5393e-8613-4a4b-96c4-3c2c04c29142 None admin] RBAC: Adding query filter params (name=member) {{(pid=93340) _extract_filter_values /opt/stack/keystone/keystone/common/rbac_enforcer/enforcer.py:167}}
May 02 08:43:33.224343 dv-osbrick-master-4-ceph devstack@keystone.service[93340]: DEBUG keystone.common.rbac_enforcer.enforcer [None req-27b5393e-8613-4a4b-96c4-3c2c04c29142 None admin] RBAC: Authorizing `identity:list_roles()` {{(pid=93340) enforce_call /opt/stack/keystone/keystone/common/rbac_enforcer/enforcer.py:449}}
May 02 08:43:33.226013 dv-osbrick-master-4-ceph devstack@keystone.service[93340]: DEBUG keystone.common.rbac_enforcer.enforcer [None req-27b5393e-8613-4a4b-96c4-3c2c04c29142 None admin] RBAC: Authorization granted {{(pid=93340) enforce_call /opt/stack/keystone/keystone/common/rbac_enforcer/enforcer.py:457}}
May 02 08:43:33.237611 dv-osbrick-master-4-ceph devstack@keystone.service[93341]: DEBUG keystone.server.flask.request_processing.middleware.auth_context [None req-bf68a710-8ed6-481d-a6a7-2a160c7b2835 None admin] Validating token access rules against request {{(pid=93341) validate_allowed_request /usr/local/lib/python3.8/dist-packages/keystonemiddleware/auth_token/__init__.py:545}}
May 02 08:43:33.244070 dv-osbrick-master-4-ceph devstack@keystone.service[93340]: [pid: 93340|app: 0|req: 68/131] 10.222.0.18 () {56 vars in 1101 bytes} [Mon May 2 08:43:33 2022] GET /identity/v3/roles?name=member => generated 341 bytes in 190 msecs (HTTP/1.1 200) 5 headers in 177 bytes (1 switches on core 0)
May 02 08:43:33.249069 dv-osbrick-master-4-ceph devstack@keystone.service[93340]: DEBUG keystone.server.flask.request_processing.middleware.auth_context [None req-27b5393e-8613-4a4b-96c4-3c2c04c29142 None admin] Authenticating user token {{(pid=93340) process_request /usr/local/lib/python3.8/dist-packages/keystonemiddleware/auth_token/__init__.py:407}}
May 02 08:43:33.282802 dv-osbrick-master-4-ceph devstack@keystone.service[93341]: DEBUG keystone.server.flask.request_processing.middleware.auth_context [None req-9ecdb63d-5da6-439d-8205-d786b805ebf3 None admin] RBAC: auth_context: {'token': , 'domain_id': None, 'trust_id': None, 'trustor_id': None, 'trustee_id': None, 'domain_name': None, 'group_ids': [], 'user_id': '01d461fea7474f0cabc39359a0a27117', 'user_domain_id': 'default', 'system_scope': 'all', 'project_id': None, 'project_domain_id': None, 'roles': ['admin', 'member', 'reader'], 'is_admin_project': True, 'service_user_id': None, 'service_user_domain_id': None, 'service_project_id': None, 'service_project_domain_id': None, 'service_roles': []} {{(pid=93341) fill_context /opt/stack/keystone/keystone/server/flask/request_processing/middleware/auth_context.py:478}}
May 02 08:43:33.284092 dv-osbrick-master-4-ceph devstack@keystone.service[93341]: DEBUG keystone.server.flask.request_processing.req_logging [None req-9ecdb63d-5da6-439d-8205-d786b805ebf3 None admin] REQUEST_METHOD: `GET` {{(pid=93341) log_request_info /opt/stack/keystone/keystone/server/flask/request_processing/req_logging.py:27}}
May 02 08:43:33.284393 dv-osbrick-master-4-ceph devstack@keystone.service[93341]: DEBUG keystone.server.flask.request_processing.req_logging [None req-9ecdb63d-5da6-439d-8205-d786b805ebf3 None admin] SCRIPT_NAME: `/identity` {{(pid=93341) log_request_info /opt/stack/keystone/keystone/server/flask/request_processing/req_logging.py:28}}
May 02 08:43:33.284680 dv-osbrick-master-4-ceph devstack@keystone.service[93341]: DEBUG keystone.server.flask.request_processing.req_logging [None req-9ecdb63d-5da6-439d-8205-d786b805ebf3 None admin] PATH_INFO: `/v3/auth/tokens` {{(pid=93341) log_request_info /opt/stack/keystone/keystone/server/flask/request_processing/req_logging.py:29}}
May 02 08:43:33.365139 dv-osbrick-master-4-ceph devstack@keystone.service[93340]: DEBUG keystone.server.flask.request_processing.middleware.auth_context [None req-27b5393e-8613-4a4b-96c4-3c2c04c29142 None admin] Validating token access rules against request {{(pid=93340) validate_allowed_request /usr/local/lib/python3.8/dist-packages/keystonemiddleware/auth_token/__init__.py:545}}
May 02 08:43:33.376717 dv-osbrick-master-4-ceph devstack@keystone.service[93341]: DEBUG keystone.common.rbac_enforcer.enforcer [None req-9ecdb63d-5da6-439d-8205-d786b805ebf3 None admin] RBAC: Authorizing `identity:validate_token()` {{(pid=93341) enforce_call /opt/stack/keystone/keystone/common/rbac_enforcer/enforcer.py:449}}
May 02 08:43:33.378244 dv-osbrick-master-4-ceph devstack@keystone.service[93341]: DEBUG keystone.common.rbac_enforcer.enforcer [None req-9ecdb63d-5da6-439d-8205-d786b805ebf3 None admin] RBAC: Authorization granted {{(pid=93341) enforce_call /opt/stack/keystone/keystone/common/rbac_enforcer/enforcer.py:457}}
May 02 08:43:33.418863 dv-osbrick-master-4-ceph devstack@keystone.service[93340]: DEBUG keystone.server.flask.request_processing.middleware.auth_context [None req-636e73df-b2a7-4cd0-bf2e-e9dd5c47e376 None admin] RBAC: auth_context: {'token': , 'domain_id': None, 'trust_id': None, 'trustor_id': None, 'trustee_id': None, 'domain_name': None, 'group_ids': [], 'user_id': '01d461fea7474f0cabc39359a0a27117', 'user_domain_id': 'default', 'system_scope': 'all', 'project_id': None, 'project_domain_id': None, 'roles': ['admin', 'member', 'reader'], 'is_admin_project': True, 'service_user_id': None, 'service_user_domain_id': None, 'service_project_id': None, 'service_project_domain_id': None, 'service_roles': []} {{(pid=93340) fill_context /opt/stack/keystone/keystone/server/flask/request_processing/middleware/auth_context.py:478}}
May 02 08:43:33.420207 dv-osbrick-master-4-ceph devstack@keystone.service[93340]: DEBUG keystone.server.flask.request_processing.req_logging [None req-636e73df-b2a7-4cd0-bf2e-e9dd5c47e376 None admin] REQUEST_METHOD: `GET` {{(pid=93340) log_request_info /opt/stack/keystone/keystone/server/flask/request_processing/req_logging.py:27}}
May 02 08:43:33.420708 dv-osbrick-master-4-ceph devstack@keystone.service[93340]: DEBUG keystone.server.flask.request_processing.req_logging [None req-636e73df-b2a7-4cd0-bf2e-e9dd5c47e376 None admin] SCRIPT_NAME: `/identity` {{(pid=93340) log_request_info /opt/stack/keystone/keystone/server/flask/request_processing/req_logging.py:28}}
May 02 08:43:33.421196 dv-osbrick-master-4-ceph devstack@keystone.service[93340]: DEBUG keystone.server.flask.request_processing.req_logging [None req-636e73df-b2a7-4cd0-bf2e-e9dd5c47e376 None admin] PATH_INFO: `/v3/users/e1895d390d79461cb033f7ffd725f75e` {{(pid=93340) log_request_info /opt/stack/keystone/keystone/server/flask/request_processing/req_logging.py:29}}
May 02 08:43:33.423747 dv-osbrick-master-4-ceph devstack@keystone.service[93340]: DEBUG keystone.common.rbac_enforcer.enforcer [None req-636e73df-b2a7-4cd0-bf2e-e9dd5c47e376 None admin] RBAC: Authorizing `identity:get_user(user_id=e1895d390d79461cb033f7ffd725f75e)` {{(pid=93340) enforce_call /opt/stack/keystone/keystone/common/rbac_enforcer/enforcer.py:449}}
May 02 08:43:33.432243 dv-osbrick-master-4-ceph devstack@keystone.service[93340]: DEBUG keystone.common.rbac_enforcer.enforcer [None req-636e73df-b2a7-4cd0-bf2e-e9dd5c47e376 None admin] RBAC: Authorization granted {{(pid=93340) enforce_call /opt/stack/keystone/keystone/common/rbac_enforcer/enforcer.py:457}}
May 02 08:43:33.433803 dv-osbrick-master-4-ceph devstack@keystone.service[93340]: [pid: 93340|app: 0|req: 69/132] 10.222.0.18 () {56 vars in 1177 bytes} [Mon May 2 08:43:33 2022] GET /identity/v3/users/e1895d390d79461cb033f7ffd725f75e => generated 275 bytes in 185 msecs (HTTP/1.1 200) 5 headers in 177 bytes (1 switches on core 0)
May 02 08:43:33.441268 dv-osbrick-master-4-ceph devstack@keystone.service[93340]: DEBUG keystone.server.flask.request_processing.middleware.auth_context [None req-636e73df-b2a7-4cd0-bf2e-e9dd5c47e376 None admin] Authenticating user token {{(pid=93340) process_request /usr/local/lib/python3.8/dist-packages/keystonemiddleware/auth_token/__init__.py:407}}
May 02 08:43:33.548516 dv-osbrick-master-4-ceph devstack@keystone.service[93341]: [pid: 93341|app: 0|req: 64/133] 10.222.0.18 () {58 vars in 1282 bytes} [Mon May 2 08:43:33 2022] GET /identity/v3/auth/tokens => generated 799 bytes in 479 msecs (HTTP/1.1 200) 6 headers in 358 bytes (1 switches on core 0)
May 02 08:43:33.554157 dv-osbrick-master-4-ceph devstack@keystone.service[93341]: DEBUG keystone.server.flask.request_processing.middleware.auth_context [None req-9ecdb63d-5da6-439d-8205-d786b805ebf3 None admin] Authenticating user token {{(pid=93341) process_request /usr/local/lib/python3.8/dist-packages/keystonemiddleware/auth_token/__init__.py:407}}
May 02 08:43:33.586438 dv-osbrick-master-4-ceph devstack@keystone.service[93340]: DEBUG keystone.server.flask.request_processing.middleware.auth_context [None req-636e73df-b2a7-4cd0-bf2e-e9dd5c47e376 None admin] Validating token access rules against request {{(pid=93340) validate_allowed_request /usr/local/lib/python3.8/dist-packages/keystonemiddleware/auth_token/__init__.py:545}}
May 02 08:43:33.624241 dv-osbrick-master-4-ceph devstack@keystone.service[93340]: DEBUG keystone.server.flask.request_processing.middleware.auth_context [None req-e0733210-9797-4712-a1d0-b40c67d84cb0 None admin] RBAC: auth_context: {'token': , 'domain_id': None, 'trust_id': None, 'trustor_id': None, 'trustee_id': None, 'domain_name': None, 'group_ids': [], 'user_id': '01d461fea7474f0cabc39359a0a27117', 'user_domain_id': 'default', 'system_scope': 'all', 'project_id': None, 'project_domain_id': None, 'roles': ['admin', 'member', 'reader'], 'is_admin_project': True, 'service_user_id': None, 'service_user_domain_id': None, 'service_project_id': None, 'service_project_domain_id': None, 'service_roles': []} {{(pid=93340) fill_context /opt/stack/keystone/keystone/server/flask/request_processing/middleware/auth_context.py:478}}
May 02 08:43:33.625215 dv-osbrick-master-4-ceph devstack@keystone.service[93340]: DEBUG keystone.server.flask.request_processing.req_logging [None req-e0733210-9797-4712-a1d0-b40c67d84cb0 None admin] REQUEST_METHOD: `GET` {{(pid=93340) log_request_info /opt/stack/keystone/keystone/server/flask/request_processing/req_logging.py:27}}
May 02 08:43:33.625687 dv-osbrick-master-4-ceph devstack@keystone.service[93340]: DEBUG keystone.server.flask.request_processing.req_logging [None req-e0733210-9797-4712-a1d0-b40c67d84cb0 None admin] SCRIPT_NAME: `/identity` {{(pid=93340) log_request_info /opt/stack/keystone/keystone/server/flask/request_processing/req_logging.py:28}}
May 02 08:43:33.626036 dv-osbrick-master-4-ceph devstack@keystone.service[93340]: DEBUG keystone.server.flask.request_processing.req_logging [None req-e0733210-9797-4712-a1d0-b40c67d84cb0 None admin] PATH_INFO: `/v3/projects/dd6b9d6b7d7642479c074d032be2110b` {{(pid=93340) log_request_info /opt/stack/keystone/keystone/server/flask/request_processing/req_logging.py:29}}
May 02 08:43:33.635602 dv-osbrick-master-4-ceph devstack@keystone.service[93340]: DEBUG keystone.common.rbac_enforcer.enforcer [None req-e0733210-9797-4712-a1d0-b40c67d84cb0 None admin] RBAC: Authorizing `identity:get_project(project_id=dd6b9d6b7d7642479c074d032be2110b)` {{(pid=93340) enforce_call /opt/stack/keystone/keystone/common/rbac_enforcer/enforcer.py:449}}
May 02 08:43:33.635602 dv-osbrick-master-4-ceph devstack@keystone.service[93340]: DEBUG keystone.common.rbac_enforcer.enforcer [None req-e0733210-9797-4712-a1d0-b40c67d84cb0 None admin] RBAC: Authorization granted {{(pid=93340) enforce_call /opt/stack/keystone/keystone/common/rbac_enforcer/enforcer.py:457}}
May 02 08:43:33.637536 dv-osbrick-master-4-ceph devstack@keystone.service[93340]: [pid: 93340|app: 0|req: 70/134] 10.222.0.18 () {56 vars in 1186 bytes} [Mon May 2 08:43:33 2022] GET /identity/v3/projects/dd6b9d6b7d7642479c074d032be2110b => generated 312 bytes in 196 msecs (HTTP/1.1 200) 5 headers in 177 bytes (1 switches on core 0)
May 02 08:43:33.644164 dv-osbrick-master-4-ceph devstack@keystone.service[93340]: DEBUG keystone.server.flask.request_processing.middleware.auth_context [None req-e0733210-9797-4712-a1d0-b40c67d84cb0 None admin] Authenticating user token {{(pid=93340) process_request /usr/local/lib/python3.8/dist-packages/keystonemiddleware/auth_token/__init__.py:407}}
May 02 08:43:33.717086 dv-osbrick-master-4-ceph devstack@keystone.service[93341]: DEBUG keystone.server.flask.request_processing.middleware.auth_context [None req-9ecdb63d-5da6-439d-8205-d786b805ebf3 None admin] Validating token access rules against request {{(pid=93341) validate_allowed_request /usr/local/lib/python3.8/dist-packages/keystonemiddleware/auth_token/__init__.py:545}}
May 02 08:43:33.751724 dv-osbrick-master-4-ceph devstack@keystone.service[93341]: DEBUG keystone.server.flask.request_processing.middleware.auth_context [None req-9064b909-7922-47d7-8d99-14d85bc89290 None admin] RBAC: auth_context: {'token': , 'domain_id': None, 'trust_id': None, 'trustor_id': None, 'trustee_id': None, 'domain_name': None, 'group_ids': [], 'user_id': '01d461fea7474f0cabc39359a0a27117', 'user_domain_id': 'default', 'system_scope': 'all', 'project_id': None, 'project_domain_id': None, 'roles': ['admin', 'member', 'reader'], 'is_admin_project': True, 'service_user_id': None, 'service_user_domain_id': None, 'service_project_id': None, 'service_project_domain_id': None, 'service_roles': []} {{(pid=93341) fill_context /opt/stack/keystone/keystone/server/flask/request_processing/middleware/auth_context.py:478}}
May 02 08:43:33.752673 dv-osbrick-master-4-ceph devstack@keystone.service[93341]: DEBUG keystone.server.flask.request_processing.req_logging [None req-9064b909-7922-47d7-8d99-14d85bc89290 None admin] REQUEST_METHOD: `GET` {{(pid=93341) log_request_info /opt/stack/keystone/keystone/server/flask/request_processing/req_logging.py:27}}
May 02 08:43:33.753009 dv-osbrick-master-4-ceph devstack@keystone.service[93341]: DEBUG keystone.server.flask.request_processing.req_logging [None req-9064b909-7922-47d7-8d99-14d85bc89290 None admin] SCRIPT_NAME: `/identity` {{(pid=93341) log_request_info /opt/stack/keystone/keystone/server/flask/request_processing/req_logging.py:28}}
May 02 08:43:33.753291 dv-osbrick-master-4-ceph devstack@keystone.service[93341]: DEBUG keystone.server.flask.request_processing.req_logging [None req-9064b909-7922-47d7-8d99-14d85bc89290 None admin] PATH_INFO: `/v3/projects/5f507bcdfd314874b0a378d7037ed855` {{(pid=93341) log_request_info /opt/stack/keystone/keystone/server/flask/request_processing/req_logging.py:29}}
May 02 08:43:33.754545 dv-osbrick-master-4-ceph devstack@keystone.service[93341]: DEBUG keystone.common.rbac_enforcer.enforcer [None req-9064b909-7922-47d7-8d99-14d85bc89290 None admin] RBAC: Authorizing `identity:get_project(project_id=5f507bcdfd314874b0a378d7037ed855)` {{(pid=93341) enforce_call /opt/stack/keystone/keystone/common/rbac_enforcer/enforcer.py:449}}
May 02 08:43:33.756076 dv-osbrick-master-4-ceph devstack@keystone.service[93341]: DEBUG keystone.common.rbac_enforcer.enforcer [None req-9064b909-7922-47d7-8d99-14d85bc89290 None admin] RBAC: Authorization granted {{(pid=93341) enforce_call /opt/stack/keystone/keystone/common/rbac_enforcer/enforcer.py:457}}
May 02 08:43:33.758146 dv-osbrick-master-4-ceph devstack@keystone.service[93341]: [pid: 93341|app: 0|req: 65/135] 10.222.0.18 () {56 vars in 1186 bytes} [Mon May 2 08:43:33 2022] GET /identity/v3/projects/5f507bcdfd314874b0a378d7037ed855 => generated 298 bytes in 204 msecs (HTTP/1.1 200) 5 headers in 177 bytes (2 switches on core 0)
May 02 08:43:33.763812 dv-osbrick-master-4-ceph devstack@keystone.service[93341]: DEBUG keystone.server.flask.request_processing.middleware.auth_context [None req-9064b909-7922-47d7-8d99-14d85bc89290 None admin] Authenticating user token {{(pid=93341) process_request /usr/local/lib/python3.8/dist-packages/keystonemiddleware/auth_token/__init__.py:407}}
May 02 08:43:33.850338 dv-osbrick-master-4-ceph devstack@keystone.service[93340]: DEBUG keystone.server.flask.request_processing.middleware.auth_context [None req-e0733210-9797-4712-a1d0-b40c67d84cb0 None admin] Validating token access rules against request {{(pid=93340) validate_allowed_request /usr/local/lib/python3.8/dist-packages/keystonemiddleware/auth_token/__init__.py:545}}
May 02 08:43:33.880256 dv-osbrick-master-4-ceph devstack@keystone.service[93341]: DEBUG keystone.server.flask.request_processing.middleware.auth_context [None req-9064b909-7922-47d7-8d99-14d85bc89290 None admin] Validating token access rules against request {{(pid=93341) validate_allowed_request /usr/local/lib/python3.8/dist-packages/keystonemiddleware/auth_token/__init__.py:545}}
May 02 08:43:33.919813 dv-osbrick-master-4-ceph devstack@keystone.service[93341]: DEBUG keystone.server.flask.request_processing.middleware.auth_context [None req-74bb71b3-bdc2-44c5-a1a5-b4bdb2e26462 None admin] RBAC: auth_context: {'token': , 'domain_id': None, 'trust_id': None, 'trustor_id': None, 'trustee_id': None, 'domain_name': None, 'group_ids': [], 'user_id': '01d461fea7474f0cabc39359a0a27117', 'user_domain_id': 'default', 'system_scope': 'all', 'project_id': None, 'project_domain_id': None, 'roles': ['admin', 'member', 'reader'], 'is_admin_project': True, 'service_user_id': None, 'service_user_domain_id': None, 'service_project_id': None, 'service_project_domain_id': None, 'service_roles': []} {{(pid=93341) fill_context /opt/stack/keystone/keystone/server/flask/request_processing/middleware/auth_context.py:478}}
May 02 08:43:33.920652 dv-osbrick-master-4-ceph devstack@keystone.service[93341]: DEBUG keystone.server.flask.request_processing.req_logging [None req-74bb71b3-bdc2-44c5-a1a5-b4bdb2e26462 None admin] REQUEST_METHOD: `GET` {{(pid=93341) log_request_info /opt/stack/keystone/keystone/server/flask/request_processing/req_logging.py:27}}
May 02 08:43:33.921315 dv-osbrick-master-4-ceph devstack@keystone.service[93341]: DEBUG keystone.server.flask.request_processing.req_logging [None req-74bb71b3-bdc2-44c5-a1a5-b4bdb2e26462 None admin] SCRIPT_NAME: `/identity` {{(pid=93341) log_request_info /opt/stack/keystone/keystone/server/flask/request_processing/req_logging.py:28}}
May 02 08:43:33.921735 dv-osbrick-master-4-ceph devstack@keystone.service[93341]: DEBUG keystone.server.flask.request_processing.req_logging [None req-74bb71b3-bdc2-44c5-a1a5-b4bdb2e26462 None admin] PATH_INFO: `/v3/role_assignments` {{(pid=93341) log_request_info /opt/stack/keystone/keystone/server/flask/request_processing/req_logging.py:29}}
May 02 08:43:33.922751 dv-osbrick-master-4-ceph devstack@keystone.service[93341]: DEBUG keystone.common.rbac_enforcer.enforcer [None req-74bb71b3-bdc2-44c5-a1a5-b4bdb2e26462 None admin] RBAC: Adding query filter params (role.id=b6b9080e8c6540ef9103f82c4cc9dc83, scope.project.id=5f507bcdfd314874b0a378d7037ed855, user.id=e66e85510acf459c8d0989d4d629f514) {{(pid=93341) _extract_filter_values /opt/stack/keystone/keystone/common/rbac_enforcer/enforcer.py:167}}
May 02 08:43:33.923165 dv-osbrick-master-4-ceph devstack@keystone.service[93341]: DEBUG keystone.common.rbac_enforcer.enforcer [None req-74bb71b3-bdc2-44c5-a1a5-b4bdb2e26462 None admin] RBAC: Authorizing `identity:list_role_assignments()` {{(pid=93341) enforce_call /opt/stack/keystone/keystone/common/rbac_enforcer/enforcer.py:449}}
May 02 08:43:33.924951 dv-osbrick-master-4-ceph devstack@keystone.service[93341]: DEBUG keystone.common.rbac_enforcer.enforcer [None req-74bb71b3-bdc2-44c5-a1a5-b4bdb2e26462 None admin] RBAC: Authorization granted {{(pid=93341) enforce_call /opt/stack/keystone/keystone/common/rbac_enforcer/enforcer.py:457}}
May 02 08:43:33.930897 dv-osbrick-master-4-ceph devstack@keystone.service[93341]: [pid: 93341|app: 0|req: 66/136] 10.222.0.18 () {56 vars in 1374 bytes} [Mon May 2 08:43:33 2022] GET /identity/v3/role_assignments?user.id=e66e85510acf459c8d0989d4d629f514&scope.project.id=5f507bcdfd314874b0a378d7037ed855&role.id=b6b9080e8c6540ef9103f82c4cc9dc83 => generated 259 bytes in 167 msecs (HTTP/1.1 200) 5 headers in 177 bytes (1 switches on core 0)
May 02 08:43:33.941607 dv-osbrick-master-4-ceph devstack@keystone.service[93340]: DEBUG keystone.server.flask.request_processing.middleware.auth_context [None req-39f7c615-e185-41c6-9387-e86d9c2e1c0a None admin] RBAC: auth_context: {'token': , 'domain_id': None, 'trust_id': None, 'trustor_id': None, 'trustee_id': None, 'domain_name': None, 'group_ids': [], 'user_id': '01d461fea7474f0cabc39359a0a27117', 'user_domain_id': 'default', 'system_scope': 'all', 'project_id': None, 'project_domain_id': None, 'roles': ['admin', 'member', 'reader'], 'is_admin_project': True, 'service_user_id': None, 'service_user_domain_id': None, 'service_project_id': None, 'service_project_domain_id': None, 'service_roles': []} {{(pid=93340) fill_context /opt/stack/keystone/keystone/server/flask/request_processing/middleware/auth_context.py:478}}
May 02 08:43:33.942536 dv-osbrick-master-4-ceph devstack@keystone.service[93340]: DEBUG keystone.server.flask.request_processing.req_logging [None req-39f7c615-e185-41c6-9387-e86d9c2e1c0a None admin] REQUEST_METHOD: `PUT` {{(pid=93340) log_request_info /opt/stack/keystone/keystone/server/flask/request_processing/req_logging.py:27}}
May 02 08:43:33.942823 dv-osbrick-master-4-ceph devstack@keystone.service[93340]: DEBUG keystone.server.flask.request_processing.req_logging [None req-39f7c615-e185-41c6-9387-e86d9c2e1c0a None admin] SCRIPT_NAME: `/identity` {{(pid=93340) log_request_info /opt/stack/keystone/keystone/server/flask/request_processing/req_logging.py:28}}
May 02 08:43:33.943105 dv-osbrick-master-4-ceph devstack@keystone.service[93340]: DEBUG keystone.server.flask.request_processing.req_logging [None req-39f7c615-e185-41c6-9387-e86d9c2e1c0a None admin] PATH_INFO: `/v3/projects/dd6b9d6b7d7642479c074d032be2110b/users/e1895d390d79461cb033f7ffd725f75e/roles/722968fb4ca44c1795d61c44f61a78d9` {{(pid=93340) log_request_info /opt/stack/keystone/keystone/server/flask/request_processing/req_logging.py:29}}
May 02 08:43:33.949094 dv-osbrick-master-4-ceph devstack@keystone.service[93340]: DEBUG keystone.common.rbac_enforcer.enforcer [None req-39f7c615-e185-41c6-9387-e86d9c2e1c0a None admin] RBAC: Authorizing `identity:create_grant(project_id=dd6b9d6b7d7642479c074d032be2110b, user_id=e1895d390d79461cb033f7ffd725f75e, role_id=722968fb4ca44c1795d61c44f61a78d9)` {{(pid=93340) enforce_call /opt/stack/keystone/keystone/common/rbac_enforcer/enforcer.py:449}}
May 02 08:43:33.951525 dv-osbrick-master-4-ceph devstack@keystone.service[93340]: DEBUG keystone.common.rbac_enforcer.enforcer [None req-39f7c615-e185-41c6-9387-e86d9c2e1c0a None admin] RBAC: Authorization granted {{(pid=93340) enforce_call /opt/stack/keystone/keystone/common/rbac_enforcer/enforcer.py:457}}
May 02 08:43:34.060626 dv-osbrick-master-4-ceph devstack@keystone.service[93340]: [pid: 93340|app: 0|req: 71/137] 10.222.0.18 () {58 vars in 1439 bytes} [Mon May 2 08:43:33 2022] PUT /identity/v3/projects/dd6b9d6b7d7642479c074d032be2110b/users/e1895d390d79461cb033f7ffd725f75e/roles/722968fb4ca44c1795d61c44f61a78d9 => generated 0 bytes in 417 msecs (HTTP/1.1 204) 3 headers in 132 bytes (1 switches on core 0)
May 02 08:43:34.518932 dv-osbrick-master-4-ceph devstack@keystone.service[93341]: DEBUG keystone.server.flask.request_processing.req_logging [None req-dc1735c4-967c-4e2b-8d0d-3b4e5ca9cbc1 None None] REQUEST_METHOD: `GET` {{(pid=93341) log_request_info /opt/stack/keystone/keystone/server/flask/request_processing/req_logging.py:27}}
May 02 08:43:34.519323 dv-osbrick-master-4-ceph devstack@keystone.service[93341]: DEBUG keystone.server.flask.request_processing.req_logging [None req-dc1735c4-967c-4e2b-8d0d-3b4e5ca9cbc1 None None] SCRIPT_NAME: `/identity` {{(pid=93341) log_request_info /opt/stack/keystone/keystone/server/flask/request_processing/req_logging.py:28}}
May 02 08:43:34.519516 dv-osbrick-master-4-ceph devstack@keystone.service[93341]: DEBUG keystone.server.flask.request_processing.req_logging [None req-dc1735c4-967c-4e2b-8d0d-3b4e5ca9cbc1 None None] PATH_INFO: `/` {{(pid=93341) log_request_info /opt/stack/keystone/keystone/server/flask/request_processing/req_logging.py:29}}
May 02 08:43:34.520938 dv-osbrick-master-4-ceph devstack@keystone.service[93341]: [pid: 93341|app: 0|req: 67/138] 10.222.0.18 () {54 vars in 926 bytes} [Mon May 2 08:43:34 2022] GET /identity => generated 270 bytes in 3 msecs (HTTP/1.1 300) 6 headers in 234 bytes (1 switches on core 0)
May 02 08:43:34.526420 dv-osbrick-master-4-ceph devstack@keystone.service[93340]: DEBUG keystone.server.flask.request_processing.req_logging [None req-525c66d1-8fdd-480d-a157-89b725309c92 None None] REQUEST_METHOD: `POST` {{(pid=93340) log_request_info /opt/stack/keystone/keystone/server/flask/request_processing/req_logging.py:27}}
May 02 08:43:34.526718 dv-osbrick-master-4-ceph devstack@keystone.service[93340]: DEBUG keystone.server.flask.request_processing.req_logging [None req-525c66d1-8fdd-480d-a157-89b725309c92 None None] SCRIPT_NAME: `/identity` {{(pid=93340) log_request_info /opt/stack/keystone/keystone/server/flask/request_processing/req_logging.py:28}}
May 02 08:43:34.526998 dv-osbrick-master-4-ceph devstack@keystone.service[93340]: DEBUG keystone.server.flask.request_processing.req_logging [None req-525c66d1-8fdd-480d-a157-89b725309c92 None None] PATH_INFO: `/v3/auth/tokens` {{(pid=93340) log_request_info /opt/stack/keystone/keystone/server/flask/request_processing/req_logging.py:29}}
May 02 08:43:34.553072 dv-osbrick-master-4-ceph devstack@keystone.service[93340]: DEBUG keystone.auth.core [None req-525c66d1-8fdd-480d-a157-89b725309c92 None None] MFA Rules not processed for user `01d461fea7474f0cabc39359a0a27117`. Rule list: `[]` (Enabled: `True`). {{(pid=93340) check_auth_methods_against_rules /opt/stack/keystone/keystone/auth/core.py:438}}
May 02 08:43:34.554331 dv-osbrick-master-4-ceph devstack@keystone.service[93340]: DEBUG keystone.common.fernet_utils [None req-525c66d1-8fdd-480d-a157-89b725309c92 None None] Loaded 2 Fernet keys from /etc/keystone/fernet-keys/, but `[fernet_tokens] max_active_keys = 3`; perhaps there have not been enough key rotations to reach `max_active_keys` yet? {{(pid=93340) load_keys /opt/stack/keystone/keystone/common/fernet_utils.py:286}}
May 02 08:43:34.640247 dv-osbrick-master-4-ceph devstack@keystone.service[93340]: [pid: 93340|app: 0|req: 72/139] 10.222.0.18 () {58 vars in 1023 bytes} [Mon May 2 08:43:34 2022] POST /identity/v3/auth/tokens => generated 799 bytes in 115 msecs (HTTP/1.1 201) 6 headers in 363 bytes (1 switches on core 0)
May 02 08:43:34.685866 dv-osbrick-master-4-ceph devstack@keystone.service[93341]: DEBUG keystone.server.flask.request_processing.middleware.auth_context [None req-dc1735c4-967c-4e2b-8d0d-3b4e5ca9cbc1 None None] Authenticating user token {{(pid=93341) process_request /usr/local/lib/python3.8/dist-packages/keystonemiddleware/auth_token/__init__.py:407}}
May 02 08:43:34.808749 dv-osbrick-master-4-ceph devstack@keystone.service[93341]: DEBUG keystone.server.flask.request_processing.middleware.auth_context [None req-dc1735c4-967c-4e2b-8d0d-3b4e5ca9cbc1 None None] Validating token access rules against request {{(pid=93341) validate_allowed_request /usr/local/lib/python3.8/dist-packages/keystonemiddleware/auth_token/__init__.py:545}}
May 02 08:43:34.844591 dv-osbrick-master-4-ceph devstack@keystone.service[93341]: DEBUG keystone.server.flask.request_processing.middleware.auth_context [None req-cb20faf2-693a-4743-82c6-00f15cec6202 None admin] RBAC: auth_context: {'token': , 'domain_id': None, 'trust_id': None, 'trustor_id': None, 'trustee_id': None, 'domain_name': None, 'group_ids': [], 'user_id': '01d461fea7474f0cabc39359a0a27117', 'user_domain_id': 'default', 'system_scope': 'all', 'project_id': None, 'project_domain_id': None, 'roles': ['admin', 'member', 'reader'], 'is_admin_project': True, 'service_user_id': None, 'service_user_domain_id': None, 'service_project_id': None, 'service_project_domain_id': None, 'service_roles': []} {{(pid=93341) fill_context /opt/stack/keystone/keystone/server/flask/request_processing/middleware/auth_context.py:478}}
May 02 08:43:34.845398 dv-osbrick-master-4-ceph devstack@keystone.service[93341]: DEBUG keystone.server.flask.request_processing.req_logging [None req-cb20faf2-693a-4743-82c6-00f15cec6202 None admin] REQUEST_METHOD: `GET` {{(pid=93341) log_request_info /opt/stack/keystone/keystone/server/flask/request_processing/req_logging.py:27}}
May 02 08:43:34.845687 dv-osbrick-master-4-ceph devstack@keystone.service[93341]: DEBUG keystone.server.flask.request_processing.req_logging [None req-cb20faf2-693a-4743-82c6-00f15cec6202 None admin] SCRIPT_NAME: `/identity` {{(pid=93341) log_request_info /opt/stack/keystone/keystone/server/flask/request_processing/req_logging.py:28}}
May 02 08:43:34.845969 dv-osbrick-master-4-ceph devstack@keystone.service[93341]: DEBUG keystone.server.flask.request_processing.req_logging [None req-cb20faf2-693a-4743-82c6-00f15cec6202 None admin] PATH_INFO: `/v3/domains/default` {{(pid=93341) log_request_info /opt/stack/keystone/keystone/server/flask/request_processing/req_logging.py:29}}
May 02 08:43:34.847148 dv-osbrick-master-4-ceph devstack@keystone.service[93341]: DEBUG keystone.common.rbac_enforcer.enforcer [None req-cb20faf2-693a-4743-82c6-00f15cec6202 None admin] RBAC: Authorizing `identity:get_domain(domain_id=default)` {{(pid=93341) enforce_call /opt/stack/keystone/keystone/common/rbac_enforcer/enforcer.py:449}}
May 02 08:43:34.848710 dv-osbrick-master-4-ceph devstack@keystone.service[93341]: DEBUG keystone.common.rbac_enforcer.enforcer [None req-cb20faf2-693a-4743-82c6-00f15cec6202 None admin] RBAC: Authorization granted {{(pid=93341) enforce_call /opt/stack/keystone/keystone/common/rbac_enforcer/enforcer.py:457}}
May 02 08:43:34.850438 dv-osbrick-master-4-ceph devstack@keystone.service[93341]: [pid: 93341|app: 0|req: 68/140] 10.222.0.18 () {56 vars in 1108 bytes} [Mon May 2 08:43:34 2022] GET /identity/v3/domains/default => generated 199 bytes in 165 msecs (HTTP/1.1 200) 5 headers in 177 bytes (1 switches on core 0)
May 02 08:43:34.855939 dv-osbrick-master-4-ceph devstack@keystone.service[93340]: DEBUG keystone.server.flask.request_processing.middleware.auth_context [None req-525c66d1-8fdd-480d-a157-89b725309c92 None None] Authenticating user token {{(pid=93340) process_request /usr/local/lib/python3.8/dist-packages/keystonemiddleware/auth_token/__init__.py:407}}
May 02 08:43:34.956668 dv-osbrick-master-4-ceph devstack@keystone.service[93340]: DEBUG keystone.server.flask.request_processing.middleware.auth_context [None req-525c66d1-8fdd-480d-a157-89b725309c92 None None] Validating token access rules against request {{(pid=93340) validate_allowed_request /usr/local/lib/python3.8/dist-packages/keystonemiddleware/auth_token/__init__.py:545}}
May 02 08:43:34.991067 dv-osbrick-master-4-ceph devstack@keystone.service[93340]: DEBUG keystone.server.flask.request_processing.middleware.auth_context [None req-ceb70f61-f881-48bf-8525-69f65367ef3c None admin] RBAC: auth_context: {'token': , 'domain_id': None, 'trust_id': None, 'trustor_id': None, 'trustee_id': None, 'domain_name': None, 'group_ids': [], 'user_id': '01d461fea7474f0cabc39359a0a27117', 'user_domain_id': 'default', 'system_scope': 'all', 'project_id': None, 'project_domain_id': None, 'roles': ['admin', 'member', 'reader'], 'is_admin_project': True, 'service_user_id': None, 'service_user_domain_id': None, 'service_project_id': None, 'service_project_domain_id': None, 'service_roles': []} {{(pid=93340) fill_context /opt/stack/keystone/keystone/server/flask/request_processing/middleware/auth_context.py:478}}
May 02 08:43:34.991743 dv-osbrick-master-4-ceph devstack@keystone.service[93340]: DEBUG keystone.server.flask.request_processing.req_logging [None req-ceb70f61-f881-48bf-8525-69f65367ef3c None admin] REQUEST_METHOD: `POST` {{(pid=93340) log_request_info /opt/stack/keystone/keystone/server/flask/request_processing/req_logging.py:27}}
May 02 08:43:34.992029 dv-osbrick-master-4-ceph devstack@keystone.service[93340]: DEBUG keystone.server.flask.request_processing.req_logging [None req-ceb70f61-f881-48bf-8525-69f65367ef3c None admin] SCRIPT_NAME: `/identity` {{(pid=93340) log_request_info /opt/stack/keystone/keystone/server/flask/request_processing/req_logging.py:28}}
May 02 08:43:34.992341 dv-osbrick-master-4-ceph devstack@keystone.service[93340]: DEBUG keystone.server.flask.request_processing.req_logging [None req-ceb70f61-f881-48bf-8525-69f65367ef3c None admin] PATH_INFO: `/v3/users` {{(pid=93340) log_request_info /opt/stack/keystone/keystone/server/flask/request_processing/req_logging.py:29}}
May 02 08:43:34.993065 dv-osbrick-master-4-ceph devstack@keystone.service[93340]: DEBUG keystone.common.rbac_enforcer.enforcer [None req-ceb70f61-f881-48bf-8525-69f65367ef3c None admin] RBAC: Authorizing `identity:create_user()` {{(pid=93340) enforce_call /opt/stack/keystone/keystone/common/rbac_enforcer/enforcer.py:449}}
May 02 08:43:34.994542 dv-osbrick-master-4-ceph devstack@keystone.service[93340]: DEBUG keystone.common.rbac_enforcer.enforcer [None req-ceb70f61-f881-48bf-8525-69f65367ef3c None admin] RBAC: Authorization granted {{(pid=93340) enforce_call /opt/stack/keystone/keystone/common/rbac_enforcer/enforcer.py:457}}
May 02 08:43:35.127674 dv-osbrick-master-4-ceph devstack@keystone.service[93340]: [pid: 93340|app: 0|req: 73/141] 10.222.0.18 () {60 vars in 1132 bytes} [Mon May 2 08:43:34 2022] POST /identity/v3/users => generated 283 bytes in 272 msecs (HTTP/1.1 201) 5 headers in 182 bytes (1 switches on core 0)
May 02 08:43:36.141099 dv-osbrick-master-4-ceph devstack@keystone.service[93341]: DEBUG keystone.server.flask.request_processing.req_logging [None req-c20b5483-5181-43e9-b13d-1f04ac408235 None None] REQUEST_METHOD: `GET` {{(pid=93341) log_request_info /opt/stack/keystone/keystone/server/flask/request_processing/req_logging.py:27}}
May 02 08:43:36.141575 dv-osbrick-master-4-ceph devstack@keystone.service[93341]: DEBUG keystone.server.flask.request_processing.req_logging [None req-c20b5483-5181-43e9-b13d-1f04ac408235 None None] SCRIPT_NAME: `/identity` {{(pid=93341) log_request_info /opt/stack/keystone/keystone/server/flask/request_processing/req_logging.py:28}}
May 02 08:43:36.141575 dv-osbrick-master-4-ceph devstack@keystone.service[93341]: DEBUG keystone.server.flask.request_processing.req_logging [None req-c20b5483-5181-43e9-b13d-1f04ac408235 None None] PATH_INFO: `/` {{(pid=93341) log_request_info /opt/stack/keystone/keystone/server/flask/request_processing/req_logging.py:29}}
May 02 08:43:36.143264 dv-osbrick-master-4-ceph devstack@keystone.service[93341]: [pid: 93341|app: 0|req: 69/142] 10.222.0.18 () {54 vars in 926 bytes} [Mon May 2 08:43:36 2022] GET /identity => generated 270 bytes in 3 msecs (HTTP/1.1 300) 6 headers in 234 bytes (1 switches on core 0)
May 02 08:43:36.158214 dv-osbrick-master-4-ceph devstack@keystone.service[93340]: DEBUG keystone.server.flask.request_processing.req_logging [None req-233b63f4-cb90-47d1-9e2f-61143f4539ed None None] REQUEST_METHOD: `POST` {{(pid=93340) log_request_info /opt/stack/keystone/keystone/server/flask/request_processing/req_logging.py:27}}
May 02 08:43:36.159127 dv-osbrick-master-4-ceph devstack@keystone.service[93340]: DEBUG keystone.server.flask.request_processing.req_logging [None req-233b63f4-cb90-47d1-9e2f-61143f4539ed None None] SCRIPT_NAME: `/identity` {{(pid=93340) log_request_info /opt/stack/keystone/keystone/server/flask/request_processing/req_logging.py:28}}
May 02 08:43:36.159609 dv-osbrick-master-4-ceph devstack@keystone.service[93340]: DEBUG keystone.server.flask.request_processing.req_logging [None req-233b63f4-cb90-47d1-9e2f-61143f4539ed None None] PATH_INFO: `/v3/auth/tokens` {{(pid=93340) log_request_info /opt/stack/keystone/keystone/server/flask/request_processing/req_logging.py:29}}
May 02 08:43:36.180142 dv-osbrick-master-4-ceph devstack@keystone.service[93340]: DEBUG keystone.auth.core [None req-233b63f4-cb90-47d1-9e2f-61143f4539ed None None] MFA Rules not processed for user `01d461fea7474f0cabc39359a0a27117`. Rule list: `[]` (Enabled: `True`). {{(pid=93340) check_auth_methods_against_rules /opt/stack/keystone/keystone/auth/core.py:438}}
May 02 08:43:36.181664 dv-osbrick-master-4-ceph devstack@keystone.service[93340]: DEBUG keystone.common.fernet_utils [None req-233b63f4-cb90-47d1-9e2f-61143f4539ed None None] Loaded 2 Fernet keys from /etc/keystone/fernet-keys/, but `[fernet_tokens] max_active_keys = 3`; perhaps there have not been enough key rotations to reach `max_active_keys` yet? {{(pid=93340) load_keys /opt/stack/keystone/keystone/common/fernet_utils.py:286}}
May 02 08:43:36.257592 dv-osbrick-master-4-ceph devstack@keystone.service[93340]: [pid: 93340|app: 0|req: 74/143] 10.222.0.18 () {58 vars in 1023 bytes} [Mon May 2 08:43:36 2022] POST /identity/v3/auth/tokens => generated 799 bytes in 101 msecs (HTTP/1.1 201) 6 headers in 363 bytes (1 switches on core 0)
May 02 08:43:36.286928 dv-osbrick-master-4-ceph devstack@keystone.service[93341]: DEBUG keystone.server.flask.request_processing.req_logging [None req-0249df30-781e-41d7-b8c4-6d7d391c7c45 None None] REQUEST_METHOD: `GET` {{(pid=93341) log_request_info /opt/stack/keystone/keystone/server/flask/request_processing/req_logging.py:27}}
May 02 08:43:36.287557 dv-osbrick-master-4-ceph devstack@keystone.service[93341]: DEBUG keystone.server.flask.request_processing.req_logging [None req-0249df30-781e-41d7-b8c4-6d7d391c7c45 None None] SCRIPT_NAME: `/identity` {{(pid=93341) log_request_info /opt/stack/keystone/keystone/server/flask/request_processing/req_logging.py:28}}
May 02 08:43:36.288039 dv-osbrick-master-4-ceph devstack@keystone.service[93341]: DEBUG keystone.server.flask.request_processing.req_logging [None req-0249df30-781e-41d7-b8c4-6d7d391c7c45 None None] PATH_INFO: `/` {{(pid=93341) log_request_info /opt/stack/keystone/keystone/server/flask/request_processing/req_logging.py:29}}
May 02 08:43:36.289645 dv-osbrick-master-4-ceph devstack@keystone.service[93341]: [pid: 93341|app: 0|req: 70/144] 10.222.0.18 () {54 vars in 926 bytes} [Mon May 2 08:43:36 2022] GET /identity => generated 270 bytes in 4 msecs (HTTP/1.1 300) 6 headers in 234 bytes (1 switches on core 0)
May 02 08:43:36.295194 dv-osbrick-master-4-ceph devstack@keystone.service[93340]: DEBUG keystone.server.flask.request_processing.req_logging [None req-974bab57-bb5b-4c67-b1ff-14f6d11914c6 None None] REQUEST_METHOD: `POST` {{(pid=93340) log_request_info /opt/stack/keystone/keystone/server/flask/request_processing/req_logging.py:27}}
May 02 08:43:36.295747 dv-osbrick-master-4-ceph devstack@keystone.service[93340]: DEBUG keystone.server.flask.request_processing.req_logging [None req-974bab57-bb5b-4c67-b1ff-14f6d11914c6 None None] SCRIPT_NAME: `/identity` {{(pid=93340) log_request_info /opt/stack/keystone/keystone/server/flask/request_processing/req_logging.py:28}}
May 02 08:43:36.296271 dv-osbrick-master-4-ceph devstack@keystone.service[93340]: DEBUG keystone.server.flask.request_processing.req_logging [None req-974bab57-bb5b-4c67-b1ff-14f6d11914c6 None None] PATH_INFO: `/v3/auth/tokens` {{(pid=93340) log_request_info /opt/stack/keystone/keystone/server/flask/request_processing/req_logging.py:29}}
May 02 08:43:36.299744 dv-osbrick-master-4-ceph devstack@keystone.service[93341]: DEBUG keystone.server.flask.request_processing.middleware.auth_context [None req-0249df30-781e-41d7-b8c4-6d7d391c7c45 None None] Authenticating user token {{(pid=93341) process_request /usr/local/lib/python3.8/dist-packages/keystonemiddleware/auth_token/__init__.py:407}}
May 02 08:43:36.316072 dv-osbrick-master-4-ceph devstack@keystone.service[93340]: DEBUG keystone.auth.core [None req-974bab57-bb5b-4c67-b1ff-14f6d11914c6 None None] MFA Rules not processed for user `01d461fea7474f0cabc39359a0a27117`. Rule list: `[]` (Enabled: `True`). {{(pid=93340) check_auth_methods_against_rules /opt/stack/keystone/keystone/auth/core.py:438}}
May 02 08:43:36.317044 dv-osbrick-master-4-ceph devstack@keystone.service[93340]: DEBUG keystone.common.fernet_utils [None req-974bab57-bb5b-4c67-b1ff-14f6d11914c6 None None] Loaded 2 Fernet keys from /etc/keystone/fernet-keys/, but `[fernet_tokens] max_active_keys = 3`; perhaps there have not been enough key rotations to reach `max_active_keys` yet? {{(pid=93340) load_keys /opt/stack/keystone/keystone/common/fernet_utils.py:286}}
May 02 08:43:36.401768 dv-osbrick-master-4-ceph devstack@keystone.service[93340]: [pid: 93340|app: 0|req: 75/145] 10.222.0.18 () {58 vars in 1023 bytes} [Mon May 2 08:43:36 2022] POST /identity/v3/auth/tokens => generated 799 bytes in 108 msecs (HTTP/1.1 201) 6 headers in 363 bytes (1 switches on core 0)
May 02 08:43:36.421725 dv-osbrick-master-4-ceph devstack@keystone.service[93341]: DEBUG keystone.server.flask.request_processing.middleware.auth_context [None req-0249df30-781e-41d7-b8c4-6d7d391c7c45 None None] Validating token access rules against request {{(pid=93341) validate_allowed_request /usr/local/lib/python3.8/dist-packages/keystonemiddleware/auth_token/__init__.py:545}}
May 02 08:43:36.434407 dv-osbrick-master-4-ceph devstack@keystone.service[93340]: DEBUG keystone.server.flask.request_processing.middleware.auth_context [None req-974bab57-bb5b-4c67-b1ff-14f6d11914c6 None None] Authenticating user token {{(pid=93340) process_request /usr/local/lib/python3.8/dist-packages/keystonemiddleware/auth_token/__init__.py:407}}
May 02 08:43:36.465846 dv-osbrick-master-4-ceph devstack@keystone.service[93341]: DEBUG keystone.server.flask.request_processing.middleware.auth_context [None req-d26c4c47-e2ae-4f05-9df2-a23f3646260e None admin] RBAC: auth_context: {'token': , 'domain_id': None, 'trust_id': None, 'trustor_id': None, 'trustee_id': None, 'domain_name': None, 'group_ids': [], 'user_id': '01d461fea7474f0cabc39359a0a27117', 'user_domain_id': 'default', 'system_scope': 'all', 'project_id': None, 'project_domain_id': None, 'roles': ['admin', 'member', 'reader'], 'is_admin_project': True, 'service_user_id': None, 'service_user_domain_id': None, 'service_project_id': None, 'service_project_domain_id': None, 'service_roles': []} {{(pid=93341) fill_context /opt/stack/keystone/keystone/server/flask/request_processing/middleware/auth_context.py:478}}
May 02 08:43:36.466681 dv-osbrick-master-4-ceph devstack@keystone.service[93341]: DEBUG keystone.server.flask.request_processing.req_logging [None req-d26c4c47-e2ae-4f05-9df2-a23f3646260e None admin] REQUEST_METHOD: `GET` {{(pid=93341) log_request_info /opt/stack/keystone/keystone/server/flask/request_processing/req_logging.py:27}}
May 02 08:43:36.469937 dv-osbrick-master-4-ceph devstack@keystone.service[93341]: DEBUG keystone.server.flask.request_processing.req_logging [None req-d26c4c47-e2ae-4f05-9df2-a23f3646260e None admin] SCRIPT_NAME: `/identity` {{(pid=93341) log_request_info /opt/stack/keystone/keystone/server/flask/request_processing/req_logging.py:28}}
May 02 08:43:36.470254 dv-osbrick-master-4-ceph devstack@keystone.service[93341]: DEBUG keystone.server.flask.request_processing.req_logging [None req-d26c4c47-e2ae-4f05-9df2-a23f3646260e None admin] PATH_INFO: `/v3/roles/anotherrole` {{(pid=93341) log_request_info /opt/stack/keystone/keystone/server/flask/request_processing/req_logging.py:29}}
May 02 08:43:36.497052 dv-osbrick-master-4-ceph devstack@keystone.service[93341]: DEBUG keystone.common.rbac_enforcer.enforcer [None req-d26c4c47-e2ae-4f05-9df2-a23f3646260e None admin] Extracting inferred target data resulted in "NOT FOUND (404)". {{(pid=93341) enforce_call /opt/stack/keystone/keystone/common/rbac_enforcer/enforcer.py:409}}
May 02 08:43:36.505583 dv-osbrick-master-4-ceph devstack@keystone.service[93341]: ERROR keystone.server.flask.application [None req-d26c4c47-e2ae-4f05-9df2-a23f3646260e None admin] Could not find role: anotherrole.: keystone.exception.RoleNotFound: Could not find role: anotherrole.
May 02 08:43:36.505583 dv-osbrick-master-4-ceph devstack@keystone.service[93341]: ERROR keystone.server.flask.application
Traceback (most recent call last):
May 02 08:43:36.505583 dv-osbrick-master-4-ceph devstack@keystone.service[93341]: ERROR keystone.server.flask.application
File "/usr/local/lib/python3.8/dist-packages/flask/app.py", line 1523, in full_dispatch_request
May 02 08:43:36.505583 dv-osbrick-master-4-ceph devstack@keystone.service[93341]: ERROR keystone.server.flask.application rv = self.dispatch_request()
May 02 08:43:36.505583 dv-osbrick-master-4-ceph devstack@keystone.service[93341]: ERROR keystone.server.flask.application
File "/usr/local/lib/python3.8/dist-packages/flask/app.py", line 1509, in dispatch_request
May 02 08:43:36.505583 dv-osbrick-master-4-ceph devstack@keystone.service[93341]: ERROR keystone.server.flask.application return self.ensure_sync(self.view_functions[rule.endpoint])(**req.view_args)
May 02 08:43:36.505583 dv-osbrick-master-4-ceph devstack@keystone.service[93341]: ERROR keystone.server.flask.application
File "/usr/local/lib/python3.8/dist-packages/flask_restful/__init__.py", line 467, in wrapper
May 02 08:43:36.505583 dv-osbrick-master-4-ceph devstack@keystone.service[93341]: ERROR keystone.server.flask.application resp = resource(*args, **kwargs)
May 02 08:43:36.505583 dv-osbrick-master-4-ceph devstack@keystone.service[93341]: ERROR keystone.server.flask.application
File "/usr/local/lib/python3.8/dist-packages/flask/views.py", line 84, in view
May 02 08:43:36.505583 dv-osbrick-master-4-ceph devstack@keystone.service[93341]: ERROR keystone.server.flask.application return current_app.ensure_sync(self.dispatch_request)(*args, **kwargs)
May 02 08:43:36.505583 dv-osbrick-master-4-ceph devstack@keystone.service[93341]: ERROR keystone.server.flask.application
File "/usr/local/lib/python3.8/dist-packages/flask_restful/__init__.py", line 582, in dispatch_request
May 02 08:43:36.505583 dv-osbrick-master-4-ceph devstack@keystone.service[93341]: ERROR keystone.server.flask.application resp = meth(*args, **kwargs)
May 02 08:43:36.505583 dv-osbrick-master-4-ceph devstack@keystone.service[93341]: ERROR keystone.server.flask.application
File "/opt/stack/keystone/keystone/api/roles.py", line 50, in get
May 02 08:43:36.505583 dv-osbrick-master-4-ceph devstack@keystone.service[93341]: ERROR keystone.server.flask.application return self._get_role(role_id)
May 02 08:43:36.505583 dv-osbrick-master-4-ceph devstack@keystone.service[93341]: ERROR keystone.server.flask.application
File "/opt/stack/keystone/keystone/api/roles.py", line 70, in _get_role
May 02 08:43:36.505583 dv-osbrick-master-4-ceph devstack@keystone.service[93341]: ERROR keystone.server.flask.application ENFORCER.enforce_call(action='identity:get_role')
May 02 08:43:36.506733 dv-osbrick-master-4-ceph devstack@keystone.service[93341]: ERROR keystone.server.flask.application
File "/opt/stack/keystone/keystone/common/rbac_enforcer/enforcer.py", line 402, in enforce_call
May 02 08:43:36.506733 dv-osbrick-master-4-ceph devstack@keystone.service[93341]: ERROR keystone.server.flask.application policy_dict.update(cls._extract_member_target_data(
May 02 08:43:36.506733 dv-osbrick-master-4-ceph devstack@keystone.service[93341]: ERROR keystone.server.flask.application
File "/opt/stack/keystone/keystone/common/rbac_enforcer/enforcer.py", line 234, in _extract_member_target_data
May 02 08:43:36.506733 dv-osbrick-master-4-ceph devstack@keystone.service[93341]: ERROR keystone.server.flask.application member_name: func(flask.request.view_args[key])
May 02 08:43:36.506733 dv-osbrick-master-4-ceph devstack@keystone.service[93341]: ERROR keystone.server.flask.application
File "/opt/stack/keystone/keystone/common/manager.py", line 115, in wrapped
May 02 08:43:36.506733 dv-osbrick-master-4-ceph devstack@keystone.service[93341]: ERROR keystone.server.flask.application __ret_val = __f(*args, **kwargs)
May 02 08:43:36.506733 dv-osbrick-master-4-ceph devstack@keystone.service[93341]: ERROR keystone.server.flask.application
File "/usr/local/lib/python3.8/dist-packages/decorator.py", line 232, in fun
May 02 08:43:36.506733 dv-osbrick-master-4-ceph devstack@keystone.service[93341]: ERROR keystone.server.flask.application return caller(func, *(extras + args), **kw)
May 02 08:43:36.506733 dv-osbrick-master-4-ceph devstack@keystone.service[93341]: ERROR keystone.server.flask.application
File "/usr/local/lib/python3.8/dist-packages/dogpile/cache/region.py", line 1577, in get_or_create_for_user_func
May 02 08:43:36.506733 dv-osbrick-master-4-ceph devstack@keystone.service[93341]: ERROR keystone.server.flask.application return self.get_or_create(
May 02 08:43:36.506733 dv-osbrick-master-4-ceph devstack@keystone.service[93341]: ERROR keystone.server.flask.application
File "/usr/local/lib/python3.8/dist-packages/dogpile/cache/region.py", line 1042, in get_or_create
May 02 08:43:36.506733 dv-osbrick-master-4-ceph devstack@keystone.service[93341]: ERROR keystone.server.flask.application with Lock(
May 02 08:43:36.506733 dv-osbrick-master-4-ceph devstack@keystone.service[93341]: ERROR keystone.server.flask.application
File "/usr/local/lib/python3.8/dist-packages/dogpile/lock.py", line 185, in __enter__
May 02 08:43:36.506733 dv-osbrick-master-4-ceph devstack@keystone.service[93341]: ERROR keystone.server.flask.application return self._enter()
May 02 08:43:36.506733 dv-osbrick-master-4-ceph devstack@keystone.service[93341]: ERROR keystone.server.flask.application
File "/usr/local/lib/python3.8/dist-packages/dogpile/lock.py", line 94, in _enter
May 02 08:43:36.506733 dv-osbrick-master-4-ceph devstack@keystone.service[93341]: ERROR keystone.server.flask.application generated = self._enter_create(value, createdtime)
