Oct 28 09:51:05.238353 n-d-zed-1 devstack@n-api.service[128747]: DEBUG nova.api.openstack.wsgi [None req-fe9277f1-306a-400e-86a7-d3f9afe2a9cb tempest-AggregatesAdminTestJSON-144330572 tempest-AggregatesAdminTestJSON-144330572-project-admin] Action: 'action', calling method: >, body: {"add_host": {"host": "n-h1-zed-1"}} {{(pid=128747) _process_stack /opt/stack/nova/nova/api/openstack/wsgi.py:511}}
Oct 28 09:51:05.268253 n-d-zed-1 devstack@n-api.service[128747]: DEBUG oslo_concurrency.lockutils [None req-fe9277f1-306a-400e-86a7-d3f9afe2a9cb tempest-AggregatesAdminTestJSON-144330572 tempest-AggregatesAdminTestJSON-144330572-project-admin] Acquiring lock "308273ef-dc1c-40ee-a51c-31916410c877" by "nova.context.set_target_cell..get_or_set_cached_cell_and_set_connections" {{(pid=128747) inner /usr/local/lib/python3.8/dist-packages/oslo_concurrency/lockutils.py:404}}
Oct 28 09:51:05.269598 n-d-zed-1 devstack@n-api.service[128747]: DEBUG oslo_concurrency.lockutils [None req-fe9277f1-306a-400e-86a7-d3f9afe2a9cb tempest-AggregatesAdminTestJSON-144330572 tempest-AggregatesAdminTestJSON-144330572-project-admin] Lock "308273ef-dc1c-40ee-a51c-31916410c877" acquired by "nova.context.set_target_cell..get_or_set_cached_cell_and_set_connections" :: waited 0.002s {{(pid=128747) inner /usr/local/lib/python3.8/dist-packages/oslo_concurrency/lockutils.py:409}}
Oct 28 09:51:05.273225 n-d-zed-1 devstack@n-api.service[128747]: DEBUG oslo_concurrency.lockutils [None req-fe9277f1-306a-400e-86a7-d3f9afe2a9cb tempest-AggregatesAdminTestJSON-144330572 tempest-AggregatesAdminTestJSON-144330572-project-admin] Lock "308273ef-dc1c-40ee-a51c-31916410c877" "released" by "nova.context.set_target_cell..get_or_set_cached_cell_and_set_connections" :: held 0.004s {{(pid=128747) inner /usr/local/lib/python3.8/dist-packages/oslo_concurrency/lockutils.py:423}}
Oct 28 09:51:05.538330 n-d-zed-1 devstack@n-api.service[128747]: INFO nova.api.openstack.requestlog [None req-fe9277f1-306a-400e-86a7-d3f9afe2a9cb tempest-AggregatesAdminTestJSON-144330572 tempest-AggregatesAdminTestJSON-144330572-project-admin] 10.222.0.16 "POST /compute/v2.1/os-aggregates/10/action" status: 200 len: 239 microversion: 2.1 time: 0.309736
Oct 28 09:51:05.539171 n-d-zed-1 devstack@n-api.service[128747]: [pid: 128747|app: 0|req: 87/206] 10.222.0.16 () {60 vars in 1194 bytes} [Fri Oct 28 09:51:05 2022] POST /compute/v2.1/os-aggregates/10/action => generated 239 bytes in 311 msecs (HTTP/1.1 200) 9 headers in 357 bytes (1 switches on core 0)
Oct 28 09:51:05.551618 n-d-zed-1 devstack@n-api.service[128747]: DEBUG nova.api.openstack.wsgi [None req-a37b85b1-fb7f-472e-b0ff-c71c2bbdc11d tempest-AggregatesAdminTestJSON-144330572 tempest-AggregatesAdminTestJSON-144330572-project-admin] Calling method '>' {{(pid=128747) _process_stack /opt/stack/nova/nova/api/openstack/wsgi.py:513}}
Oct 28 09:51:05.577880 n-d-zed-1 devstack@n-api.service[128747]: INFO nova.api.openstack.requestlog [None req-a37b85b1-fb7f-472e-b0ff-c71c2bbdc11d tempest-AggregatesAdminTestJSON-144330572 tempest-AggregatesAdminTestJSON-144330572-project-admin] 10.222.0.16 "GET /compute/v2.1/os-aggregates" status: 200 len: 242 microversion: 2.1 time: 0.030182
Oct 28 09:51:05.578604 n-d-zed-1 devstack@n-api.service[128747]: [pid: 128747|app: 0|req: 88/207] 10.222.0.16 () {58 vars in 1143 bytes} [Fri Oct 28 09:51:05 2022] GET /compute/v2.1/os-aggregates => generated 242 bytes in 32 msecs (HTTP/1.1 200) 9 headers in 357 bytes (2 switches on core 0)
Oct 28 09:51:05.607365 n-d-zed-1 devstack@n-api.service[128747]: DEBUG nova.api.openstack.wsgi [None req-e2cc0c26-edf6-4795-ab96-58ae7398632c tempest-AggregatesAdminTestJSON-144330572 tempest-AggregatesAdminTestJSON-144330572-project-admin] Action: 'action', calling method: >, body: {"remove_host": {"host": "n-h1-zed-1"}} {{(pid=128747) _process_stack /opt/stack/nova/nova/api/openstack/wsgi.py:511}}
Oct 28 09:51:05.641046 n-d-zed-1 devstack@n-api.service[128747]: DEBUG oslo_concurrency.lockutils [None req-e2cc0c26-edf6-4795-ab96-58ae7398632c tempest-AggregatesAdminTestJSON-144330572 tempest-AggregatesAdminTestJSON-144330572-project-admin] Acquiring lock "308273ef-dc1c-40ee-a51c-31916410c877" by "nova.context.set_target_cell..get_or_set_cached_cell_and_set_connections" {{(pid=128747) inner /usr/local/lib/python3.8/dist-packages/oslo_concurrency/lockutils.py:404}}
Oct 28 09:51:05.643522 n-d-zed-1 devstack@n-api.service[128747]: DEBUG oslo_concurrency.lockutils [None req-e2cc0c26-edf6-4795-ab96-58ae7398632c tempest-AggregatesAdminTestJSON-144330572 tempest-AggregatesAdminTestJSON-144330572-project-admin] Lock "308273ef-dc1c-40ee-a51c-31916410c877" acquired by "nova.context.set_target_cell..get_or_set_cached_cell_and_set_connections" :: waited 0.003s {{(pid=128747) inner /usr/local/lib/python3.8/dist-packages/oslo_concurrency/lockutils.py:409}}
Oct 28 09:51:05.646607 n-d-zed-1 devstack@n-api.service[128747]: DEBUG oslo_concurrency.lockutils [None req-e2cc0c26-edf6-4795-ab96-58ae7398632c tempest-AggregatesAdminTestJSON-144330572 tempest-AggregatesAdminTestJSON-144330572-project-admin] Lock "308273ef-dc1c-40ee-a51c-31916410c877" "released" by "nova.context.set_target_cell..get_or_set_cached_cell_and_set_connections" :: held 0.003s {{(pid=128747) inner /usr/local/lib/python3.8/dist-packages/oslo_concurrency/lockutils.py:423}}
Oct 28 09:51:06.025188 n-d-zed-1 devstack@n-api.service[128747]: INFO nova.api.openstack.requestlog [None req-e2cc0c26-edf6-4795-ab96-58ae7398632c tempest-AggregatesAdminTestJSON-144330572 tempest-AggregatesAdminTestJSON-144330572-project-admin] 10.222.0.16 "POST /compute/v2.1/os-aggregates/10/action" status: 200 len: 227 microversion: 2.1 time: 0.426898
Oct 28 09:51:06.026573 n-d-zed-1 devstack@n-api.service[128747]: [pid: 128747|app: 0|req: 89/208] 10.222.0.16 () {60 vars in 1194 bytes} [Fri Oct 28 09:51:05 2022] POST /compute/v2.1/os-aggregates/10/action => generated 227 bytes in 435 msecs (HTTP/1.1 200) 9 headers in 357 bytes (1 switches on core 0)
Oct 28 09:51:06.037985 n-d-zed-1 devstack@n-api.service[128747]: DEBUG nova.api.openstack.wsgi [None req-e524034e-c86f-4dab-bde6-eab7837c59c5 tempest-MigrationsAdminTest-825942653 tempest-MigrationsAdminTest-825942653-project] Calling method '>' {{(pid=128747) _process_stack /opt/stack/nova/nova/api/openstack/wsgi.py:513}}
Oct 28 09:51:06.038728 n-d-zed-1 devstack@n-api.service[128747]: DEBUG nova.compute.api [None req-e524034e-c86f-4dab-bde6-eab7837c59c5 tempest-MigrationsAdminTest-825942653 tempest-MigrationsAdminTest-825942653-project] [instance: 1b81b164-bda6-4231-a396-be286a5310eb] Fetching instance by UUID {{(pid=128747) get /opt/stack/nova/nova/compute/api.py:2975}}
Oct 28 09:51:06.058248 n-d-zed-1 devstack@n-api.service[128747]: DEBUG oslo_concurrency.lockutils [None req-e524034e-c86f-4dab-bde6-eab7837c59c5 tempest-MigrationsAdminTest-825942653 tempest-MigrationsAdminTest-825942653-project] Acquiring lock "308273ef-dc1c-40ee-a51c-31916410c877" by "nova.context.set_target_cell..get_or_set_cached_cell_and_set_connections" {{(pid=128747) inner /usr/local/lib/python3.8/dist-packages/oslo_concurrency/lockutils.py:404}}
Oct 28 09:51:06.061034 n-d-zed-1 devstack@n-api.service[128747]: DEBUG oslo_concurrency.lockutils [None req-e524034e-c86f-4dab-bde6-eab7837c59c5 tempest-MigrationsAdminTest-825942653 tempest-MigrationsAdminTest-825942653-project] Lock "308273ef-dc1c-40ee-a51c-31916410c877" acquired by "nova.context.set_target_cell..get_or_set_cached_cell_and_set_connections" :: waited 0.002s {{(pid=128747) inner /usr/local/lib/python3.8/dist-packages/oslo_concurrency/lockutils.py:409}}
Oct 28 09:51:06.061627 n-d-zed-1 devstack@n-api.service[128747]: DEBUG oslo_concurrency.lockutils [None req-e524034e-c86f-4dab-bde6-eab7837c59c5 tempest-MigrationsAdminTest-825942653 tempest-MigrationsAdminTest-825942653-project] Lock "308273ef-dc1c-40ee-a51c-31916410c877" "released" by "nova.context.set_target_cell..get_or_set_cached_cell_and_set_connections" :: held 0.003s {{(pid=128747) inner /usr/local/lib/python3.8/dist-packages/oslo_concurrency/lockutils.py:423}}
Oct 28 09:51:06.062481 n-d-zed-1 devstack@n-api.service[128747]: DEBUG oslo_concurrency.lockutils [None req-e524034e-c86f-4dab-bde6-eab7837c59c5 tempest-MigrationsAdminTest-825942653 tempest-MigrationsAdminTest-825942653-project] Acquiring lock "308273ef-dc1c-40ee-a51c-31916410c877" by "nova.context.set_target_cell..get_or_set_cached_cell_and_set_connections" {{(pid=128747) inner /usr/local/lib/python3.8/dist-packages/oslo_concurrency/lockutils.py:404}}
Oct 28 09:51:06.065267 n-d-zed-1 devstack@n-api.service[128747]: DEBUG oslo_concurrency.lockutils [None req-e524034e-c86f-4dab-bde6-eab7837c59c5 tempest-MigrationsAdminTest-825942653 tempest-MigrationsAdminTest-825942653-project] Lock "308273ef-dc1c-40ee-a51c-31916410c877" acquired by "nova.context.set_target_cell..get_or_set_cached_cell_and_set_connections" :: waited 0.000s {{(pid=128747) inner /usr/local/lib/python3.8/dist-packages/oslo_concurrency/lockutils.py:409}}
Oct 28 09:51:06.066115 n-d-zed-1 devstack@n-api.service[128747]: DEBUG oslo_concurrency.lockutils [None req-e524034e-c86f-4dab-bde6-eab7837c59c5 tempest-MigrationsAdminTest-825942653 tempest-MigrationsAdminTest-825942653-project] Lock "308273ef-dc1c-40ee-a51c-31916410c877" "released" by "nova.context.set_target_cell..get_or_set_cached_cell_and_set_connections" :: held 0.003s {{(pid=128747) inner /usr/local/lib/python3.8/dist-packages/oslo_concurrency/lockutils.py:423}}
Oct 28 09:51:06.393338 n-d-zed-1 devstack@n-api.service[128747]: DEBUG nova.policy [None req-e524034e-c86f-4dab-bde6-eab7837c59c5 tempest-MigrationsAdminTest-825942653 tempest-MigrationsAdminTest-825942653-project] Policy check for os_compute_api:os-extended-server-attributes failed with credentials {'is_admin': False, 'user_id': '9dc12014773b4f9fb34ff214c07d7f61', 'user_domain_id': 'default', 'system_scope': None, 'domain_id': None, 'project_id': '386a18c232b949b793bf7ec70ed3b6c9', 'project_domain_id': 'default', 'roles': ['member', 'reader'], 'is_admin_project': True, 'service_user_id': None, 'service_user_domain_id': None, 'service_project_id': None, 'service_project_domain_id': None, 'service_roles': []} {{(pid=128747) authorize /opt/stack/nova/nova/policy.py:199}}
Oct 28 09:51:06.408453 n-d-zed-1 devstack@n-api.service[128747]: INFO nova.api.openstack.requestlog [None req-e524034e-c86f-4dab-bde6-eab7837c59c5 tempest-MigrationsAdminTest-825942653 tempest-MigrationsAdminTest-825942653-project] 10.222.0.16 "GET /compute/v2.1/servers/1b81b164-bda6-4231-a396-be286a5310eb" status: 200 len: 1471 microversion: 2.1 time: 0.380013
Oct 28 09:51:06.410585 n-d-zed-1 devstack@n-api.service[128747]: [pid: 128747|app: 0|req: 90/209] 10.222.0.16 () {58 vars in 1236 bytes} [Fri Oct 28 09:51:06 2022] GET /compute/v2.1/servers/1b81b164-bda6-4231-a396-be286a5310eb => generated 1471 bytes in 383 msecs (HTTP/1.1 200) 9 headers in 358 bytes (1 switches on core 0)
Oct 28 09:51:06.423337 n-d-zed-1 devstack@n-api.service[128747]: DEBUG nova.api.openstack.wsgi [None req-a89b75af-5074-44ec-88fd-dda21632fa0a tempest-AggregatesAdminTestJSON-144330572 tempest-AggregatesAdminTestJSON-144330572-project-admin] Calling method '>' {{(pid=128747) _process_stack /opt/stack/nova/nova/api/openstack/wsgi.py:513}}
Oct 28 09:51:06.439145 n-d-zed-1 devstack@n-api.service[128748]: DEBUG nova.policy [None req-39cb4fb3-3e35-45c4-8031-e8eb1958ee62 tempest-ServersWithSpecificFlavorTestJSON-1960682961 tempest-ServersWithSpecificFlavorTestJSON-1960682961-project] Policy check for os_compute_api:os-extended-server-attributes failed with credentials {'is_admin': False, 'user_id': 'a60610c78b5844f78f3ac3a7d421df53', 'user_domain_id': 'default', 'system_scope': None, 'domain_id': None, 'project_id': '2f4dca7afa40438cba45411cead48103', 'project_domain_id': 'default', 'roles': ['member', 'reader'], 'is_admin_project': True, 'service_user_id': None, 'service_user_domain_id': None, 'service_project_id': None, 'service_project_domain_id': None, 'service_roles': []} {{(pid=128748) authorize /opt/stack/nova/nova/policy.py:199}}
Oct 28 09:51:06.470380 n-d-zed-1 devstack@n-api.service[128748]: INFO nova.api.openstack.requestlog [None req-39cb4fb3-3e35-45c4-8031-e8eb1958ee62 tempest-ServersWithSpecificFlavorTestJSON-1960682961 tempest-ServersWithSpecificFlavorTestJSON-1960682961-project] 10.222.0.16 "GET /compute/v2.1/servers/5ecfe35a-7658-4371-947c-581fc4879381" status: 200 len: 1388 microversion: 2.1 time: 1.367408
Oct 28 09:51:06.471544 n-d-zed-1 devstack@n-api.service[128748]: [pid: 128748|app: 0|req: 120/210] 10.222.0.16 () {58 vars in 1236 bytes} [Fri Oct 28 09:51:05 2022] GET /compute/v2.1/servers/5ecfe35a-7658-4371-947c-581fc4879381 => generated 1388 bytes in 1370 msecs (HTTP/1.1 200) 9 headers in 358 bytes (1 switches on core 0)
Oct 28 09:51:06.479800 n-d-zed-1 devstack@n-api.service[128747]: INFO nova.api.openstack.requestlog [None req-a89b75af-5074-44ec-88fd-dda21632fa0a tempest-AggregatesAdminTestJSON-144330572 tempest-AggregatesAdminTestJSON-144330572-project-admin] 10.222.0.16 "DELETE /compute/v2.1/os-aggregates/10" status: 200 len: 0 microversion: 2.1 time: 0.063164
Oct 28 09:51:06.479800 n-d-zed-1 devstack@n-api.service[128747]: [pid: 128747|app: 0|req: 91/211] 10.222.0.16 () {58 vars in 1155 bytes} [Fri Oct 28 09:51:06 2022] DELETE /compute/v2.1/os-aggregates/10 => generated 0 bytes in 67 msecs (HTTP/1.1 200) 9 headers in 355 bytes (1 switches on core 0)
Oct 28 09:51:06.480084 n-d-zed-1 devstack@n-api.service[128748]: DEBUG nova.api.openstack.wsgi [None req-2be9d570-abb6-4e69-9647-6295fcc5671b tempest-DeleteServersAdminTestJSON-1081097909 tempest-DeleteServersAdminTestJSON-1081097909-project] Calling method '>' {{(pid=128748) _process_stack /opt/stack/nova/nova/api/openstack/wsgi.py:513}}
Oct 28 09:51:06.487026 n-d-zed-1 devstack@n-api.service[128748]: DEBUG nova.compute.api [None req-2be9d570-abb6-4e69-9647-6295fcc5671b tempest-DeleteServersAdminTestJSON-1081097909 tempest-DeleteServersAdminTestJSON-1081097909-project] [instance: f9e447ef-6e3d-4845-849a-01c49f8cc9c0] Fetching instance by UUID {{(pid=128748) get /opt/stack/nova/nova/compute/api.py:2975}}
Oct 28 09:51:06.489868 n-d-zed-1 devstack@n-api.service[128748]: DEBUG oslo_concurrency.lockutils [None req-2be9d570-abb6-4e69-9647-6295fcc5671b tempest-DeleteServersAdminTestJSON-1081097909 tempest-DeleteServersAdminTestJSON-1081097909-project] Acquiring lock "308273ef-dc1c-40ee-a51c-31916410c877" by "nova.context.set_target_cell..get_or_set_cached_cell_and_set_connections" {{(pid=128748) inner /usr/local/lib/python3.8/dist-packages/oslo_concurrency/lockutils.py:404}}
Oct 28 09:51:06.490699 n-d-zed-1 devstack@n-api.service[128748]: DEBUG oslo_concurrency.lockutils [None req-2be9d570-abb6-4e69-9647-6295fcc5671b tempest-DeleteServersAdminTestJSON-1081097909 tempest-DeleteServersAdminTestJSON-1081097909-project] Lock "308273ef-dc1c-40ee-a51c-31916410c877" acquired by "nova.context.set_target_cell..get_or_set_cached_cell_and_set_connections" :: waited 0.001s {{(pid=128748) inner /usr/local/lib/python3.8/dist-packages/oslo_concurrency/lockutils.py:409}}
Oct 28 09:51:06.491269 n-d-zed-1 devstack@n-api.service[128748]: DEBUG oslo_concurrency.lockutils [None req-2be9d570-abb6-4e69-9647-6295fcc5671b tempest-DeleteServersAdminTestJSON-1081097909 tempest-DeleteServersAdminTestJSON-1081097909-project] Lock "308273ef-dc1c-40ee-a51c-31916410c877" "released" by "nova.context.set_target_cell..get_or_set_cached_cell_and_set_connections" :: held 0.001s {{(pid=128748) inner /usr/local/lib/python3.8/dist-packages/oslo_concurrency/lockutils.py:423}}
Oct 28 09:51:06.492370 n-d-zed-1 devstack@n-api.service[128747]: DEBUG nova.api.openstack.wsgi [None req-78bb64c9-2a24-4cff-b8f8-e028fa1a230e tempest-AggregatesAdminTestJSON-144330572 tempest-AggregatesAdminTestJSON-144330572-project-admin] Action: 'create', calling method: >, body: {"aggregate": {"name": "tempest-test_aggregate-2092677225"}} {{(pid=128747) _process_stack /opt/stack/nova/nova/api/openstack/wsgi.py:511}}
Oct 28 09:51:06.492704 n-d-zed-1 devstack@n-api.service[128748]: DEBUG oslo_concurrency.lockutils [None req-2be9d570-abb6-4e69-9647-6295fcc5671b tempest-DeleteServersAdminTestJSON-1081097909 tempest-DeleteServersAdminTestJSON-1081097909-project] Acquiring lock "308273ef-dc1c-40ee-a51c-31916410c877" by "nova.context.set_target_cell..get_or_set_cached_cell_and_set_connections" {{(pid=128748) inner /usr/local/lib/python3.8/dist-packages/oslo_concurrency/lockutils.py:404}}
Oct 28 09:51:06.493397 n-d-zed-1 devstack@n-api.service[128748]: DEBUG oslo_concurrency.lockutils [None req-2be9d570-abb6-4e69-9647-6295fcc5671b tempest-DeleteServersAdminTestJSON-1081097909 tempest-DeleteServersAdminTestJSON-1081097909-project] Lock "308273ef-dc1c-40ee-a51c-31916410c877" acquired by "nova.context.set_target_cell..get_or_set_cached_cell_and_set_connections" :: waited 0.001s {{(pid=128748) inner /usr/local/lib/python3.8/dist-packages/oslo_concurrency/lockutils.py:409}}
Oct 28 09:51:06.494078 n-d-zed-1 devstack@n-api.service[128748]: DEBUG oslo_concurrency.lockutils [None req-2be9d570-abb6-4e69-9647-6295fcc5671b tempest-DeleteServersAdminTestJSON-1081097909 tempest-DeleteServersAdminTestJSON-1081097909-project] Lock "308273ef-dc1c-40ee-a51c-31916410c877" "released" by "nova.context.set_target_cell..get_or_set_cached_cell_and_set_connections" :: held 0.001s {{(pid=128748) inner /usr/local/lib/python3.8/dist-packages/oslo_concurrency/lockutils.py:423}}
Oct 28 09:51:06.496098 n-d-zed-1 devstack@n-api.service[128747]: DEBUG nova.objects.aggregate [None req-78bb64c9-2a24-4cff-b8f8-e028fa1a230e tempest-AggregatesAdminTestJSON-144330572 tempest-AggregatesAdminTestJSON-144330572-project-admin] Generated uuid 3f535f20-e1e4-45eb-afaa-f71fe0669857 for aggregate {{(pid=128747) create /opt/stack/nova/nova/objects/aggregate.py:298}}
Oct 28 09:51:06.572654 n-d-zed-1 devstack@n-api.service[128747]: INFO nova.api.openstack.requestlog [None req-78bb64c9-2a24-4cff-b8f8-e028fa1a230e tempest-AggregatesAdminTestJSON-144330572 tempest-AggregatesAdminTestJSON-144330572-project-admin] 10.222.0.16 "POST /compute/v2.1/os-aggregates" status: 200 len: 199 microversion: 2.1 time: 0.085177
Oct 28 09:51:06.573940 n-d-zed-1 devstack@n-api.service[128747]: [pid: 128747|app: 0|req: 92/212] 10.222.0.16 () {60 vars in 1164 bytes} [Fri Oct 28 09:51:06 2022] POST /compute/v2.1/os-aggregates => generated 199 bytes in 88 msecs (HTTP/1.1 200) 9 headers in 357 bytes (1 switches on core 0)
Oct 28 09:51:06.598626 n-d-zed-1 devstack@n-api.service[128747]: DEBUG nova.api.openstack.wsgi [None req-69a05e6e-adca-4f79-92d5-c68215d167c3 tempest-AggregatesAdminTestJSON-144330572 tempest-AggregatesAdminTestJSON-144330572-project-admin] Action: 'action', calling method: >, body: {"add_host": {"host": "n-h1-zed-1"}} {{(pid=128747) _process_stack /opt/stack/nova/nova/api/openstack/wsgi.py:511}}
Oct 28 09:51:06.615667 n-d-zed-1 devstack@n-api.service[128747]: DEBUG oslo_concurrency.lockutils [None req-69a05e6e-adca-4f79-92d5-c68215d167c3 tempest-AggregatesAdminTestJSON-144330572 tempest-AggregatesAdminTestJSON-144330572-project-admin] Acquiring lock "308273ef-dc1c-40ee-a51c-31916410c877" by "nova.context.set_target_cell..get_or_set_cached_cell_and_set_connections" {{(pid=128747) inner /usr/local/lib/python3.8/dist-packages/oslo_concurrency/lockutils.py:404}}
Oct 28 09:51:06.616723 n-d-zed-1 devstack@n-api.service[128747]: DEBUG oslo_concurrency.lockutils [None req-69a05e6e-adca-4f79-92d5-c68215d167c3 tempest-AggregatesAdminTestJSON-144330572 tempest-AggregatesAdminTestJSON-144330572-project-admin] Lock "308273ef-dc1c-40ee-a51c-31916410c877" acquired by "nova.context.set_target_cell..get_or_set_cached_cell_and_set_connections" :: waited 0.001s {{(pid=128747) inner /usr/local/lib/python3.8/dist-packages/oslo_concurrency/lockutils.py:409}}
Oct 28 09:51:06.618420 n-d-zed-1 devstack@n-api.service[128747]: DEBUG oslo_concurrency.lockutils [None req-69a05e6e-adca-4f79-92d5-c68215d167c3 tempest-AggregatesAdminTestJSON-144330572 tempest-AggregatesAdminTestJSON-144330572-project-admin] Lock "308273ef-dc1c-40ee-a51c-31916410c877" "released" by "nova.context.set_target_cell..get_or_set_cached_cell_and_set_connections" :: held 0.001s {{(pid=128747) inner /usr/local/lib/python3.8/dist-packages/oslo_concurrency/lockutils.py:423}}
Oct 28 09:51:06.726095 n-d-zed-1 devstack@n-api.service[128748]: DEBUG nova.policy [None req-2be9d570-abb6-4e69-9647-6295fcc5671b tempest-DeleteServersAdminTestJSON-1081097909 tempest-DeleteServersAdminTestJSON-1081097909-project] Policy check for os_compute_api:os-extended-server-attributes failed with credentials {'is_admin': False, 'user_id': '791f2111f74a452eaa525d16ce0b6448', 'user_domain_id': 'default', 'system_scope': None, 'domain_id': None, 'project_id': '340ea03cddd04e83aaabb5e6810892d2', 'project_domain_id': 'default', 'roles': ['member', 'reader'], 'is_admin_project': True, 'service_user_id': None, 'service_user_domain_id': None, 'service_project_id': None, 'service_project_domain_id': None, 'service_roles': []} {{(pid=128748) authorize /opt/stack/nova/nova/policy.py:199}}
Oct 28 09:51:06.738669 n-d-zed-1 devstack@n-api.service[128748]: INFO nova.api.openstack.requestlog [None req-2be9d570-abb6-4e69-9647-6295fcc5671b tempest-DeleteServersAdminTestJSON-1081097909 tempest-DeleteServersAdminTestJSON-1081097909-project] 10.222.0.16 "GET /compute/v2.1/servers/f9e447ef-6e3d-4845-849a-01c49f8cc9c0" status: 200 len: 1277 microversion: 2.1 time: 0.265763
Oct 28 09:51:06.744972 n-d-zed-1 devstack@n-api.service[128748]: [pid: 128748|app: 0|req: 121/213] 10.222.0.16 () {58 vars in 1236 bytes} [Fri Oct 28 09:51:06 2022] GET /compute/v2.1/servers/f9e447ef-6e3d-4845-849a-01c49f8cc9c0 => generated 1277 bytes in 267 msecs (HTTP/1.1 200) 9 headers in 358 bytes (1 switches on core 0)
Oct 28 09:51:06.874335 n-d-zed-1 devstack@n-api.service[128747]: INFO nova.api.openstack.requestlog [None req-69a05e6e-adca-4f79-92d5-c68215d167c3 tempest-AggregatesAdminTestJSON-144330572 tempest-AggregatesAdminTestJSON-144330572-project-admin] 10.222.0.16 "POST /compute/v2.1/os-aggregates/11/action" status: 200 len: 240 microversion: 2.1 time: 0.290846
Oct 28 09:51:06.877986 n-d-zed-1 devstack@n-api.service[128747]: [pid: 128747|app: 0|req: 93/214] 10.222.0.16 () {60 vars in 1194 bytes} [Fri Oct 28 09:51:06 2022] POST /compute/v2.1/os-aggregates/11/action => generated 240 bytes in 295 msecs (HTTP/1.1 200) 9 headers in 357 bytes (1 switches on core 0)
Oct 28 09:51:06.899653 n-d-zed-1 devstack@n-api.service[128748]: DEBUG nova.api.openstack.wsgi [None req-f33f3c99-2805-4935-9025-1a24cd0395d5 tempest-AggregatesAdminTestJSON-144330572 tempest-AggregatesAdminTestJSON-144330572-project-admin] Action: 'action', calling method: >, body: {"remove_host": {"host": "n-h1-zed-1"}} {{(pid=128748) _process_stack /opt/stack/nova/nova/api/openstack/wsgi.py:511}}
Oct 28 09:51:06.958721 n-d-zed-1 devstack@n-api.service[128748]: DEBUG oslo_concurrency.lockutils [None req-f33f3c99-2805-4935-9025-1a24cd0395d5 tempest-AggregatesAdminTestJSON-144330572 tempest-AggregatesAdminTestJSON-144330572-project-admin] Acquiring lock "308273ef-dc1c-40ee-a51c-31916410c877" by "nova.context.set_target_cell..get_or_set_cached_cell_and_set_connections" {{(pid=128748) inner /usr/local/lib/python3.8/dist-packages/oslo_concurrency/lockutils.py:404}}
Oct 28 09:51:06.961142 n-d-zed-1 devstack@n-api.service[128748]: DEBUG oslo_concurrency.lockutils [None req-f33f3c99-2805-4935-9025-1a24cd0395d5 tempest-AggregatesAdminTestJSON-144330572 tempest-AggregatesAdminTestJSON-144330572-project-admin] Lock "308273ef-dc1c-40ee-a51c-31916410c877" acquired by "nova.context.set_target_cell..get_or_set_cached_cell_and_set_connections" :: waited 0.014s {{(pid=128748) inner /usr/local/lib/python3.8/dist-packages/oslo_concurrency/lockutils.py:409}}
Oct 28 09:51:06.964636 n-d-zed-1 devstack@n-api.service[128748]: DEBUG oslo_concurrency.lockutils [None req-f33f3c99-2805-4935-9025-1a24cd0395d5 tempest-AggregatesAdminTestJSON-144330572 tempest-AggregatesAdminTestJSON-144330572-project-admin] Lock "308273ef-dc1c-40ee-a51c-31916410c877" "released" by "nova.context.set_target_cell..get_or_set_cached_cell_and_set_connections" :: held 0.002s {{(pid=128748) inner /usr/local/lib/python3.8/dist-packages/oslo_concurrency/lockutils.py:423}}
Oct 28 09:51:07.165669 n-d-zed-1 devstack@n-api.service[128748]: INFO nova.api.openstack.requestlog [None req-f33f3c99-2805-4935-9025-1a24cd0395d5 tempest-AggregatesAdminTestJSON-144330572 tempest-AggregatesAdminTestJSON-144330572-project-admin] 10.222.0.16 "POST /compute/v2.1/os-aggregates/11/action" status: 200 len: 228 microversion: 2.1 time: 0.278823
Oct 28 09:51:07.169969 n-d-zed-1 devstack@n-api.service[128748]: [pid: 128748|app: 0|req: 122/215] 10.222.0.16 () {60 vars in 1194 bytes} [Fri Oct 28 09:51:06 2022] POST /compute/v2.1/os-aggregates/11/action => generated 228 bytes in 284 msecs (HTTP/1.1 200) 9 headers in 357 bytes (1 switches on core 0)
Oct 28 09:51:07.182682 n-d-zed-1 devstack@n-api.service[128747]: DEBUG nova.api.openstack.wsgi [None req-5562d643-a763-4dfb-9610-0e8b19b1f522 tempest-AggregatesAdminTestJSON-144330572 tempest-AggregatesAdminTestJSON-144330572-project-admin] Calling method '>' {{(pid=128747) _process_stack /opt/stack/nova/nova/api/openstack/wsgi.py:513}}
Oct 28 09:51:07.226935 n-d-zed-1 devstack@n-api.service[128748]: DEBUG nova.api.openstack.wsgi [req-f102a566-954a-4190-b036-3844c90409ea req-9f8ec97a-e5a1-4208-9a2a-4820c4f6ec74 service nova] Action: 'create', calling method: >, body: {"events": [{"name": "network-changed", "server_uuid": "5ecfe35a-7658-4371-947c-581fc4879381", "tag": "629553c4-0314-42b4-93f6-22adcfb47516"}]} {{(pid=128748) _process_stack /opt/stack/nova/nova/api/openstack/wsgi.py:511}}
Oct 28 09:51:07.259214 n-d-zed-1 devstack@n-api.service[128747]: INFO nova.api.openstack.requestlog [None req-5562d643-a763-4dfb-9610-0e8b19b1f522 tempest-AggregatesAdminTestJSON-144330572 tempest-AggregatesAdminTestJSON-144330572-project-admin] 10.222.0.16 "DELETE /compute/v2.1/os-aggregates/11" status: 200 len: 0 microversion: 2.1 time: 0.083590
Oct 28 09:51:07.265156 n-d-zed-1 devstack@n-api.service[128747]: [pid: 128747|app: 0|req: 94/216] 10.222.0.16 () {58 vars in 1155 bytes} [Fri Oct 28 09:51:07 2022] DELETE /compute/v2.1/os-aggregates/11 => generated 0 bytes in 91 msecs (HTTP/1.1 200) 9 headers in 355 bytes (1 switches on core 0)
Oct 28 09:51:07.273484 n-d-zed-1 devstack@n-api.service[128748]: DEBUG oslo_concurrency.lockutils [req-f102a566-954a-4190-b036-3844c90409ea req-9f8ec97a-e5a1-4208-9a2a-4820c4f6ec74 service nova] Acquiring lock "308273ef-dc1c-40ee-a51c-31916410c877" by "nova.context.set_target_cell..get_or_set_cached_cell_and_set_connections" {{(pid=128748) inner /usr/local/lib/python3.8/dist-packages/oslo_concurrency/lockutils.py:404}}
Oct 28 09:51:07.274335 n-d-zed-1 devstack@n-api.service[128748]: DEBUG oslo_concurrency.lockutils [req-f102a566-954a-4190-b036-3844c90409ea req-9f8ec97a-e5a1-4208-9a2a-4820c4f6ec74 service nova] Lock "308273ef-dc1c-40ee-a51c-31916410c877" acquired by "nova.context.set_target_cell..get_or_set_cached_cell_and_set_connections" :: waited 0.001s {{(pid=128748) inner /usr/local/lib/python3.8/dist-packages/oslo_concurrency/lockutils.py:409}}
Oct 28 09:51:07.275099 n-d-zed-1 devstack@n-api.service[128748]: DEBUG oslo_concurrency.lockutils [req-f102a566-954a-4190-b036-3844c90409ea req-9f8ec97a-e5a1-4208-9a2a-4820c4f6ec74 service nova] Lock "308273ef-dc1c-40ee-a51c-31916410c877" "released" by "nova.context.set_target_cell..get_or_set_cached_cell_and_set_connections" :: held 0.001s {{(pid=128748) inner /usr/local/lib/python3.8/dist-packages/oslo_concurrency/lockutils.py:423}}
Oct 28 09:51:07.301514 n-d-zed-1 devstack@n-api.service[128747]: DEBUG nova.api.openstack.wsgi [None req-6ea341b4-6cc7-409f-861f-6402d23f70f6 tempest-AggregatesAdminTestJSON-144330572 tempest-AggregatesAdminTestJSON-144330572-project-admin] Action: 'create', calling method: >, body: {"aggregate": {"name": "tempest-test_aggregate-1591572299"}} {{(pid=128747) _process_stack /opt/stack/nova/nova/api/openstack/wsgi.py:511}}
Oct 28 09:51:07.308723 n-d-zed-1 devstack@n-api.service[128748]: INFO nova.api.openstack.compute.server_external_events [req-f102a566-954a-4190-b036-3844c90409ea req-9f8ec97a-e5a1-4208-9a2a-4820c4f6ec74 service nova] Creating event network-changed:629553c4-0314-42b4-93f6-22adcfb47516 for instance 5ecfe35a-7658-4371-947c-581fc4879381 on n-h1-zed-1
Oct 28 09:51:07.313409 n-d-zed-1 devstack@n-api.service[128747]: DEBUG nova.objects.aggregate [None req-6ea341b4-6cc7-409f-861f-6402d23f70f6 tempest-AggregatesAdminTestJSON-144330572 tempest-AggregatesAdminTestJSON-144330572-project-admin] Generated uuid 94e4384c-405a-4a0e-b6cc-80fea2529aae for aggregate {{(pid=128747) create /opt/stack/nova/nova/objects/aggregate.py:298}}
Oct 28 09:51:07.323802 n-d-zed-1 devstack@n-api.service[128748]: INFO nova.api.openstack.requestlog [req-f102a566-954a-4190-b036-3844c90409ea req-9f8ec97a-e5a1-4208-9a2a-4820c4f6ec74 service nova] 10.222.0.16 "POST /compute/v2.1/os-server-external-events" status: 200 len: 179 microversion: 2.1 time: 0.110398
Oct 28 09:51:07.325657 n-d-zed-1 devstack@n-api.service[128748]: [pid: 128748|app: 0|req: 123/217] 10.222.0.16 () {64 vars in 1317 bytes} [Fri Oct 28 09:51:07 2022] POST /compute/v2.1/os-server-external-events => generated 179 bytes in 114 msecs (HTTP/1.1 200) 9 headers in 357 bytes (1 switches on core 0)
Oct 28 09:51:07.342048 n-d-zed-1 devstack@n-api.service[128748]: DEBUG nova.api.openstack.wsgi [None req-c3de9d8a-0476-4b73-b8a5-e4fd875ed506 tempest-AggregatesAdminNegativeTestJSON-1474291107 tempest-AggregatesAdminNegativeTestJSON-1474291107-project-admin] Action: 'create', calling method: >, body: {"aggregate": {"name": "tempest-test_aggregate-1388391039"}} {{(pid=128748) _process_stack /opt/stack/nova/nova/api/openstack/wsgi.py:511}}
Oct 28 09:51:07.350144 n-d-zed-1 devstack@n-api.service[128748]: DEBUG nova.objects.aggregate [None req-c3de9d8a-0476-4b73-b8a5-e4fd875ed506 tempest-AggregatesAdminNegativeTestJSON-1474291107 tempest-AggregatesAdminNegativeTestJSON-1474291107-project-admin] Generated uuid da712d24-bc3e-4948-86db-702fcb3cc5a6 for aggregate {{(pid=128748) create /opt/stack/nova/nova/objects/aggregate.py:298}}
Oct 28 09:51:07.403540 n-d-zed-1 devstack@n-api.service[128748]: INFO nova.api.openstack.requestlog [None req-c3de9d8a-0476-4b73-b8a5-e4fd875ed506 tempest-AggregatesAdminNegativeTestJSON-1474291107 tempest-AggregatesAdminNegativeTestJSON-1474291107-project-admin] 10.222.0.16 "POST /compute/v2.1/os-aggregates" status: 200 len: 199 microversion: 2.1 time: 0.073458
Oct 28 09:51:07.408438 n-d-zed-1 devstack@n-api.service[128748]: [pid: 128748|app: 0|req: 124/218] 10.222.0.16 () {60 vars in 1164 bytes} [Fri Oct 28 09:51:07 2022] POST /compute/v2.1/os-aggregates => generated 199 bytes in 80 msecs (HTTP/1.1 200) 9 headers in 357 bytes (1 switches on core 0)
Oct 28 09:51:07.437462 n-d-zed-1 devstack@n-api.service[128748]: DEBUG nova.api.openstack.wsgi [None req-08ed4f8e-a45e-4b21-94c4-1b86d4b75656 tempest-AggregatesAdminNegativeTestJSON-1474291107 tempest-AggregatesAdminNegativeTestJSON-1474291107-project-admin] Action: 'action', calling method: >, body: {"add_host": {"host": "n-h1-zed-1"}} {{(pid=128748) _process_stack /opt/stack/nova/nova/api/openstack/wsgi.py:511}}
Oct 28 09:51:07.477593 n-d-zed-1 devstack@n-api.service[128747]: INFO nova.api.openstack.requestlog [None req-6ea341b4-6cc7-409f-861f-6402d23f70f6 tempest-AggregatesAdminTestJSON-144330572 tempest-AggregatesAdminTestJSON-144330572-project-admin] 10.222.0.16 "POST /compute/v2.1/os-aggregates" status: 200 len: 199 microversion: 2.1 time: 0.204572
Oct 28 09:51:07.479094 n-d-zed-1 devstack@n-api.service[128748]: DEBUG oslo_concurrency.lockutils [None req-08ed4f8e-a45e-4b21-94c4-1b86d4b75656 tempest-AggregatesAdminNegativeTestJSON-1474291107 tempest-AggregatesAdminNegativeTestJSON-1474291107-project-admin] Acquiring lock "308273ef-dc1c-40ee-a51c-31916410c877" by "nova.context.set_target_cell..get_or_set_cached_cell_and_set_connections" {{(pid=128748) inner /usr/local/lib/python3.8/dist-packages/oslo_concurrency/lockutils.py:404}}
Oct 28 09:51:07.479802 n-d-zed-1 devstack@n-api.service[128747]: [pid: 128747|app: 0|req: 95/219] 10.222.0.16 () {60 vars in 1164 bytes} [Fri Oct 28 09:51:07 2022] POST /compute/v2.1/os-aggregates => generated 199 bytes in 209 msecs (HTTP/1.1 200) 9 headers in 357 bytes (1 switches on core 0)
Oct 28 09:51:07.481900 n-d-zed-1 devstack@n-api.service[128748]: DEBUG oslo_concurrency.lockutils [None req-08ed4f8e-a45e-4b21-94c4-1b86d4b75656 tempest-AggregatesAdminNegativeTestJSON-1474291107 tempest-AggregatesAdminNegativeTestJSON-1474291107-project-admin] Lock "308273ef-dc1c-40ee-a51c-31916410c877" acquired by "nova.context.set_target_cell..get_or_set_cached_cell_and_set_connections" :: waited 0.004s {{(pid=128748) inner /usr/local/lib/python3.8/dist-packages/oslo_concurrency/lockutils.py:409}}
Oct 28 09:51:07.484026 n-d-zed-1 devstack@n-api.service[128748]: DEBUG oslo_concurrency.lockutils [None req-08ed4f8e-a45e-4b21-94c4-1b86d4b75656 tempest-AggregatesAdminNegativeTestJSON-1474291107 tempest-AggregatesAdminNegativeTestJSON-1474291107-project-admin] Lock "308273ef-dc1c-40ee-a51c-31916410c877" "released" by "nova.context.set_target_cell..get_or_set_cached_cell_and_set_connections" :: held 0.003s {{(pid=128748) inner /usr/local/lib/python3.8/dist-packages/oslo_concurrency/lockutils.py:423}}
Oct 28 09:51:07.491886 n-d-zed-1 devstack@n-api.service[128747]: DEBUG nova.api.openstack.wsgi [None req-5e29e335-801d-4f0e-879e-23e24d9d9719 tempest-MigrationsAdminTest-825942653 tempest-MigrationsAdminTest-825942653-project] Calling method '>' {{(pid=128747) _process_stack /opt/stack/nova/nova/api/openstack/wsgi.py:513}}
Oct 28 09:51:07.494373 n-d-zed-1 devstack@n-api.service[128747]: DEBUG nova.compute.api [None req-5e29e335-801d-4f0e-879e-23e24d9d9719 tempest-MigrationsAdminTest-825942653 tempest-MigrationsAdminTest-825942653-project] [instance: 1b81b164-bda6-4231-a396-be286a5310eb] Fetching instance by UUID {{(pid=128747) get /opt/stack/nova/nova/compute/api.py:2975}}
Oct 28 09:51:07.511371 n-d-zed-1 devstack@n-api.service[128747]: DEBUG oslo_concurrency.lockutils [None req-5e29e335-801d-4f0e-879e-23e24d9d9719 tempest-MigrationsAdminTest-825942653 tempest-MigrationsAdminTest-825942653-project] Acquiring lock "308273ef-dc1c-40ee-a51c-31916410c877" by "nova.context.set_target_cell..get_or_set_cached_cell_and_set_connections" {{(pid=128747) inner /usr/local/lib/python3.8/dist-packages/oslo_concurrency/lockutils.py:404}}
Oct 28 09:51:07.512468 n-d-zed-1 devstack@n-api.service[128747]: DEBUG oslo_concurrency.lockutils [None req-5e29e335-801d-4f0e-879e-23e24d9d9719 tempest-MigrationsAdminTest-825942653 tempest-MigrationsAdminTest-825942653-project] Lock "308273ef-dc1c-40ee-a51c-31916410c877" acquired by "nova.context.set_target_cell..get_or_set_cached_cell_and_set_connections" :: waited 0.001s {{(pid=128747) inner /usr/local/lib/python3.8/dist-packages/oslo_concurrency/lockutils.py:409}}
Oct 28 09:51:07.513854 n-d-zed-1 devstack@n-api.service[128747]: DEBUG oslo_concurrency.lockutils [None req-5e29e335-801d-4f0e-879e-23e24d9d9719 tempest-MigrationsAdminTest-825942653 tempest-MigrationsAdminTest-825942653-project] Lock "308273ef-dc1c-40ee-a51c-31916410c877" "released" by "nova.context.set_target_cell..get_or_set_cached_cell_and_set_connections" :: held 0.001s {{(pid=128747) inner /usr/local/lib/python3.8/dist-packages/oslo_concurrency/lockutils.py:423}}
Oct 28 09:51:07.515084 n-d-zed-1 devstack@n-api.service[128747]: DEBUG oslo_concurrency.lockutils [None req-5e29e335-801d-4f0e-879e-23e24d9d9719 tempest-MigrationsAdminTest-825942653 tempest-MigrationsAdminTest-825942653-project] Acquiring lock "308273ef-dc1c-40ee-a51c-31916410c877" by "nova.context.set_target_cell..get_or_set_cached_cell_and_set_connections" {{(pid=128747) inner /usr/local/lib/python3.8/dist-packages/oslo_concurrency/lockutils.py:404}}
Oct 28 09:51:07.515972 n-d-zed-1 devstack@n-api.service[128747]: DEBUG oslo_concurrency.lockutils [None req-5e29e335-801d-4f0e-879e-23e24d9d9719 tempest-MigrationsAdminTest-825942653 tempest-MigrationsAdminTest-825942653-project] Lock "308273ef-dc1c-40ee-a51c-31916410c877" acquired by "nova.context.set_target_cell..get_or_set_cached_cell_and_set_connections" :: waited 0.001s {{(pid=128747) inner /usr/local/lib/python3.8/dist-packages/oslo_concurrency/lockutils.py:409}}
Oct 28 09:51:07.516796 n-d-zed-1 devstack@n-api.service[128747]: DEBUG oslo_concurrency.lockutils [None req-5e29e335-801d-4f0e-879e-23e24d9d9719 tempest-MigrationsAdminTest-825942653 tempest-MigrationsAdminTest-825942653-project] Lock "308273ef-dc1c-40ee-a51c-31916410c877" "released" by "nova.context.set_target_cell..get_or_set_cached_cell_and_set_connections" :: held 0.001s {{(pid=128747) inner /usr/local/lib/python3.8/dist-packages/oslo_concurrency/lockutils.py:423}}
Oct 28 09:51:07.853594 n-d-zed-1 devstack@n-api.service[128748]: INFO nova.api.openstack.requestlog [None req-08ed4f8e-a45e-4b21-94c4-1b86d4b75656 tempest-AggregatesAdminNegativeTestJSON-1474291107 tempest-AggregatesAdminNegativeTestJSON-1474291107-project-admin] 10.222.0.16 "POST /compute/v2.1/os-aggregates/12/action" status: 200 len: 240 microversion: 2.1 time: 0.438262
Oct 28 09:51:07.854707 n-d-zed-1 devstack@n-api.service[128748]: [pid: 128748|app: 0|req: 125/220] 10.222.0.16 () {60 vars in 1194 bytes} [Fri Oct 28 09:51:07 2022] POST /compute/v2.1/os-aggregates/12/action => generated 240 bytes in 441 msecs (HTTP/1.1 200) 9 headers in 357 bytes (1 switches on core 0)
Oct 28 09:51:07.872866 n-d-zed-1 devstack@n-api.service[128748]: DEBUG nova.api.openstack.wsgi [None req-fbd4f337-cfca-40d3-8da0-eb4660998833 tempest-AggregatesAdminTestJSON-144330572 tempest-AggregatesAdminTestJSON-144330572-project-admin] Calling method '>' {{(pid=128748) _process_stack /opt/stack/nova/nova/api/openstack/wsgi.py:513}}
Oct 28 09:51:07.936588 n-d-zed-1 devstack@n-api.service[128748]: INFO nova.api.openstack.requestlog [None req-fbd4f337-cfca-40d3-8da0-eb4660998833 tempest-AggregatesAdminTestJSON-144330572 tempest-AggregatesAdminTestJSON-144330572-project-admin] 10.222.0.16 "DELETE /compute/v2.1/os-aggregates/13" status: 200 len: 0 microversion: 2.1 time: 0.079913
Oct 28 09:51:07.937645 n-d-zed-1 devstack@n-api.service[128748]: [pid: 128748|app: 0|req: 126/221] 10.222.0.16 () {58 vars in 1155 bytes} [Fri Oct 28 09:51:07 2022] DELETE /compute/v2.1/os-aggregates/13 => generated 0 bytes in 82 msecs (HTTP/1.1 200) 9 headers in 355 bytes (1 switches on core 0)
Oct 28 09:51:07.972162 n-d-zed-1 devstack@n-api.service[128748]: DEBUG nova.api.openstack.wsgi [None req-510d2e65-bc0e-4639-b770-fef2449cca50 tempest-ServersWithSpecificFlavorTestJSON-1960682961 tempest-ServersWithSpecificFlavorTestJSON-1960682961-project] Calling method '>' {{(pid=128748) _process_stack /opt/stack/nova/nova/api/openstack/wsgi.py:513}}
Oct 28 09:51:07.973551 n-d-zed-1 devstack@n-api.service[128748]: DEBUG nova.compute.api [None req-510d2e65-bc0e-4639-b770-fef2449cca50 tempest-ServersWithSpecificFlavorTestJSON-1960682961 tempest-ServersWithSpecificFlavorTestJSON-1960682961-project] [instance: 5ecfe35a-7658-4371-947c-581fc4879381] Fetching instance by UUID {{(pid=128748) get /opt/stack/nova/nova/compute/api.py:2975}}
Oct 28 09:51:07.989436 n-d-zed-1 devstack@n-api.service[128748]: DEBUG oslo_concurrency.lockutils [None req-510d2e65-bc0e-4639-b770-fef2449cca50 tempest-ServersWithSpecificFlavorTestJSON-1960682961 tempest-ServersWithSpecificFlavorTestJSON-1960682961-project] Acquiring lock "308273ef-dc1c-40ee-a51c-31916410c877" by "nova.context.set_target_cell..get_or_set_cached_cell_and_set_connections" {{(pid=128748) inner /usr/local/lib/python3.8/dist-packages/oslo_concurrency/lockutils.py:404}}
Oct 28 09:51:07.990354 n-d-zed-1 devstack@n-api.service[128748]: DEBUG oslo_concurrency.lockutils [None req-510d2e65-bc0e-4639-b770-fef2449cca50 tempest-ServersWithSpecificFlavorTestJSON-1960682961 tempest-ServersWithSpecificFlavorTestJSON-1960682961-project] Lock "308273ef-dc1c-40ee-a51c-31916410c877" acquired by "nova.context.set_target_cell..get_or_set_cached_cell_and_set_connections" :: waited 0.001s {{(pid=128748) inner /usr/local/lib/python3.8/dist-packages/oslo_concurrency/lockutils.py:409}}
Oct 28 09:51:07.991138 n-d-zed-1 devstack@n-api.service[128748]: DEBUG oslo_concurrency.lockutils [None req-510d2e65-bc0e-4639-b770-fef2449cca50 tempest-ServersWithSpecificFlavorTestJSON-1960682961 tempest-ServersWithSpecificFlavorTestJSON-1960682961-project] Lock "308273ef-dc1c-40ee-a51c-31916410c877" "released" by "nova.context.set_target_cell..get_or_set_cached_cell_and_set_connections" :: held 0.001s {{(pid=128748) inner /usr/local/lib/python3.8/dist-packages/oslo_concurrency/lockutils.py:423}}
Oct 28 09:51:07.992448 n-d-zed-1 devstack@n-api.service[128748]: DEBUG oslo_concurrency.lockutils [None req-510d2e65-bc0e-4639-b770-fef2449cca50 tempest-ServersWithSpecificFlavorTestJSON-1960682961 tempest-ServersWithSpecificFlavorTestJSON-1960682961-project] Acquiring lock "308273ef-dc1c-40ee-a51c-31916410c877" by "nova.context.set_target_cell..get_or_set_cached_cell_and_set_connections" {{(pid=128748) inner /usr/local/lib/python3.8/dist-packages/oslo_concurrency/lockutils.py:404}}
Oct 28 09:51:07.993351 n-d-zed-1 devstack@n-api.service[128748]: DEBUG oslo_concurrency.lockutils [None req-510d2e65-bc0e-4639-b770-fef2449cca50 tempest-ServersWithSpecificFlavorTestJSON-1960682961 tempest-ServersWithSpecificFlavorTestJSON-1960682961-project] Lock "308273ef-dc1c-40ee-a51c-31916410c877" acquired by "nova.context.set_target_cell..get_or_set_cached_cell_and_set_connections" :: waited 0.001s {{(pid=128748) inner /usr/local/lib/python3.8/dist-packages/oslo_concurrency/lockutils.py:409}}
Oct 28 09:51:07.994154 n-d-zed-1 devstack@n-api.service[128748]: DEBUG oslo_concurrency.lockutils [None req-510d2e65-bc0e-4639-b770-fef2449cca50 tempest-ServersWithSpecificFlavorTestJSON-1960682961 tempest-ServersWithSpecificFlavorTestJSON-1960682961-project] Lock "308273ef-dc1c-40ee-a51c-31916410c877" "released" by "nova.context.set_target_cell..get_or_set_cached_cell_and_set_connections" :: held 0.001s {{(pid=128748) inner /usr/local/lib/python3.8/dist-packages/oslo_concurrency/lockutils.py:423}}
Oct 28 09:51:08.249266 n-d-zed-1 devstack@n-api.service[128747]: DEBUG nova.policy [None req-5e29e335-801d-4f0e-879e-23e24d9d9719 tempest-MigrationsAdminTest-825942653 tempest-MigrationsAdminTest-825942653-project] Policy check for os_compute_api:os-extended-server-attributes failed with credentials {'is_admin': False, 'user_id': '9dc12014773b4f9fb34ff214c07d7f61', 'user_domain_id': 'default', 'system_scope': None, 'domain_id': None, 'project_id': '386a18c232b949b793bf7ec70ed3b6c9', 'project_domain_id': 'default', 'roles': ['member', 'reader'], 'is_admin_project': True, 'service_user_id': None, 'service_user_domain_id': None, 'service_project_id': None, 'service_project_domain_id': None, 'service_roles': []} {{(pid=128747) authorize /opt/stack/nova/nova/policy.py:199}}
Oct 28 09:51:08.269002 n-d-zed-1 devstack@n-api.service[128747]: INFO nova.api.openstack.requestlog [None req-5e29e335-801d-4f0e-879e-23e24d9d9719 tempest-MigrationsAdminTest-825942653 tempest-MigrationsAdminTest-825942653-project] 10.222.0.16 "GET /compute/v2.1/servers/1b81b164-bda6-4231-a396-be286a5310eb" status: 200 len: 1471 microversion: 2.1 time: 0.786334
Oct 28 09:51:08.270102 n-d-zed-1 devstack@n-api.service[128747]: [pid: 128747|app: 0|req: 96/222] 10.222.0.16 () {58 vars in 1236 bytes} [Fri Oct 28 09:51:07 2022] GET /compute/v2.1/servers/1b81b164-bda6-4231-a396-be286a5310eb => generated 1471 bytes in 789 msecs (HTTP/1.1 200) 9 headers in 358 bytes (1 switches on core 0)
Oct 28 09:51:08.279691 n-d-zed-1 devstack@n-api.service[128747]: DEBUG nova.api.openstack.wsgi [None req-b8dffaa5-dfca-4f6f-aa95-ded918f592f4 tempest-DeleteServersAdminTestJSON-1081097909 tempest-DeleteServersAdminTestJSON-1081097909-project] Calling method '>' {{(pid=128747) _process_stack /opt/stack/nova/nova/api/openstack/wsgi.py:513}}
Oct 28 09:51:08.280353 n-d-zed-1 devstack@n-api.service[128747]: DEBUG nova.compute.api [None req-b8dffaa5-dfca-4f6f-aa95-ded918f592f4 tempest-DeleteServersAdminTestJSON-1081097909 tempest-DeleteServersAdminTestJSON-1081097909-project] [instance: f9e447ef-6e3d-4845-849a-01c49f8cc9c0] Fetching instance by UUID {{(pid=128747) get /opt/stack/nova/nova/compute/api.py:2975}}
Oct 28 09:51:08.299859 n-d-zed-1 devstack@n-api.service[128747]: DEBUG oslo_concurrency.lockutils [None req-b8dffaa5-dfca-4f6f-aa95-ded918f592f4 tempest-DeleteServersAdminTestJSON-1081097909 tempest-DeleteServersAdminTestJSON-1081097909-project] Acquiring lock "308273ef-dc1c-40ee-a51c-31916410c877" by "nova.context.set_target_cell..get_or_set_cached_cell_and_set_connections" {{(pid=128747) inner /usr/local/lib/python3.8/dist-packages/oslo_concurrency/lockutils.py:404}}
Oct 28 09:51:08.300370 n-d-zed-1 devstack@n-api.service[128747]: DEBUG oslo_concurrency.lockutils [None req-b8dffaa5-dfca-4f6f-aa95-ded918f592f4 tempest-DeleteServersAdminTestJSON-1081097909 tempest-DeleteServersAdminTestJSON-1081097909-project] Lock "308273ef-dc1c-40ee-a51c-31916410c877" acquired by "nova.context.set_target_cell..get_or_set_cached_cell_and_set_connections" :: waited 0.001s {{(pid=128747) inner /usr/local/lib/python3.8/dist-packages/oslo_concurrency/lockutils.py:409}}
Oct 28 09:51:08.300815 n-d-zed-1 devstack@n-api.service[128747]: DEBUG oslo_concurrency.lockutils [None req-b8dffaa5-dfca-4f6f-aa95-ded918f592f4 tempest-DeleteServersAdminTestJSON-1081097909 tempest-DeleteServersAdminTestJSON-1081097909-project] Lock "308273ef-dc1c-40ee-a51c-31916410c877" "released" by "nova.context.set_target_cell..get_or_set_cached_cell_and_set_connections" :: held 0.000s {{(pid=128747) inner /usr/local/lib/python3.8/dist-packages/oslo_concurrency/lockutils.py:423}}
Oct 28 09:51:08.313097 n-d-zed-1 devstack@n-api.service[128747]: DEBUG oslo_concurrency.lockutils [None req-b8dffaa5-dfca-4f6f-aa95-ded918f592f4 tempest-DeleteServersAdminTestJSON-1081097909 tempest-DeleteServersAdminTestJSON-1081097909-project] Acquiring lock "308273ef-dc1c-40ee-a51c-31916410c877" by "nova.context.set_target_cell..get_or_set_cached_cell_and_set_connections" {{(pid=128747) inner /usr/local/lib/python3.8/dist-packages/oslo_concurrency/lockutils.py:404}}
Oct 28 09:51:08.313749 n-d-zed-1 devstack@n-api.service[128747]: DEBUG oslo_concurrency.lockutils [None req-b8dffaa5-dfca-4f6f-aa95-ded918f592f4 tempest-DeleteServersAdminTestJSON-1081097909 tempest-DeleteServersAdminTestJSON-1081097909-project] Lock "308273ef-dc1c-40ee-a51c-31916410c877" acquired by "nova.context.set_target_cell..get_or_set_cached_cell_and_set_connections" :: waited 0.010s {{(pid=128747) inner /usr/local/lib/python3.8/dist-packages/oslo_concurrency/lockutils.py:409}}
Oct 28 09:51:08.314378 n-d-zed-1 devstack@n-api.service[128747]: DEBUG oslo_concurrency.lockutils [None req-b8dffaa5-dfca-4f6f-aa95-ded918f592f4 tempest-DeleteServersAdminTestJSON-1081097909 tempest-DeleteServersAdminTestJSON-1081097909-project] Lock "308273ef-dc1c-40ee-a51c-31916410c877" "released" by "nova.context.set_target_cell..get_or_set_cached_cell_and_set_connections" :: held 0.001s {{(pid=128747) inner /usr/local/lib/python3.8/dist-packages/oslo_concurrency/lockutils.py:423}}
Oct 28 09:51:08.427401 n-d-zed-1 devstack@n-api.service[128747]: DEBUG nova.policy [None req-b8dffaa5-dfca-4f6f-aa95-ded918f592f4 tempest-DeleteServersAdminTestJSON-1081097909 tempest-DeleteServersAdminTestJSON-1081097909-project] Policy check for os_compute_api:os-extended-server-attributes failed with credentials {'is_admin': False, 'user_id': '791f2111f74a452eaa525d16ce0b6448', 'user_domain_id': 'default', 'system_scope': None, 'domain_id': None, 'project_id': '340ea03cddd04e83aaabb5e6810892d2', 'project_domain_id': 'default', 'roles': ['member', 'reader'], 'is_admin_project': True, 'service_user_id': None, 'service_user_domain_id': None, 'service_project_id': None, 'service_project_domain_id': None, 'service_roles': []} {{(pid=128747) authorize /opt/stack/nova/nova/policy.py:199}}
Oct 28 09:51:08.449689 n-d-zed-1 devstack@n-api.service[128747]: INFO nova.api.openstack.requestlog [None req-b8dffaa5-dfca-4f6f-aa95-ded918f592f4 tempest-DeleteServersAdminTestJSON-1081097909 tempest-DeleteServersAdminTestJSON-1081097909-project] 10.222.0.16 "GET /compute/v2.1/servers/f9e447ef-6e3d-4845-849a-01c49f8cc9c0" status: 200 len: 1277 microversion: 2.1 time: 0.177990
Oct 28 09:51:08.451888 n-d-zed-1 devstack@n-api.service[128747]: [pid: 128747|app: 0|req: 97/223] 10.222.0.16 () {58 vars in 1236 bytes} [Fri Oct 28 09:51:08 2022] GET /compute/v2.1/servers/f9e447ef-6e3d-4845-849a-01c49f8cc9c0 => generated 1277 bytes in 181 msecs (HTTP/1.1 200) 9 headers in 358 bytes (1 switches on core 0)
Oct 28 09:51:08.463451 n-d-zed-1 devstack@n-api.service[128747]: DEBUG nova.api.openstack.wsgi [None req-3797137a-9dab-447a-a63a-279aa3ac4a8d tempest-AggregatesAdminNegativeTestJSON-662340398 tempest-AggregatesAdminNegativeTestJSON-662340398-project] Action: 'action', calling method: >, body: {"remove_host": {"host": "n-h1-zed-1"}} {{(pid=128747) _process_stack /opt/stack/nova/nova/api/openstack/wsgi.py:511}}
