Jun 17 10:22:34.401210 n-d-xena-1 devstack@n-api.service[118813]: warnings.warn(msg)
Jun 17 10:22:34.515976 n-d-xena-1 devstack@n-api.service[118814]: DEBUG nova.policy [None req-3aea77b0-1bc8-44b2-8e9a-1fdc6d8bace3 tempest-ServersWithSpecificFlavorTestJSON-532950345 tempest-ServersWithSpecificFlavorTestJSON-532950345-project] Policy check for os_compute_api:os-extended-server-attributes failed with credentials {'is_admin': False, 'user_id': 'd2a7eb8d801b4ed0b4d16d98ccf4d7ea', 'user_domain_id': 'default', 'system_scope': None, 'domain_id': None, 'project_id': '8a7d1592e28f4534ae6d48eb2f0237f5', 'project_domain_id': 'default', 'roles': ['member', 'reader'], 'is_admin_project': True, 'service_user_id': None, 'service_user_domain_id': None, 'service_project_id': None, 'service_project_domain_id': None, 'service_roles': []} {{(pid=118814) authorize /opt/stack/nova/nova/policy.py:199}}
Jun 17 10:22:34.522878 n-d-xena-1 devstack@n-api.service[118814]: INFO nova.api.openstack.requestlog [None req-3aea77b0-1bc8-44b2-8e9a-1fdc6d8bace3 tempest-ServersWithSpecificFlavorTestJSON-532950345 tempest-ServersWithSpecificFlavorTestJSON-532950345-project] 10.222.0.15 "GET /compute/v2.1/servers/bad19954-b162-4847-92b8-953e46089754" status: 200 len: 1262 microversion: 2.1 time: 0.145475
Jun 17 10:22:34.523699 n-d-xena-1 devstack@n-api.service[118814]: [pid: 118814|app: 0|req: 86/159] 10.222.0.15 () {58 vars in 1235 bytes} [Fri Jun 17 10:22:34 2022] GET /compute/v2.1/servers/bad19954-b162-4847-92b8-953e46089754 => generated 1262 bytes in 153 msecs (HTTP/1.1 200) 9 headers in 358 bytes (1 switches on core 0)
Jun 17 10:22:34.528451 n-d-xena-1 devstack@n-api.service[118814]: DEBUG nova.api.openstack.wsgi [None req-88d5ccca-fe24-428d-99a5-f858141c726e tempest-FlavorsExtraSpecsNegativeTestJSON-1075402458 tempest-FlavorsExtraSpecsNegativeTestJSON-1075402458-project] Action: 'create', calling method: >, body: {"extra_specs": {"hw:numa_nodes": "1", "hw:cpu_policy": "shared"}} {{(pid=118814) _process_stack /opt/stack/nova/nova/api/openstack/wsgi.py:511}}
Jun 17 10:22:34.529867 n-d-xena-1 devstack@n-api.service[118814]: /usr/local/lib/python3.8/dist-packages/oslo_policy/policy.py:1075: UserWarning: Policy os_compute_api:os-flavor-extra-specs:create failed scope check. The token used to make the request was project scoped but the policy requires ['system'] scope. This behavior may change in the future where using the intended scope is required
Jun 17 10:22:34.529867 n-d-xena-1 devstack@n-api.service[118814]: warnings.warn(msg)
Jun 17 10:22:34.530988 n-d-xena-1 devstack@n-api.service[118814]: DEBUG nova.policy [None req-88d5ccca-fe24-428d-99a5-f858141c726e tempest-FlavorsExtraSpecsNegativeTestJSON-1075402458 tempest-FlavorsExtraSpecsNegativeTestJSON-1075402458-project] Policy check for os_compute_api:os-flavor-extra-specs:create failed with credentials {'is_admin': False, 'user_id': '7d7ee243c48446d89c28b39b4e3cf652', 'user_domain_id': 'default', 'system_scope': None, 'domain_id': None, 'project_id': '829ea23efcd5454e99064bac53aeb5bb', 'project_domain_id': 'default', 'roles': ['member', 'reader'], 'is_admin_project': True, 'service_user_id': None, 'service_user_domain_id': None, 'service_project_id': None, 'service_project_domain_id': None, 'service_roles': []} {{(pid=118814) authorize /opt/stack/nova/nova/policy.py:199}}
Jun 17 10:22:34.531739 n-d-xena-1 devstack@n-api.service[118814]: DEBUG nova.api.openstack.wsgi [None req-88d5ccca-fe24-428d-99a5-f858141c726e tempest-FlavorsExtraSpecsNegativeTestJSON-1075402458 tempest-FlavorsExtraSpecsNegativeTestJSON-1075402458-project] Returning 403 to user: Policy doesn't allow os_compute_api:os-flavor-extra-specs:create to be performed. {{(pid=118814) __call__ /opt/stack/nova/nova/api/openstack/wsgi.py:936}}
Jun 17 10:22:34.532694 n-d-xena-1 devstack@n-api.service[118814]: INFO nova.api.openstack.requestlog [None req-88d5ccca-fe24-428d-99a5-f858141c726e tempest-FlavorsExtraSpecsNegativeTestJSON-1075402458 tempest-FlavorsExtraSpecsNegativeTestJSON-1075402458-project] 10.222.0.15 "POST /compute/v2.1/flavors/1129915744/os-extra_specs" status: 403 len: 124 microversion: 2.1 time: 0.007740
Jun 17 10:22:34.533718 n-d-xena-1 devstack@n-api.service[118814]: [pid: 118814|app: 0|req: 87/160] 10.222.0.15 () {60 vars in 1223 bytes} [Fri Jun 17 10:22:34 2022] POST /compute/v2.1/flavors/1129915744/os-extra_specs => generated 124 bytes in 9 msecs (HTTP/1.1 403) 9 headers in 379 bytes (1 switches on core 0)
Jun 17 10:22:34.543420 n-d-xena-1 devstack@n-api.service[118814]: DEBUG nova.api.openstack.wsgi [None req-63261bfa-6cf4-4b19-86dc-55372b966653 tempest-FlavorsExtraSpecsNegativeTestJSON-877824825 tempest-FlavorsExtraSpecsNegativeTestJSON-877824825-project-admin] Action: 'create', calling method: >, body: {"extra_specs": {"hw:numa_nodes": "1", "hw:cpu_policy": "shared"}} {{(pid=118814) _process_stack /opt/stack/nova/nova/api/openstack/wsgi.py:511}}
Jun 17 10:22:34.548338 n-d-xena-1 devstack@n-api.service[118813]: INFO nova.api.openstack.requestlog [None req-1b5afd37-2190-4963-af36-cf99ffccaf4a tempest-FlavorsAccessNegativeTestJSON-1016249472 tempest-FlavorsAccessNegativeTestJSON-1016249472-project-admin] 10.222.0.15 "POST /compute/v2.1/flavors" status: 200 len: 436 microversion: 2.1 time: 0.370639
Jun 17 10:22:34.560015 n-d-xena-1 devstack@n-api.service[118813]: [pid: 118813|app: 0|req: 74/161] 10.222.0.15 () {60 vars in 1146 bytes} [Fri Jun 17 10:22:34 2022] POST /compute/v2.1/flavors => generated 436 bytes in 372 msecs (HTTP/1.1 200) 9 headers in 357 bytes (1 switches on core 0)
Jun 17 10:22:34.569378 n-d-xena-1 devstack@n-api.service[118813]: DEBUG nova.api.openstack.wsgi [None req-3492dbc0-2a8e-45bb-bb90-c3a58fa4a4fc tempest-FlavorsAccessNegativeTestJSON-1016249472 tempest-FlavorsAccessNegativeTestJSON-1016249472-project-admin] Action: 'action', calling method: >, body: {"addTenantAccess": {"tenant": "5b12637e77d94c1ea47fbc9e3063e0e2"}} {{(pid=118813) _process_stack /opt/stack/nova/nova/api/openstack/wsgi.py:511}}
Jun 17 10:22:34.570575 n-d-xena-1 devstack@n-api.service[118813]: /usr/local/lib/python3.8/dist-packages/oslo_policy/policy.py:1075: UserWarning: Policy os_compute_api:os-flavor-access:add_tenant_access failed scope check. The token used to make the request was project scoped but the policy requires ['system'] scope. This behavior may change in the future where using the intended scope is required
Jun 17 10:22:34.570575 n-d-xena-1 devstack@n-api.service[118813]: warnings.warn(msg)
Jun 17 10:22:34.781389 n-d-xena-1 devstack@n-api.service[118814]: INFO nova.api.openstack.requestlog [None req-63261bfa-6cf4-4b19-86dc-55372b966653 tempest-FlavorsExtraSpecsNegativeTestJSON-877824825 tempest-FlavorsExtraSpecsNegativeTestJSON-877824825-project-admin] 10.222.0.15 "POST /compute/v2.1/flavors/1129915744/os-extra_specs" status: 200 len: 66 microversion: 2.1 time: 0.242099
Jun 17 10:22:34.786930 n-d-xena-1 devstack@n-api.service[118814]: [pid: 118814|app: 0|req: 88/162] 10.222.0.15 () {60 vars in 1223 bytes} [Fri Jun 17 10:22:34 2022] POST /compute/v2.1/flavors/1129915744/os-extra_specs => generated 66 bytes in 243 msecs (HTTP/1.1 200) 9 headers in 356 bytes (2 switches on core 0)
Jun 17 10:22:34.790902 n-d-xena-1 devstack@n-api.service[118814]: DEBUG nova.api.openstack.wsgi [None req-1346a6a2-4cef-4048-b7ec-aee28283edb7 tempest-AggregatesAdminTestJSON-1374470662 tempest-AggregatesAdminTestJSON-1374470662-project] Calling method '>' {{(pid=118814) _process_stack /opt/stack/nova/nova/api/openstack/wsgi.py:513}}
Jun 17 10:22:34.791773 n-d-xena-1 devstack@n-api.service[118814]: DEBUG nova.compute.api [None req-1346a6a2-4cef-4048-b7ec-aee28283edb7 tempest-AggregatesAdminTestJSON-1374470662 tempest-AggregatesAdminTestJSON-1374470662-project] [instance: ecf85281-1e11-4c32-a537-1fd5dd5fa1f1] Fetching instance by UUID {{(pid=118814) get /opt/stack/nova/nova/compute/api.py:2865}}
Jun 17 10:22:34.804148 n-d-xena-1 devstack@n-api.service[118814]: DEBUG oslo_concurrency.lockutils [None req-1346a6a2-4cef-4048-b7ec-aee28283edb7 tempest-AggregatesAdminTestJSON-1374470662 tempest-AggregatesAdminTestJSON-1374470662-project] Lock "1b09335c-5508-434a-8175-fc211d706c7d" acquired by "nova.context.set_target_cell..get_or_set_cached_cell_and_set_connections" :: waited 0.000s {{(pid=118814) inner /usr/local/lib/python3.8/dist-packages/oslo_concurrency/lockutils.py:355}}
Jun 17 10:22:34.804603 n-d-xena-1 devstack@n-api.service[118814]: DEBUG oslo_concurrency.lockutils [None req-1346a6a2-4cef-4048-b7ec-aee28283edb7 tempest-AggregatesAdminTestJSON-1374470662 tempest-AggregatesAdminTestJSON-1374470662-project] Lock "1b09335c-5508-434a-8175-fc211d706c7d" released by "nova.context.set_target_cell..get_or_set_cached_cell_and_set_connections" :: held 0.001s {{(pid=118814) inner /usr/local/lib/python3.8/dist-packages/oslo_concurrency/lockutils.py:367}}
Jun 17 10:22:34.808092 n-d-xena-1 devstack@n-api.service[118814]: DEBUG oslo_concurrency.lockutils [None req-1346a6a2-4cef-4048-b7ec-aee28283edb7 tempest-AggregatesAdminTestJSON-1374470662 tempest-AggregatesAdminTestJSON-1374470662-project] Lock "1b09335c-5508-434a-8175-fc211d706c7d" acquired by "nova.context.set_target_cell..get_or_set_cached_cell_and_set_connections" :: waited 0.000s {{(pid=118814) inner /usr/local/lib/python3.8/dist-packages/oslo_concurrency/lockutils.py:355}}
Jun 17 10:22:34.809713 n-d-xena-1 devstack@n-api.service[118814]: DEBUG oslo_concurrency.lockutils [None req-1346a6a2-4cef-4048-b7ec-aee28283edb7 tempest-AggregatesAdminTestJSON-1374470662 tempest-AggregatesAdminTestJSON-1374470662-project] Lock "1b09335c-5508-434a-8175-fc211d706c7d" released by "nova.context.set_target_cell..get_or_set_cached_cell_and_set_connections" :: held 0.001s {{(pid=118814) inner /usr/local/lib/python3.8/dist-packages/oslo_concurrency/lockutils.py:367}}
Jun 17 10:22:34.842219 n-d-xena-1 devstack@n-api.service[118813]: INFO nova.api.openstack.requestlog [None req-3492dbc0-2a8e-45bb-bb90-c3a58fa4a4fc tempest-FlavorsAccessNegativeTestJSON-1016249472 tempest-FlavorsAccessNegativeTestJSON-1016249472-project-admin] 10.222.0.15 "POST /compute/v2.1/flavors/237678903/action" status: 200 len: 96 microversion: 2.1 time: 0.276403
Jun 17 10:22:34.843043 n-d-xena-1 devstack@n-api.service[118813]: [pid: 118813|app: 0|req: 75/163] 10.222.0.15 () {60 vars in 1196 bytes} [Fri Jun 17 10:22:34 2022] POST /compute/v2.1/flavors/237678903/action => generated 96 bytes in 278 msecs (HTTP/1.1 200) 9 headers in 356 bytes (2 switches on core 0)
Jun 17 10:22:34.855021 n-d-xena-1 devstack@n-api.service[118813]: DEBUG nova.api.openstack.wsgi [None req-b2ad5dcd-ac9b-44d5-bbad-4856dedd4725 tempest-FlavorsExtraSpecsNegativeTestJSON-1075402458 tempest-FlavorsExtraSpecsNegativeTestJSON-1075402458-project] Calling method '>' {{(pid=118813) _process_stack /opt/stack/nova/nova/api/openstack/wsgi.py:513}}
Jun 17 10:22:34.855021 n-d-xena-1 devstack@n-api.service[118813]: /usr/local/lib/python3.8/dist-packages/oslo_policy/policy.py:1075: UserWarning: Policy os_compute_api:os-flavor-extra-specs:delete failed scope check. The token used to make the request was project scoped but the policy requires ['system'] scope. This behavior may change in the future where using the intended scope is required
Jun 17 10:22:34.855021 n-d-xena-1 devstack@n-api.service[118813]: warnings.warn(msg)
Jun 17 10:22:34.855347 n-d-xena-1 devstack@n-api.service[118813]: DEBUG nova.policy [None req-b2ad5dcd-ac9b-44d5-bbad-4856dedd4725 tempest-FlavorsExtraSpecsNegativeTestJSON-1075402458 tempest-FlavorsExtraSpecsNegativeTestJSON-1075402458-project] Policy check for os_compute_api:os-flavor-extra-specs:delete failed with credentials {'is_admin': False, 'user_id': '7d7ee243c48446d89c28b39b4e3cf652', 'user_domain_id': 'default', 'system_scope': None, 'domain_id': None, 'project_id': '829ea23efcd5454e99064bac53aeb5bb', 'project_domain_id': 'default', 'roles': ['member', 'reader'], 'is_admin_project': True, 'service_user_id': None, 'service_user_domain_id': None, 'service_project_id': None, 'service_project_domain_id': None, 'service_roles': []} {{(pid=118813) authorize /opt/stack/nova/nova/policy.py:199}}
Jun 17 10:22:34.855777 n-d-xena-1 devstack@n-api.service[118813]: DEBUG nova.api.openstack.wsgi [None req-b2ad5dcd-ac9b-44d5-bbad-4856dedd4725 tempest-FlavorsExtraSpecsNegativeTestJSON-1075402458 tempest-FlavorsExtraSpecsNegativeTestJSON-1075402458-project] Returning 403 to user: Policy doesn't allow os_compute_api:os-flavor-extra-specs:delete to be performed. {{(pid=118813) __call__ /opt/stack/nova/nova/api/openstack/wsgi.py:936}}
Jun 17 10:22:34.856774 n-d-xena-1 devstack@n-api.service[118813]: INFO nova.api.openstack.requestlog [None req-b2ad5dcd-ac9b-44d5-bbad-4856dedd4725 tempest-FlavorsExtraSpecsNegativeTestJSON-1075402458 tempest-FlavorsExtraSpecsNegativeTestJSON-1075402458-project] 10.222.0.15 "DELETE /compute/v2.1/flavors/1129915744/os-extra_specs/hw:numa_nodes" status: 403 len: 124 microversion: 2.1 time: 0.008150
Jun 17 10:22:34.857278 n-d-xena-1 devstack@n-api.service[118813]: [pid: 118813|app: 0|req: 76/164] 10.222.0.15 () {58 vars in 1247 bytes} [Fri Jun 17 10:22:34 2022] DELETE /compute/v2.1/flavors/1129915744/os-extra_specs/hw:numa_nodes => generated 124 bytes in 14 msecs (HTTP/1.1 403) 9 headers in 379 bytes (1 switches on core 0)
Jun 17 10:22:34.866770 n-d-xena-1 devstack@n-api.service[118813]: DEBUG nova.api.openstack.wsgi [None req-e3b71dcf-e9b9-4999-b580-4e135fd2cf19 tempest-FlavorsAccessNegativeTestJSON-1016249472 tempest-FlavorsAccessNegativeTestJSON-1016249472-project-admin] Action: 'action', calling method: >, body: {"addTenantAccess": {"tenant": "5b12637e77d94c1ea47fbc9e3063e0e2"}} {{(pid=118813) _process_stack /opt/stack/nova/nova/api/openstack/wsgi.py:511}}
Jun 17 10:22:35.019631 n-d-xena-1 devstack@n-api.service[118814]: DEBUG nova.policy [None req-1346a6a2-4cef-4048-b7ec-aee28283edb7 tempest-AggregatesAdminTestJSON-1374470662 tempest-AggregatesAdminTestJSON-1374470662-project] Policy check for os_compute_api:os-extended-server-attributes failed with credentials {'is_admin': False, 'user_id': '07b2478f3b7c455b94de293ebdb1067e', 'user_domain_id': 'default', 'system_scope': None, 'domain_id': None, 'project_id': 'cca837c5d0e240a983e0f5aaa791cecb', 'project_domain_id': 'default', 'roles': ['member', 'reader'], 'is_admin_project': True, 'service_user_id': None, 'service_user_domain_id': None, 'service_project_id': None, 'service_project_domain_id': None, 'service_roles': []} {{(pid=118814) authorize /opt/stack/nova/nova/policy.py:199}}
Jun 17 10:22:35.039033 n-d-xena-1 devstack@n-api.service[118814]: INFO nova.api.openstack.requestlog [None req-1346a6a2-4cef-4048-b7ec-aee28283edb7 tempest-AggregatesAdminTestJSON-1374470662 tempest-AggregatesAdminTestJSON-1374470662-project] 10.222.0.15 "GET /compute/v2.1/servers/ecf85281-1e11-4c32-a537-1fd5dd5fa1f1" status: 200 len: 1339 microversion: 2.1 time: 0.255927
Jun 17 10:22:35.053434 n-d-xena-1 devstack@n-api.service[118814]: [pid: 118814|app: 0|req: 89/165] 10.222.0.15 () {58 vars in 1235 bytes} [Fri Jun 17 10:22:34 2022] GET /compute/v2.1/servers/ecf85281-1e11-4c32-a537-1fd5dd5fa1f1 => generated 1339 bytes in 271 msecs (HTTP/1.1 200) 9 headers in 358 bytes (1 switches on core 0)
Jun 17 10:22:35.061450 n-d-xena-1 devstack@n-api.service[118814]: DEBUG nova.api.openstack.wsgi [None req-7900d8d6-a67e-4ad1-8db3-b9fac934bf30 tempest-FlavorsExtraSpecsNegativeTestJSON-877824825 tempest-FlavorsExtraSpecsNegativeTestJSON-877824825-project-admin] Action: 'create', calling method: >, body: {"extra_specs": {"hw:numa_nodes": "1", "hw:cpu_policy": "shared"}} {{(pid=118814) _process_stack /opt/stack/nova/nova/api/openstack/wsgi.py:511}}
Jun 17 10:22:35.080079 n-d-xena-1 devstack@n-api.service[118814]: /usr/local/lib/python3.8/dist-packages/oslo_policy/policy.py:1075: UserWarning: Policy os_compute_api:os-flavor-extra-specs:create failed scope check. The token used to make the request was project scoped but the policy requires ['system'] scope. This behavior may change in the future where using the intended scope is required
Jun 17 10:22:35.080079 n-d-xena-1 devstack@n-api.service[118814]: warnings.warn(msg)
Jun 17 10:22:35.107697 n-d-xena-1 devstack@n-api.service[118814]: INFO nova.api.openstack.requestlog [None req-7900d8d6-a67e-4ad1-8db3-b9fac934bf30 tempest-FlavorsExtraSpecsNegativeTestJSON-877824825 tempest-FlavorsExtraSpecsNegativeTestJSON-877824825-project-admin] 10.222.0.15 "POST /compute/v2.1/flavors/1129915744/os-extra_specs" status: 200 len: 66 microversion: 2.1 time: 0.052701
Jun 17 10:22:35.108943 n-d-xena-1 devstack@n-api.service[118814]: [pid: 118814|app: 0|req: 90/166] 10.222.0.15 () {60 vars in 1223 bytes} [Fri Jun 17 10:22:35 2022] POST /compute/v2.1/flavors/1129915744/os-extra_specs => generated 66 bytes in 55 msecs (HTTP/1.1 200) 9 headers in 356 bytes (1 switches on core 0)
Jun 17 10:22:35.119349 n-d-xena-1 devstack@n-api.service[118814]: DEBUG nova.api.openstack.wsgi [None req-03c4c0ec-1c60-45a0-bc0a-ce6d11d0b619 tempest-DeleteServersAdminTestJSON-298147611 tempest-DeleteServersAdminTestJSON-298147611-project] Calling method '>' {{(pid=118814) _process_stack /opt/stack/nova/nova/api/openstack/wsgi.py:513}}
Jun 17 10:22:35.120342 n-d-xena-1 devstack@n-api.service[118814]: DEBUG nova.compute.api [None req-03c4c0ec-1c60-45a0-bc0a-ce6d11d0b619 tempest-DeleteServersAdminTestJSON-298147611 tempest-DeleteServersAdminTestJSON-298147611-project] [instance: 480eef0b-0bc0-4ce8-95b5-4045591fe86d] Fetching instance by UUID {{(pid=118814) get /opt/stack/nova/nova/compute/api.py:2865}}
Jun 17 10:22:35.150351 n-d-xena-1 devstack@n-api.service[118814]: DEBUG oslo_concurrency.lockutils [None req-03c4c0ec-1c60-45a0-bc0a-ce6d11d0b619 tempest-DeleteServersAdminTestJSON-298147611 tempest-DeleteServersAdminTestJSON-298147611-project] Lock "1b09335c-5508-434a-8175-fc211d706c7d" acquired by "nova.context.set_target_cell..get_or_set_cached_cell_and_set_connections" :: waited 0.000s {{(pid=118814) inner /usr/local/lib/python3.8/dist-packages/oslo_concurrency/lockutils.py:355}}
Jun 17 10:22:35.151674 n-d-xena-1 devstack@n-api.service[118814]: DEBUG oslo_concurrency.lockutils [None req-03c4c0ec-1c60-45a0-bc0a-ce6d11d0b619 tempest-DeleteServersAdminTestJSON-298147611 tempest-DeleteServersAdminTestJSON-298147611-project] Lock "1b09335c-5508-434a-8175-fc211d706c7d" released by "nova.context.set_target_cell..get_or_set_cached_cell_and_set_connections" :: held 0.001s {{(pid=118814) inner /usr/local/lib/python3.8/dist-packages/oslo_concurrency/lockutils.py:367}}
Jun 17 10:22:35.154700 n-d-xena-1 devstack@n-api.service[118814]: DEBUG oslo_concurrency.lockutils [None req-03c4c0ec-1c60-45a0-bc0a-ce6d11d0b619 tempest-DeleteServersAdminTestJSON-298147611 tempest-DeleteServersAdminTestJSON-298147611-project] Lock "1b09335c-5508-434a-8175-fc211d706c7d" acquired by "nova.context.set_target_cell..get_or_set_cached_cell_and_set_connections" :: waited 0.000s {{(pid=118814) inner /usr/local/lib/python3.8/dist-packages/oslo_concurrency/lockutils.py:355}}
Jun 17 10:22:35.155354 n-d-xena-1 devstack@n-api.service[118814]: DEBUG oslo_concurrency.lockutils [None req-03c4c0ec-1c60-45a0-bc0a-ce6d11d0b619 tempest-DeleteServersAdminTestJSON-298147611 tempest-DeleteServersAdminTestJSON-298147611-project] Lock "1b09335c-5508-434a-8175-fc211d706c7d" released by "nova.context.set_target_cell..get_or_set_cached_cell_and_set_connections" :: held 0.001s {{(pid=118814) inner /usr/local/lib/python3.8/dist-packages/oslo_concurrency/lockutils.py:367}}
Jun 17 10:22:35.318713 n-d-xena-1 devstack@n-api.service[118813]: INFO nova.api.openstack.wsgi [None req-e3b71dcf-e9b9-4999-b580-4e135fd2cf19 tempest-FlavorsAccessNegativeTestJSON-1016249472 tempest-FlavorsAccessNegativeTestJSON-1016249472-project-admin] HTTP exception thrown: Flavor access already exists for flavor 30 and project 5b12637e77d94c1ea47fbc9e3063e0e2 combination.
Jun 17 10:22:35.319864 n-d-xena-1 devstack@n-api.service[118813]: DEBUG nova.api.openstack.wsgi [None req-e3b71dcf-e9b9-4999-b580-4e135fd2cf19 tempest-FlavorsAccessNegativeTestJSON-1016249472 tempest-FlavorsAccessNegativeTestJSON-1016249472-project-admin] Returning 409 to user: Flavor access already exists for flavor 30 and project 5b12637e77d94c1ea47fbc9e3063e0e2 combination. {{(pid=118813) __call__ /opt/stack/nova/nova/api/openstack/wsgi.py:936}}
Jun 17 10:22:35.320972 n-d-xena-1 devstack@n-api.service[118813]: INFO nova.api.openstack.requestlog [None req-e3b71dcf-e9b9-4999-b580-4e135fd2cf19 tempest-FlavorsAccessNegativeTestJSON-1016249472 tempest-FlavorsAccessNegativeTestJSON-1016249472-project-admin] 10.222.0.15 "POST /compute/v2.1/flavors/237678903/action" status: 409 len: 152 microversion: 2.1 time: 0.458302
Jun 17 10:22:35.323399 n-d-xena-1 devstack@n-api.service[118813]: [pid: 118813|app: 0|req: 77/167] 10.222.0.15 () {60 vars in 1196 bytes} [Fri Jun 17 10:22:34 2022] POST /compute/v2.1/flavors/237678903/action => generated 152 bytes in 461 msecs (HTTP/1.1 409) 9 headers in 378 bytes (1 switches on core 0)
Jun 17 10:22:35.329019 n-d-xena-1 devstack@n-api.service[118813]: DEBUG nova.api.openstack.wsgi [None req-6c18395b-522a-4a8a-941c-06135f0d7221 tempest-FlavorsExtraSpecsNegativeTestJSON-1075402458 tempest-FlavorsExtraSpecsNegativeTestJSON-1075402458-project] Action: 'update', calling method: >, body: {"hw:numa_nodes": "1"} {{(pid=118813) _process_stack /opt/stack/nova/nova/api/openstack/wsgi.py:511}}
Jun 17 10:22:35.336234 n-d-xena-1 devstack@n-api.service[118813]: /usr/local/lib/python3.8/dist-packages/oslo_policy/policy.py:1075: UserWarning: Policy os_compute_api:os-flavor-extra-specs:update failed scope check. The token used to make the request was project scoped but the policy requires ['system'] scope. This behavior may change in the future where using the intended scope is required
Jun 17 10:22:35.336234 n-d-xena-1 devstack@n-api.service[118813]: warnings.warn(msg)
Jun 17 10:22:35.340421 n-d-xena-1 devstack@n-api.service[118813]: DEBUG nova.policy [None req-6c18395b-522a-4a8a-941c-06135f0d7221 tempest-FlavorsExtraSpecsNegativeTestJSON-1075402458 tempest-FlavorsExtraSpecsNegativeTestJSON-1075402458-project] Policy check for os_compute_api:os-flavor-extra-specs:update failed with credentials {'is_admin': False, 'user_id': '7d7ee243c48446d89c28b39b4e3cf652', 'user_domain_id': 'default', 'system_scope': None, 'domain_id': None, 'project_id': '829ea23efcd5454e99064bac53aeb5bb', 'project_domain_id': 'default', 'roles': ['member', 'reader'], 'is_admin_project': True, 'service_user_id': None, 'service_user_domain_id': None, 'service_project_id': None, 'service_project_domain_id': None, 'service_roles': []} {{(pid=118813) authorize /opt/stack/nova/nova/policy.py:199}}
Jun 17 10:22:35.341188 n-d-xena-1 devstack@n-api.service[118813]: DEBUG nova.api.openstack.wsgi [None req-6c18395b-522a-4a8a-941c-06135f0d7221 tempest-FlavorsExtraSpecsNegativeTestJSON-1075402458 tempest-FlavorsExtraSpecsNegativeTestJSON-1075402458-project] Returning 403 to user: Policy doesn't allow os_compute_api:os-flavor-extra-specs:update to be performed. {{(pid=118813) __call__ /opt/stack/nova/nova/api/openstack/wsgi.py:936}}
Jun 17 10:22:35.341452 n-d-xena-1 devstack@n-api.service[118814]: DEBUG nova.policy [None req-03c4c0ec-1c60-45a0-bc0a-ce6d11d0b619 tempest-DeleteServersAdminTestJSON-298147611 tempest-DeleteServersAdminTestJSON-298147611-project] Policy check for os_compute_api:os-extended-server-attributes failed with credentials {'is_admin': False, 'user_id': '0fe4f04270564b0b82cc03c9a5ade49a', 'user_domain_id': 'default', 'system_scope': None, 'domain_id': None, 'project_id': 'c259e39904364c528b6b6fbeb6aa6636', 'project_domain_id': 'default', 'roles': ['member', 'reader'], 'is_admin_project': True, 'service_user_id': None, 'service_user_domain_id': None, 'service_project_id': None, 'service_project_domain_id': None, 'service_roles': []} {{(pid=118814) authorize /opt/stack/nova/nova/policy.py:199}}
Jun 17 10:22:35.342805 n-d-xena-1 devstack@n-api.service[118813]: INFO nova.api.openstack.requestlog [None req-6c18395b-522a-4a8a-941c-06135f0d7221 tempest-FlavorsExtraSpecsNegativeTestJSON-1075402458 tempest-FlavorsExtraSpecsNegativeTestJSON-1075402458-project] 10.222.0.15 "PUT /compute/v2.1/flavors/1129915744/os-extra_specs/hw:numa_nodes" status: 403 len: 124 microversion: 2.1 time: 0.018153
Jun 17 10:22:35.344740 n-d-xena-1 devstack@n-api.service[118813]: [pid: 118813|app: 0|req: 78/168] 10.222.0.15 () {60 vars in 1264 bytes} [Fri Jun 17 10:22:35 2022] PUT /compute/v2.1/flavors/1129915744/os-extra_specs/hw:numa_nodes => generated 124 bytes in 21 msecs (HTTP/1.1 403) 9 headers in 379 bytes (1 switches on core 0)
Jun 17 10:22:35.354403 n-d-xena-1 devstack@n-api.service[118814]: INFO nova.api.openstack.requestlog [None req-03c4c0ec-1c60-45a0-bc0a-ce6d11d0b619 tempest-DeleteServersAdminTestJSON-298147611 tempest-DeleteServersAdminTestJSON-298147611-project] 10.222.0.15 "GET /compute/v2.1/servers/480eef0b-0bc0-4ce8-95b5-4045591fe86d" status: 200 len: 1319 microversion: 2.1 time: 0.244056
Jun 17 10:22:35.364106 n-d-xena-1 devstack@n-api.service[118814]: [pid: 118814|app: 0|req: 91/169] 10.222.0.15 () {58 vars in 1235 bytes} [Fri Jun 17 10:22:35 2022] GET /compute/v2.1/servers/480eef0b-0bc0-4ce8-95b5-4045591fe86d => generated 1319 bytes in 245 msecs (HTTP/1.1 200) 9 headers in 358 bytes (1 switches on core 0)
Jun 17 10:22:35.364106 n-d-xena-1 devstack@n-api.service[118814]: DEBUG nova.api.openstack.wsgi [None req-a4812e9a-9ad9-41b9-a576-36162677f3e1 tempest-FlavorsAccessNegativeTestJSON-1016249472 tempest-FlavorsAccessNegativeTestJSON-1016249472-project-admin] Action: 'action', calling method: >, body: {"removeTenantAccess": {"tenant": "5b12637e77d94c1ea47fbc9e3063e0e2"}} {{(pid=118814) _process_stack /opt/stack/nova/nova/api/openstack/wsgi.py:511}}
Jun 17 10:22:35.364106 n-d-xena-1 devstack@n-api.service[118814]: /usr/local/lib/python3.8/dist-packages/oslo_policy/policy.py:1075: UserWarning: Policy os_compute_api:os-flavor-access:remove_tenant_access failed scope check. The token used to make the request was project scoped but the policy requires ['system'] scope. This behavior may change in the future where using the intended scope is required
Jun 17 10:22:35.364106 n-d-xena-1 devstack@n-api.service[118814]: warnings.warn(msg)
Jun 17 10:22:35.451568 n-d-xena-1 devstack@n-api.service[118813]: DEBUG nova.api.openstack.wsgi [None req-b0994805-5ac5-480f-8d6a-7e2338f5bf6f tempest-TenantUsagesTestJSON-2129760465 tempest-TenantUsagesTestJSON-2129760465-project] Action: 'create', calling method: >, body: {"server": {"name": "tempest-TenantUsagesTestJSON-server-212111607", "imageRef": "04062df3-af18-4142-85dc-d7a6035ce17f", "flavorRef": "452"}} {{(pid=118813) _process_stack /opt/stack/nova/nova/api/openstack/wsgi.py:511}}
Jun 17 10:22:35.531005 n-d-xena-1 devstack@n-api.service[118813]: DEBUG nova.network.neutron [None req-b0994805-5ac5-480f-8d6a-7e2338f5bf6f tempest-TenantUsagesTestJSON-2129760465 tempest-TenantUsagesTestJSON-2129760465-project] validate_networks() for None {{(pid=118813) validate_networks /opt/stack/nova/nova/network/neutron.py:2481}}
Jun 17 10:22:35.615588 n-d-xena-1 devstack@n-api.service[118814]: INFO nova.api.openstack.requestlog [None req-a4812e9a-9ad9-41b9-a576-36162677f3e1 tempest-FlavorsAccessNegativeTestJSON-1016249472 tempest-FlavorsAccessNegativeTestJSON-1016249472-project-admin] 10.222.0.15 "POST /compute/v2.1/flavors/237678903/action" status: 200 len: 21 microversion: 2.1 time: 0.259075
Jun 17 10:22:35.621078 n-d-xena-1 devstack@n-api.service[118814]: [pid: 118814|app: 0|req: 92/170] 10.222.0.15 () {60 vars in 1196 bytes} [Fri Jun 17 10:22:35 2022] POST /compute/v2.1/flavors/237678903/action => generated 21 bytes in 265 msecs (HTTP/1.1 200) 9 headers in 356 bytes (1 switches on core 0)
Jun 17 10:22:35.626566 n-d-xena-1 devstack@n-api.service[118814]: DEBUG nova.api.openstack.wsgi [None req-b98301c8-07e9-406c-86b3-cec80f51cec9 tempest-FlavorsExtraSpecsNegativeTestJSON-877824825 tempest-FlavorsExtraSpecsNegativeTestJSON-877824825-project-admin] Calling method '>' {{(pid=118814) _process_stack /opt/stack/nova/nova/api/openstack/wsgi.py:513}}
Jun 17 10:22:35.628418 n-d-xena-1 devstack@n-api.service[118814]: /usr/local/lib/python3.8/dist-packages/oslo_policy/policy.py:1075: UserWarning: Policy os_compute_api:os-flavor-extra-specs:delete failed scope check. The token used to make the request was project scoped but the policy requires ['system'] scope. This behavior may change in the future where using the intended scope is required
Jun 17 10:22:35.628418 n-d-xena-1 devstack@n-api.service[118814]: warnings.warn(msg)
Jun 17 10:22:35.637260 n-d-xena-1 devstack@n-api.service[118814]: INFO nova.api.openstack.wsgi [None req-b98301c8-07e9-406c-86b3-cec80f51cec9 tempest-FlavorsExtraSpecsNegativeTestJSON-877824825 tempest-FlavorsExtraSpecsNegativeTestJSON-877824825-project-admin] HTTP exception thrown: Flavor 1129915744 has no extra specs with key hw:cpu_thread_policy.
Jun 17 10:22:35.638016 n-d-xena-1 devstack@n-api.service[118814]: DEBUG nova.api.openstack.wsgi [None req-b98301c8-07e9-406c-86b3-cec80f51cec9 tempest-FlavorsExtraSpecsNegativeTestJSON-877824825 tempest-FlavorsExtraSpecsNegativeTestJSON-877824825-project-admin] Returning 404 to user: Flavor 1129915744 has no extra specs with key hw:cpu_thread_policy. {{(pid=118814) __call__ /opt/stack/nova/nova/api/openstack/wsgi.py:936}}
Jun 17 10:22:35.639268 n-d-xena-1 devstack@n-api.service[118814]: INFO nova.api.openstack.requestlog [None req-b98301c8-07e9-406c-86b3-cec80f51cec9 tempest-FlavorsExtraSpecsNegativeTestJSON-877824825 tempest-FlavorsExtraSpecsNegativeTestJSON-877824825-project-admin] 10.222.0.15 "DELETE /compute/v2.1/flavors/1129915744/os-extra_specs/hw:cpu_thread_policy" status: 404 len: 113 microversion: 2.1 time: 0.017020
Jun 17 10:22:35.640313 n-d-xena-1 devstack@n-api.service[118814]: [pid: 118814|app: 0|req: 93/171] 10.222.0.15 () {58 vars in 1268 bytes} [Fri Jun 17 10:22:35 2022] DELETE /compute/v2.1/flavors/1129915744/os-extra_specs/hw:cpu_thread_policy => generated 113 bytes in 18 msecs (HTTP/1.1 404) 9 headers in 379 bytes (1 switches on core 0)
Jun 17 10:22:35.646744 n-d-xena-1 devstack@n-api.service[118814]: DEBUG nova.api.openstack.wsgi [None req-98907026-70e9-4f6d-8ce6-583b74f5479f tempest-ServersWithSpecificFlavorTestJSON-532950345 tempest-ServersWithSpecificFlavorTestJSON-532950345-project] Calling method '>' {{(pid=118814) _process_stack /opt/stack/nova/nova/api/openstack/wsgi.py:513}}
Jun 17 10:22:35.647569 n-d-xena-1 devstack@n-api.service[118814]: DEBUG nova.compute.api [None req-98907026-70e9-4f6d-8ce6-583b74f5479f tempest-ServersWithSpecificFlavorTestJSON-532950345 tempest-ServersWithSpecificFlavorTestJSON-532950345-project] [instance: bad19954-b162-4847-92b8-953e46089754] Fetching instance by UUID {{(pid=118814) get /opt/stack/nova/nova/compute/api.py:2865}}
Jun 17 10:22:35.760138 n-d-xena-1 devstack@n-api.service[118814]: DEBUG nova.policy [None req-98907026-70e9-4f6d-8ce6-583b74f5479f tempest-ServersWithSpecificFlavorTestJSON-532950345 tempest-ServersWithSpecificFlavorTestJSON-532950345-project] Policy check for os_compute_api:os-extended-server-attributes failed with credentials {'is_admin': False, 'user_id': 'd2a7eb8d801b4ed0b4d16d98ccf4d7ea', 'user_domain_id': 'default', 'system_scope': None, 'domain_id': None, 'project_id': '8a7d1592e28f4534ae6d48eb2f0237f5', 'project_domain_id': 'default', 'roles': ['member', 'reader'], 'is_admin_project': True, 'service_user_id': None, 'service_user_domain_id': None, 'service_project_id': None, 'service_project_domain_id': None, 'service_roles': []} {{(pid=118814) authorize /opt/stack/nova/nova/policy.py:199}}
Jun 17 10:22:35.769595 n-d-xena-1 devstack@n-api.service[118814]: INFO nova.api.openstack.requestlog [None req-98907026-70e9-4f6d-8ce6-583b74f5479f tempest-ServersWithSpecificFlavorTestJSON-532950345 tempest-ServersWithSpecificFlavorTestJSON-532950345-project] 10.222.0.15 "GET /compute/v2.1/servers/bad19954-b162-4847-92b8-953e46089754" status: 200 len: 1262 microversion: 2.1 time: 0.127796
Jun 17 10:22:35.771102 n-d-xena-1 devstack@n-api.service[118814]: [pid: 118814|app: 0|req: 94/172] 10.222.0.15 () {58 vars in 1235 bytes} [Fri Jun 17 10:22:35 2022] GET /compute/v2.1/servers/bad19954-b162-4847-92b8-953e46089754 => generated 1262 bytes in 130 msecs (HTTP/1.1 200) 9 headers in 358 bytes (1 switches on core 0)
Jun 17 10:22:35.775403 n-d-xena-1 devstack@n-api.service[118814]: DEBUG nova.api.openstack.wsgi [None req-3f51edb5-fbc7-4947-90f1-301faf78dc4e tempest-FlavorsAccessNegativeTestJSON-1016249472 tempest-FlavorsAccessNegativeTestJSON-1016249472-project-admin] Calling method '>' {{(pid=118814) _process_stack /opt/stack/nova/nova/api/openstack/wsgi.py:513}}
Jun 17 10:22:35.776162 n-d-xena-1 devstack@n-api.service[118814]: /usr/local/lib/python3.8/dist-packages/oslo_policy/policy.py:1075: UserWarning: Policy os_compute_api:os-flavor-manage:delete failed scope check. The token used to make the request was project scoped but the policy requires ['system'] scope. This behavior may change in the future where using the intended scope is required
Jun 17 10:22:35.776162 n-d-xena-1 devstack@n-api.service[118814]: warnings.warn(msg)
Jun 17 10:22:35.834393 n-d-xena-1 devstack@n-api.service[118813]: DEBUG nova.virt.hardware [None req-b0994805-5ac5-480f-8d6a-7e2338f5bf6f tempest-TenantUsagesTestJSON-2129760465 tempest-TenantUsagesTestJSON-2129760465-project] Flavor limits 0:0:0 {{(pid=118813) get_cpu_topology_constraints /opt/stack/nova/nova/virt/hardware.py:343}}
Jun 17 10:22:35.835013 n-d-xena-1 devstack@n-api.service[118813]: DEBUG nova.virt.hardware [None req-b0994805-5ac5-480f-8d6a-7e2338f5bf6f tempest-TenantUsagesTestJSON-2129760465 tempest-TenantUsagesTestJSON-2129760465-project] Image limits 0:0:0 {{(pid=118813) get_cpu_topology_constraints /opt/stack/nova/nova/virt/hardware.py:347}}
Jun 17 10:22:35.835647 n-d-xena-1 devstack@n-api.service[118813]: DEBUG nova.virt.hardware [None req-b0994805-5ac5-480f-8d6a-7e2338f5bf6f tempest-TenantUsagesTestJSON-2129760465 tempest-TenantUsagesTestJSON-2129760465-project] Flavor pref 0:0:0 {{(pid=118813) get_cpu_topology_constraints /opt/stack/nova/nova/virt/hardware.py:383}}
Jun 17 10:22:35.836827 n-d-xena-1 devstack@n-api.service[118813]: DEBUG nova.virt.hardware [None req-b0994805-5ac5-480f-8d6a-7e2338f5bf6f tempest-TenantUsagesTestJSON-2129760465 tempest-TenantUsagesTestJSON-2129760465-project] Image pref 0:0:0 {{(pid=118813) get_cpu_topology_constraints /opt/stack/nova/nova/virt/hardware.py:387}}
Jun 17 10:22:35.837474 n-d-xena-1 devstack@n-api.service[118813]: DEBUG nova.virt.hardware [None req-b0994805-5ac5-480f-8d6a-7e2338f5bf6f tempest-TenantUsagesTestJSON-2129760465 tempest-TenantUsagesTestJSON-2129760465-project] Chose sockets=0, cores=0, threads=0; limits were sockets=65536, cores=65536, threads=65536 {{(pid=118813) get_cpu_topology_constraints /opt/stack/nova/nova/virt/hardware.py:425}}
Jun 17 10:22:35.847979 n-d-xena-1 devstack@n-api.service[118813]: DEBUG oslo_concurrency.lockutils [None req-b0994805-5ac5-480f-8d6a-7e2338f5bf6f tempest-TenantUsagesTestJSON-2129760465 tempest-TenantUsagesTestJSON-2129760465-project] Lock "00000000-0000-0000-0000-000000000000" acquired by "nova.context.set_target_cell..get_or_set_cached_cell_and_set_connections" :: waited 0.000s {{(pid=118813) inner /usr/local/lib/python3.8/dist-packages/oslo_concurrency/lockutils.py:355}}
Jun 17 10:22:35.848983 n-d-xena-1 devstack@n-api.service[118813]: DEBUG oslo_concurrency.lockutils [None req-b0994805-5ac5-480f-8d6a-7e2338f5bf6f tempest-TenantUsagesTestJSON-2129760465 tempest-TenantUsagesTestJSON-2129760465-project] Lock "00000000-0000-0000-0000-000000000000" released by "nova.context.set_target_cell..get_or_set_cached_cell_and_set_connections" :: held 0.001s {{(pid=118813) inner /usr/local/lib/python3.8/dist-packages/oslo_concurrency/lockutils.py:367}}
Jun 17 10:22:35.849824 n-d-xena-1 devstack@n-api.service[118813]: DEBUG oslo_concurrency.lockutils [None req-b0994805-5ac5-480f-8d6a-7e2338f5bf6f tempest-TenantUsagesTestJSON-2129760465 tempest-TenantUsagesTestJSON-2129760465-project] Lock "1b09335c-5508-434a-8175-fc211d706c7d" acquired by "nova.context.set_target_cell..get_or_set_cached_cell_and_set_connections" :: waited 0.000s {{(pid=118813) inner /usr/local/lib/python3.8/dist-packages/oslo_concurrency/lockutils.py:355}}
Jun 17 10:22:35.850264 n-d-xena-1 devstack@n-api.service[118813]: DEBUG oslo_concurrency.lockutils [None req-b0994805-5ac5-480f-8d6a-7e2338f5bf6f tempest-TenantUsagesTestJSON-2129760465 tempest-TenantUsagesTestJSON-2129760465-project] Lock "1b09335c-5508-434a-8175-fc211d706c7d" released by "nova.context.set_target_cell..get_or_set_cached_cell_and_set_connections" :: held 0.000s {{(pid=118813) inner /usr/local/lib/python3.8/dist-packages/oslo_concurrency/lockutils.py:367}}
Jun 17 10:22:35.868320 n-d-xena-1 devstack@n-api.service[118813]: DEBUG nova.quota [None req-b0994805-5ac5-480f-8d6a-7e2338f5bf6f tempest-TenantUsagesTestJSON-2129760465 tempest-TenantUsagesTestJSON-2129760465-project] Getting quotas for project 290cc9f1cd944c98adb3942465a0ce20. Resources: {'ram', 'cores', 'instances'} {{(pid=118813) _get_quotas /opt/stack/nova/nova/quota.py:387}}
Jun 17 10:22:35.872754 n-d-xena-1 devstack@n-api.service[118813]: DEBUG nova.quota [None req-b0994805-5ac5-480f-8d6a-7e2338f5bf6f tempest-TenantUsagesTestJSON-2129760465 tempest-TenantUsagesTestJSON-2129760465-project] Getting quotas for user 31de5d083319443f967b647fe812daea and project 290cc9f1cd944c98adb3942465a0ce20. Resources: {'ram', 'cores', 'instances'} {{(pid=118813) _get_quotas /opt/stack/nova/nova/quota.py:377}}
Jun 17 10:22:35.884577 n-d-xena-1 devstack@n-api.service[118813]: DEBUG nova.compute.api [None req-b0994805-5ac5-480f-8d6a-7e2338f5bf6f tempest-TenantUsagesTestJSON-2129760465 tempest-TenantUsagesTestJSON-2129760465-project] Going to run 1 instances... {{(pid=118813) _provision_instances /opt/stack/nova/nova/compute/api.py:1350}}
Jun 17 10:22:35.886747 n-d-xena-1 devstack@n-api.service[118813]: DEBUG nova.compute.api [None req-b0994805-5ac5-480f-8d6a-7e2338f5bf6f tempest-TenantUsagesTestJSON-2129760465 tempest-TenantUsagesTestJSON-2129760465-project] [instance: e455b82d-17c0-45ff-ad4f-26445e731042] block_device_mapping [BlockDeviceMapping(attachment_id=,boot_index=0,connection_info=None,created_at=,delete_on_termination=True,deleted=,deleted_at=,destination_type='local',device_name=None,device_type='disk',disk_bus=None,guest_format=None,id=,image_id='04062df3-af18-4142-85dc-d7a6035ce17f',instance=,instance_uuid=,no_device=False,snapshot_id=None,source_type='image',tag=None,updated_at=,uuid=,volume_id=None,volume_size=None,volume_type=None)] {{(pid=118813) _bdm_validate_set_size_and_instance /opt/stack/nova/nova/compute/api.py:1757}}
Jun 17 10:22:36.779449 n-d-xena-1 devstack@n-api.service[118814]: INFO nova.api.openstack.requestlog [None req-3f51edb5-fbc7-4947-90f1-301faf78dc4e tempest-FlavorsAccessNegativeTestJSON-1016249472 tempest-FlavorsAccessNegativeTestJSON-1016249472-project-admin] 10.222.0.15 "DELETE /compute/v2.1/flavors/237678903" status: 202 len: 0 microversion: 2.1 time: 1.007276
Jun 17 10:22:36.783399 n-d-xena-1 devstack@n-api.service[118814]: [pid: 118814|app: 0|req: 95/173] 10.222.0.15 () {58 vars in 1157 bytes} [Fri Jun 17 10:22:35 2022] DELETE /compute/v2.1/flavors/237678903 => generated 0 bytes in 1012 msecs (HTTP/1.1 202) 9 headers in 361 bytes (1 switches on core 0)
Jun 17 10:22:36.789088 n-d-xena-1 devstack@n-api.service[118814]: DEBUG nova.api.openstack.wsgi [None req-1de672d6-912c-4b48-a6cd-f77ef29f2a14 tempest-FlavorsExtraSpecsNegativeTestJSON-877824825 tempest-FlavorsExtraSpecsNegativeTestJSON-877824825-project-admin] Action: 'update', calling method: >, body: {"hw:cpu_policy": "shared"} {{(pid=118814) _process_stack /opt/stack/nova/nova/api/openstack/wsgi.py:511}}
Jun 17 10:22:36.790072 n-d-xena-1 devstack@n-api.service[118814]: /usr/local/lib/python3.8/dist-packages/oslo_policy/policy.py:1075: UserWarning: Policy os_compute_api:os-flavor-extra-specs:update failed scope check. The token used to make the request was project scoped but the policy requires ['system'] scope. This behavior may change in the future where using the intended scope is required
Jun 17 10:22:36.790072 n-d-xena-1 devstack@n-api.service[118814]: warnings.warn(msg)
Jun 17 10:22:36.791295 n-d-xena-1 devstack@n-api.service[118814]: INFO nova.api.openstack.wsgi [None req-1de672d6-912c-4b48-a6cd-f77ef29f2a14 tempest-FlavorsExtraSpecsNegativeTestJSON-877824825 tempest-FlavorsExtraSpecsNegativeTestJSON-877824825-project-admin] HTTP exception thrown: Request body and URI mismatch
Jun 17 10:22:36.792019 n-d-xena-1 devstack@n-api.service[118814]: DEBUG nova.api.openstack.wsgi [None req-1de672d6-912c-4b48-a6cd-f77ef29f2a14 tempest-FlavorsExtraSpecsNegativeTestJSON-877824825 tempest-FlavorsExtraSpecsNegativeTestJSON-877824825-project-admin] Returning 400 to user: Request body and URI mismatch {{(pid=118814) __call__ /opt/stack/nova/nova/api/openstack/wsgi.py:936}}
Jun 17 10:22:36.792320 n-d-xena-1 devstack@n-api.service[118813]: INFO nova.api.openstack.requestlog [None req-b0994805-5ac5-480f-8d6a-7e2338f5bf6f tempest-TenantUsagesTestJSON-2129760465 tempest-TenantUsagesTestJSON-2129760465-project] 10.222.0.15 "POST /compute/v2.1/servers" status: 202 len: 380 microversion: 2.1 time: 1.438138
Jun 17 10:22:36.793067 n-d-xena-1 devstack@n-api.service[118814]: INFO nova.api.openstack.requestlog [None req-1de672d6-912c-4b48-a6cd-f77ef29f2a14 tempest-FlavorsExtraSpecsNegativeTestJSON-877824825 tempest-FlavorsExtraSpecsNegativeTestJSON-877824825-project-admin] 10.222.0.15 "PUT /compute/v2.1/flavors/1129915744/os-extra_specs/hw:numa_nodes" status: 400 len: 73 microversion: 2.1 time: 0.008691
Jun 17 10:22:36.793960 n-d-xena-1 devstack@n-api.service[118814]: [pid: 118814|app: 0|req: 96/174] 10.222.0.15 () {60 vars in 1264 bytes} [Fri Jun 17 10:22:36 2022] PUT /compute/v2.1/flavors/1129915744/os-extra_specs/hw:numa_nodes => generated 73 bytes in 10 msecs (HTTP/1.1 400) 9 headers in 380 bytes (1 switches on core 0)
Jun 17 10:22:36.795713 n-d-xena-1 devstack@n-api.service[118813]: [pid: 118813|app: 0|req: 79/175] 10.222.0.15 () {60 vars in 1146 bytes} [Fri Jun 17 10:22:35 2022] POST /compute/v2.1/servers => generated 380 bytes in 1450 msecs (HTTP/1.1 202) 10 headers in 451 bytes (1 switches on core 0)
Jun 17 10:22:36.800254 n-d-xena-1 devstack@n-api.service[118813]: DEBUG nova.api.openstack.wsgi [None req-493c5794-e295-4b2f-a546-12c659e67df9 tempest-DeleteServersAdminTestJSON-298147611 tempest-DeleteServersAdminTestJSON-298147611-project] Calling method '>' {{(pid=118813) _process_stack /opt/stack/nova/nova/api/openstack/wsgi.py:513}}
Jun 17 10:22:36.801004 n-d-xena-1 devstack@n-api.service[118813]: DEBUG nova.compute.api [None req-493c5794-e295-4b2f-a546-12c659e67df9 tempest-DeleteServersAdminTestJSON-298147611 tempest-DeleteServersAdminTestJSON-298147611-project] [instance: 480eef0b-0bc0-4ce8-95b5-4045591fe86d] Fetching instance by UUID {{(pid=118813) get /opt/stack/nova/nova/compute/api.py:2865}}
Jun 17 10:22:36.802069 n-d-xena-1 devstack@n-api.service[118814]: DEBUG nova.api.openstack.wsgi [None req-daa7f55d-bf50-4e37-8fd2-9fae25aa9718 tempest-AggregatesAdminTestJSON-1374470662 tempest-AggregatesAdminTestJSON-1374470662-project] Calling method '>' {{(pid=118814) _process_stack /opt/stack/nova/nova/api/openstack/wsgi.py:513}}
Jun 17 10:22:36.802609 n-d-xena-1 devstack@n-api.service[118814]: DEBUG nova.compute.api [None req-daa7f55d-bf50-4e37-8fd2-9fae25aa9718 tempest-AggregatesAdminTestJSON-1374470662 tempest-AggregatesAdminTestJSON-1374470662-project] [instance: ecf85281-1e11-4c32-a537-1fd5dd5fa1f1] Fetching instance by UUID {{(pid=118814) get /opt/stack/nova/nova/compute/api.py:2865}}
Jun 17 10:22:36.808361 n-d-xena-1 devstack@n-api.service[118813]: DEBUG oslo_concurrency.lockutils [None req-493c5794-e295-4b2f-a546-12c659e67df9 tempest-DeleteServersAdminTestJSON-298147611 tempest-DeleteServersAdminTestJSON-298147611-project] Lock "1b09335c-5508-434a-8175-fc211d706c7d" acquired by "nova.context.set_target_cell..get_or_set_cached_cell_and_set_connections" :: waited 0.000s {{(pid=118813) inner /usr/local/lib/python3.8/dist-packages/oslo_concurrency/lockutils.py:355}}
Jun 17 10:22:36.808928 n-d-xena-1 devstack@n-api.service[118813]: DEBUG oslo_concurrency.lockutils [None req-493c5794-e295-4b2f-a546-12c659e67df9 tempest-DeleteServersAdminTestJSON-298147611 tempest-DeleteServersAdminTestJSON-298147611-project] Lock "1b09335c-5508-434a-8175-fc211d706c7d" released by "nova.context.set_target_cell..get_or_set_cached_cell_and_set_connections" :: held 0.001s {{(pid=118813) inner /usr/local/lib/python3.8/dist-packages/oslo_concurrency/lockutils.py:367}}
Jun 17 10:22:36.809643 n-d-xena-1 devstack@n-api.service[118814]: DEBUG oslo_concurrency.lockutils [None req-daa7f55d-bf50-4e37-8fd2-9fae25aa9718 tempest-AggregatesAdminTestJSON-1374470662 tempest-AggregatesAdminTestJSON-1374470662-project] Lock "1b09335c-5508-434a-8175-fc211d706c7d" acquired by "nova.context.set_target_cell..get_or_set_cached_cell_and_set_connections" :: waited 0.000s {{(pid=118814) inner /usr/local/lib/python3.8/dist-packages/oslo_concurrency/lockutils.py:355}}
Jun 17 10:22:36.809895 n-d-xena-1 devstack@n-api.service[118813]: DEBUG oslo_concurrency.lockutils [None req-493c5794-e295-4b2f-a546-12c659e67df9 tempest-DeleteServersAdminTestJSON-298147611 tempest-DeleteServersAdminTestJSON-298147611-project] Lock "1b09335c-5508-434a-8175-fc211d706c7d" acquired by "nova.context.set_target_cell..get_or_set_cached_cell_and_set_connections" :: waited 0.000s {{(pid=118813) inner /usr/local/lib/python3.8/dist-packages/oslo_concurrency/lockutils.py:355}}
Jun 17 10:22:36.810399 n-d-xena-1 devstack@n-api.service[118814]: DEBUG oslo_concurrency.lockutils [None req-daa7f55d-bf50-4e37-8fd2-9fae25aa9718 tempest-AggregatesAdminTestJSON-1374470662 tempest-AggregatesAdminTestJSON-1374470662-project] Lock "1b09335c-5508-434a-8175-fc211d706c7d" released by "nova.context.set_target_cell..get_or_set_cached_cell_and_set_connections" :: held 0.001s {{(pid=118814) inner /usr/local/lib/python3.8/dist-packages/oslo_concurrency/lockutils.py:367}}
Jun 17 10:22:36.810512 n-d-xena-1 devstack@n-api.service[118813]: DEBUG oslo_concurrency.lockutils [None req-493c5794-e295-4b2f-a546-12c659e67df9 tempest-DeleteServersAdminTestJSON-298147611 tempest-DeleteServersAdminTestJSON-298147611-project] Lock "1b09335c-5508-434a-8175-fc211d706c7d" released by "nova.context.set_target_cell..get_or_set_cached_cell_and_set_connections" :: held 0.001s {{(pid=118813) inner /usr/local/lib/python3.8/dist-packages/oslo_concurrency/lockutils.py:367}}
Jun 17 10:22:36.811537 n-d-xena-1 devstack@n-api.service[118814]: DEBUG oslo_concurrency.lockutils [None req-daa7f55d-bf50-4e37-8fd2-9fae25aa9718 tempest-AggregatesAdminTestJSON-1374470662 tempest-AggregatesAdminTestJSON-1374470662-project] Lock "1b09335c-5508-434a-8175-fc211d706c7d" acquired by "nova.context.set_target_cell..get_or_set_cached_cell_and_set_connections" :: waited 0.000s {{(pid=118814) inner /usr/local/lib/python3.8/dist-packages/oslo_concurrency/lockutils.py:355}}
Jun 17 10:22:36.812148 n-d-xena-1 devstack@n-api.service[118814]: DEBUG oslo_concurrency.lockutils [None req-daa7f55d-bf50-4e37-8fd2-9fae25aa9718 tempest-AggregatesAdminTestJSON-1374470662 tempest-AggregatesAdminTestJSON-1374470662-project] Lock "1b09335c-5508-434a-8175-fc211d706c7d" released by "nova.context.set_target_cell..get_or_set_cached_cell_and_set_connections" :: held 0.001s {{(pid=118814) inner /usr/local/lib/python3.8/dist-packages/oslo_concurrency/lockutils.py:367}}
Jun 17 10:22:37.070124 n-d-xena-1 devstack@n-api.service[118813]: DEBUG nova.policy [None req-493c5794-e295-4b2f-a546-12c659e67df9 tempest-DeleteServersAdminTestJSON-298147611 tempest-DeleteServersAdminTestJSON-298147611-project] Policy check for os_compute_api:os-extended-server-attributes failed with credentials {'is_admin': False, 'user_id': '0fe4f04270564b0b82cc03c9a5ade49a', 'user_domain_id': 'default', 'system_scope': None, 'domain_id': None, 'project_id': 'c259e39904364c528b6b6fbeb6aa6636', 'project_domain_id': 'default', 'roles': ['member', 'reader'], 'is_admin_project': True, 'service_user_id': None, 'service_user_domain_id': None, 'service_project_id': None, 'service_project_domain_id': None, 'service_roles': []} {{(pid=118813) authorize /opt/stack/nova/nova/policy.py:199}}
Jun 17 10:22:37.077829 n-d-xena-1 devstack@n-api.service[118813]: INFO nova.api.openstack.requestlog [None req-493c5794-e295-4b2f-a546-12c659e67df9 tempest-DeleteServersAdminTestJSON-298147611 tempest-DeleteServersAdminTestJSON-298147611-project] 10.222.0.15 "GET /compute/v2.1/servers/480eef0b-0bc0-4ce8-95b5-4045591fe86d" status: 200 len: 1319 microversion: 2.1 time: 0.280927
Jun 17 10:22:37.078837 n-d-xena-1 devstack@n-api.service[118813]: [pid: 118813|app: 0|req: 80/176] 10.222.0.15 () {58 vars in 1235 bytes} [Fri Jun 17 10:22:36 2022] GET /compute/v2.1/servers/480eef0b-0bc0-4ce8-95b5-4045591fe86d => generated 1319 bytes in 282 msecs (HTTP/1.1 200) 9 headers in 358 bytes (1 switches on core 0)
Jun 17 10:22:37.097729 n-d-xena-1 devstack@n-api.service[118813]: DEBUG nova.api.openstack.wsgi [None req-d9c9009e-6bd6-47f1-8209-c55d6c5a4ddf tempest-ServersWithSpecificFlavorTestJSON-532950345 tempest-ServersWithSpecificFlavorTestJSON-532950345-project] Calling method '>' {{(pid=118813) _process_stack /opt/stack/nova/nova/api/openstack/wsgi.py:513}}
