Jan 06 13:19:42.625656 n-d-xena-1 neutron-server[102398]: DEBUG neutron.db.db_base_plugin_common [req-ae80a0a5-7042-4141-9b02-2d67e26c02ef req-41ef308a-a0c2-4d2f-a913-8b4ca6733b44 tempest-ServersWithSpecificFlavorTestJSON-1585407779 tempest-ServersWithSpecificFlavorTestJSON-1585407779-project] Allocated IP 172.20.0.14 (687639e8-74e9-439f-a26a-e559cf00037f/28eb99b6-225e-4eaf-ad8c-31bbcc71e93f/1935e2f2-4c50-423a-8cde-bdc8211ac903) {{(pid=102398) _store_ip_allocation /opt/stack/neutron/neutron/db/db_base_plugin_common.py:131}}
Jan 06 13:19:42.639299 n-d-xena-1 neutron-server[102397]: DEBUG neutron_lib.callbacks.manager [None req-08790720-b375-466a-a334-4bf5aac75764 admin admin] Notify callbacks [] for security_group, before_delete {{(pid=102397) _notify_loop /usr/local/lib/python3.8/dist-packages/neutron_lib/callbacks/manager.py:192}}
Jan 06 13:19:42.699160 n-d-xena-1 neutron-server[102397]: DEBUG neutron_lib.callbacks.manager [None req-08790720-b375-466a-a334-4bf5aac75764 admin admin] Notify callbacks [] for security_group, precommit_delete {{(pid=102397) _notify_loop /usr/local/lib/python3.8/dist-packages/neutron_lib/callbacks/manager.py:192}}
Jan 06 13:19:42.745979 n-d-xena-1 neutron-server[102397]: DEBUG neutron.notifiers.nova [req-a4bfa0e1-c1ff-4f13-b25e-c07c4699ddc2 req-035d41fa-1f6c-4aad-b794-d31979f0f2c4 service neutron] Ignoring state change previous_port_status: DOWN current_port_status: DOWN port_id bbdf2f8f-195a-4528-9d09-812759a88161 {{(pid=102397) record_port_status_changed /opt/stack/neutron/neutron/notifiers/nova.py:224}}
Jan 06 13:19:42.774988 n-d-xena-1 neutron-server[102397]: DEBUG neutron_lib.callbacks.manager [req-a4bfa0e1-c1ff-4f13-b25e-c07c4699ddc2 req-035d41fa-1f6c-4aad-b794-d31979f0f2c4 service neutron] Notify callbacks [] for port, precommit_update {{(pid=102397) _notify_loop /usr/local/lib/python3.8/dist-packages/neutron_lib/callbacks/manager.py:192}}
Jan 06 13:19:42.794156 n-d-xena-1 neutron-server[102397]: DEBUG neutron.db.provisioning_blocks [req-a4bfa0e1-c1ff-4f13-b25e-c07c4699ddc2 req-035d41fa-1f6c-4aad-b794-d31979f0f2c4 service neutron] Transition to ACTIVE for port object bbdf2f8f-195a-4528-9d09-812759a88161 will not be triggered until provisioned by entity L2. {{(pid=102397) add_provisioning_component /opt/stack/neutron/neutron/db/provisioning_blocks.py:73}}
Jan 06 13:19:42.799719 n-d-xena-1 neutron-server[102397]: DEBUG neutron_lib.callbacks.manager [req-a4bfa0e1-c1ff-4f13-b25e-c07c4699ddc2 req-035d41fa-1f6c-4aad-b794-d31979f0f2c4 service neutron] Notify callbacks ['neutron.plugins.ml2.plugin.SecurityGroupServerNotifierRpcMixin._notify_sg_on_port_change-7873724', 'neutron.plugins.ml2.ovo_rpc._ObjectChangeHandler.handle_event-853504', 'neutron.api.rpc.agentnotifiers.dhcp_rpc_agent_api.DhcpAgentNotifyAPI._native_event_send_dhcp_notification-651995', 'neutron.db.l3_db.L3RpcNotifierMixin._notify_gateway_port_ip_changed-8741310520971', 'neutron.db.l3_dvrscheduler_db._notify_l3_agent_port_update-8741310199628', 'neutron.db.l3_hascheduler_db._notify_l3_agent_ha_port_update-8741310199646', 'neutron.services.segments.plugin.NovaSegmentNotifier._notify_port_updated-50587677'] for port, after_update {{(pid=102397) _notify_loop /usr/local/lib/python3.8/dist-packages/neutron_lib/callbacks/manager.py:192}}
Jan 06 13:19:42.847252 n-d-xena-1 neutron-server[102397]: DEBUG neutron.pecan_wsgi.hooks.policy_enforcement [req-e63414b0-5337-4c62-a069-dee39086e03d req-420ee7cc-570a-4a43-9efd-1d9a726bc52f tempest-DeleteServersAdminTestJSON-205874096 tempest-DeleteServersAdminTestJSON-205874096-project] Attributes excluded by policy engine: ['standard_attr_id', 'binding:profile', 'binding:host_id', 'binding:vif_type', 'binding:vif_details'] {{(pid=102397) _exclude_attributes_by_policy /opt/stack/neutron/neutron/pecan_wsgi/hooks/policy_enforcement.py:255}}
Jan 06 13:19:42.848783 n-d-xena-1 neutron-server[102397]: INFO neutron.wsgi [req-e63414b0-5337-4c62-a069-dee39086e03d req-420ee7cc-570a-4a43-9efd-1d9a726bc52f tempest-DeleteServersAdminTestJSON-205874096 tempest-DeleteServersAdminTestJSON-205874096-project] 10.222.0.30 "GET /v2.0/ports?device_id=ad849a34-0ea6-4c0c-a4b3-948726320147 HTTP/1.1" status: 200 len: 935 time: 0.1235113
Jan 06 13:19:42.853501 n-d-xena-1 neutron-server[102397]: DEBUG neutron_lib.callbacks.manager [None req-08790720-b375-466a-a334-4bf5aac75764 admin admin] Notify callbacks ['neutron.plugins.ml2.ovo_rpc._ObjectChangeHandler.handle_event-538762'] for security_group, after_delete {{(pid=102397) _notify_loop /usr/local/lib/python3.8/dist-packages/neutron_lib/callbacks/manager.py:192}}
Jan 06 13:19:42.856159 n-d-xena-1 neutron-server[102397]: DEBUG neutron_lib.callbacks.manager [None req-08790720-b375-466a-a334-4bf5aac75764 admin admin] Notify callbacks [] for security_group, before_response {{(pid=102397) _notify_loop /usr/local/lib/python3.8/dist-packages/neutron_lib/callbacks/manager.py:192}}
Jan 06 13:19:42.859701 n-d-xena-1 neutron-server[102397]: INFO neutron.wsgi [None req-08790720-b375-466a-a334-4bf5aac75764 admin admin] 10.222.0.30 "DELETE /v2.0/security-groups/2d458356-f1a2-43e2-82f7-1d2e3c3648e8 HTTP/1.1" status: 204 len: 168 time: 0.5467319
Jan 06 13:19:42.880782 n-d-xena-1 neutron-server[102398]: DEBUG neutron_lib.callbacks.manager [req-ae80a0a5-7042-4141-9b02-2d67e26c02ef req-41ef308a-a0c2-4d2f-a913-8b4ca6733b44 tempest-ServersWithSpecificFlavorTestJSON-1585407779 tempest-ServersWithSpecificFlavorTestJSON-1585407779-project] Notify callbacks [] for port, precommit_create {{(pid=102398) _notify_loop /usr/local/lib/python3.8/dist-packages/neutron_lib/callbacks/manager.py:192}}
Jan 06 13:19:42.886718 n-d-xena-1 neutron-server[102397]: DEBUG neutron.api.rpc.handlers.resources_rpc [None req-035d41fa-1f6c-4aad-b794-d31979f0f2c4 service neutron] Pushing event updated for resources: {'Port': ['ID=bbdf2f8f-195a-4528-9d09-812759a88161,revision_number=2']} {{(pid=102397) push /opt/stack/neutron/neutron/api/rpc/handlers/resources_rpc.py:237}}
Jan 06 13:19:42.890450 n-d-xena-1 neutron-server[102397]: DEBUG neutron.api.rpc.handlers.resources_rpc [None req-08790720-b375-466a-a334-4bf5aac75764 admin admin] Pushing event deleted for resources: {'SecurityGroup': ['ID=2d458356-f1a2-43e2-82f7-1d2e3c3648e8,revision_number=None']} {{(pid=102397) push /opt/stack/neutron/neutron/api/rpc/handlers/resources_rpc.py:237}}
Jan 06 13:19:42.928150 n-d-xena-1 neutron-server[102398]: DEBUG neutron_lib.callbacks.manager [req-ae80a0a5-7042-4141-9b02-2d67e26c02ef req-41ef308a-a0c2-4d2f-a913-8b4ca6733b44 tempest-ServersWithSpecificFlavorTestJSON-1585407779 tempest-ServersWithSpecificFlavorTestJSON-1585407779-project] Notify callbacks ['neutron.plugins.ml2.plugin.SecurityGroupServerNotifierRpcMixin._notify_sg_on_port_change-7873724', 'neutron.plugins.ml2.ovo_rpc._ObjectChangeHandler.handle_event-853504', 'neutron.api.rpc.agentnotifiers.dhcp_rpc_agent_api.DhcpAgentNotifyAPI._native_event_send_dhcp_notification-651995', 'neutron.db.l3_dvrscheduler_db._notify_l3_agent_new_port-8741310199610', 'neutron.services.segments.plugin.NovaSegmentNotifier._notify_port_created_or_deleted-8408172'] for port, after_create {{(pid=102398) _notify_loop /usr/local/lib/python3.8/dist-packages/neutron_lib/callbacks/manager.py:192}}
Jan 06 13:19:42.988216 n-d-xena-1 neutron-server[102397]: INFO neutron.wsgi [req-e63414b0-5337-4c62-a069-dee39086e03d req-f3203a83-6e56-4521-98a9-72c2f216af92 tempest-DeleteServersAdminTestJSON-205874096 tempest-DeleteServersAdminTestJSON-205874096-project] 10.222.0.30 "GET /v2.0/security-groups?id=30a17a3a-0916-4da8-9790-c3c6c7d1afa6&fields=id&fields=name HTTP/1.1" status: 200 len: 286 time: 0.1200898
Jan 06 13:19:43.031164 n-d-xena-1 neutron-server[102398]: DEBUG neutron.api.rpc.handlers.resources_rpc [None req-41ef308a-a0c2-4d2f-a913-8b4ca6733b44 tempest-ServersWithSpecificFlavorTestJSON-1585407779 tempest-ServersWithSpecificFlavorTestJSON-1585407779-project] Pushing event updated for resources: {'Port': ['ID=1935e2f2-4c50-423a-8cde-bdc8211ac903,revision_number=1']} {{(pid=102398) push /opt/stack/neutron/neutron/api/rpc/handlers/resources_rpc.py:237}}
Jan 06 13:19:43.049645 n-d-xena-1 neutron-server[102397]: DEBUG neutron.plugins.ml2.managers [req-a4bfa0e1-c1ff-4f13-b25e-c07c4699ddc2 req-035d41fa-1f6c-4aad-b794-d31979f0f2c4 service neutron] Attempting to bind port bbdf2f8f-195a-4528-9d09-812759a88161 on host n-h1-xena-1 for vnic_type normal with profile {{(pid=102397) bind_port /opt/stack/neutron/neutron/plugins/ml2/managers.py:790}}
Jan 06 13:19:43.050150 n-d-xena-1 neutron-server[102397]: DEBUG neutron.plugins.ml2.managers [req-a4bfa0e1-c1ff-4f13-b25e-c07c4699ddc2 req-035d41fa-1f6c-4aad-b794-d31979f0f2c4 service neutron] Attempting to bind port bbdf2f8f-195a-4528-9d09-812759a88161 by drivers openvswitch,hyperv on host n-h1-xena-1 at level 0 using segments [{'id': '68875102-57b0-4287-97e6-75bd49d7b545', 'network_type': 'vlan', 'physical_network': 'physnet1', 'segmentation_id': 172, 'network_id': 'ac09f792-4e6e-4ef8-8747-67db8e40e9af'}] {{(pid=102397) _bind_port_level /opt/stack/neutron/neutron/plugins/ml2/managers.py:815}}
Jan 06 13:19:43.050648 n-d-xena-1 neutron-server[102397]: DEBUG neutron.plugins.ml2.drivers.mech_agent [req-a4bfa0e1-c1ff-4f13-b25e-c07c4699ddc2 req-035d41fa-1f6c-4aad-b794-d31979f0f2c4 service neutron] Attempting to bind port bbdf2f8f-195a-4528-9d09-812759a88161 on network ac09f792-4e6e-4ef8-8747-67db8e40e9af {{(pid=102397) bind_port /opt/stack/neutron/neutron/plugins/ml2/drivers/mech_agent.py:91}}
Jan 06 13:19:43.056384 n-d-xena-1 neutron-server[102397]: DEBUG neutron.plugins.ml2.drivers.mech_agent [req-a4bfa0e1-c1ff-4f13-b25e-c07c4699ddc2 req-035d41fa-1f6c-4aad-b794-d31979f0f2c4 service neutron] Port bbdf2f8f-195a-4528-9d09-812759a88161 on network ac09f792-4e6e-4ef8-8747-67db8e40e9af not bound, no agent of type Open vSwitch agent registered on host n-h1-xena-1 {{(pid=102397) bind_port /opt/stack/neutron/neutron/plugins/ml2/drivers/mech_agent.py:103}}
Jan 06 13:19:43.056700 n-d-xena-1 neutron-server[102397]: DEBUG neutron.plugins.ml2.drivers.mech_agent [req-a4bfa0e1-c1ff-4f13-b25e-c07c4699ddc2 req-035d41fa-1f6c-4aad-b794-d31979f0f2c4 service neutron] Attempting to bind port bbdf2f8f-195a-4528-9d09-812759a88161 on network ac09f792-4e6e-4ef8-8747-67db8e40e9af {{(pid=102397) bind_port /opt/stack/neutron/neutron/plugins/ml2/drivers/mech_agent.py:91}}
Jan 06 13:19:43.062952 n-d-xena-1 neutron-server[102397]: DEBUG neutron.plugins.ml2.drivers.mech_agent [req-a4bfa0e1-c1ff-4f13-b25e-c07c4699ddc2 req-035d41fa-1f6c-4aad-b794-d31979f0f2c4 service neutron] Checking agent: {'id': '10521424-2a8e-4dc2-a7cf-04b5d29d8d79', 'agent_type': 'HyperV agent', 'binary': 'neutron-hyperv-agent', 'topic': 'N/A', 'host': 'n-h1-xena-1', 'admin_state_up': True, 'created_at': datetime.datetime(2022, 1, 6, 13, 16, 26), 'started_at': datetime.datetime(2022, 1, 6, 13, 16, 26), 'heartbeat_timestamp': datetime.datetime(2022, 1, 6, 13, 19, 26), 'description': None, 'resources_synced': None, 'availability_zone': None, 'alive': True, 'configurations': {'vswitch_mappings': {'physnet1$': 'br-data'}}, 'resource_versions': {}} {{(pid=102397) bind_port /opt/stack/neutron/neutron/plugins/ml2/drivers/mech_agent.py:110}}
Jan 06 13:19:43.063240 n-d-xena-1 neutron-server[102397]: DEBUG neutron.plugins.ml2.drivers.mech_agent [req-a4bfa0e1-c1ff-4f13-b25e-c07c4699ddc2 req-035d41fa-1f6c-4aad-b794-d31979f0f2c4 service neutron] Checking segment: {'id': '68875102-57b0-4287-97e6-75bd49d7b545', 'network_type': 'vlan', 'physical_network': 'physnet1', 'segmentation_id': 172, 'network_id': 'ac09f792-4e6e-4ef8-8747-67db8e40e9af'} for mappings: {'physnet1$': 'br-data'} with network types: ['local', 'flat', 'vlan'] {{(pid=102397) check_segment_for_agent /opt/stack/neutron/neutron/plugins/ml2/drivers/mech_agent.py:358}}
Jan 06 13:19:43.063594 n-d-xena-1 neutron-server[102397]: DEBUG neutron.plugins.ml2.drivers.mech_agent [req-a4bfa0e1-c1ff-4f13-b25e-c07c4699ddc2 req-035d41fa-1f6c-4aad-b794-d31979f0f2c4 service neutron] Bound using segment: {'id': '68875102-57b0-4287-97e6-75bd49d7b545', 'network_type': 'vlan', 'physical_network': 'physnet1', 'segmentation_id': 172, 'network_id': 'ac09f792-4e6e-4ef8-8747-67db8e40e9af'} {{(pid=102397) bind_port /opt/stack/neutron/neutron/plugins/ml2/drivers/mech_agent.py:120}}
Jan 06 13:19:43.064082 n-d-xena-1 neutron-server[102397]: DEBUG neutron.plugins.ml2.managers [req-a4bfa0e1-c1ff-4f13-b25e-c07c4699ddc2 req-035d41fa-1f6c-4aad-b794-d31979f0f2c4 service neutron] Bound port: bbdf2f8f-195a-4528-9d09-812759a88161, host: n-h1-xena-1, vif_type: hyperv, vif_details: {"connectivity": "legacy", "port_filter": false}, binding_levels: [{'bound_driver': 'hyperv', 'bound_segment': {'id': '68875102-57b0-4287-97e6-75bd49d7b545', 'network_type': 'vlan', 'physical_network': 'physnet1', 'segmentation_id': 172, 'network_id': 'ac09f792-4e6e-4ef8-8747-67db8e40e9af'}}] {{(pid=102397) _bind_port_level /opt/stack/neutron/neutron/plugins/ml2/managers.py:928}}
Jan 06 13:19:43.064439 n-d-xena-1 neutron-server[102397]: DEBUG neutron_lib.callbacks.manager [req-a4bfa0e1-c1ff-4f13-b25e-c07c4699ddc2 req-035d41fa-1f6c-4aad-b794-d31979f0f2c4 service neutron] Notify callbacks ['neutron.plugins.ml2.plugin.SecurityGroupDbMixin._ensure_default_security_group_handler-7871345'] for port, before_update {{(pid=102397) _notify_loop /usr/local/lib/python3.8/dist-packages/neutron_lib/callbacks/manager.py:192}}
Jan 06 13:19:43.154300 n-d-xena-1 neutron-server[102398]: DEBUG neutron.scheduler.dhcp_agent_scheduler [req-ae80a0a5-7042-4141-9b02-2d67e26c02ef req-41ef308a-a0c2-4d2f-a913-8b4ca6733b44 tempest-ServersWithSpecificFlavorTestJSON-1585407779 tempest-ServersWithSpecificFlavorTestJSON-1585407779-project] Network 687639e8-74e9-439f-a26a-e559cf00037f is already hosted by enough agents. {{(pid=102398) _get_dhcp_agents_hosting_network /opt/stack/neutron/neutron/scheduler/dhcp_agent_scheduler.py:275}}
Jan 06 13:19:43.165362 n-d-xena-1 neutron-server[102398]: DEBUG neutron.scheduler.base_scheduler [req-ae80a0a5-7042-4141-9b02-2d67e26c02ef req-41ef308a-a0c2-4d2f-a913-8b4ca6733b44 tempest-ServersWithSpecificFlavorTestJSON-1585407779 tempest-ServersWithSpecificFlavorTestJSON-1585407779-project] Resources bound (agent type, host, resource id): {{(pid=102398) schedule /opt/stack/neutron/neutron/scheduler/base_scheduler.py:57}}
Jan 06 13:19:43.168478 n-d-xena-1 neutron-server[102398]: DEBUG neutron.db.l3_dvrscheduler_db [req-ae80a0a5-7042-4141-9b02-2d67e26c02ef req-41ef308a-a0c2-4d2f-a913-8b4ca6733b44 tempest-ServersWithSpecificFlavorTestJSON-1585407779 tempest-ServersWithSpecificFlavorTestJSON-1585407779-project] Received port after_create {{(pid=102398) _notify_l3_agent_new_port /opt/stack/neutron/neutron/db/l3_dvrscheduler_db.py:535}}
Jan 06 13:19:43.187648 n-d-xena-1 neutron-server[102398]: DEBUG neutron.pecan_wsgi.hooks.policy_enforcement [req-77ef4180-327b-4d36-a195-7247d9ec3124 req-1e0a62f9-3fa0-4926-b6c7-44d9cb984601 tempest-ServersAdminTestJSON-1349437157 tempest-ServersAdminTestJSON-1349437157-project] Attributes excluded by policy engine: ['standard_attr_id', 'binding:profile', 'binding:host_id', 'binding:vif_type', 'binding:vif_details'] {{(pid=102398) _exclude_attributes_by_policy /opt/stack/neutron/neutron/pecan_wsgi/hooks/policy_enforcement.py:255}}
Jan 06 13:19:43.189232 n-d-xena-1 neutron-server[102398]: INFO neutron.wsgi [req-77ef4180-327b-4d36-a195-7247d9ec3124 req-1e0a62f9-3fa0-4926-b6c7-44d9cb984601 tempest-ServersAdminTestJSON-1349437157 tempest-ServersAdminTestJSON-1349437157-project] 10.222.0.30 "GET /v2.0/ports?device_id=bac02d42-1e0b-44c1-9c2f-fcd9d58a8244 HTTP/1.1" status: 200 len: 971 time: 0.2545278
Jan 06 13:19:43.307718 n-d-xena-1 neutron-server[102397]: INFO neutron.wsgi [req-11e38129-71c2-4e37-894e-378fa0abd150 req-3649e7fd-b56d-49d1-af7b-5eb7f2f83e12 tempest-LiveMigrationNegativeTest-1907240548 tempest-LiveMigrationNegativeTest-1907240548-project] 10.222.0.24 "GET /v2.0/networks?tenant_id=efc2c9b07c324fc0bc30996933666b26&shared=False HTTP/1.1" status: 200 len: 213 time: 0.0566626
Jan 06 13:19:43.316813 n-d-xena-1 neutron-server[102397]: DEBUG neutron.plugins.ml2.db [req-a4bfa0e1-c1ff-4f13-b25e-c07c4699ddc2 req-035d41fa-1f6c-4aad-b794-d31979f0f2c4 service neutron] For port bbdf2f8f-195a-4528-9d09-812759a88161, host n-h1-xena-1, cleared binding levels {{(pid=102397) clear_binding_levels /opt/stack/neutron/neutron/plugins/ml2/db.py:87}}
Jan 06 13:19:43.320880 n-d-xena-1 neutron-server[102397]: DEBUG neutron.plugins.ml2.db [req-a4bfa0e1-c1ff-4f13-b25e-c07c4699ddc2 req-035d41fa-1f6c-4aad-b794-d31979f0f2c4 service neutron] For port bbdf2f8f-195a-4528-9d09-812759a88161, host n-h1-xena-1, set binding levels [PortBindingLevel(driver='hyperv',host='n-h1-xena-1',level=0,port_id=bbdf2f8f-195a-4528-9d09-812759a88161,segment=NetworkSegment(68875102-57b0-4287-97e6-75bd49d7b545),segment_id=68875102-57b0-4287-97e6-75bd49d7b545)] {{(pid=102397) set_binding_levels /opt/stack/neutron/neutron/plugins/ml2/db.py:59}}
Jan 06 13:19:43.324228 n-d-xena-1 neutron-server[102398]: INFO neutron.wsgi [req-77ef4180-327b-4d36-a195-7247d9ec3124 req-1efdfde7-eba3-4952-aa9b-85f3f7dbfbf1 tempest-ServersAdminTestJSON-1349437157 tempest-ServersAdminTestJSON-1349437157-project] 10.222.0.30 "GET /v2.0/security-groups?id=5fa39c3d-689a-4fbe-9478-e551517c0019&fields=id&fields=name HTTP/1.1" status: 200 len: 286 time: 0.0982571
Jan 06 13:19:43.347855 n-d-xena-1 neutron-server[102398]: DEBUG neutron.pecan_wsgi.hooks.policy_enforcement [req-ae80a0a5-7042-4141-9b02-2d67e26c02ef req-41ef308a-a0c2-4d2f-a913-8b4ca6733b44 tempest-ServersWithSpecificFlavorTestJSON-1585407779 tempest-ServersWithSpecificFlavorTestJSON-1585407779-project] Attributes excluded by policy engine: ['standard_attr_id', 'binding:profile', 'binding:host_id', 'binding:vif_type', 'binding:vif_details', 'network'] {{(pid=102398) _exclude_attributes_by_policy /opt/stack/neutron/neutron/pecan_wsgi/hooks/policy_enforcement.py:255}}
Jan 06 13:19:43.348540 n-d-xena-1 neutron-server[102398]: DEBUG neutron_lib.callbacks.manager [req-ae80a0a5-7042-4141-9b02-2d67e26c02ef req-41ef308a-a0c2-4d2f-a913-8b4ca6733b44 tempest-ServersWithSpecificFlavorTestJSON-1585407779 tempest-ServersWithSpecificFlavorTestJSON-1585407779-project] Notify callbacks ['neutron.notifiers.nova.Notifier._send_nova_notification-1008502', 'neutron.api.rpc.agentnotifiers.dhcp_rpc_agent_api.DhcpAgentNotifyAPI._send_dhcp_notification-652021'] for port, before_response {{(pid=102398) _notify_loop /usr/local/lib/python3.8/dist-packages/neutron_lib/callbacks/manager.py:192}}
Jan 06 13:19:43.353956 n-d-xena-1 neutron-server[102397]: DEBUG neutron.pecan_wsgi.hooks.policy_enforcement [req-5198cd67-5943-4d70-ae04-97941b6c23e3 req-810749e6-6c73-4a73-8809-a295e9933512 tempest-AggregatesAdminTestJSON-1817443906 tempest-AggregatesAdminTestJSON-1817443906-project] Attributes excluded by policy engine: ['standard_attr_id', 'binding:profile', 'binding:host_id', 'binding:vif_type', 'binding:vif_details'] {{(pid=102397) _exclude_attributes_by_policy /opt/stack/neutron/neutron/pecan_wsgi/hooks/policy_enforcement.py:255}}
Jan 06 13:19:43.356222 n-d-xena-1 neutron-server[102397]: INFO neutron.wsgi [req-5198cd67-5943-4d70-ae04-97941b6c23e3 req-810749e6-6c73-4a73-8809-a295e9933512 tempest-AggregatesAdminTestJSON-1817443906 tempest-AggregatesAdminTestJSON-1817443906-project] 10.222.0.30 "GET /v2.0/ports?device_id=f178b0bd-1ca5-4e4d-8381-c7f9637c42d3 HTTP/1.1" status: 200 len: 971 time: 0.2101500
Jan 06 13:19:43.370497 n-d-xena-1 neutron-server[102398]: INFO neutron.wsgi [req-ae80a0a5-7042-4141-9b02-2d67e26c02ef req-41ef308a-a0c2-4d2f-a913-8b4ca6733b44 tempest-ServersWithSpecificFlavorTestJSON-1585407779 tempest-ServersWithSpecificFlavorTestJSON-1585407779-project] 10.222.0.26 "POST /v2.0/ports HTTP/1.1" status: 201 len: 934 time: 1.4610522
Jan 06 13:19:43.387032 n-d-xena-1 neutron-server[102398]: DEBUG neutron.api.v2.base [req-ae80a0a5-7042-4141-9b02-2d67e26c02ef req-56dbc771-9e8d-4c9e-bb0c-fa54440b84ee service neutron] Request body: {'port': {'device_id': 'da0b859b-4c54-4a89-b6f5-e96dab5356f3', 'device_owner': 'compute:nova', 'binding:host_id': 'n-h2-xena-1'}} {{(pid=102398) prepare_request_body /opt/stack/neutron/neutron/api/v2/base.py:729}}
Jan 06 13:19:43.422225 n-d-xena-1 neutron-server[102397]: DEBUG neutron_lib.callbacks.manager [req-a4bfa0e1-c1ff-4f13-b25e-c07c4699ddc2 req-035d41fa-1f6c-4aad-b794-d31979f0f2c4 service neutron] Notify callbacks ['neutron.plugins.ml2.plugin.SecurityGroupServerNotifierRpcMixin._notify_sg_on_port_change-7873724', 'neutron.plugins.ml2.ovo_rpc._ObjectChangeHandler.handle_event-853504', 'neutron.api.rpc.agentnotifiers.dhcp_rpc_agent_api.DhcpAgentNotifyAPI._native_event_send_dhcp_notification-651995', 'neutron.db.l3_db.L3RpcNotifierMixin._notify_gateway_port_ip_changed-8741310520971', 'neutron.db.l3_dvrscheduler_db._notify_l3_agent_port_update-8741310199628', 'neutron.db.l3_hascheduler_db._notify_l3_agent_ha_port_update-8741310199646', 'neutron.services.segments.plugin.NovaSegmentNotifier._notify_port_updated-50587677'] for port, after_update {{(pid=102397) _notify_loop /usr/local/lib/python3.8/dist-packages/neutron_lib/callbacks/manager.py:192}}
Jan 06 13:19:43.456449 n-d-xena-1 neutron-server[102398]: DEBUG neutron.wsgi [-] (102398) accepted ('10.222.0.30', 51128) {{(pid=102398) server /usr/local/lib/python3.8/dist-packages/eventlet/wsgi.py:982}}
Jan 06 13:19:43.466754 n-d-xena-1 neutron-server[102398]: DEBUG neutron_lib.callbacks.manager [req-ae80a0a5-7042-4141-9b02-2d67e26c02ef req-56dbc771-9e8d-4c9e-bb0c-fa54440b84ee service neutron] Notify callbacks ['neutron.plugins.ml2.plugin.SecurityGroupDbMixin._ensure_default_security_group_handler-7871345'] for port, before_update {{(pid=102398) _notify_loop /usr/local/lib/python3.8/dist-packages/neutron_lib/callbacks/manager.py:192}}
Jan 06 13:19:43.469565 n-d-xena-1 neutron-server[102397]: DEBUG neutron.pecan_wsgi.hooks.policy_enforcement [req-a4bfa0e1-c1ff-4f13-b25e-c07c4699ddc2 req-035d41fa-1f6c-4aad-b794-d31979f0f2c4 service neutron] Attributes excluded by policy engine: ['standard_attr_id'] {{(pid=102397) _exclude_attributes_by_policy /opt/stack/neutron/neutron/pecan_wsgi/hooks/policy_enforcement.py:255}}
Jan 06 13:19:43.470159 n-d-xena-1 neutron-server[102397]: DEBUG neutron_lib.callbacks.manager [req-a4bfa0e1-c1ff-4f13-b25e-c07c4699ddc2 req-035d41fa-1f6c-4aad-b794-d31979f0f2c4 service neutron] Notify callbacks ['neutron.notifiers.nova.Notifier._send_nova_notification-1008502'] for port, before_response {{(pid=102397) _notify_loop /usr/local/lib/python3.8/dist-packages/neutron_lib/callbacks/manager.py:192}}
Jan 06 13:19:43.471549 n-d-xena-1 neutron-server[102397]: INFO neutron.wsgi [req-a4bfa0e1-c1ff-4f13-b25e-c07c4699ddc2 req-035d41fa-1f6c-4aad-b794-d31979f0f2c4 service neutron] 10.222.0.24 "PUT /v2.0/ports/bbdf2f8f-195a-4528-9d09-812759a88161 HTTP/1.1" status: 200 len: 1093 time: 1.6429925
Jan 06 13:19:43.495401 n-d-xena-1 neutron-server[102397]: DEBUG neutron.notifiers.nova [-] Sending events: [{'name': 'network-changed', 'server_uuid': 'ad849a34-0ea6-4c0c-a4b3-948726320147', 'tag': 'bbdf2f8f-195a-4528-9d09-812759a88161'}] {{(pid=102397) send_events /opt/stack/neutron/neutron/notifiers/nova.py:262}}
Jan 06 13:19:43.499210 n-d-xena-1 neutron-server[102397]: DEBUG novaclient.v2.client [-] REQ: curl -g -i --cacert "/opt/stack/data/ca-bundle.pem" -X POST http://10.222.0.30/compute/v2.1/os-server-external-events -H "Accept: application/json" -H "Content-Type: application/json" -H "User-Agent: python-novaclient" -H "X-Auth-Token: {SHA256}5fb72c7eca198a9b615eed1864b01829c9e87950046e939dd79f420448e418cf" -H "X-OpenStack-Nova-API-Version: 2.1" -H "X-OpenStack-Request-ID: req-e3fdc721-4cef-4f21-8d0e-482fabb00ac6" -d '{"events": [{"name": "network-changed", "server_uuid": "ad849a34-0ea6-4c0c-a4b3-948726320147", "tag": "bbdf2f8f-195a-4528-9d09-812759a88161"}]}' {{(pid=102397) _http_log_request /usr/local/lib/python3.8/dist-packages/keystoneauth1/session.py:519}}
Jan 06 13:19:43.520480 n-d-xena-1 neutron-server[102398]: DEBUG neutron_lib.callbacks.manager [None req-81394457-cde4-44e2-96b5-f213d6f04d99 admin admin] Notify callbacks [] for security_group, before_create {{(pid=102398) _notify_loop /usr/local/lib/python3.8/dist-packages/neutron_lib/callbacks/manager.py:192}}
Jan 06 13:19:43.531800 n-d-xena-1 neutron-server[102399]: DEBUG neutron.db.provisioning_blocks [None req-fcf9e2ed-0d57-47eb-a370-32e6d4edce6e None None] Provisioning complete for port 1935e2f2-4c50-423a-8cde-bdc8211ac903 triggered by entity DHCP. {{(pid=102399) provisioning_complete /opt/stack/neutron/neutron/db/provisioning_blocks.py:139}}
Jan 06 13:19:43.532390 n-d-xena-1 neutron-server[102399]: DEBUG neutron_lib.callbacks.manager [None req-fcf9e2ed-0d57-47eb-a370-32e6d4edce6e None None] Notify callbacks ['neutron.plugins.ml2.plugin.Ml2Plugin._port_provisioned-7914945'] for port, provisioning_complete {{(pid=102399) _notify_loop /usr/local/lib/python3.8/dist-packages/neutron_lib/callbacks/manager.py:192}}
Jan 06 13:19:43.579873 n-d-xena-1 neutron-server[102399]: DEBUG neutron.plugins.ml2.plugin [None req-fcf9e2ed-0d57-47eb-a370-32e6d4edce6e None None] Port 1935e2f2-4c50-423a-8cde-bdc8211ac903 cannot update to ACTIVE because it is not bound. {{(pid=102399) _port_provisioned /opt/stack/neutron/neutron/plugins/ml2/plugin.py:338}}
Jan 06 13:19:43.593132 n-d-xena-1 neutron-server[102398]: DEBUG neutron.pecan_wsgi.hooks.policy_enforcement [req-d200dd54-4b47-4d69-a063-b4397e48800f req-bad11351-6506-47f7-91a6-1f507bfddb0a tempest-ServersWithSpecificFlavorTestJSON-1585407779 tempest-ServersWithSpecificFlavorTestJSON-1585407779-project] Attributes excluded by policy engine: ['standard_attr_id', 'binding:profile', 'binding:host_id', 'binding:vif_type', 'binding:vif_details'] {{(pid=102398) _exclude_attributes_by_policy /opt/stack/neutron/neutron/pecan_wsgi/hooks/policy_enforcement.py:255}}
Jan 06 13:19:43.594796 n-d-xena-1 neutron-server[102398]: INFO neutron.wsgi [req-d200dd54-4b47-4d69-a063-b4397e48800f req-bad11351-6506-47f7-91a6-1f507bfddb0a tempest-ServersWithSpecificFlavorTestJSON-1585407779 tempest-ServersWithSpecificFlavorTestJSON-1585407779-project] 10.222.0.30 "GET /v2.0/ports?device_id=da0b859b-4c54-4a89-b6f5-e96dab5356f3 HTTP/1.1" status: 200 len: 932 time: 0.1369174
Jan 06 13:19:43.625644 n-d-xena-1 neutron-server[102397]: INFO neutron.wsgi [req-5198cd67-5943-4d70-ae04-97941b6c23e3 req-6dab2909-95b7-4ceb-b52e-987bc2778303 tempest-AggregatesAdminTestJSON-1817443906 tempest-AggregatesAdminTestJSON-1817443906-project] 10.222.0.30 "GET /v2.0/security-groups?id=51e858c0-c83f-4e23-84ab-42c61273d74b&fields=id&fields=name HTTP/1.1" status: 200 len: 286 time: 0.2446258
Jan 06 13:19:43.644758 n-d-xena-1 neutron-server[102397]: DEBUG neutron.api.rpc.handlers.resources_rpc [None req-035d41fa-1f6c-4aad-b794-d31979f0f2c4 service neutron] Pushing event updated for resources: {'Port': ['ID=bbdf2f8f-195a-4528-9d09-812759a88161,revision_number=3']} {{(pid=102397) push /opt/stack/neutron/neutron/api/rpc/handlers/resources_rpc.py:237}}
Jan 06 13:19:43.666364 n-d-xena-1 neutron-server[102397]: DEBUG neutron.pecan_wsgi.hooks.policy_enforcement [req-11e38129-71c2-4e37-894e-378fa0abd150 req-57b8b481-3f15-427d-92a0-626935f19682 tempest-LiveMigrationNegativeTest-1907240548 tempest-LiveMigrationNegativeTest-1907240548-project] Attributes excluded by policy engine: ['standard_attr_id', 'vlan_transparent', 'provider:network_type', 'provider:physical_network', 'provider:segmentation_id'] {{(pid=102397) _exclude_attributes_by_policy /opt/stack/neutron/neutron/pecan_wsgi/hooks/policy_enforcement.py:255}}
Jan 06 13:19:43.668396 n-d-xena-1 neutron-server[102397]: INFO neutron.wsgi [req-11e38129-71c2-4e37-894e-378fa0abd150 req-57b8b481-3f15-427d-92a0-626935f19682 tempest-LiveMigrationNegativeTest-1907240548 tempest-LiveMigrationNegativeTest-1907240548-project] 10.222.0.24 "GET /v2.0/networks?shared=True HTTP/1.1" status: 200 len: 769 time: 0.3531494
Jan 06 13:19:43.672307 n-d-xena-1 neutron-server[102397]: DEBUG neutron.pecan_wsgi.hooks.policy_enforcement [req-a4bfa0e1-c1ff-4f13-b25e-c07c4699ddc2 req-d8732f02-e82e-4d6c-8ffd-cf815aac570d service neutron] Attributes excluded by policy engine: ['standard_attr_id'] {{(pid=102397) _exclude_attributes_by_policy /opt/stack/neutron/neutron/pecan_wsgi/hooks/policy_enforcement.py:255}}
Jan 06 13:19:43.673735 n-d-xena-1 neutron-server[102397]: INFO neutron.wsgi [req-a4bfa0e1-c1ff-4f13-b25e-c07c4699ddc2 req-d8732f02-e82e-4d6c-8ffd-cf815aac570d service neutron] 10.222.0.24 "GET /v2.0/ports?tenant_id=a6d974f2e4964b1b98907cc72abfc3be&device_id=ad849a34-0ea6-4c0c-a4b3-948726320147 HTTP/1.1" status: 200 len: 1096 time: 0.1398499
Jan 06 13:19:43.689103 n-d-xena-1 neutron-server[102397]: DEBUG neutron.api.v2.base [req-11e38129-71c2-4e37-894e-378fa0abd150 req-8877a676-2760-4cfe-9708-dd5192b067cf tempest-LiveMigrationNegativeTest-1907240548 tempest-LiveMigrationNegativeTest-1907240548-project] Request body: {'port': {'device_id': '08ecf11b-4c60-4169-957b-af83a23923d6', 'network_id': 'ac09f792-4e6e-4ef8-8747-67db8e40e9af', 'admin_state_up': True, 'tenant_id': 'efc2c9b07c324fc0bc30996933666b26'}} {{(pid=102397) prepare_request_body /opt/stack/neutron/neutron/api/v2/base.py:729}}
Jan 06 13:19:43.784687 n-d-xena-1 neutron-server[102397]: INFO neutron.wsgi [req-a4bfa0e1-c1ff-4f13-b25e-c07c4699ddc2 req-393294ea-7040-496c-b386-3dc7a8668352 service neutron] 10.222.0.24 "GET /v2.0/floatingips?fixed_ip_address=192.168.233.86&port_id=bbdf2f8f-195a-4528-9d09-812759a88161 HTTP/1.1" status: 200 len: 217 time: 0.0451717
Jan 06 13:19:43.795551 n-d-xena-1 neutron-server[102398]: INFO neutron.wsgi [req-d200dd54-4b47-4d69-a063-b4397e48800f req-0444587b-e483-476b-8536-c1e8c76dd526 tempest-ServersWithSpecificFlavorTestJSON-1585407779 tempest-ServersWithSpecificFlavorTestJSON-1585407779-project] 10.222.0.30 "GET /v2.0/security-groups?id=5d4efd44-2a88-4a6f-8f56-a3879a9522d5&fields=id&fields=name HTTP/1.1" status: 200 len: 312 time: 0.1892486
Jan 06 13:19:43.866758 n-d-xena-1 neutron-server[102397]: DEBUG neutron.pecan_wsgi.hooks.policy_enforcement [req-a4bfa0e1-c1ff-4f13-b25e-c07c4699ddc2 req-33c2399a-97f0-4c90-9e1d-c2571606fe4f service neutron] Attributes excluded by policy engine: ['standard_attr_id', 'shared', 'segment_id'] {{(pid=102397) _exclude_attributes_by_policy /opt/stack/neutron/neutron/pecan_wsgi/hooks/policy_enforcement.py:255}}
Jan 06 13:19:43.868377 n-d-xena-1 neutron-server[102397]: INFO neutron.wsgi [req-a4bfa0e1-c1ff-4f13-b25e-c07c4699ddc2 req-33c2399a-97f0-4c90-9e1d-c2571606fe4f service neutron] 10.222.0.24 "GET /v2.0/subnets?id=0b9b2a1b-217a-4025-a53d-c56b91ed4f5f HTTP/1.1" status: 200 len: 843 time: 0.0760300
Jan 06 13:19:43.878961 n-d-xena-1 neutron-server[102398]: DEBUG neutron_lib.callbacks.manager [None req-81394457-cde4-44e2-96b5-f213d6f04d99 admin admin] Notify callbacks [] for security_group, precommit_create {{(pid=102398) _notify_loop /usr/local/lib/python3.8/dist-packages/neutron_lib/callbacks/manager.py:192}}
Jan 06 13:19:43.894956 n-d-xena-1 neutron-server[102398]: DEBUG neutron_lib.callbacks.manager [None req-81394457-cde4-44e2-96b5-f213d6f04d99 admin admin] Notify callbacks ['neutron.plugins.ml2.ovo_rpc._ObjectChangeHandler.handle_event-538762'] for security_group, after_create {{(pid=102398) _notify_loop /usr/local/lib/python3.8/dist-packages/neutron_lib/callbacks/manager.py:192}}
Jan 06 13:19:43.914470 n-d-xena-1 neutron-server[102397]: DEBUG neutron.pecan_wsgi.hooks.quota_enforcement [req-11e38129-71c2-4e37-894e-378fa0abd150 req-8877a676-2760-4cfe-9708-dd5192b067cf tempest-LiveMigrationNegativeTest-1907240548 tempest-LiveMigrationNegativeTest-1907240548-project] Made reservation on behalf of efc2c9b07c324fc0bc30996933666b26 for: {'port': 1} {{(pid=102397) before /opt/stack/neutron/neutron/pecan_wsgi/hooks/quota_enforcement.py:53}}
Jan 06 13:19:43.917951 n-d-xena-1 neutron-server[102397]: DEBUG neutron_lib.callbacks.manager [req-11e38129-71c2-4e37-894e-378fa0abd150 req-8877a676-2760-4cfe-9708-dd5192b067cf tempest-LiveMigrationNegativeTest-1907240548 tempest-LiveMigrationNegativeTest-1907240548-project] Notify callbacks ['neutron.plugins.ml2.plugin.SecurityGroupDbMixin._ensure_default_security_group_handler-7871345'] for port, before_create {{(pid=102397) _notify_loop /usr/local/lib/python3.8/dist-packages/neutron_lib/callbacks/manager.py:192}}
Jan 06 13:19:43.939377 n-d-xena-1 neutron-server[102397]: DEBUG neutron.pecan_wsgi.hooks.policy_enforcement [req-a4bfa0e1-c1ff-4f13-b25e-c07c4699ddc2 req-4b7a7fc3-503d-4a37-a92c-795bf5697ed3 service neutron] Attributes excluded by policy engine: ['standard_attr_id'] {{(pid=102397) _exclude_attributes_by_policy /opt/stack/neutron/neutron/pecan_wsgi/hooks/policy_enforcement.py:255}}
Jan 06 13:19:43.940873 n-d-xena-1 neutron-server[102397]: INFO neutron.wsgi [req-a4bfa0e1-c1ff-4f13-b25e-c07c4699ddc2 req-4b7a7fc3-503d-4a37-a92c-795bf5697ed3 service neutron] 10.222.0.24 "GET /v2.0/ports?network_id=ac09f792-4e6e-4ef8-8747-67db8e40e9af&device_owner=network%3Adhcp HTTP/1.1" status: 200 len: 1164 time: 0.0637424
Jan 06 13:19:43.973678 n-d-xena-1 neutron-server[102398]: INFO neutron.wsgi [req-a824a984-efb6-428c-9585-0e0a02d57972 req-6949f71a-c693-4358-9277-1d29892fd5f5 tempest-ServersAdminTestJSON-1349437157 tempest-ServersAdminTestJSON-1349437157-project] 10.222.0.30 "GET /v2.0/networks?tenant_id=b0ee3758e1fc41c9be4f5b127af442bf&shared=False HTTP/1.1" status: 200 len: 213 time: 0.0637293
Jan 06 13:19:43.990981 n-d-xena-1 neutron-server[102398]: INFO neutron.wsgi [None req-81394457-cde4-44e2-96b5-f213d6f04d99 admin admin] 10.222.0.30 "GET /v2.0/security-groups?tenant_id=7134223002c24a4c8d25ba13661271f5&name=default HTTP/1.1" status: 200 len: 2979 time: 0.5305746
Jan 06 13:19:43.994457 n-d-xena-1 neutron-server[102398]: DEBUG neutron.wsgi [-] (102398) accepted ('10.222.0.30', 51150) {{(pid=102398) server /usr/local/lib/python3.8/dist-packages/eventlet/wsgi.py:982}}
Jan 06 13:19:44.030038 n-d-xena-1 neutron-server[102398]: DEBUG neutron.api.rpc.handlers.resources_rpc [None req-81394457-cde4-44e2-96b5-f213d6f04d99 admin admin] Pushing event updated for resources: {'SecurityGroup': ['ID=5d68aa09-cd4c-4706-b243-e704f5391dd7,revision_number=1']} {{(pid=102398) push /opt/stack/neutron/neutron/api/rpc/handlers/resources_rpc.py:237}}
Jan 06 13:19:44.098453 n-d-xena-1 neutron-server[102398]: DEBUG neutron.notifiers.nova [req-ae80a0a5-7042-4141-9b02-2d67e26c02ef req-56dbc771-9e8d-4c9e-bb0c-fa54440b84ee service neutron] Ignoring state change previous_port_status: DOWN current_port_status: DOWN port_id 1935e2f2-4c50-423a-8cde-bdc8211ac903 {{(pid=102398) record_port_status_changed /opt/stack/neutron/neutron/notifiers/nova.py:224}}
Jan 06 13:19:44.112106 n-d-xena-1 neutron-server[102397]: DEBUG neutron.wsgi [-] (102397) accepted ('10.222.0.26', 58198) {{(pid=102397) server /usr/local/lib/python3.8/dist-packages/eventlet/wsgi.py:982}}
Jan 06 13:19:44.117657 n-d-xena-1 neutron-server[102397]: INFO neutron.wsgi [req-a4bfa0e1-c1ff-4f13-b25e-c07c4699ddc2 req-15153e9c-6f60-4fd4-a188-15ac4a3cb5fd service neutron] 10.222.0.24 "GET /v2.0/networks/ac09f792-4e6e-4ef8-8747-67db8e40e9af?fields=segments HTTP/1.1" status: 200 len: 212 time: 0.1650732
Jan 06 13:19:44.130710 n-d-xena-1 neutron-server[102398]: DEBUG neutron_lib.callbacks.manager [req-ae80a0a5-7042-4141-9b02-2d67e26c02ef req-56dbc771-9e8d-4c9e-bb0c-fa54440b84ee service neutron] Notify callbacks [] for port, precommit_update {{(pid=102398) _notify_loop /usr/local/lib/python3.8/dist-packages/neutron_lib/callbacks/manager.py:192}}
Jan 06 13:19:44.165461 n-d-xena-1 neutron-server[102397]: DEBUG novaclient.v2.client [-] RESP: [200] Connection: close Content-Length: 179 Content-Type: application/json Date: Thu, 06 Jan 2022 13:19:43 GMT OpenStack-API-Version: compute 2.1 Server: Apache/2.4.41 (Ubuntu) Vary: OpenStack-API-Version,X-OpenStack-Nova-API-Version X-OpenStack-Nova-API-Version: 2.1 x-compute-request-id: req-7fe8ad1b-e592-4c88-bcf3-41820d9ef55b x-openstack-request-id: req-7fe8ad1b-e592-4c88-bcf3-41820d9ef55b {{(pid=102397) _http_log_response /usr/local/lib/python3.8/dist-packages/keystoneauth1/session.py:550}}
Jan 06 13:19:44.165750 n-d-xena-1 neutron-server[102397]: DEBUG novaclient.v2.client [-] RESP BODY: {"events": [{"name": "network-changed", "server_uuid": "ad849a34-0ea6-4c0c-a4b3-948726320147", "tag": "bbdf2f8f-195a-4528-9d09-812759a88161", "status": "completed", "code": 200}]} {{(pid=102397) _http_log_response /usr/local/lib/python3.8/dist-packages/keystoneauth1/session.py:582}}
Jan 06 13:19:44.165957 n-d-xena-1 neutron-server[102397]: DEBUG novaclient.v2.client [-] POST call to compute for http://10.222.0.30/compute/v2.1/os-server-external-events used request id req-7fe8ad1b-e592-4c88-bcf3-41820d9ef55b {{(pid=102397) request /usr/local/lib/python3.8/dist-packages/keystoneauth1/session.py:954}}
Jan 06 13:19:44.166342 n-d-xena-1 neutron-server[102397]: INFO neutron.notifiers.nova [-] Nova event response: {'name': 'network-changed', 'server_uuid': 'ad849a34-0ea6-4c0c-a4b3-948726320147', 'tag': 'bbdf2f8f-195a-4528-9d09-812759a88161', 'status': 'completed', 'code': 200}
Jan 06 13:19:44.175256 n-d-xena-1 neutron-server[102398]: DEBUG neutron.db.provisioning_blocks [req-ae80a0a5-7042-4141-9b02-2d67e26c02ef req-56dbc771-9e8d-4c9e-bb0c-fa54440b84ee service neutron] Transition to ACTIVE for port object 1935e2f2-4c50-423a-8cde-bdc8211ac903 will not be triggered until provisioned by entity L2. {{(pid=102398) add_provisioning_component /opt/stack/neutron/neutron/db/provisioning_blocks.py:73}}
Jan 06 13:19:44.176369 n-d-xena-1 neutron-server[102397]: DEBUG neutron.db.db_base_plugin_common [req-11e38129-71c2-4e37-894e-378fa0abd150 req-8877a676-2760-4cfe-9708-dd5192b067cf tempest-LiveMigrationNegativeTest-1907240548 tempest-LiveMigrationNegativeTest-1907240548-project] Allocated IP 192.168.233.177 (ac09f792-4e6e-4ef8-8747-67db8e40e9af/0b9b2a1b-217a-4025-a53d-c56b91ed4f5f/7c351754-00aa-4eaa-bcf2-b92997efee5d) {{(pid=102397) _store_ip_allocation /opt/stack/neutron/neutron/db/db_base_plugin_common.py:131}}
Jan 06 13:19:44.195714 n-d-xena-1 neutron-server[102398]: DEBUG neutron_lib.callbacks.manager [req-ae80a0a5-7042-4141-9b02-2d67e26c02ef req-56dbc771-9e8d-4c9e-bb0c-fa54440b84ee service neutron] Notify callbacks ['neutron.plugins.ml2.plugin.SecurityGroupServerNotifierRpcMixin._notify_sg_on_port_change-7873724', 'neutron.plugins.ml2.ovo_rpc._ObjectChangeHandler.handle_event-853504', 'neutron.api.rpc.agentnotifiers.dhcp_rpc_agent_api.DhcpAgentNotifyAPI._native_event_send_dhcp_notification-651995', 'neutron.db.l3_db.L3RpcNotifierMixin._notify_gateway_port_ip_changed-8741310520971', 'neutron.db.l3_dvrscheduler_db._notify_l3_agent_port_update-8741310199628', 'neutron.db.l3_hascheduler_db._notify_l3_agent_ha_port_update-8741310199646', 'neutron.services.segments.plugin.NovaSegmentNotifier._notify_port_updated-8408165'] for port, after_update {{(pid=102398) _notify_loop /usr/local/lib/python3.8/dist-packages/neutron_lib/callbacks/manager.py:192}}
Jan 06 13:19:44.210702 n-d-xena-1 neutron-server[102398]: DEBUG neutron_lib.callbacks.manager [None req-2ee0c877-7ebe-451d-af3d-3c0b1422d261 admin admin] Notify callbacks [] for security_group, before_delete {{(pid=102398) _notify_loop /usr/local/lib/python3.8/dist-packages/neutron_lib/callbacks/manager.py:192}}
Jan 06 13:19:44.235971 n-d-xena-1 neutron-server[102398]: DEBUG neutron.pecan_wsgi.hooks.policy_enforcement [req-a824a984-efb6-428c-9585-0e0a02d57972 req-53dc2021-809a-4408-b7c6-8548c91420bb tempest-ServersAdminTestJSON-1349437157 tempest-ServersAdminTestJSON-1349437157-project] Attributes excluded by policy engine: ['standard_attr_id', 'vlan_transparent', 'provider:network_type', 'provider:physical_network', 'provider:segmentation_id'] {{(pid=102398) _exclude_attributes_by_policy /opt/stack/neutron/neutron/pecan_wsgi/hooks/policy_enforcement.py:255}}
Jan 06 13:19:44.237428 n-d-xena-1 neutron-server[102398]: INFO neutron.wsgi [req-a824a984-efb6-428c-9585-0e0a02d57972 req-53dc2021-809a-4408-b7c6-8548c91420bb tempest-ServersAdminTestJSON-1349437157 tempest-ServersAdminTestJSON-1349437157-project] 10.222.0.30 "GET /v2.0/networks?shared=True HTTP/1.1" status: 200 len: 769 time: 0.2458167
Jan 06 13:19:44.251589 n-d-xena-1 neutron-server[102397]: INFO neutron.wsgi [req-6ef5c957-5379-4ce9-a0cc-9fc5ce2586d1 req-629b5078-f4a9-4fbd-9454-17fab350eae5 tempest-LiveMigrationNegativeTest-1907240548 tempest-LiveMigrationNegativeTest-1907240548-project] 10.222.0.30 "GET /v2.0/ports?device_id=08ecf11b-4c60-4169-957b-af83a23923d6 HTTP/1.1" status: 200 len: 210 time: 0.0469060
Jan 06 13:19:44.284468 n-d-xena-1 neutron-server[102397]: DEBUG neutron.pecan_wsgi.hooks.policy_enforcement [req-f26740e8-0a25-4826-a85f-a47f45bf5131 req-bd89c909-1d90-449a-b42d-98582ed5bd4a tempest-AggregatesAdminTestJSON-1817443906 tempest-AggregatesAdminTestJSON-1817443906-project] Attributes excluded by policy engine: ['standard_attr_id', 'binding:profile', 'binding:host_id', 'binding:vif_type', 'binding:vif_details'] {{(pid=102397) _exclude_attributes_by_policy /opt/stack/neutron/neutron/pecan_wsgi/hooks/policy_enforcement.py:255}}
Jan 06 13:19:44.286009 n-d-xena-1 neutron-server[102397]: INFO neutron.wsgi [req-f26740e8-0a25-4826-a85f-a47f45bf5131 req-bd89c909-1d90-449a-b42d-98582ed5bd4a tempest-AggregatesAdminTestJSON-1817443906 tempest-AggregatesAdminTestJSON-1817443906-project] 10.222.0.26 "GET /v2.0/ports?device_id=f178b0bd-1ca5-4e4d-8381-c7f9637c42d3 HTTP/1.1" status: 200 len: 971 time: 0.1729314
Jan 06 13:19:44.300746 n-d-xena-1 neutron-server[102398]: DEBUG neutron_lib.callbacks.manager [None req-2ee0c877-7ebe-451d-af3d-3c0b1422d261 admin admin] Notify callbacks [] for security_group, precommit_delete {{(pid=102398) _notify_loop /usr/local/lib/python3.8/dist-packages/neutron_lib/callbacks/manager.py:192}}
Jan 06 13:19:44.309541 n-d-xena-1 neutron-server[102398]: INFO neutron.wsgi [req-a824a984-efb6-428c-9585-0e0a02d57972 req-5a05af05-7953-4fa7-b2c2-b2c096d3d2c4 tempest-ServersAdminTestJSON-1349437157 tempest-ServersAdminTestJSON-1349437157-project] 10.222.0.30 "GET /v2.0/quotas/b0ee3758e1fc41c9be4f5b127af442bf HTTP/1.1" status: 200 len: 375 time: 0.0576637
Jan 06 13:19:44.326133 n-d-xena-1 neutron-server[102398]: DEBUG neutron.api.rpc.handlers.resources_rpc [None req-56dbc771-9e8d-4c9e-bb0c-fa54440b84ee service neutron] Pushing event updated for resources: {'Port': ['ID=1935e2f2-4c50-423a-8cde-bdc8211ac903,revision_number=2']} {{(pid=102398) push /opt/stack/neutron/neutron/api/rpc/handlers/resources_rpc.py:237}}
Jan 06 13:19:44.450880 n-d-xena-1 neutron-server[102398]: INFO neutron.wsgi [req-a824a984-efb6-428c-9585-0e0a02d57972 req-d1e4b4f9-9570-4096-af3d-476ecf6e56ac tempest-ServersAdminTestJSON-1349437157 tempest-ServersAdminTestJSON-1349437157-project] 10.222.0.30 "GET /v2.0/ports?tenant_id=b0ee3758e1fc41c9be4f5b127af442bf&fields=id HTTP/1.1" status: 200 len: 302 time: 0.1404872
Jan 06 13:19:44.465932 n-d-xena-1 neutron-server[102398]: DEBUG neutron_lib.callbacks.manager [None req-2ee0c877-7ebe-451d-af3d-3c0b1422d261 admin admin] Notify callbacks ['neutron.plugins.ml2.ovo_rpc._ObjectChangeHandler.handle_event-538762'] for security_group, after_delete {{(pid=102398) _notify_loop /usr/local/lib/python3.8/dist-packages/neutron_lib/callbacks/manager.py:192}}
Jan 06 13:19:44.468462 n-d-xena-1 neutron-server[102398]: DEBUG neutron_lib.callbacks.manager [None req-2ee0c877-7ebe-451d-af3d-3c0b1422d261 admin admin] Notify callbacks [] for security_group, before_response {{(pid=102398) _notify_loop /usr/local/lib/python3.8/dist-packages/neutron_lib/callbacks/manager.py:192}}
Jan 06 13:19:44.469576 n-d-xena-1 neutron-server[102398]: INFO neutron.wsgi [None req-2ee0c877-7ebe-451d-af3d-3c0b1422d261 admin admin] 10.222.0.30 "DELETE /v2.0/security-groups/5d68aa09-cd4c-4706-b243-e704f5391dd7 HTTP/1.1" status: 204 len: 168 time: 0.4728518
Jan 06 13:19:44.474302 n-d-xena-1 neutron-server[102398]: DEBUG neutron.plugins.ml2.managers [req-ae80a0a5-7042-4141-9b02-2d67e26c02ef req-56dbc771-9e8d-4c9e-bb0c-fa54440b84ee service neutron] Attempting to bind port 1935e2f2-4c50-423a-8cde-bdc8211ac903 on host n-h2-xena-1 for vnic_type normal with profile {{(pid=102398) bind_port /opt/stack/neutron/neutron/plugins/ml2/managers.py:790}}
Jan 06 13:19:44.474637 n-d-xena-1 neutron-server[102398]: DEBUG neutron.plugins.ml2.managers [req-ae80a0a5-7042-4141-9b02-2d67e26c02ef req-56dbc771-9e8d-4c9e-bb0c-fa54440b84ee service neutron] Attempting to bind port 1935e2f2-4c50-423a-8cde-bdc8211ac903 by drivers openvswitch,hyperv on host n-h2-xena-1 at level 0 using segments [{'id': '740e3518-f302-4153-896d-42eb3de41ba5', 'network_type': 'vlan', 'physical_network': 'physnet1', 'segmentation_id': 169, 'network_id': '687639e8-74e9-439f-a26a-e559cf00037f'}] {{(pid=102398) _bind_port_level /opt/stack/neutron/neutron/plugins/ml2/managers.py:815}}
Jan 06 13:19:44.474990 n-d-xena-1 neutron-server[102398]: DEBUG neutron.plugins.ml2.drivers.mech_agent [req-ae80a0a5-7042-4141-9b02-2d67e26c02ef req-56dbc771-9e8d-4c9e-bb0c-fa54440b84ee service neutron] Attempting to bind port 1935e2f2-4c50-423a-8cde-bdc8211ac903 on network 687639e8-74e9-439f-a26a-e559cf00037f {{(pid=102398) bind_port /opt/stack/neutron/neutron/plugins/ml2/drivers/mech_agent.py:91}}
Jan 06 13:19:44.483250 n-d-xena-1 neutron-server[102398]: DEBUG neutron.api.rpc.handlers.resources_rpc [None req-2ee0c877-7ebe-451d-af3d-3c0b1422d261 admin admin] Pushing event deleted for resources: {'SecurityGroup': ['ID=5d68aa09-cd4c-4706-b243-e704f5391dd7,revision_number=None']} {{(pid=102398) push /opt/stack/neutron/neutron/api/rpc/handlers/resources_rpc.py:237}}
Jan 06 13:19:44.485390 n-d-xena-1 neutron-server[102398]: DEBUG neutron.plugins.ml2.drivers.mech_agent [req-ae80a0a5-7042-4141-9b02-2d67e26c02ef req-56dbc771-9e8d-4c9e-bb0c-fa54440b84ee service neutron] Port 1935e2f2-4c50-423a-8cde-bdc8211ac903 on network 687639e8-74e9-439f-a26a-e559cf00037f not bound, no agent of type Open vSwitch agent registered on host n-h2-xena-1 {{(pid=102398) bind_port /opt/stack/neutron/neutron/plugins/ml2/drivers/mech_agent.py:103}}
Jan 06 13:19:44.485712 n-d-xena-1 neutron-server[102398]: DEBUG neutron.plugins.ml2.drivers.mech_agent [req-ae80a0a5-7042-4141-9b02-2d67e26c02ef req-56dbc771-9e8d-4c9e-bb0c-fa54440b84ee service neutron] Attempting to bind port 1935e2f2-4c50-423a-8cde-bdc8211ac903 on network 687639e8-74e9-439f-a26a-e559cf00037f {{(pid=102398) bind_port /opt/stack/neutron/neutron/plugins/ml2/drivers/mech_agent.py:91}}
Jan 06 13:19:44.491201 n-d-xena-1 neutron-server[102398]: DEBUG neutron.plugins.ml2.drivers.mech_agent [req-ae80a0a5-7042-4141-9b02-2d67e26c02ef req-56dbc771-9e8d-4c9e-bb0c-fa54440b84ee service neutron] Checking agent: {'id': '8d9aaf64-194e-433f-b5c1-71b8546eb4e0', 'agent_type': 'HyperV agent', 'binary': 'neutron-hyperv-agent', 'topic': 'N/A', 'host': 'n-h2-xena-1', 'admin_state_up': True, 'created_at': datetime.datetime(2022, 1, 6, 13, 16, 25), 'started_at': datetime.datetime(2022, 1, 6, 13, 16, 25), 'heartbeat_timestamp': datetime.datetime(2022, 1, 6, 13, 19, 25), 'description': None, 'resources_synced': None, 'availability_zone': None, 'alive': True, 'configurations': {'vswitch_mappings': {'physnet1$': 'br-data'}}, 'resource_versions': {}} {{(pid=102398) bind_port /opt/stack/neutron/neutron/plugins/ml2/drivers/mech_agent.py:110}}
Jan 06 13:19:44.491543 n-d-xena-1 neutron-server[102398]: DEBUG neutron.plugins.ml2.drivers.mech_agent [req-ae80a0a5-7042-4141-9b02-2d67e26c02ef req-56dbc771-9e8d-4c9e-bb0c-fa54440b84ee service neutron] Checking segment: {'id': '740e3518-f302-4153-896d-42eb3de41ba5', 'network_type': 'vlan', 'physical_network': 'physnet1', 'segmentation_id': 169, 'network_id': '687639e8-74e9-439f-a26a-e559cf00037f'} for mappings: {'physnet1$': 'br-data'} with network types: ['local', 'flat', 'vlan'] {{(pid=102398) check_segment_for_agent /opt/stack/neutron/neutron/plugins/ml2/drivers/mech_agent.py:358}}
Jan 06 13:19:44.491925 n-d-xena-1 neutron-server[102398]: DEBUG neutron.plugins.ml2.drivers.mech_agent [req-ae80a0a5-7042-4141-9b02-2d67e26c02ef req-56dbc771-9e8d-4c9e-bb0c-fa54440b84ee service neutron] Bound using segment: {'id': '740e3518-f302-4153-896d-42eb3de41ba5', 'network_type': 'vlan', 'physical_network': 'physnet1', 'segmentation_id': 169, 'network_id': '687639e8-74e9-439f-a26a-e559cf00037f'} {{(pid=102398) bind_port /opt/stack/neutron/neutron/plugins/ml2/drivers/mech_agent.py:120}}
Jan 06 13:19:44.492356 n-d-xena-1 neutron-server[102398]: DEBUG neutron.plugins.ml2.managers [req-ae80a0a5-7042-4141-9b02-2d67e26c02ef req-56dbc771-9e8d-4c9e-bb0c-fa54440b84ee service neutron] Bound port: 1935e2f2-4c50-423a-8cde-bdc8211ac903, host: n-h2-xena-1, vif_type: hyperv, vif_details: {"connectivity": "legacy", "port_filter": false}, binding_levels: [{'bound_driver': 'hyperv', 'bound_segment': {'id': '740e3518-f302-4153-896d-42eb3de41ba5', 'network_type': 'vlan', 'physical_network': 'physnet1', 'segmentation_id': 169, 'network_id': '687639e8-74e9-439f-a26a-e559cf00037f'}}] {{(pid=102398) _bind_port_level /opt/stack/neutron/neutron/plugins/ml2/managers.py:928}}
Jan 06 13:19:44.492749 n-d-xena-1 neutron-server[102398]: DEBUG neutron_lib.callbacks.manager [req-ae80a0a5-7042-4141-9b02-2d67e26c02ef req-56dbc771-9e8d-4c9e-bb0c-fa54440b84ee service neutron] Notify callbacks ['neutron.plugins.ml2.plugin.SecurityGroupDbMixin._ensure_default_security_group_handler-7871345'] for port, before_update {{(pid=102398) _notify_loop /usr/local/lib/python3.8/dist-packages/neutron_lib/callbacks/manager.py:192}}
