Jan 06 09:50:15.528779 n-d-xena-1 devstack@n-api.service[124424]: DEBUG nova.api.openstack.wsgi [None req-2754d22b-c6ff-466f-b228-b668660f2478 tempest-DeleteServersAdminTestJSON-200805338 tempest-DeleteServersAdminTestJSON-200805338-project] Calling method '>' {{(pid=124424) _process_stack /opt/stack/nova/nova/api/openstack/wsgi.py:513}}
Jan 06 09:50:15.529767 n-d-xena-1 devstack@n-api.service[124424]: DEBUG nova.compute.api [None req-2754d22b-c6ff-466f-b228-b668660f2478 tempest-DeleteServersAdminTestJSON-200805338 tempest-DeleteServersAdminTestJSON-200805338-project] [instance: 87be72ab-6509-4264-914e-2ec5920e9441] Fetching instance by UUID {{(pid=124424) get /opt/stack/nova/nova/compute/api.py:2863}}
Jan 06 09:50:15.536036 n-d-xena-1 devstack@n-api.service[124424]: DEBUG oslo_concurrency.lockutils [None req-2754d22b-c6ff-466f-b228-b668660f2478 tempest-DeleteServersAdminTestJSON-200805338 tempest-DeleteServersAdminTestJSON-200805338-project] Lock "c7125d29-a14e-433f-b28a-e52bf2e17294" acquired by "nova.context.set_target_cell..get_or_set_cached_cell_and_set_connections" :: waited 0.000s {{(pid=124424) inner /usr/local/lib/python3.8/dist-packages/oslo_concurrency/lockutils.py:355}}
Jan 06 09:50:15.537148 n-d-xena-1 devstack@n-api.service[124424]: DEBUG oslo_concurrency.lockutils [None req-2754d22b-c6ff-466f-b228-b668660f2478 tempest-DeleteServersAdminTestJSON-200805338 tempest-DeleteServersAdminTestJSON-200805338-project] Lock "c7125d29-a14e-433f-b28a-e52bf2e17294" released by "nova.context.set_target_cell..get_or_set_cached_cell_and_set_connections" :: held 0.001s {{(pid=124424) inner /usr/local/lib/python3.8/dist-packages/oslo_concurrency/lockutils.py:367}}
Jan 06 09:50:15.538200 n-d-xena-1 devstack@n-api.service[124424]: DEBUG oslo_concurrency.lockutils [None req-2754d22b-c6ff-466f-b228-b668660f2478 tempest-DeleteServersAdminTestJSON-200805338 tempest-DeleteServersAdminTestJSON-200805338-project] Lock "c7125d29-a14e-433f-b28a-e52bf2e17294" acquired by "nova.context.set_target_cell..get_or_set_cached_cell_and_set_connections" :: waited 0.000s {{(pid=124424) inner /usr/local/lib/python3.8/dist-packages/oslo_concurrency/lockutils.py:355}}
Jan 06 09:50:15.538637 n-d-xena-1 devstack@n-api.service[124424]: DEBUG oslo_concurrency.lockutils [None req-2754d22b-c6ff-466f-b228-b668660f2478 tempest-DeleteServersAdminTestJSON-200805338 tempest-DeleteServersAdminTestJSON-200805338-project] Lock "c7125d29-a14e-433f-b28a-e52bf2e17294" released by "nova.context.set_target_cell..get_or_set_cached_cell_and_set_connections" :: held 0.000s {{(pid=124424) inner /usr/local/lib/python3.8/dist-packages/oslo_concurrency/lockutils.py:367}}
Jan 06 09:50:15.732642 n-d-xena-1 devstack@n-api.service[124424]: DEBUG nova.policy [None req-2754d22b-c6ff-466f-b228-b668660f2478 tempest-DeleteServersAdminTestJSON-200805338 tempest-DeleteServersAdminTestJSON-200805338-project] Policy check for os_compute_api:os-extended-server-attributes failed with credentials {'is_admin': False, 'user_id': '0e4b2efbf6224d228ac512d7cca96374', 'user_domain_id': 'default', 'system_scope': None, 'domain_id': None, 'project_id': '46de89d0c3b4432fb3dbefa7d1b74a8d', 'project_domain_id': 'default', 'roles': ['member', 'reader'], 'is_admin_project': True, 'service_user_id': None, 'service_user_domain_id': None, 'service_project_id': None, 'service_project_domain_id': None, 'service_roles': []} {{(pid=124424) authorize /opt/stack/nova/nova/policy.py:199}}
Jan 06 09:50:15.744130 n-d-xena-1 devstack@n-api.service[124424]: INFO nova.api.openstack.requestlog [None req-2754d22b-c6ff-466f-b228-b668660f2478 tempest-DeleteServersAdminTestJSON-200805338 tempest-DeleteServersAdminTestJSON-200805338-project] 10.222.0.11 "GET /compute/v2.1/servers/87be72ab-6509-4264-914e-2ec5920e9441" status: 200 len: 1319 microversion: 2.1 time: 0.218794
Jan 06 09:50:15.744989 n-d-xena-1 devstack@n-api.service[124424]: [pid: 124424|app: 0|req: 115/207] 10.222.0.11 () {58 vars in 1235 bytes} [Thu Jan 6 09:50:15 2022] GET /compute/v2.1/servers/87be72ab-6509-4264-914e-2ec5920e9441 => generated 1319 bytes in 220 msecs (HTTP/1.1 200) 9 headers in 358 bytes (1 switches on core 0)
Jan 06 09:50:15.759739 n-d-xena-1 devstack@n-api.service[124424]: DEBUG nova.api.openstack.wsgi [None req-366ef19b-62b3-46aa-9745-d4db3b9b0ae3 tempest-ServersWithSpecificFlavorTestJSON-1031198432 tempest-ServersWithSpecificFlavorTestJSON-1031198432-project-admin] Calling method '>' {{(pid=124424) _process_stack /opt/stack/nova/nova/api/openstack/wsgi.py:513}}
Jan 06 09:50:15.769428 n-d-xena-1 devstack@n-api.service[124424]: INFO nova.api.openstack.requestlog [None req-366ef19b-62b3-46aa-9745-d4db3b9b0ae3 tempest-ServersWithSpecificFlavorTestJSON-1031198432 tempest-ServersWithSpecificFlavorTestJSON-1031198432-project-admin] 10.222.0.11 "GET /compute/v2.1/flavors/452/os-extra_specs" status: 200 len: 19 microversion: 2.1 time: 0.012299
Jan 06 09:50:15.769428 n-d-xena-1 devstack@n-api.service[124424]: [pid: 124424|app: 0|req: 116/208] 10.222.0.11 () {58 vars in 1181 bytes} [Thu Jan 6 09:50:15 2022] GET /compute/v2.1/flavors/452/os-extra_specs => generated 19 bytes in 13 msecs (HTTP/1.1 200) 9 headers in 356 bytes (1 switches on core 0)
Jan 06 09:50:15.773448 n-d-xena-1 devstack@n-api.service[124424]: DEBUG nova.api.openstack.wsgi [None req-b6f86306-ed55-4ccc-bc98-42b57ad7b7e0 tempest-LiveMigrationNegativeTest-1552229879 tempest-LiveMigrationNegativeTest-1552229879-project] Calling method '>' {{(pid=124424) _process_stack /opt/stack/nova/nova/api/openstack/wsgi.py:513}}
Jan 06 09:50:15.774041 n-d-xena-1 devstack@n-api.service[124424]: DEBUG nova.compute.api [None req-b6f86306-ed55-4ccc-bc98-42b57ad7b7e0 tempest-LiveMigrationNegativeTest-1552229879 tempest-LiveMigrationNegativeTest-1552229879-project] [instance: dea2e96e-2f75-4360-9331-7fa951e38c07] Fetching instance by UUID {{(pid=124424) get /opt/stack/nova/nova/compute/api.py:2863}}
Jan 06 09:50:15.779857 n-d-xena-1 devstack@n-api.service[124424]: DEBUG oslo_concurrency.lockutils [None req-b6f86306-ed55-4ccc-bc98-42b57ad7b7e0 tempest-LiveMigrationNegativeTest-1552229879 tempest-LiveMigrationNegativeTest-1552229879-project] Lock "c7125d29-a14e-433f-b28a-e52bf2e17294" acquired by "nova.context.set_target_cell..get_or_set_cached_cell_and_set_connections" :: waited 0.000s {{(pid=124424) inner /usr/local/lib/python3.8/dist-packages/oslo_concurrency/lockutils.py:355}}
Jan 06 09:50:15.780207 n-d-xena-1 devstack@n-api.service[124424]: DEBUG oslo_concurrency.lockutils [None req-b6f86306-ed55-4ccc-bc98-42b57ad7b7e0 tempest-LiveMigrationNegativeTest-1552229879 tempest-LiveMigrationNegativeTest-1552229879-project] Lock "c7125d29-a14e-433f-b28a-e52bf2e17294" released by "nova.context.set_target_cell..get_or_set_cached_cell_and_set_connections" :: held 0.000s {{(pid=124424) inner /usr/local/lib/python3.8/dist-packages/oslo_concurrency/lockutils.py:367}}
Jan 06 09:50:15.781008 n-d-xena-1 devstack@n-api.service[124424]: DEBUG oslo_concurrency.lockutils [None req-b6f86306-ed55-4ccc-bc98-42b57ad7b7e0 tempest-LiveMigrationNegativeTest-1552229879 tempest-LiveMigrationNegativeTest-1552229879-project] Lock "c7125d29-a14e-433f-b28a-e52bf2e17294" acquired by "nova.context.set_target_cell..get_or_set_cached_cell_and_set_connections" :: waited 0.000s {{(pid=124424) inner /usr/local/lib/python3.8/dist-packages/oslo_concurrency/lockutils.py:355}}
Jan 06 09:50:15.781363 n-d-xena-1 devstack@n-api.service[124424]: DEBUG oslo_concurrency.lockutils [None req-b6f86306-ed55-4ccc-bc98-42b57ad7b7e0 tempest-LiveMigrationNegativeTest-1552229879 tempest-LiveMigrationNegativeTest-1552229879-project] Lock "c7125d29-a14e-433f-b28a-e52bf2e17294" released by "nova.context.set_target_cell..get_or_set_cached_cell_and_set_connections" :: held 0.000s {{(pid=124424) inner /usr/local/lib/python3.8/dist-packages/oslo_concurrency/lockutils.py:367}}
Jan 06 09:50:15.878434 n-d-xena-1 devstack@n-api.service[124423]: INFO nova.api.openstack.requestlog [None req-39603da9-04a8-4996-ab9b-ce69303c26f6 tempest-AggregatesAdminTestJSON-922982001 tempest-AggregatesAdminTestJSON-922982001-project-admin] 10.222.0.11 "GET /compute/v2.1/servers/9f5f6b98-8a5e-44dc-84e6-8443baf643e9" status: 200 len: 1634 microversion: 2.1 time: 0.507990
Jan 06 09:50:15.879318 n-d-xena-1 devstack@n-api.service[124423]: [pid: 124423|app: 0|req: 93/209] 10.222.0.11 () {58 vars in 1235 bytes} [Thu Jan 6 09:50:15 2022] GET /compute/v2.1/servers/9f5f6b98-8a5e-44dc-84e6-8443baf643e9 => generated 1634 bytes in 509 msecs (HTTP/1.1 200) 9 headers in 358 bytes (2 switches on core 0)
Jan 06 09:50:15.884667 n-d-xena-1 devstack@n-api.service[124423]: DEBUG nova.api.openstack.wsgi [None req-bef192a9-3f03-4301-a304-03011a52af80 tempest-ServersWithSpecificFlavorTestJSON-1031198432 tempest-ServersWithSpecificFlavorTestJSON-1031198432-project-admin] Action: 'create', calling method: >, body: {"flavor": {"ram": 1024, "vcpus": 1, "disk": 1, "name": "tempest-flavor_with_ephemeral_0-2027872734", "id": 2025174576, "OS-FLV-EXT-DATA:ephemeral": 0, "os-flavor-access:is_public": "True"}} {{(pid=124423) _process_stack /opt/stack/nova/nova/api/openstack/wsgi.py:511}}
Jan 06 09:50:15.891025 n-d-xena-1 devstack@n-api.service[124423]: /usr/local/lib/python3.8/dist-packages/oslo_policy/policy.py:1075: UserWarning: Policy os_compute_api:os-flavor-manage:create failed scope check. The token used to make the request was project scoped but the policy requires ['system'] scope. This behavior may change in the future where using the intended scope is required
Jan 06 09:50:15.891025 n-d-xena-1 devstack@n-api.service[124423]: warnings.warn(msg)
Jan 06 09:50:15.988249 n-d-xena-1 devstack@n-api.service[124423]: INFO nova.api.openstack.requestlog [None req-bef192a9-3f03-4301-a304-03011a52af80 tempest-ServersWithSpecificFlavorTestJSON-1031198432 tempest-ServersWithSpecificFlavorTestJSON-1031198432-project-admin] 10.222.0.11 "POST /compute/v2.1/flavors" status: 200 len: 425 microversion: 2.1 time: 0.105768
Jan 06 09:50:15.988763 n-d-xena-1 devstack@n-api.service[124424]: DEBUG nova.policy [None req-b6f86306-ed55-4ccc-bc98-42b57ad7b7e0 tempest-LiveMigrationNegativeTest-1552229879 tempest-LiveMigrationNegativeTest-1552229879-project] Policy check for os_compute_api:os-extended-server-attributes failed with credentials {'is_admin': False, 'user_id': 'c92ff8ad810c417998670ecf8dc7823b', 'user_domain_id': 'default', 'system_scope': None, 'domain_id': None, 'project_id': '3f4076694527462e8d9a1391a38d6352', 'project_domain_id': 'default', 'roles': ['member', 'reader'], 'is_admin_project': True, 'service_user_id': None, 'service_user_domain_id': None, 'service_project_id': None, 'service_project_domain_id': None, 'service_roles': []} {{(pid=124424) authorize /opt/stack/nova/nova/policy.py:199}}
Jan 06 09:50:15.995287 n-d-xena-1 devstack@n-api.service[124423]: [pid: 124423|app: 0|req: 94/210] 10.222.0.11 () {60 vars in 1146 bytes} [Thu Jan 6 09:50:15 2022] POST /compute/v2.1/flavors => generated 425 bytes in 115 msecs (HTTP/1.1 200) 9 headers in 357 bytes (1 switches on core 0)
Jan 06 09:50:15.996746 n-d-xena-1 devstack@n-api.service[124424]: INFO nova.api.openstack.requestlog [None req-b6f86306-ed55-4ccc-bc98-42b57ad7b7e0 tempest-LiveMigrationNegativeTest-1552229879 tempest-LiveMigrationNegativeTest-1552229879-project] 10.222.0.11 "GET /compute/v2.1/servers/dea2e96e-2f75-4360-9331-7fa951e38c07" status: 200 len: 1319 microversion: 2.1 time: 0.227474
Jan 06 09:50:15.998487 n-d-xena-1 devstack@n-api.service[124424]: [pid: 124424|app: 0|req: 117/211] 10.222.0.11 () {58 vars in 1235 bytes} [Thu Jan 6 09:50:15 2022] GET /compute/v2.1/servers/dea2e96e-2f75-4360-9331-7fa951e38c07 => generated 1319 bytes in 230 msecs (HTTP/1.1 200) 9 headers in 358 bytes (1 switches on core 0)
Jan 06 09:50:16.003122 n-d-xena-1 devstack@n-api.service[124424]: DEBUG nova.api.openstack.wsgi [None req-b31a2c96-b170-4c07-b3b1-d03261593408 tempest-ServersWithSpecificFlavorTestJSON-1031198432 tempest-ServersWithSpecificFlavorTestJSON-1031198432-project-admin] Calling method '>' {{(pid=124424) _process_stack /opt/stack/nova/nova/api/openstack/wsgi.py:513}}
Jan 06 09:50:16.004748 n-d-xena-1 devstack@n-api.service[124423]: DEBUG nova.api.openstack.wsgi [None req-9a06017c-289b-4147-9e2f-d6a8c80f938a tempest-AggregatesAdminTestJSON-922982001 tempest-AggregatesAdminTestJSON-922982001-project-admin] Action: 'action', calling method: >, body: {"remove_host": {"host": "n-h1-xena-1"}} {{(pid=124423) _process_stack /opt/stack/nova/nova/api/openstack/wsgi.py:511}}
Jan 06 09:50:16.008342 n-d-xena-1 devstack@n-api.service[124423]: /usr/local/lib/python3.8/dist-packages/oslo_policy/policy.py:1075: UserWarning: Policy os_compute_api:os-aggregates:remove_host failed scope check. The token used to make the request was project scoped but the policy requires ['system'] scope. This behavior may change in the future where using the intended scope is required
Jan 06 09:50:16.008342 n-d-xena-1 devstack@n-api.service[124423]: warnings.warn(msg)
Jan 06 09:50:16.013873 n-d-xena-1 devstack@n-api.service[124424]: INFO nova.api.openstack.requestlog [None req-b31a2c96-b170-4c07-b3b1-d03261593408 tempest-ServersWithSpecificFlavorTestJSON-1031198432 tempest-ServersWithSpecificFlavorTestJSON-1031198432-project-admin] 10.222.0.11 "GET /compute/v2.1/flavors/452/os-extra_specs" status: 200 len: 19 microversion: 2.1 time: 0.014224
Jan 06 09:50:16.014957 n-d-xena-1 devstack@n-api.service[124424]: [pid: 124424|app: 0|req: 118/212] 10.222.0.11 () {58 vars in 1181 bytes} [Thu Jan 6 09:50:15 2022] GET /compute/v2.1/flavors/452/os-extra_specs => generated 19 bytes in 16 msecs (HTTP/1.1 200) 9 headers in 356 bytes (1 switches on core 0)
Jan 06 09:50:16.027612 n-d-xena-1 devstack@n-api.service[124424]: DEBUG nova.api.openstack.wsgi [None req-e3d414c5-4188-4da4-a2eb-2003f6bdbb3d tempest-ServersWithSpecificFlavorTestJSON-1123483516 tempest-ServersWithSpecificFlavorTestJSON-1123483516-project] Action: 'create', calling method: .version_select at 0x7f3d525abc10>, body: {"keypair": {"name": "tempest-keypair-123750883"}} {{(pid=124424) _process_stack /opt/stack/nova/nova/api/openstack/wsgi.py:511}}
Jan 06 09:50:16.042949 n-d-xena-1 devstack@n-api.service[124423]: DEBUG oslo_concurrency.lockutils [None req-9a06017c-289b-4147-9e2f-d6a8c80f938a tempest-AggregatesAdminTestJSON-922982001 tempest-AggregatesAdminTestJSON-922982001-project-admin] Lock "c7125d29-a14e-433f-b28a-e52bf2e17294" acquired by "nova.context.set_target_cell..get_or_set_cached_cell_and_set_connections" :: waited 0.000s {{(pid=124423) inner /usr/local/lib/python3.8/dist-packages/oslo_concurrency/lockutils.py:355}}
Jan 06 09:50:16.043397 n-d-xena-1 devstack@n-api.service[124423]: DEBUG oslo_concurrency.lockutils [None req-9a06017c-289b-4147-9e2f-d6a8c80f938a tempest-AggregatesAdminTestJSON-922982001 tempest-AggregatesAdminTestJSON-922982001-project-admin] Lock "c7125d29-a14e-433f-b28a-e52bf2e17294" released by "nova.context.set_target_cell..get_or_set_cached_cell_and_set_connections" :: held 0.001s {{(pid=124423) inner /usr/local/lib/python3.8/dist-packages/oslo_concurrency/lockutils.py:367}}
Jan 06 09:50:16.057910 n-d-xena-1 devstack@n-api.service[124424]: DEBUG nova.quota [None req-e3d414c5-4188-4da4-a2eb-2003f6bdbb3d tempest-ServersWithSpecificFlavorTestJSON-1123483516 tempest-ServersWithSpecificFlavorTestJSON-1123483516-project] Getting quotas for project 9376d6d57adf4f3eaa753c380eeb703e. Resources: {'key_pairs'} {{(pid=124424) _get_quotas /opt/stack/nova/nova/quota.py:387}}
Jan 06 09:50:16.063245 n-d-xena-1 devstack@n-api.service[124424]: DEBUG nova.quota [None req-e3d414c5-4188-4da4-a2eb-2003f6bdbb3d tempest-ServersWithSpecificFlavorTestJSON-1123483516 tempest-ServersWithSpecificFlavorTestJSON-1123483516-project] Getting quotas for user e455c7cc893b4f36ae442a127d9e1b03 and project 9376d6d57adf4f3eaa753c380eeb703e. Resources: {'key_pairs'} {{(pid=124424) _get_quotas /opt/stack/nova/nova/quota.py:377}}
Jan 06 09:50:16.319692 n-d-xena-1 devstack@n-api.service[124423]: INFO nova.api.openstack.requestlog [None req-9a06017c-289b-4147-9e2f-d6a8c80f938a tempest-AggregatesAdminTestJSON-922982001 tempest-AggregatesAdminTestJSON-922982001-project-admin] 10.222.0.11 "POST /compute/v2.1/os-aggregates/4/action" status: 200 len: 296 microversion: 2.1 time: 0.322718
Jan 06 09:50:16.326346 n-d-xena-1 devstack@n-api.service[124423]: [pid: 124423|app: 0|req: 95/213] 10.222.0.11 () {60 vars in 1190 bytes} [Thu Jan 6 09:50:15 2022] POST /compute/v2.1/os-aggregates/4/action => generated 296 bytes in 330 msecs (HTTP/1.1 200) 9 headers in 357 bytes (1 switches on core 0)
Jan 06 09:50:16.332242 n-d-xena-1 devstack@n-api.service[124423]: DEBUG nova.api.openstack.wsgi [None req-4a04e8ec-361c-435b-9df3-4ae7177b84d2 tempest-AggregatesAdminTestJSON-922982001 tempest-AggregatesAdminTestJSON-922982001-project-admin] Calling method '>' {{(pid=124423) _process_stack /opt/stack/nova/nova/api/openstack/wsgi.py:513}}
Jan 06 09:50:16.332997 n-d-xena-1 devstack@n-api.service[124423]: /usr/local/lib/python3.8/dist-packages/oslo_policy/policy.py:1075: UserWarning: Policy os_compute_api:os-aggregates:delete failed scope check. The token used to make the request was project scoped but the policy requires ['system'] scope. This behavior may change in the future where using the intended scope is required
Jan 06 09:50:16.332997 n-d-xena-1 devstack@n-api.service[124423]: warnings.warn(msg)
Jan 06 09:50:16.437026 n-d-xena-1 devstack@n-api.service[124423]: INFO nova.api.openstack.requestlog [None req-4a04e8ec-361c-435b-9df3-4ae7177b84d2 tempest-AggregatesAdminTestJSON-922982001 tempest-AggregatesAdminTestJSON-922982001-project-admin] 10.222.0.11 "DELETE /compute/v2.1/os-aggregates/4" status: 200 len: 0 microversion: 2.1 time: 0.109119
Jan 06 09:50:16.444755 n-d-xena-1 devstack@n-api.service[124423]: [pid: 124423|app: 0|req: 96/214] 10.222.0.11 () {58 vars in 1151 bytes} [Thu Jan 6 09:50:16 2022] DELETE /compute/v2.1/os-aggregates/4 => generated 0 bytes in 118 msecs (HTTP/1.1 200) 9 headers in 355 bytes (1 switches on core 0)
Jan 06 09:50:16.449363 n-d-xena-1 devstack@n-api.service[124423]: DEBUG nova.api.openstack.wsgi [None req-f957b70b-ee54-45a7-89c1-82ba201e194c tempest-AggregatesAdminTestJSON-922982001 tempest-AggregatesAdminTestJSON-922982001-project-admin] Action: 'create', calling method: >, body: {"aggregate": {"name": "tempest-test_aggregate-949781102"}} {{(pid=124423) _process_stack /opt/stack/nova/nova/api/openstack/wsgi.py:511}}
Jan 06 09:50:16.450671 n-d-xena-1 devstack@n-api.service[124423]: /usr/local/lib/python3.8/dist-packages/oslo_policy/policy.py:1075: UserWarning: Policy os_compute_api:os-aggregates:create failed scope check. The token used to make the request was project scoped but the policy requires ['system'] scope. This behavior may change in the future where using the intended scope is required
Jan 06 09:50:16.450671 n-d-xena-1 devstack@n-api.service[124423]: warnings.warn(msg)
Jan 06 09:50:16.451853 n-d-xena-1 devstack@n-api.service[124423]: DEBUG nova.objects.aggregate [None req-f957b70b-ee54-45a7-89c1-82ba201e194c tempest-AggregatesAdminTestJSON-922982001 tempest-AggregatesAdminTestJSON-922982001-project-admin] Generated uuid 7313a081-6c96-487a-a278-4922e49fdfb6 for aggregate {{(pid=124423) create /opt/stack/nova/nova/objects/aggregate.py:298}}
Jan 06 09:50:16.545471 n-d-xena-1 devstack@n-api.service[124424]: DEBUG nova.quota [None req-e3d414c5-4188-4da4-a2eb-2003f6bdbb3d tempest-ServersWithSpecificFlavorTestJSON-1123483516 tempest-ServersWithSpecificFlavorTestJSON-1123483516-project] Getting quotas for project 9376d6d57adf4f3eaa753c380eeb703e. Resources: {'key_pairs'} {{(pid=124424) _get_quotas /opt/stack/nova/nova/quota.py:387}}
Jan 06 09:50:16.551763 n-d-xena-1 devstack@n-api.service[124424]: DEBUG nova.quota [None req-e3d414c5-4188-4da4-a2eb-2003f6bdbb3d tempest-ServersWithSpecificFlavorTestJSON-1123483516 tempest-ServersWithSpecificFlavorTestJSON-1123483516-project] Getting quotas for user e455c7cc893b4f36ae442a127d9e1b03 and project 9376d6d57adf4f3eaa753c380eeb703e. Resources: {'key_pairs'} {{(pid=124424) _get_quotas /opt/stack/nova/nova/quota.py:377}}
Jan 06 09:50:16.568896 n-d-xena-1 devstack@n-api.service[124424]: INFO nova.api.openstack.requestlog [None req-e3d414c5-4188-4da4-a2eb-2003f6bdbb3d tempest-ServersWithSpecificFlavorTestJSON-1123483516 tempest-ServersWithSpecificFlavorTestJSON-1123483516-project] 10.222.0.11 "POST /compute/v2.1/os-keypairs" status: 200 len: 2304 microversion: 2.1 time: 0.547816
Jan 06 09:50:16.574768 n-d-xena-1 devstack@n-api.service[124424]: [pid: 124424|app: 0|req: 119/215] 10.222.0.11 () {60 vars in 1157 bytes} [Thu Jan 6 09:50:16 2022] POST /compute/v2.1/os-keypairs => generated 2304 bytes in 550 msecs (HTTP/1.1 200) 9 headers in 358 bytes (2 switches on core 0)
Jan 06 09:50:16.589384 n-d-xena-1 devstack@n-api.service[124423]: INFO nova.api.openstack.requestlog [None req-f957b70b-ee54-45a7-89c1-82ba201e194c tempest-AggregatesAdminTestJSON-922982001 tempest-AggregatesAdminTestJSON-922982001-project-admin] 10.222.0.11 "POST /compute/v2.1/os-aggregates" status: 200 len: 197 microversion: 2.1 time: 0.143522
Jan 06 09:50:16.595558 n-d-xena-1 devstack@n-api.service[124423]: [pid: 124423|app: 0|req: 97/216] 10.222.0.11 () {60 vars in 1163 bytes} [Thu Jan 6 09:50:16 2022] POST /compute/v2.1/os-aggregates => generated 197 bytes in 145 msecs (HTTP/1.1 200) 9 headers in 357 bytes (1 switches on core 0)
Jan 06 09:50:16.607251 n-d-xena-1 devstack@n-api.service[124424]: DEBUG nova.api.openstack.wsgi [None req-51ae3efa-3191-4a73-b2e9-4632310a7c93 tempest-AggregatesAdminTestJSON-922982001 tempest-AggregatesAdminTestJSON-922982001-project-admin] Action: 'action', calling method: >, body: {"add_host": {"host": "n-h1-xena-1"}} {{(pid=124424) _process_stack /opt/stack/nova/nova/api/openstack/wsgi.py:511}}
Jan 06 09:50:16.608050 n-d-xena-1 devstack@n-api.service[124424]: /usr/local/lib/python3.8/dist-packages/oslo_policy/policy.py:1075: UserWarning: Policy os_compute_api:os-aggregates:add_host failed scope check. The token used to make the request was project scoped but the policy requires ['system'] scope. This behavior may change in the future where using the intended scope is required
Jan 06 09:50:16.608050 n-d-xena-1 devstack@n-api.service[124424]: warnings.warn(msg)
Jan 06 09:50:16.617627 n-d-xena-1 devstack@n-api.service[124424]: DEBUG oslo_concurrency.lockutils [None req-51ae3efa-3191-4a73-b2e9-4632310a7c93 tempest-AggregatesAdminTestJSON-922982001 tempest-AggregatesAdminTestJSON-922982001-project-admin] Lock "c7125d29-a14e-433f-b28a-e52bf2e17294" acquired by "nova.context.set_target_cell..get_or_set_cached_cell_and_set_connections" :: waited 0.000s {{(pid=124424) inner /usr/local/lib/python3.8/dist-packages/oslo_concurrency/lockutils.py:355}}
Jan 06 09:50:16.629480 n-d-xena-1 devstack@n-api.service[124424]: DEBUG oslo_concurrency.lockutils [None req-51ae3efa-3191-4a73-b2e9-4632310a7c93 tempest-AggregatesAdminTestJSON-922982001 tempest-AggregatesAdminTestJSON-922982001-project-admin] Lock "c7125d29-a14e-433f-b28a-e52bf2e17294" released by "nova.context.set_target_cell..get_or_set_cached_cell_and_set_connections" :: held 0.001s {{(pid=124424) inner /usr/local/lib/python3.8/dist-packages/oslo_concurrency/lockutils.py:367}}
Jan 06 09:50:16.763004 n-d-xena-1 devstack@n-api.service[124423]: DEBUG nova.api.openstack.wsgi [None req-642d6c2d-721d-4c20-bcd7-f308c4bdaa0a tempest-DeleteServersAdminTestJSON-200805338 tempest-DeleteServersAdminTestJSON-200805338-project] Calling method '>' {{(pid=124423) _process_stack /opt/stack/nova/nova/api/openstack/wsgi.py:513}}
Jan 06 09:50:16.765990 n-d-xena-1 devstack@n-api.service[124423]: DEBUG nova.compute.api [None req-642d6c2d-721d-4c20-bcd7-f308c4bdaa0a tempest-DeleteServersAdminTestJSON-200805338 tempest-DeleteServersAdminTestJSON-200805338-project] [instance: 87be72ab-6509-4264-914e-2ec5920e9441] Fetching instance by UUID {{(pid=124423) get /opt/stack/nova/nova/compute/api.py:2863}}
Jan 06 09:50:16.774107 n-d-xena-1 devstack@n-api.service[124423]: DEBUG oslo_concurrency.lockutils [None req-642d6c2d-721d-4c20-bcd7-f308c4bdaa0a tempest-DeleteServersAdminTestJSON-200805338 tempest-DeleteServersAdminTestJSON-200805338-project] Lock "c7125d29-a14e-433f-b28a-e52bf2e17294" acquired by "nova.context.set_target_cell..get_or_set_cached_cell_and_set_connections" :: waited 0.000s {{(pid=124423) inner /usr/local/lib/python3.8/dist-packages/oslo_concurrency/lockutils.py:355}}
Jan 06 09:50:16.774812 n-d-xena-1 devstack@n-api.service[124423]: DEBUG oslo_concurrency.lockutils [None req-642d6c2d-721d-4c20-bcd7-f308c4bdaa0a tempest-DeleteServersAdminTestJSON-200805338 tempest-DeleteServersAdminTestJSON-200805338-project] Lock "c7125d29-a14e-433f-b28a-e52bf2e17294" released by "nova.context.set_target_cell..get_or_set_cached_cell_and_set_connections" :: held 0.001s {{(pid=124423) inner /usr/local/lib/python3.8/dist-packages/oslo_concurrency/lockutils.py:367}}
Jan 06 09:50:16.775640 n-d-xena-1 devstack@n-api.service[124423]: DEBUG oslo_concurrency.lockutils [None req-642d6c2d-721d-4c20-bcd7-f308c4bdaa0a tempest-DeleteServersAdminTestJSON-200805338 tempest-DeleteServersAdminTestJSON-200805338-project] Lock "c7125d29-a14e-433f-b28a-e52bf2e17294" acquired by "nova.context.set_target_cell..get_or_set_cached_cell_and_set_connections" :: waited 0.000s {{(pid=124423) inner /usr/local/lib/python3.8/dist-packages/oslo_concurrency/lockutils.py:355}}
Jan 06 09:50:16.776167 n-d-xena-1 devstack@n-api.service[124423]: DEBUG oslo_concurrency.lockutils [None req-642d6c2d-721d-4c20-bcd7-f308c4bdaa0a tempest-DeleteServersAdminTestJSON-200805338 tempest-DeleteServersAdminTestJSON-200805338-project] Lock "c7125d29-a14e-433f-b28a-e52bf2e17294" released by "nova.context.set_target_cell..get_or_set_cached_cell_and_set_connections" :: held 0.000s {{(pid=124423) inner /usr/local/lib/python3.8/dist-packages/oslo_concurrency/lockutils.py:367}}
Jan 06 09:50:16.982752 n-d-xena-1 devstack@n-api.service[124424]: INFO nova.api.openstack.requestlog [None req-51ae3efa-3191-4a73-b2e9-4632310a7c93 tempest-AggregatesAdminTestJSON-922982001 tempest-AggregatesAdminTestJSON-922982001-project-admin] 10.222.0.11 "POST /compute/v2.1/os-aggregates/9/action" status: 200 len: 239 microversion: 2.1 time: 0.381242
Jan 06 09:50:16.983966 n-d-xena-1 devstack@n-api.service[124424]: [pid: 124424|app: 0|req: 120/217] 10.222.0.11 () {60 vars in 1190 bytes} [Thu Jan 6 09:50:16 2022] POST /compute/v2.1/os-aggregates/9/action => generated 239 bytes in 384 msecs (HTTP/1.1 200) 9 headers in 357 bytes (2 switches on core 0)
Jan 06 09:50:16.996070 n-d-xena-1 devstack@n-api.service[124424]: DEBUG nova.api.openstack.wsgi [req-2bd82a0d-7ece-4c4f-9c07-a7b76dd282e4 req-381d31ee-f8f0-4132-b16a-7dca329fe09a service nova] Action: 'create', calling method: >, body: {"events": [{"server_uuid": "dea2e96e-2f75-4360-9331-7fa951e38c07", "name": "network-vif-plugged", "status": "completed", "tag": "727d8809-7863-4243-8c66-4879dfa375c5"}]} {{(pid=124424) _process_stack /opt/stack/nova/nova/api/openstack/wsgi.py:511}}
Jan 06 09:50:17.001524 n-d-xena-1 devstack@n-api.service[124424]: /usr/local/lib/python3.8/dist-packages/oslo_policy/policy.py:1075: UserWarning: Policy os_compute_api:os-server-external-events:create failed scope check. The token used to make the request was project scoped but the policy requires ['system'] scope. This behavior may change in the future where using the intended scope is required
Jan 06 09:50:17.001524 n-d-xena-1 devstack@n-api.service[124424]: warnings.warn(msg)
Jan 06 09:50:17.024363 n-d-xena-1 devstack@n-api.service[124424]: DEBUG oslo_concurrency.lockutils [req-2bd82a0d-7ece-4c4f-9c07-a7b76dd282e4 req-381d31ee-f8f0-4132-b16a-7dca329fe09a service nova] Lock "c7125d29-a14e-433f-b28a-e52bf2e17294" acquired by "nova.context.set_target_cell..get_or_set_cached_cell_and_set_connections" :: waited 0.000s {{(pid=124424) inner /usr/local/lib/python3.8/dist-packages/oslo_concurrency/lockutils.py:355}}
Jan 06 09:50:17.025049 n-d-xena-1 devstack@n-api.service[124424]: DEBUG oslo_concurrency.lockutils [req-2bd82a0d-7ece-4c4f-9c07-a7b76dd282e4 req-381d31ee-f8f0-4132-b16a-7dca329fe09a service nova] Lock "c7125d29-a14e-433f-b28a-e52bf2e17294" released by "nova.context.set_target_cell..get_or_set_cached_cell_and_set_connections" :: held 0.001s {{(pid=124424) inner /usr/local/lib/python3.8/dist-packages/oslo_concurrency/lockutils.py:367}}
Jan 06 09:50:17.030532 n-d-xena-1 devstack@n-api.service[124423]: DEBUG nova.policy [None req-642d6c2d-721d-4c20-bcd7-f308c4bdaa0a tempest-DeleteServersAdminTestJSON-200805338 tempest-DeleteServersAdminTestJSON-200805338-project] Policy check for os_compute_api:os-extended-server-attributes failed with credentials {'is_admin': False, 'user_id': '0e4b2efbf6224d228ac512d7cca96374', 'user_domain_id': 'default', 'system_scope': None, 'domain_id': None, 'project_id': '46de89d0c3b4432fb3dbefa7d1b74a8d', 'project_domain_id': 'default', 'roles': ['member', 'reader'], 'is_admin_project': True, 'service_user_id': None, 'service_user_domain_id': None, 'service_project_id': None, 'service_project_domain_id': None, 'service_roles': []} {{(pid=124423) authorize /opt/stack/nova/nova/policy.py:199}}
Jan 06 09:50:17.039004 n-d-xena-1 devstack@n-api.service[124423]: INFO nova.api.openstack.requestlog [None req-642d6c2d-721d-4c20-bcd7-f308c4bdaa0a tempest-DeleteServersAdminTestJSON-200805338 tempest-DeleteServersAdminTestJSON-200805338-project] 10.222.0.11 "GET /compute/v2.1/servers/87be72ab-6509-4264-914e-2ec5920e9441" status: 200 len: 1319 microversion: 2.1 time: 0.281158
Jan 06 09:50:17.044330 n-d-xena-1 devstack@n-api.service[124423]: [pid: 124423|app: 0|req: 98/218] 10.222.0.11 () {58 vars in 1235 bytes} [Thu Jan 6 09:50:16 2022] GET /compute/v2.1/servers/87be72ab-6509-4264-914e-2ec5920e9441 => generated 1319 bytes in 287 msecs (HTTP/1.1 200) 9 headers in 358 bytes (1 switches on core 0)
Jan 06 09:50:17.048970 n-d-xena-1 devstack@n-api.service[124423]: DEBUG nova.api.openstack.wsgi [None req-0c3078bd-c525-43b8-94ad-4f09692deb48 tempest-AggregatesAdminTestJSON-922982001 tempest-AggregatesAdminTestJSON-922982001-project-admin] Calling method '>' {{(pid=124423) _process_stack /opt/stack/nova/nova/api/openstack/wsgi.py:513}}
Jan 06 09:50:17.049917 n-d-xena-1 devstack@n-api.service[124423]: /usr/local/lib/python3.8/dist-packages/oslo_policy/policy.py:1075: UserWarning: Policy os_compute_api:os-aggregates:show failed scope check. The token used to make the request was project scoped but the policy requires ['system'] scope. This behavior may change in the future where using the intended scope is required
Jan 06 09:50:17.049917 n-d-xena-1 devstack@n-api.service[124423]: warnings.warn(msg)
Jan 06 09:50:17.056955 n-d-xena-1 devstack@n-api.service[124424]: INFO nova.api.openstack.compute.server_external_events [req-2bd82a0d-7ece-4c4f-9c07-a7b76dd282e4 req-381d31ee-f8f0-4132-b16a-7dca329fe09a service nova] Creating event network-vif-plugged:727d8809-7863-4243-8c66-4879dfa375c5 for instance dea2e96e-2f75-4360-9331-7fa951e38c07 on n-h2-xena-1
Jan 06 09:50:17.064841 n-d-xena-1 devstack@n-api.service[124424]: INFO nova.api.openstack.requestlog [req-2bd82a0d-7ece-4c4f-9c07-a7b76dd282e4 req-381d31ee-f8f0-4132-b16a-7dca329fe09a service nova] 10.222.0.11 "POST /compute/v2.1/os-server-external-events" status: 200 len: 183 microversion: 2.1 time: 0.077057
Jan 06 09:50:17.064841 n-d-xena-1 devstack@n-api.service[124424]: [pid: 124424|app: 0|req: 121/219] 10.222.0.11 () {64 vars in 1317 bytes} [Thu Jan 6 09:50:16 2022] POST /compute/v2.1/os-server-external-events => generated 183 bytes in 78 msecs (HTTP/1.1 200) 9 headers in 357 bytes (1 switches on core 0)
Jan 06 09:50:17.066992 n-d-xena-1 devstack@n-api.service[124423]: INFO nova.api.openstack.requestlog [None req-0c3078bd-c525-43b8-94ad-4f09692deb48 tempest-AggregatesAdminTestJSON-922982001 tempest-AggregatesAdminTestJSON-922982001-project-admin] 10.222.0.11 "GET /compute/v2.1/os-aggregates/9" status: 200 len: 239 microversion: 2.1 time: 0.021441
Jan 06 09:50:17.068020 n-d-xena-1 devstack@n-api.service[124423]: [pid: 124423|app: 0|req: 99/220] 10.222.0.11 () {58 vars in 1148 bytes} [Thu Jan 6 09:50:17 2022] GET /compute/v2.1/os-aggregates/9 => generated 239 bytes in 23 msecs (HTTP/1.1 200) 9 headers in 357 bytes (1 switches on core 0)
Jan 06 09:50:17.070574 n-d-xena-1 devstack@n-api.service[124424]: DEBUG nova.api.openstack.wsgi [None req-cacaccee-99e3-40a8-b3b3-bfb8c3137787 tempest-LiveMigrationNegativeTest-1552229879 tempest-LiveMigrationNegativeTest-1552229879-project] Calling method '>' {{(pid=124424) _process_stack /opt/stack/nova/nova/api/openstack/wsgi.py:513}}
Jan 06 09:50:17.071419 n-d-xena-1 devstack@n-api.service[124424]: DEBUG nova.compute.api [None req-cacaccee-99e3-40a8-b3b3-bfb8c3137787 tempest-LiveMigrationNegativeTest-1552229879 tempest-LiveMigrationNegativeTest-1552229879-project] [instance: dea2e96e-2f75-4360-9331-7fa951e38c07] Fetching instance by UUID {{(pid=124424) get /opt/stack/nova/nova/compute/api.py:2863}}
Jan 06 09:50:17.079353 n-d-xena-1 devstack@n-api.service[124424]: DEBUG oslo_concurrency.lockutils [None req-cacaccee-99e3-40a8-b3b3-bfb8c3137787 tempest-LiveMigrationNegativeTest-1552229879 tempest-LiveMigrationNegativeTest-1552229879-project] Lock "c7125d29-a14e-433f-b28a-e52bf2e17294" acquired by "nova.context.set_target_cell..get_or_set_cached_cell_and_set_connections" :: waited 0.000s {{(pid=124424) inner /usr/local/lib/python3.8/dist-packages/oslo_concurrency/lockutils.py:355}}
Jan 06 09:50:17.080123 n-d-xena-1 devstack@n-api.service[124424]: DEBUG oslo_concurrency.lockutils [None req-cacaccee-99e3-40a8-b3b3-bfb8c3137787 tempest-LiveMigrationNegativeTest-1552229879 tempest-LiveMigrationNegativeTest-1552229879-project] Lock "c7125d29-a14e-433f-b28a-e52bf2e17294" released by "nova.context.set_target_cell..get_or_set_cached_cell_and_set_connections" :: held 0.001s {{(pid=124424) inner /usr/local/lib/python3.8/dist-packages/oslo_concurrency/lockutils.py:367}}
Jan 06 09:50:17.081230 n-d-xena-1 devstack@n-api.service[124424]: DEBUG oslo_concurrency.lockutils [None req-cacaccee-99e3-40a8-b3b3-bfb8c3137787 tempest-LiveMigrationNegativeTest-1552229879 tempest-LiveMigrationNegativeTest-1552229879-project] Lock "c7125d29-a14e-433f-b28a-e52bf2e17294" acquired by "nova.context.set_target_cell..get_or_set_cached_cell_and_set_connections" :: waited 0.000s {{(pid=124424) inner /usr/local/lib/python3.8/dist-packages/oslo_concurrency/lockutils.py:355}}
Jan 06 09:50:17.081857 n-d-xena-1 devstack@n-api.service[124424]: DEBUG oslo_concurrency.lockutils [None req-cacaccee-99e3-40a8-b3b3-bfb8c3137787 tempest-LiveMigrationNegativeTest-1552229879 tempest-LiveMigrationNegativeTest-1552229879-project] Lock "c7125d29-a14e-433f-b28a-e52bf2e17294" released by "nova.context.set_target_cell..get_or_set_cached_cell_and_set_connections" :: held 0.001s {{(pid=124424) inner /usr/local/lib/python3.8/dist-packages/oslo_concurrency/lockutils.py:367}}
Jan 06 09:50:17.107850 n-d-xena-1 devstack@n-api.service[124423]: DEBUG nova.api.openstack.wsgi [None req-5f52f5de-0e0d-43cb-8230-f8c97f4b9736 tempest-AggregatesAdminTestJSON-922982001 tempest-AggregatesAdminTestJSON-922982001-project-admin] Action: 'action', calling method: >, body: {"remove_host": {"host": "n-h1-xena-1"}} {{(pid=124423) _process_stack /opt/stack/nova/nova/api/openstack/wsgi.py:511}}
Jan 06 09:50:17.113331 n-d-xena-1 devstack@n-api.service[124423]: /usr/local/lib/python3.8/dist-packages/oslo_policy/policy.py:1075: UserWarning: Policy os_compute_api:os-aggregates:remove_host failed scope check. The token used to make the request was project scoped but the policy requires ['system'] scope. This behavior may change in the future where using the intended scope is required
Jan 06 09:50:17.113331 n-d-xena-1 devstack@n-api.service[124423]: warnings.warn(msg)
Jan 06 09:50:17.146133 n-d-xena-1 devstack@n-api.service[124423]: DEBUG oslo_concurrency.lockutils [None req-5f52f5de-0e0d-43cb-8230-f8c97f4b9736 tempest-AggregatesAdminTestJSON-922982001 tempest-AggregatesAdminTestJSON-922982001-project-admin] Lock "c7125d29-a14e-433f-b28a-e52bf2e17294" acquired by "nova.context.set_target_cell..get_or_set_cached_cell_and_set_connections" :: waited 0.000s {{(pid=124423) inner /usr/local/lib/python3.8/dist-packages/oslo_concurrency/lockutils.py:355}}
Jan 06 09:50:17.149159 n-d-xena-1 devstack@n-api.service[124423]: DEBUG oslo_concurrency.lockutils [None req-5f52f5de-0e0d-43cb-8230-f8c97f4b9736 tempest-AggregatesAdminTestJSON-922982001 tempest-AggregatesAdminTestJSON-922982001-project-admin] Lock "c7125d29-a14e-433f-b28a-e52bf2e17294" released by "nova.context.set_target_cell..get_or_set_cached_cell_and_set_connections" :: held 0.001s {{(pid=124423) inner /usr/local/lib/python3.8/dist-packages/oslo_concurrency/lockutils.py:367}}
Jan 06 09:50:17.502682 n-d-xena-1 devstack@n-api.service[124424]: DEBUG nova.policy [None req-cacaccee-99e3-40a8-b3b3-bfb8c3137787 tempest-LiveMigrationNegativeTest-1552229879 tempest-LiveMigrationNegativeTest-1552229879-project] Policy check for os_compute_api:os-extended-server-attributes failed with credentials {'is_admin': False, 'user_id': 'c92ff8ad810c417998670ecf8dc7823b', 'user_domain_id': 'default', 'system_scope': None, 'domain_id': None, 'project_id': '3f4076694527462e8d9a1391a38d6352', 'project_domain_id': 'default', 'roles': ['member', 'reader'], 'is_admin_project': True, 'service_user_id': None, 'service_user_domain_id': None, 'service_project_id': None, 'service_project_domain_id': None, 'service_roles': []} {{(pid=124424) authorize /opt/stack/nova/nova/policy.py:199}}
Jan 06 09:50:17.514716 n-d-xena-1 devstack@n-api.service[124424]: INFO nova.api.openstack.requestlog [None req-cacaccee-99e3-40a8-b3b3-bfb8c3137787 tempest-LiveMigrationNegativeTest-1552229879 tempest-LiveMigrationNegativeTest-1552229879-project] 10.222.0.11 "GET /compute/v2.1/servers/dea2e96e-2f75-4360-9331-7fa951e38c07" status: 200 len: 1319 microversion: 2.1 time: 0.450155
Jan 06 09:50:17.515846 n-d-xena-1 devstack@n-api.service[124424]: [pid: 124424|app: 0|req: 122/221] 10.222.0.11 () {58 vars in 1235 bytes} [Thu Jan 6 09:50:17 2022] GET /compute/v2.1/servers/dea2e96e-2f75-4360-9331-7fa951e38c07 => generated 1319 bytes in 452 msecs (HTTP/1.1 200) 9 headers in 358 bytes (1 switches on core 0)
Jan 06 09:50:17.519513 n-d-xena-1 devstack@n-api.service[124423]: INFO nova.api.openstack.requestlog [None req-5f52f5de-0e0d-43cb-8230-f8c97f4b9736 tempest-AggregatesAdminTestJSON-922982001 tempest-AggregatesAdminTestJSON-922982001-project-admin] 10.222.0.11 "POST /compute/v2.1/os-aggregates/9/action" status: 200 len: 226 microversion: 2.1 time: 0.440129
Jan 06 09:50:17.519513 n-d-xena-1 devstack@n-api.service[124423]: [pid: 124423|app: 0|req: 100/222] 10.222.0.11 () {60 vars in 1190 bytes} [Thu Jan 6 09:50:17 2022] POST /compute/v2.1/os-aggregates/9/action => generated 226 bytes in 444 msecs (HTTP/1.1 200) 9 headers in 357 bytes (2 switches on core 0)
Jan 06 09:50:17.534949 n-d-xena-1 devstack@n-api.service[124424]: DEBUG nova.api.openstack.wsgi [None req-90c1584a-61e3-4c1d-9e2d-ea4304616ff8 tempest-AggregatesAdminTestJSON-922982001 tempest-AggregatesAdminTestJSON-922982001-project-admin] Calling method '>' {{(pid=124424) _process_stack /opt/stack/nova/nova/api/openstack/wsgi.py:513}}
Jan 06 09:50:17.536900 n-d-xena-1 devstack@n-api.service[124424]: /usr/local/lib/python3.8/dist-packages/oslo_policy/policy.py:1075: UserWarning: Policy os_compute_api:os-aggregates:delete failed scope check. The token used to make the request was project scoped but the policy requires ['system'] scope. This behavior may change in the future where using the intended scope is required
Jan 06 09:50:17.536900 n-d-xena-1 devstack@n-api.service[124424]: warnings.warn(msg)
Jan 06 09:50:17.702819 n-d-xena-1 devstack@n-api.service[124424]: INFO nova.api.openstack.requestlog [None req-90c1584a-61e3-4c1d-9e2d-ea4304616ff8 tempest-AggregatesAdminTestJSON-922982001 tempest-AggregatesAdminTestJSON-922982001-project-admin] 10.222.0.11 "DELETE /compute/v2.1/os-aggregates/9" status: 200 len: 0 microversion: 2.1 time: 0.172124
Jan 06 09:50:17.703598 n-d-xena-1 devstack@n-api.service[124424]: [pid: 124424|app: 0|req: 123/223] 10.222.0.11 () {58 vars in 1151 bytes} [Thu Jan 6 09:50:17 2022] DELETE /compute/v2.1/os-aggregates/9 => generated 0 bytes in 173 msecs (HTTP/1.1 200) 9 headers in 355 bytes (1 switches on core 0)
Jan 06 09:50:17.713395 n-d-xena-1 devstack@n-api.service[124423]: DEBUG nova.api.openstack.wsgi [None req-5e86ccef-2b32-4075-b357-d66e48bcaf8d tempest-AggregatesAdminNegativeTestJSON-325244836 tempest-AggregatesAdminNegativeTestJSON-325244836-project-admin] Action: 'create', calling method: >, body: {"aggregate": {"name": "tempest-test_aggregate-907843743"}} {{(pid=124423) _process_stack /opt/stack/nova/nova/api/openstack/wsgi.py:511}}
Jan 06 09:50:17.714724 n-d-xena-1 devstack@n-api.service[124423]: /usr/local/lib/python3.8/dist-packages/oslo_policy/policy.py:1075: UserWarning: Policy os_compute_api:os-aggregates:create failed scope check. The token used to make the request was project scoped but the policy requires ['system'] scope. This behavior may change in the future where using the intended scope is required
Jan 06 09:50:17.714724 n-d-xena-1 devstack@n-api.service[124423]: warnings.warn(msg)
Jan 06 09:50:17.715944 n-d-xena-1 devstack@n-api.service[124423]: DEBUG nova.objects.aggregate [None req-5e86ccef-2b32-4075-b357-d66e48bcaf8d tempest-AggregatesAdminNegativeTestJSON-325244836 tempest-AggregatesAdminNegativeTestJSON-325244836-project-admin] Generated uuid 8a8696b7-293a-40c7-88fc-1cf5dbca0a41 for aggregate {{(pid=124423) create /opt/stack/nova/nova/objects/aggregate.py:298}}
Jan 06 09:50:17.847801 n-d-xena-1 devstack@n-api.service[124423]: INFO nova.api.openstack.requestlog [None req-5e86ccef-2b32-4075-b357-d66e48bcaf8d tempest-AggregatesAdminNegativeTestJSON-325244836 tempest-AggregatesAdminNegativeTestJSON-325244836-project-admin] 10.222.0.11 "POST /compute/v2.1/os-aggregates" status: 200 len: 198 microversion: 2.1 time: 0.131897
Jan 06 09:50:17.847801 n-d-xena-1 devstack@n-api.service[124423]: [pid: 124423|app: 0|req: 101/224] 10.222.0.11 () {60 vars in 1163 bytes} [Thu Jan 6 09:50:17 2022] POST /compute/v2.1/os-aggregates => generated 198 bytes in 133 msecs (HTTP/1.1 200) 9 headers in 357 bytes (2 switches on core 0)
Jan 06 09:50:17.853706 n-d-xena-1 devstack@n-api.service[124424]: DEBUG nova.api.openstack.wsgi [None req-2931c21c-f89f-4d48-812b-1a3eac878f1f tempest-AggregatesAdminNegativeTestJSON-325244836 tempest-AggregatesAdminNegativeTestJSON-325244836-project-admin] Action: 'action', calling method: >, body: {"add_host": {"host": "n-h1-xena-1"}} {{(pid=124424) _process_stack /opt/stack/nova/nova/api/openstack/wsgi.py:511}}
Jan 06 09:50:17.854911 n-d-xena-1 devstack@n-api.service[124424]: /usr/local/lib/python3.8/dist-packages/oslo_policy/policy.py:1075: UserWarning: Policy os_compute_api:os-aggregates:add_host failed scope check. The token used to make the request was project scoped but the policy requires ['system'] scope. This behavior may change in the future where using the intended scope is required
Jan 06 09:50:17.854911 n-d-xena-1 devstack@n-api.service[124424]: warnings.warn(msg)
Jan 06 09:50:17.864829 n-d-xena-1 devstack@n-api.service[124424]: DEBUG oslo_concurrency.lockutils [None req-2931c21c-f89f-4d48-812b-1a3eac878f1f tempest-AggregatesAdminNegativeTestJSON-325244836 tempest-AggregatesAdminNegativeTestJSON-325244836-project-admin] Lock "c7125d29-a14e-433f-b28a-e52bf2e17294" acquired by "nova.context.set_target_cell..get_or_set_cached_cell_and_set_connections" :: waited 0.000s {{(pid=124424) inner /usr/local/lib/python3.8/dist-packages/oslo_concurrency/lockutils.py:355}}
Jan 06 09:50:17.865604 n-d-xena-1 devstack@n-api.service[124424]: DEBUG oslo_concurrency.lockutils [None req-2931c21c-f89f-4d48-812b-1a3eac878f1f tempest-AggregatesAdminNegativeTestJSON-325244836 tempest-AggregatesAdminNegativeTestJSON-325244836-project-admin] Lock "c7125d29-a14e-433f-b28a-e52bf2e17294" released by "nova.context.set_target_cell..get_or_set_cached_cell_and_set_connections" :: held 0.001s {{(pid=124424) inner /usr/local/lib/python3.8/dist-packages/oslo_concurrency/lockutils.py:367}}
Jan 06 09:50:18.063307 n-d-xena-1 devstack@n-api.service[124423]: DEBUG nova.api.openstack.wsgi [None req-264c0239-11b9-4379-bb4b-629ace73c832 tempest-DeleteServersAdminTestJSON-200805338 tempest-DeleteServersAdminTestJSON-200805338-project] Calling method '>' {{(pid=124423) _process_stack /opt/stack/nova/nova/api/openstack/wsgi.py:513}}
Jan 06 09:50:18.065776 n-d-xena-1 devstack@n-api.service[124423]: DEBUG nova.compute.api [None req-264c0239-11b9-4379-bb4b-629ace73c832 tempest-DeleteServersAdminTestJSON-200805338 tempest-DeleteServersAdminTestJSON-200805338-project] [instance: 87be72ab-6509-4264-914e-2ec5920e9441] Fetching instance by UUID {{(pid=124423) get /opt/stack/nova/nova/compute/api.py:2863}}
Jan 06 09:50:18.080655 n-d-xena-1 devstack@n-api.service[124423]: DEBUG oslo_concurrency.lockutils [None req-264c0239-11b9-4379-bb4b-629ace73c832 tempest-DeleteServersAdminTestJSON-200805338 tempest-DeleteServersAdminTestJSON-200805338-project] Lock "c7125d29-a14e-433f-b28a-e52bf2e17294" acquired by "nova.context.set_target_cell..get_or_set_cached_cell_and_set_connections" :: waited 0.000s {{(pid=124423) inner /usr/local/lib/python3.8/dist-packages/oslo_concurrency/lockutils.py:355}}
Jan 06 09:50:18.081117 n-d-xena-1 devstack@n-api.service[124423]: DEBUG oslo_concurrency.lockutils [None req-264c0239-11b9-4379-bb4b-629ace73c832 tempest-DeleteServersAdminTestJSON-200805338 tempest-DeleteServersAdminTestJSON-200805338-project] Lock "c7125d29-a14e-433f-b28a-e52bf2e17294" released by "nova.context.set_target_cell..get_or_set_cached_cell_and_set_connections" :: held 0.001s {{(pid=124423) inner /usr/local/lib/python3.8/dist-packages/oslo_concurrency/lockutils.py:367}}
Jan 06 09:50:18.081936 n-d-xena-1 devstack@n-api.service[124423]: DEBUG oslo_concurrency.lockutils [None req-264c0239-11b9-4379-bb4b-629ace73c832 tempest-DeleteServersAdminTestJSON-200805338 tempest-DeleteServersAdminTestJSON-200805338-project] Lock "c7125d29-a14e-433f-b28a-e52bf2e17294" acquired by "nova.context.set_target_cell..get_or_set_cached_cell_and_set_connections" :: waited 0.000s {{(pid=124423) inner /usr/local/lib/python3.8/dist-packages/oslo_concurrency/lockutils.py:355}}
Jan 06 09:50:18.082375 n-d-xena-1 devstack@n-api.service[124423]: DEBUG oslo_concurrency.lockutils [None req-264c0239-11b9-4379-bb4b-629ace73c832 tempest-DeleteServersAdminTestJSON-200805338 tempest-DeleteServersAdminTestJSON-200805338-project] Lock "c7125d29-a14e-433f-b28a-e52bf2e17294" released by "nova.context.set_target_cell..get_or_set_cached_cell_and_set_connections" :: held 0.000s {{(pid=124423) inner /usr/local/lib/python3.8/dist-packages/oslo_concurrency/lockutils.py:367}}
Jan 06 09:50:18.172662 n-d-xena-1 devstack@n-api.service[124424]: INFO nova.api.openstack.requestlog [None req-2931c21c-f89f-4d48-812b-1a3eac878f1f tempest-AggregatesAdminNegativeTestJSON-325244836 tempest-AggregatesAdminNegativeTestJSON-325244836-project-admin] 10.222.0.11 "POST /compute/v2.1/os-aggregates/10/action" status: 200 len: 240 microversion: 2.1 time: 0.323343
Jan 06 09:50:18.178507 n-d-xena-1 devstack@n-api.service[124424]: [pid: 124424|app: 0|req: 124/225] 10.222.0.11 () {60 vars in 1193 bytes} [Thu Jan 6 09:50:17 2022] POST /compute/v2.1/os-aggregates/10/action => generated 240 bytes in 330 msecs (HTTP/1.1 200) 9 headers in 357 bytes (1 switches on core 0)
Jan 06 09:50:18.183181 n-d-xena-1 devstack@n-api.service[124424]: DEBUG nova.api.openstack.wsgi [None req-e0137ac0-3e11-49c2-a0f6-1a2ecee972a4 tempest-AggregatesAdminNegativeTestJSON-30395778 tempest-AggregatesAdminNegativeTestJSON-30395778-project] Action: 'action', calling method: >, body: {"remove_host": {"host": "n-h1-xena-1"}} {{(pid=124424) _process_stack /opt/stack/nova/nova/api/openstack/wsgi.py:511}}
Jan 06 09:50:18.184516 n-d-xena-1 devstack@n-api.service[124424]: /usr/local/lib/python3.8/dist-packages/oslo_policy/policy.py:1075: UserWarning: Policy os_compute_api:os-aggregates:remove_host failed scope check. The token used to make the request was project scoped but the policy requires ['system'] scope. This behavior may change in the future where using the intended scope is required
Jan 06 09:50:18.184516 n-d-xena-1 devstack@n-api.service[124424]: warnings.warn(msg)
Jan 06 09:50:18.185843 n-d-xena-1 devstack@n-api.service[124424]: DEBUG nova.policy [None req-e0137ac0-3e11-49c2-a0f6-1a2ecee972a4 tempest-AggregatesAdminNegativeTestJSON-30395778 tempest-AggregatesAdminNegativeTestJSON-30395778-project] Policy check for os_compute_api:os-aggregates:remove_host failed with credentials {'is_admin': False, 'user_id': '81356be61bc949fba3f2f85ad55a11d7', 'user_domain_id': 'default', 'system_scope': None, 'domain_id': None, 'project_id': 'c15ad499ace942f4b5fbc6b5f4603d9b', 'project_domain_id': 'default', 'roles': ['member', 'reader'], 'is_admin_project': True, 'service_user_id': None, 'service_user_domain_id': None, 'service_project_id': None, 'service_project_domain_id': None, 'service_roles': []} {{(pid=124424) authorize /opt/stack/nova/nova/policy.py:199}}
Jan 06 09:50:18.186485 n-d-xena-1 devstack@n-api.service[124424]: DEBUG nova.api.openstack.wsgi [None req-e0137ac0-3e11-49c2-a0f6-1a2ecee972a4 tempest-AggregatesAdminNegativeTestJSON-30395778 tempest-AggregatesAdminNegativeTestJSON-30395778-project] Returning 403 to user: Policy doesn't allow os_compute_api:os-aggregates:remove_host to be performed. {{(pid=124424) __call__ /opt/stack/nova/nova/api/openstack/wsgi.py:936}}
