Jan 05 18:04:03.586197 n-d-xena-1 devstack@placement-api.service[103285]: DEBUG placement.objects.allocation_candidate [req-6d79dfe2-4bdf-4477-93b5-c8a11bc76559 req-f960b1d3-ea3f-4a3c-b497-a6f435446541 service placement] Merging candidates yields 2 allocation requests and 2 provider summaries {{(pid=103285) _merge_candidates /opt/stack/placement/placement/objects/allocation_candidate.py:783}}
Jan 05 18:04:03.591660 n-d-xena-1 devstack@placement-api.service[103285]: INFO placement.requestlog [req-6d79dfe2-4bdf-4477-93b5-c8a11bc76559 req-f960b1d3-ea3f-4a3c-b497-a6f435446541 service placement] 10.222.0.18 "GET /placement/allocation_candidates?limit=1000&resources=DISK_GB%3A1%2CMEMORY_MB%3A1024%2CVCPU%3A1&root_required=%21COMPUTE_STATUS_DISABLED" status: 200 len: 1309 microversion: 1.36
Jan 05 18:04:03.592211 n-d-xena-1 devstack@placement-api.service[103285]: [pid: 103285|app: 0|req: 107/219] 10.222.0.18 () {60 vars in 1506 bytes} [Wed Jan 5 18:04:03 2022] GET /placement/allocation_candidates?limit=1000&resources=DISK_GB%3A1%2CMEMORY_MB%3A1024%2CVCPU%3A1&root_required=%21COMPUTE_STATUS_DISABLED => generated 1309 bytes in 120 msecs (HTTP/1.1 200) 8 headers in 297 bytes (1 switches on core 0)
Jan 05 18:04:03.704354 n-d-xena-1 devstack@placement-api.service[103286]: DEBUG placement.requestlog [req-6d79dfe2-4bdf-4477-93b5-c8a11bc76559 req-05d4b723-cc35-42d9-af20-bd108fe80ca6 None None] Starting request: 10.222.0.18 "GET /placement/allocations/1033551a-37ed-445c-8212-18daf17a45b7" {{(pid=103286) __call__ /opt/stack/placement/placement/requestlog.py:55}}
Jan 05 18:04:03.717995 n-d-xena-1 devstack@placement-api.service[103286]: INFO placement.requestlog [req-6d79dfe2-4bdf-4477-93b5-c8a11bc76559 req-05d4b723-cc35-42d9-af20-bd108fe80ca6 service placement] 10.222.0.18 "GET /placement/allocations/1033551a-37ed-445c-8212-18daf17a45b7" status: 200 len: 19 microversion: 1.28
Jan 05 18:04:03.726276 n-d-xena-1 devstack@placement-api.service[103286]: [pid: 103286|app: 0|req: 113/220] 10.222.0.18 () {60 vars in 1380 bytes} [Wed Jan 5 18:04:03 2022] GET /placement/allocations/1033551a-37ed-445c-8212-18daf17a45b7 => generated 19 bytes in 22 msecs (HTTP/1.1 200) 8 headers in 295 bytes (1 switches on core 0)
Jan 05 18:04:03.726760 n-d-xena-1 devstack@placement-api.service[103285]: DEBUG placement.requestlog [req-6d79dfe2-4bdf-4477-93b5-c8a11bc76559 req-64caeaff-b655-442f-aef2-1c570dabcbb8 None None] Starting request: 10.222.0.18 "PUT /placement/allocations/1033551a-37ed-445c-8212-18daf17a45b7" {{(pid=103285) __call__ /opt/stack/placement/placement/requestlog.py:55}}
Jan 05 18:04:03.851693 n-d-xena-1 devstack@placement-api.service[103285]: DEBUG placement.handlers.allocation [req-6d79dfe2-4bdf-4477-93b5-c8a11bc76559 req-64caeaff-b655-442f-aef2-1c570dabcbb8 service placement] Successfully wrote allocations [, , ] {{(pid=103285) _update_consumers_and_create_allocations /opt/stack/placement/placement/handlers/allocation.py:462}}
Jan 05 18:04:03.857328 n-d-xena-1 devstack@placement-api.service[103285]: INFO placement.requestlog [req-6d79dfe2-4bdf-4477-93b5-c8a11bc76559 req-64caeaff-b655-442f-aef2-1c570dabcbb8 service placement] 10.222.0.18 "PUT /placement/allocations/1033551a-37ed-445c-8212-18daf17a45b7" status: 204 len: 0 microversion: 1.36
Jan 05 18:04:03.858123 n-d-xena-1 devstack@placement-api.service[103285]: [pid: 103285|app: 0|req: 108/221] 10.222.0.18 () {64 vars in 1433 bytes} [Wed Jan 5 18:04:03 2022] PUT /placement/allocations/1033551a-37ed-445c-8212-18daf17a45b7 => generated 0 bytes in 132 msecs (HTTP/1.1 204) 5 headers in 199 bytes (2 switches on core 0)
Jan 05 18:04:04.360465 n-d-xena-1 devstack@placement-api.service[103286]: DEBUG placement.requestlog [req-6d79dfe2-4bdf-4477-93b5-c8a11bc76559 req-907c9feb-2511-46ac-95c4-5a86036003ac None None] Starting request: 10.222.0.43 "GET /placement/allocations/1033551a-37ed-445c-8212-18daf17a45b7" {{(pid=103286) __call__ /opt/stack/placement/placement/requestlog.py:55}}
Jan 05 18:04:04.388287 n-d-xena-1 devstack@placement-api.service[103286]: INFO placement.requestlog [req-6d79dfe2-4bdf-4477-93b5-c8a11bc76559 req-907c9feb-2511-46ac-95c4-5a86036003ac service placement] 10.222.0.43 "GET /placement/allocations/1033551a-37ed-445c-8212-18daf17a45b7" status: 200 len: 259 microversion: 1.28
Jan 05 18:04:04.389022 n-d-xena-1 devstack@placement-api.service[103286]: [pid: 103286|app: 0|req: 114/222] 10.222.0.43 () {60 vars in 1377 bytes} [Wed Jan 5 18:04:04 2022] GET /placement/allocations/1033551a-37ed-445c-8212-18daf17a45b7 => generated 259 bytes in 29 msecs (HTTP/1.1 200) 8 headers in 296 bytes (1 switches on core 0)
Jan 05 18:04:08.008964 n-d-xena-1 devstack@placement-api.service[103285]: DEBUG placement.requestlog [req-8adb16a3-1929-44ff-beab-20709d26a81e req-c0174b1e-a0e5-4342-9936-90250c495d99 None None] Starting request: 10.222.0.15 "GET /placement/allocations/2423c6b6-4a68-411b-9eea-ad0666eb6ab9" {{(pid=103285) __call__ /opt/stack/placement/placement/requestlog.py:55}}
Jan 05 18:04:08.032736 n-d-xena-1 devstack@placement-api.service[103285]: INFO placement.requestlog [req-8adb16a3-1929-44ff-beab-20709d26a81e req-c0174b1e-a0e5-4342-9936-90250c495d99 service placement] 10.222.0.15 "GET /placement/allocations/2423c6b6-4a68-411b-9eea-ad0666eb6ab9" status: 200 len: 259 microversion: 1.28
Jan 05 18:04:08.033546 n-d-xena-1 devstack@placement-api.service[103285]: [pid: 103285|app: 0|req: 109/223] 10.222.0.15 () {60 vars in 1377 bytes} [Wed Jan 5 18:04:08 2022] GET /placement/allocations/2423c6b6-4a68-411b-9eea-ad0666eb6ab9 => generated 259 bytes in 25 msecs (HTTP/1.1 200) 8 headers in 296 bytes (1 switches on core 0)
Jan 05 18:04:15.590375 n-d-xena-1 devstack@placement-api.service[103286]: DEBUG placement.requestlog [req-0720c30a-ae3d-4c50-b944-e8490ec2512b req-105767ef-da5b-4a69-9784-ab76ad8e806a None None] Starting request: 10.222.0.18 "GET /placement/allocation_candidates?limit=1000&resources=DISK_GB%3A1%2CMEMORY_MB%3A1024%2CVCPU%3A1&root_required=%21COMPUTE_STATUS_DISABLED" {{(pid=103286) __call__ /opt/stack/placement/placement/requestlog.py:55}}
Jan 05 18:04:15.620154 n-d-xena-1 devstack@placement-api.service[103286]: DEBUG placement.objects.research_context [req-0720c30a-ae3d-4c50-b944-e8490ec2512b req-105767ef-da5b-4a69-9784-ab76ad8e806a service placement] getting providers with 1 DISK_GB {{(pid=103286) __init__ /opt/stack/placement/placement/objects/research_context.py:126}}
Jan 05 18:04:15.625846 n-d-xena-1 devstack@placement-api.service[103286]: DEBUG placement.objects.research_context [req-0720c30a-ae3d-4c50-b944-e8490ec2512b req-105767ef-da5b-4a69-9784-ab76ad8e806a service placement] getting providers with 1024 MEMORY_MB {{(pid=103286) __init__ /opt/stack/placement/placement/objects/research_context.py:126}}
Jan 05 18:04:15.631494 n-d-xena-1 devstack@placement-api.service[103286]: DEBUG placement.objects.research_context [req-0720c30a-ae3d-4c50-b944-e8490ec2512b req-105767ef-da5b-4a69-9784-ab76ad8e806a service placement] getting providers with 1 VCPU {{(pid=103286) __init__ /opt/stack/placement/placement/objects/research_context.py:126}}
Jan 05 18:04:15.636695 n-d-xena-1 devstack@placement-api.service[103286]: DEBUG placement.objects.research_context [req-0720c30a-ae3d-4c50-b944-e8490ec2512b req-105767ef-da5b-4a69-9784-ab76ad8e806a service placement] found 2 providers with available 1 DISK_GB {{(pid=103286) get_provider_ids_matching /opt/stack/placement/placement/objects/research_context.py:549}}
Jan 05 18:04:15.636969 n-d-xena-1 devstack@placement-api.service[103286]: DEBUG placement.objects.research_context [req-0720c30a-ae3d-4c50-b944-e8490ec2512b req-105767ef-da5b-4a69-9784-ab76ad8e806a service placement] found 2 providers with available 1024 MEMORY_MB {{(pid=103286) get_provider_ids_matching /opt/stack/placement/placement/objects/research_context.py:549}}
Jan 05 18:04:15.637269 n-d-xena-1 devstack@placement-api.service[103286]: DEBUG placement.objects.research_context [req-0720c30a-ae3d-4c50-b944-e8490ec2512b req-105767ef-da5b-4a69-9784-ab76ad8e806a service placement] found 2 providers after filtering by previous result {{(pid=103286) get_provider_ids_matching /opt/stack/placement/placement/objects/research_context.py:580}}
Jan 05 18:04:15.637520 n-d-xena-1 devstack@placement-api.service[103286]: DEBUG placement.objects.research_context [req-0720c30a-ae3d-4c50-b944-e8490ec2512b req-105767ef-da5b-4a69-9784-ab76ad8e806a service placement] found 2 providers with available 1 VCPU {{(pid=103286) get_provider_ids_matching /opt/stack/placement/placement/objects/research_context.py:549}}
Jan 05 18:04:15.637776 n-d-xena-1 devstack@placement-api.service[103286]: DEBUG placement.objects.research_context [req-0720c30a-ae3d-4c50-b944-e8490ec2512b req-105767ef-da5b-4a69-9784-ab76ad8e806a service placement] found 2 providers after filtering by previous result {{(pid=103286) get_provider_ids_matching /opt/stack/placement/placement/objects/research_context.py:580}}
Jan 05 18:04:15.648265 n-d-xena-1 devstack@placement-api.service[103286]: DEBUG placement.objects.allocation_candidate [req-0720c30a-ae3d-4c50-b944-e8490ec2512b req-105767ef-da5b-4a69-9784-ab76ad8e806a service placement] RequestGroup(use_same_provider=False, resources={DISK_GB:1, MEMORY_MB:1024, VCPU:1}, traits=[], aggregates=[]) (suffix '') returned 2 matches {{(pid=103286) _get_by_requests /opt/stack/placement/placement/objects/allocation_candidate.py:145}}
Jan 05 18:04:15.648635 n-d-xena-1 devstack@placement-api.service[103286]: DEBUG placement.objects.allocation_candidate [req-0720c30a-ae3d-4c50-b944-e8490ec2512b req-105767ef-da5b-4a69-9784-ab76ad8e806a service placement] Merging candidates yields 2 allocation requests and 2 provider summaries {{(pid=103286) _merge_candidates /opt/stack/placement/placement/objects/allocation_candidate.py:783}}
Jan 05 18:04:15.650109 n-d-xena-1 devstack@placement-api.service[103286]: INFO placement.requestlog [req-0720c30a-ae3d-4c50-b944-e8490ec2512b req-105767ef-da5b-4a69-9784-ab76ad8e806a service placement] 10.222.0.18 "GET /placement/allocation_candidates?limit=1000&resources=DISK_GB%3A1%2CMEMORY_MB%3A1024%2CVCPU%3A1&root_required=%21COMPUTE_STATUS_DISABLED" status: 200 len: 1309 microversion: 1.36
Jan 05 18:04:15.650339 n-d-xena-1 devstack@placement-api.service[103286]: [pid: 103286|app: 0|req: 115/224] 10.222.0.18 () {60 vars in 1506 bytes} [Wed Jan 5 18:04:15 2022] GET /placement/allocation_candidates?limit=1000&resources=DISK_GB%3A1%2CMEMORY_MB%3A1024%2CVCPU%3A1&root_required=%21COMPUTE_STATUS_DISABLED => generated 1309 bytes in 62 msecs (HTTP/1.1 200) 8 headers in 297 bytes (1 switches on core 0)
Jan 05 18:04:15.693836 n-d-xena-1 devstack@placement-api.service[103285]: DEBUG placement.requestlog [req-0720c30a-ae3d-4c50-b944-e8490ec2512b req-5cc4c1fa-8885-456b-8550-2e0d4e4a639c None None] Starting request: 10.222.0.18 "GET /placement/allocations/c2822191-b322-44e8-996d-f3796487c5c1" {{(pid=103285) __call__ /opt/stack/placement/placement/requestlog.py:55}}
Jan 05 18:04:15.704921 n-d-xena-1 devstack@placement-api.service[103285]: INFO placement.requestlog [req-0720c30a-ae3d-4c50-b944-e8490ec2512b req-5cc4c1fa-8885-456b-8550-2e0d4e4a639c service placement] 10.222.0.18 "GET /placement/allocations/c2822191-b322-44e8-996d-f3796487c5c1" status: 200 len: 19 microversion: 1.28
Jan 05 18:04:15.705187 n-d-xena-1 devstack@placement-api.service[103285]: [pid: 103285|app: 0|req: 110/225] 10.222.0.18 () {60 vars in 1380 bytes} [Wed Jan 5 18:04:15 2022] GET /placement/allocations/c2822191-b322-44e8-996d-f3796487c5c1 => generated 19 bytes in 12 msecs (HTTP/1.1 200) 8 headers in 295 bytes (1 switches on core 0)
Jan 05 18:04:15.711411 n-d-xena-1 devstack@placement-api.service[103286]: DEBUG placement.requestlog [req-0720c30a-ae3d-4c50-b944-e8490ec2512b req-591a6c40-25ff-422a-b455-608d581f62a7 None None] Starting request: 10.222.0.18 "PUT /placement/allocations/c2822191-b322-44e8-996d-f3796487c5c1" {{(pid=103286) __call__ /opt/stack/placement/placement/requestlog.py:55}}
Jan 05 18:04:15.761292 n-d-xena-1 devstack@placement-api.service[103286]: DEBUG placement.handlers.allocation [req-0720c30a-ae3d-4c50-b944-e8490ec2512b req-591a6c40-25ff-422a-b455-608d581f62a7 service placement] Successfully wrote allocations [, , ] {{(pid=103286) _update_consumers_and_create_allocations /opt/stack/placement/placement/handlers/allocation.py:462}}
Jan 05 18:04:15.765179 n-d-xena-1 devstack@placement-api.service[103286]: INFO placement.requestlog [req-0720c30a-ae3d-4c50-b944-e8490ec2512b req-591a6c40-25ff-422a-b455-608d581f62a7 service placement] 10.222.0.18 "PUT /placement/allocations/c2822191-b322-44e8-996d-f3796487c5c1" status: 204 len: 0 microversion: 1.36
Jan 05 18:04:15.765427 n-d-xena-1 devstack@placement-api.service[103286]: [pid: 103286|app: 0|req: 116/226] 10.222.0.18 () {64 vars in 1433 bytes} [Wed Jan 5 18:04:15 2022] PUT /placement/allocations/c2822191-b322-44e8-996d-f3796487c5c1 => generated 0 bytes in 54 msecs (HTTP/1.1 204) 5 headers in 199 bytes (1 switches on core 0)
Jan 05 18:04:16.066769 n-d-xena-1 devstack@placement-api.service[103285]: DEBUG placement.requestlog [req-0720c30a-ae3d-4c50-b944-e8490ec2512b req-f8699291-7712-409b-bf2b-00aecd62a2de None None] Starting request: 10.222.0.15 "GET /placement/allocations/c2822191-b322-44e8-996d-f3796487c5c1" {{(pid=103285) __call__ /opt/stack/placement/placement/requestlog.py:55}}
Jan 05 18:04:16.082746 n-d-xena-1 devstack@placement-api.service[103285]: INFO placement.requestlog [req-0720c30a-ae3d-4c50-b944-e8490ec2512b req-f8699291-7712-409b-bf2b-00aecd62a2de service placement] 10.222.0.15 "GET /placement/allocations/c2822191-b322-44e8-996d-f3796487c5c1" status: 200 len: 259 microversion: 1.28
Jan 05 18:04:16.083245 n-d-xena-1 devstack@placement-api.service[103285]: [pid: 103285|app: 0|req: 111/227] 10.222.0.15 () {60 vars in 1377 bytes} [Wed Jan 5 18:04:16 2022] GET /placement/allocations/c2822191-b322-44e8-996d-f3796487c5c1 => generated 259 bytes in 17 msecs (HTTP/1.1 200) 8 headers in 296 bytes (1 switches on core 0)
Jan 05 18:04:17.711286 n-d-xena-1 devstack@placement-api.service[103286]: DEBUG placement.requestlog [None req-b89a6602-5d1b-4030-b260-123d82326099 None None] Starting request: 10.222.0.18 "GET /placement/" {{(pid=103286) __call__ /opt/stack/placement/placement/requestlog.py:55}}
Jan 05 18:04:17.713690 n-d-xena-1 devstack@placement-api.service[103286]: INFO placement.requestlog [None req-b89a6602-5d1b-4030-b260-123d82326099 None None] 10.222.0.18 "GET /placement/" status: 200 len: 136 microversion: 1.0
Jan 05 18:04:17.714308 n-d-xena-1 devstack@placement-api.service[103286]: [pid: 103286|app: 0|req: 117/228] 10.222.0.18 () {54 vars in 916 bytes} [Wed Jan 5 18:04:17 2022] GET /placement => generated 136 bytes in 3 msecs (HTTP/1.1 200) 6 headers in 224 bytes (1 switches on core 0)
Jan 05 18:04:17.736608 n-d-xena-1 devstack@placement-api.service[103285]: DEBUG placement.requestlog [req-4bfd3caa-c3a3-4766-aab8-e74b2ae63297 req-e4f3c619-c19f-4d6b-91f1-fbbfcb4c20d3 None None] Starting request: 10.222.0.18 "GET /placement/allocations/e281b64b-dcfe-4031-957f-ceef878db885" {{(pid=103285) __call__ /opt/stack/placement/placement/requestlog.py:55}}
Jan 05 18:04:17.860237 n-d-xena-1 devstack@placement-api.service[103285]: INFO placement.requestlog [req-4bfd3caa-c3a3-4766-aab8-e74b2ae63297 req-e4f3c619-c19f-4d6b-91f1-fbbfcb4c20d3 service placement] 10.222.0.18 "GET /placement/allocations/e281b64b-dcfe-4031-957f-ceef878db885" status: 200 len: 259 microversion: 1.28
Jan 05 18:04:17.870096 n-d-xena-1 devstack@placement-api.service[103286]: DEBUG placement.requestlog [req-4bfd3caa-c3a3-4766-aab8-e74b2ae63297 req-785aac59-409e-490a-a653-3337fbde8bb8 None None] Starting request: 10.222.0.18 "GET /placement/allocations/e281b64b-dcfe-4031-957f-ceef878db885" {{(pid=103286) __call__ /opt/stack/placement/placement/requestlog.py:55}}
Jan 05 18:04:17.881189 n-d-xena-1 devstack@placement-api.service[103285]: [pid: 103285|app: 0|req: 112/229] 10.222.0.18 () {60 vars in 1380 bytes} [Wed Jan 5 18:04:17 2022] GET /placement/allocations/e281b64b-dcfe-4031-957f-ceef878db885 => generated 259 bytes in 145 msecs (HTTP/1.1 200) 8 headers in 296 bytes (1 switches on core 0)
Jan 05 18:04:17.889431 n-d-xena-1 devstack@placement-api.service[103286]: INFO placement.requestlog [req-4bfd3caa-c3a3-4766-aab8-e74b2ae63297 req-785aac59-409e-490a-a653-3337fbde8bb8 service placement] 10.222.0.18 "GET /placement/allocations/e281b64b-dcfe-4031-957f-ceef878db885" status: 200 len: 259 microversion: 1.28
Jan 05 18:04:17.895821 n-d-xena-1 devstack@placement-api.service[103285]: DEBUG placement.requestlog [req-4bfd3caa-c3a3-4766-aab8-e74b2ae63297 req-29285810-b7ef-4917-adeb-5d31bd991036 None None] Starting request: 10.222.0.18 "GET /placement/allocations/ce6f8cef-ba51-4615-aa1e-8bc1649ccd3e" {{(pid=103285) __call__ /opt/stack/placement/placement/requestlog.py:55}}
Jan 05 18:04:17.902884 n-d-xena-1 devstack@placement-api.service[103286]: [pid: 103286|app: 0|req: 118/230] 10.222.0.18 () {60 vars in 1380 bytes} [Wed Jan 5 18:04:17 2022] GET /placement/allocations/e281b64b-dcfe-4031-957f-ceef878db885 => generated 259 bytes in 27 msecs (HTTP/1.1 200) 8 headers in 296 bytes (1 switches on core 0)
Jan 05 18:04:17.908131 n-d-xena-1 devstack@placement-api.service[103285]: INFO placement.requestlog [req-4bfd3caa-c3a3-4766-aab8-e74b2ae63297 req-29285810-b7ef-4917-adeb-5d31bd991036 service placement] 10.222.0.18 "GET /placement/allocations/ce6f8cef-ba51-4615-aa1e-8bc1649ccd3e" status: 200 len: 19 microversion: 1.28
Jan 05 18:04:17.916198 n-d-xena-1 devstack@placement-api.service[103286]: DEBUG placement.requestlog [req-4bfd3caa-c3a3-4766-aab8-e74b2ae63297 req-b4030bb8-5b4e-4e70-b459-6da0dd1facbf None None] Starting request: 10.222.0.18 "POST /placement/allocations" {{(pid=103286) __call__ /opt/stack/placement/placement/requestlog.py:55}}
Jan 05 18:04:17.923279 n-d-xena-1 devstack@placement-api.service[103285]: [pid: 103285|app: 0|req: 113/231] 10.222.0.18 () {60 vars in 1380 bytes} [Wed Jan 5 18:04:17 2022] GET /placement/allocations/ce6f8cef-ba51-4615-aa1e-8bc1649ccd3e => generated 19 bytes in 28 msecs (HTTP/1.1 200) 8 headers in 295 bytes (2 switches on core 0)
Jan 05 18:04:17.998308 n-d-xena-1 devstack@placement-api.service[103286]: DEBUG placement.handlers.allocation [req-4bfd3caa-c3a3-4766-aab8-e74b2ae63297 req-b4030bb8-5b4e-4e70-b459-6da0dd1facbf service placement] Successfully wrote allocations [, , , , , ] {{(pid=103286) _update_consumers_and_create_allocations /opt/stack/placement/placement/handlers/allocation.py:572}}
Jan 05 18:04:18.001706 n-d-xena-1 devstack@placement-api.service[103286]: INFO placement.requestlog [req-4bfd3caa-c3a3-4766-aab8-e74b2ae63297 req-b4030bb8-5b4e-4e70-b459-6da0dd1facbf service placement] 10.222.0.18 "POST /placement/allocations" status: 204 len: 0 microversion: 1.28
Jan 05 18:04:18.001992 n-d-xena-1 devstack@placement-api.service[103286]: [pid: 103286|app: 0|req: 119/232] 10.222.0.18 () {64 vars in 1323 bytes} [Wed Jan 5 18:04:17 2022] POST /placement/allocations => generated 0 bytes in 86 msecs (HTTP/1.1 204) 5 headers in 199 bytes (2 switches on core 0)
Jan 05 18:04:18.034222 n-d-xena-1 devstack@placement-api.service[103285]: DEBUG placement.requestlog [req-4bfd3caa-c3a3-4766-aab8-e74b2ae63297 req-fdd3f583-bc50-4f4e-8e8f-e472c9d0b452 None None] Starting request: 10.222.0.18 "GET /placement/allocations/e281b64b-dcfe-4031-957f-ceef878db885" {{(pid=103285) __call__ /opt/stack/placement/placement/requestlog.py:55}}
Jan 05 18:04:18.044705 n-d-xena-1 devstack@placement-api.service[103285]: INFO placement.requestlog [req-4bfd3caa-c3a3-4766-aab8-e74b2ae63297 req-fdd3f583-bc50-4f4e-8e8f-e472c9d0b452 service placement] 10.222.0.18 "GET /placement/allocations/e281b64b-dcfe-4031-957f-ceef878db885" status: 200 len: 19 microversion: 1.28
Jan 05 18:04:18.049877 n-d-xena-1 devstack@placement-api.service[103285]: [pid: 103285|app: 0|req: 114/233] 10.222.0.18 () {60 vars in 1380 bytes} [Wed Jan 5 18:04:18 2022] GET /placement/allocations/e281b64b-dcfe-4031-957f-ceef878db885 => generated 19 bytes in 16 msecs (HTTP/1.1 200) 8 headers in 295 bytes (1 switches on core 0)
Jan 05 18:04:18.050623 n-d-xena-1 devstack@placement-api.service[103286]: DEBUG placement.requestlog [req-4bfd3caa-c3a3-4766-aab8-e74b2ae63297 req-868d6d2c-c08a-443c-8219-8f2b298f3019 None None] Starting request: 10.222.0.18 "PUT /placement/allocations/e281b64b-dcfe-4031-957f-ceef878db885" {{(pid=103286) __call__ /opt/stack/placement/placement/requestlog.py:55}}
Jan 05 18:04:18.099176 n-d-xena-1 devstack@placement-api.service[103286]: DEBUG placement.handlers.allocation [req-4bfd3caa-c3a3-4766-aab8-e74b2ae63297 req-868d6d2c-c08a-443c-8219-8f2b298f3019 service placement] Successfully wrote allocations [, , ] {{(pid=103286) _update_consumers_and_create_allocations /opt/stack/placement/placement/handlers/allocation.py:462}}
Jan 05 18:04:18.103395 n-d-xena-1 devstack@placement-api.service[103286]: INFO placement.requestlog [req-4bfd3caa-c3a3-4766-aab8-e74b2ae63297 req-868d6d2c-c08a-443c-8219-8f2b298f3019 service placement] 10.222.0.18 "PUT /placement/allocations/e281b64b-dcfe-4031-957f-ceef878db885" status: 204 len: 0 microversion: 1.28
Jan 05 18:04:18.103869 n-d-xena-1 devstack@placement-api.service[103286]: [pid: 103286|app: 0|req: 120/234] 10.222.0.18 () {64 vars in 1433 bytes} [Wed Jan 5 18:04:18 2022] PUT /placement/allocations/e281b64b-dcfe-4031-957f-ceef878db885 => generated 0 bytes in 53 msecs (HTTP/1.1 204) 5 headers in 199 bytes (2 switches on core 0)
Jan 05 18:04:18.249889 n-d-xena-1 devstack@placement-api.service[103285]: DEBUG placement.requestlog [req-4bfd3caa-c3a3-4766-aab8-e74b2ae63297 req-edc2d060-7bbf-4932-b5c8-469c9620ec52 None None] Starting request: 10.222.0.15 "GET /placement/allocations/e281b64b-dcfe-4031-957f-ceef878db885" {{(pid=103285) __call__ /opt/stack/placement/placement/requestlog.py:55}}
Jan 05 18:04:18.266839 n-d-xena-1 devstack@placement-api.service[103285]: INFO placement.requestlog [req-4bfd3caa-c3a3-4766-aab8-e74b2ae63297 req-edc2d060-7bbf-4932-b5c8-469c9620ec52 service placement] 10.222.0.15 "GET /placement/allocations/e281b64b-dcfe-4031-957f-ceef878db885" status: 200 len: 259 microversion: 1.28
Jan 05 18:04:18.267256 n-d-xena-1 devstack@placement-api.service[103285]: [pid: 103285|app: 0|req: 115/235] 10.222.0.15 () {60 vars in 1377 bytes} [Wed Jan 5 18:04:18 2022] GET /placement/allocations/e281b64b-dcfe-4031-957f-ceef878db885 => generated 259 bytes in 18 msecs (HTTP/1.1 200) 8 headers in 296 bytes (2 switches on core 0)
Jan 05 18:04:19.984383 n-d-xena-1 devstack@placement-api.service[103286]: DEBUG placement.requestlog [None req-35d90b50-2615-4dce-b57c-1edc83dc5cc6 None None] Starting request: 10.222.0.18 "GET /placement/" {{(pid=103286) __call__ /opt/stack/placement/placement/requestlog.py:55}}
Jan 05 18:04:19.984383 n-d-xena-1 devstack@placement-api.service[103286]: INFO placement.requestlog [None req-35d90b50-2615-4dce-b57c-1edc83dc5cc6 None None] 10.222.0.18 "GET /placement/" status: 200 len: 136 microversion: 1.0
Jan 05 18:04:19.984383 n-d-xena-1 devstack@placement-api.service[103286]: [pid: 103286|app: 0|req: 121/236] 10.222.0.18 () {54 vars in 916 bytes} [Wed Jan 5 18:04:19 2022] GET /placement => generated 136 bytes in 2 msecs (HTTP/1.1 200) 6 headers in 224 bytes (1 switches on core 0)
Jan 05 18:04:19.991604 n-d-xena-1 devstack@placement-api.service[103285]: DEBUG placement.requestlog [req-487926e0-028c-400b-b967-69c1a2a588c1 req-dffb1cfb-b9e0-4f03-9cae-1ce3022b25bf None None] Starting request: 10.222.0.18 "GET /placement/allocations/ba764116-12c4-436b-b42d-f6622d54be9f" {{(pid=103285) __call__ /opt/stack/placement/placement/requestlog.py:55}}
Jan 05 18:04:20.064822 n-d-xena-1 devstack@placement-api.service[103285]: INFO placement.requestlog [req-487926e0-028c-400b-b967-69c1a2a588c1 req-dffb1cfb-b9e0-4f03-9cae-1ce3022b25bf service placement] 10.222.0.18 "GET /placement/allocations/ba764116-12c4-436b-b42d-f6622d54be9f" status: 200 len: 259 microversion: 1.28
Jan 05 18:04:20.065524 n-d-xena-1 devstack@placement-api.service[103285]: [pid: 103285|app: 0|req: 116/237] 10.222.0.18 () {60 vars in 1380 bytes} [Wed Jan 5 18:04:19 2022] GET /placement/allocations/ba764116-12c4-436b-b42d-f6622d54be9f => generated 259 bytes in 74 msecs (HTTP/1.1 200) 8 headers in 296 bytes (2 switches on core 0)
Jan 05 18:04:20.073594 n-d-xena-1 devstack@placement-api.service[103286]: DEBUG placement.requestlog [req-487926e0-028c-400b-b967-69c1a2a588c1 req-77d08277-4daa-4187-89ee-20f1b9004290 None None] Starting request: 10.222.0.18 "GET /placement/allocations/ba764116-12c4-436b-b42d-f6622d54be9f" {{(pid=103286) __call__ /opt/stack/placement/placement/requestlog.py:55}}
Jan 05 18:04:20.100562 n-d-xena-1 devstack@placement-api.service[103286]: INFO placement.requestlog [req-487926e0-028c-400b-b967-69c1a2a588c1 req-77d08277-4daa-4187-89ee-20f1b9004290 service placement] 10.222.0.18 "GET /placement/allocations/ba764116-12c4-436b-b42d-f6622d54be9f" status: 200 len: 259 microversion: 1.28
Jan 05 18:04:20.101193 n-d-xena-1 devstack@placement-api.service[103286]: [pid: 103286|app: 0|req: 122/238] 10.222.0.18 () {60 vars in 1380 bytes} [Wed Jan 5 18:04:20 2022] GET /placement/allocations/ba764116-12c4-436b-b42d-f6622d54be9f => generated 259 bytes in 28 msecs (HTTP/1.1 200) 8 headers in 296 bytes (1 switches on core 0)
Jan 05 18:04:20.107293 n-d-xena-1 devstack@placement-api.service[103285]: DEBUG placement.requestlog [req-487926e0-028c-400b-b967-69c1a2a588c1 req-3e023041-b3b3-4989-8f6a-660048a915d4 None None] Starting request: 10.222.0.18 "GET /placement/allocations/2c6cdb21-a16f-41cf-9260-401d90a9c9be" {{(pid=103285) __call__ /opt/stack/placement/placement/requestlog.py:55}}
Jan 05 18:04:20.118541 n-d-xena-1 devstack@placement-api.service[103285]: INFO placement.requestlog [req-487926e0-028c-400b-b967-69c1a2a588c1 req-3e023041-b3b3-4989-8f6a-660048a915d4 service placement] 10.222.0.18 "GET /placement/allocations/2c6cdb21-a16f-41cf-9260-401d90a9c9be" status: 200 len: 19 microversion: 1.28
Jan 05 18:04:20.118770 n-d-xena-1 devstack@placement-api.service[103285]: [pid: 103285|app: 0|req: 117/239] 10.222.0.18 () {60 vars in 1380 bytes} [Wed Jan 5 18:04:20 2022] GET /placement/allocations/2c6cdb21-a16f-41cf-9260-401d90a9c9be => generated 19 bytes in 12 msecs (HTTP/1.1 200) 8 headers in 295 bytes (1 switches on core 0)
Jan 05 18:04:20.124797 n-d-xena-1 devstack@placement-api.service[103286]: DEBUG placement.requestlog [req-487926e0-028c-400b-b967-69c1a2a588c1 req-6a76007c-a380-4301-a208-e4b81f634e31 None None] Starting request: 10.222.0.18 "POST /placement/allocations" {{(pid=103286) __call__ /opt/stack/placement/placement/requestlog.py:55}}
Jan 05 18:04:20.201256 n-d-xena-1 devstack@placement-api.service[103286]: DEBUG placement.handlers.allocation [req-487926e0-028c-400b-b967-69c1a2a588c1 req-6a76007c-a380-4301-a208-e4b81f634e31 service placement] Successfully wrote allocations [, , , , , ] {{(pid=103286) _update_consumers_and_create_allocations /opt/stack/placement/placement/handlers/allocation.py:572}}
Jan 05 18:04:20.205567 n-d-xena-1 devstack@placement-api.service[103286]: INFO placement.requestlog [req-487926e0-028c-400b-b967-69c1a2a588c1 req-6a76007c-a380-4301-a208-e4b81f634e31 service placement] 10.222.0.18 "POST /placement/allocations" status: 204 len: 0 microversion: 1.28
Jan 05 18:04:20.206620 n-d-xena-1 devstack@placement-api.service[103286]: [pid: 103286|app: 0|req: 123/240] 10.222.0.18 () {64 vars in 1323 bytes} [Wed Jan 5 18:04:20 2022] POST /placement/allocations => generated 0 bytes in 81 msecs (HTTP/1.1 204) 5 headers in 199 bytes (2 switches on core 0)
Jan 05 18:04:20.247241 n-d-xena-1 devstack@placement-api.service[103285]: DEBUG placement.requestlog [req-487926e0-028c-400b-b967-69c1a2a588c1 req-dabf7ee8-d2fe-421c-9677-f4432ebb4b69 None None] Starting request: 10.222.0.18 "GET /placement/allocations/ba764116-12c4-436b-b42d-f6622d54be9f" {{(pid=103285) __call__ /opt/stack/placement/placement/requestlog.py:55}}
Jan 05 18:04:20.260699 n-d-xena-1 devstack@placement-api.service[103285]: INFO placement.requestlog [req-487926e0-028c-400b-b967-69c1a2a588c1 req-dabf7ee8-d2fe-421c-9677-f4432ebb4b69 service placement] 10.222.0.18 "GET /placement/allocations/ba764116-12c4-436b-b42d-f6622d54be9f" status: 200 len: 19 microversion: 1.28
Jan 05 18:04:20.261543 n-d-xena-1 devstack@placement-api.service[103285]: [pid: 103285|app: 0|req: 118/241] 10.222.0.18 () {60 vars in 1380 bytes} [Wed Jan 5 18:04:20 2022] GET /placement/allocations/ba764116-12c4-436b-b42d-f6622d54be9f => generated 19 bytes in 14 msecs (HTTP/1.1 200) 8 headers in 295 bytes (1 switches on core 0)
Jan 05 18:04:20.267102 n-d-xena-1 devstack@placement-api.service[103286]: DEBUG placement.requestlog [req-487926e0-028c-400b-b967-69c1a2a588c1 req-5d6bde71-34f4-4154-8bfa-c0bd131f2003 None None] Starting request: 10.222.0.18 "PUT /placement/allocations/ba764116-12c4-436b-b42d-f6622d54be9f" {{(pid=103286) __call__ /opt/stack/placement/placement/requestlog.py:55}}
Jan 05 18:04:20.328317 n-d-xena-1 devstack@placement-api.service[103286]: DEBUG placement.handlers.allocation [req-487926e0-028c-400b-b967-69c1a2a588c1 req-5d6bde71-34f4-4154-8bfa-c0bd131f2003 service placement] Successfully wrote allocations [, , ] {{(pid=103286) _update_consumers_and_create_allocations /opt/stack/placement/placement/handlers/allocation.py:462}}
Jan 05 18:04:20.341543 n-d-xena-1 devstack@placement-api.service[103286]: INFO placement.requestlog [req-487926e0-028c-400b-b967-69c1a2a588c1 req-5d6bde71-34f4-4154-8bfa-c0bd131f2003 service placement] 10.222.0.18 "PUT /placement/allocations/ba764116-12c4-436b-b42d-f6622d54be9f" status: 204 len: 0 microversion: 1.28
Jan 05 18:04:20.341796 n-d-xena-1 devstack@placement-api.service[103286]: [pid: 103286|app: 0|req: 124/242] 10.222.0.18 () {64 vars in 1433 bytes} [Wed Jan 5 18:04:20 2022] PUT /placement/allocations/ba764116-12c4-436b-b42d-f6622d54be9f => generated 0 bytes in 75 msecs (HTTP/1.1 204) 5 headers in 199 bytes (1 switches on core 0)
Jan 05 18:04:20.597386 n-d-xena-1 devstack@placement-api.service[103285]: DEBUG placement.requestlog [req-487926e0-028c-400b-b967-69c1a2a588c1 req-b7f70eae-97f2-4798-bbc1-4d54654eefeb None None] Starting request: 10.222.0.43 "GET /placement/allocations/ba764116-12c4-436b-b42d-f6622d54be9f" {{(pid=103285) __call__ /opt/stack/placement/placement/requestlog.py:55}}
Jan 05 18:04:20.616256 n-d-xena-1 devstack@placement-api.service[103285]: INFO placement.requestlog [req-487926e0-028c-400b-b967-69c1a2a588c1 req-b7f70eae-97f2-4798-bbc1-4d54654eefeb service placement] 10.222.0.43 "GET /placement/allocations/ba764116-12c4-436b-b42d-f6622d54be9f" status: 200 len: 259 microversion: 1.28
Jan 05 18:04:20.616876 n-d-xena-1 devstack@placement-api.service[103285]: [pid: 103285|app: 0|req: 119/243] 10.222.0.43 () {60 vars in 1377 bytes} [Wed Jan 5 18:04:20 2022] GET /placement/allocations/ba764116-12c4-436b-b42d-f6622d54be9f => generated 259 bytes in 20 msecs (HTTP/1.1 200) 8 headers in 296 bytes (2 switches on core 0)
Jan 05 18:04:23.590714 n-d-xena-1 devstack@placement-api.service[103286]: DEBUG placement.requestlog [req-75abcf5c-db98-49b0-b6ce-46cf41d7c8fa req-87698913-27f3-42c5-bffa-af4dee0de090 None None] Starting request: 10.222.0.43 "DELETE /placement/allocations/1033551a-37ed-445c-8212-18daf17a45b7" {{(pid=103286) __call__ /opt/stack/placement/placement/requestlog.py:55}}
Jan 05 18:04:23.620885 n-d-xena-1 devstack@placement-api.service[103286]: DEBUG placement.handlers.allocation [req-75abcf5c-db98-49b0-b6ce-46cf41d7c8fa req-87698913-27f3-42c5-bffa-af4dee0de090 service placement] Successfully deleted allocations [, , ] {{(pid=103286) delete_allocations /opt/stack/placement/placement/handlers/allocation.py:627}}
Jan 05 18:04:23.621465 n-d-xena-1 devstack@placement-api.service[103286]: INFO placement.requestlog [req-75abcf5c-db98-49b0-b6ce-46cf41d7c8fa req-87698913-27f3-42c5-bffa-af4dee0de090 service placement] 10.222.0.43 "DELETE /placement/allocations/1033551a-37ed-445c-8212-18daf17a45b7" status: 204 len: 0 microversion: 1.0
Jan 05 18:04:23.621735 n-d-xena-1 devstack@placement-api.service[103286]: [pid: 103286|app: 0|req: 125/244] 10.222.0.43 () {60 vars in 1355 bytes} [Wed Jan 5 18:04:23 2022] DELETE /placement/allocations/1033551a-37ed-445c-8212-18daf17a45b7 => generated 0 bytes in 31 msecs (HTTP/1.1 204) 5 headers in 198 bytes (2 switches on core 0)
Jan 05 18:04:29.131600 n-d-xena-1 devstack@placement-api.service[103285]: DEBUG placement.requestlog [req-433d61d8-33f6-4836-b2a2-e4ec638136bb req-132eadca-ef82-4694-8e5a-c09ed915c9ac None None] Starting request: 10.222.0.43 "GET /placement/allocations/ef02055a-faea-44f6-8352-bbdb3ffe2091" {{(pid=103285) __call__ /opt/stack/placement/placement/requestlog.py:55}}
Jan 05 18:04:29.149487 n-d-xena-1 devstack@placement-api.service[103285]: INFO placement.requestlog [req-433d61d8-33f6-4836-b2a2-e4ec638136bb req-132eadca-ef82-4694-8e5a-c09ed915c9ac service placement] 10.222.0.43 "GET /placement/allocations/ef02055a-faea-44f6-8352-bbdb3ffe2091" status: 200 len: 258 microversion: 1.28
Jan 05 18:04:29.150165 n-d-xena-1 devstack@placement-api.service[103285]: [pid: 103285|app: 0|req: 120/245] 10.222.0.43 () {60 vars in 1377 bytes} [Wed Jan 5 18:04:29 2022] GET /placement/allocations/ef02055a-faea-44f6-8352-bbdb3ffe2091 => generated 258 bytes in 19 msecs (HTTP/1.1 200) 8 headers in 296 bytes (1 switches on core 0)
Jan 05 18:04:31.364890 n-d-xena-1 devstack@placement-api.service[103286]: DEBUG placement.requestlog [req-90abafd0-9c52-4d27-b3fa-ac15939d34e6 req-272f29af-b83b-4e26-bceb-51c4b0c3cf87 None None] Starting request: 10.222.0.18 "GET /placement/allocation_candidates?limit=1000&resources=DISK_GB%3A1%2CMEMORY_MB%3A1024%2CVCPU%3A1&root_required=%21COMPUTE_STATUS_DISABLED" {{(pid=103286) __call__ /opt/stack/placement/placement/requestlog.py:55}}
Jan 05 18:04:31.403174 n-d-xena-1 devstack@placement-api.service[103286]: DEBUG placement.objects.research_context [req-90abafd0-9c52-4d27-b3fa-ac15939d34e6 req-272f29af-b83b-4e26-bceb-51c4b0c3cf87 service placement] getting providers with 1 DISK_GB {{(pid=103286) __init__ /opt/stack/placement/placement/objects/research_context.py:126}}
Jan 05 18:04:31.410112 n-d-xena-1 devstack@placement-api.service[103286]: DEBUG placement.objects.research_context [req-90abafd0-9c52-4d27-b3fa-ac15939d34e6 req-272f29af-b83b-4e26-bceb-51c4b0c3cf87 service placement] getting providers with 1024 MEMORY_MB {{(pid=103286) __init__ /opt/stack/placement/placement/objects/research_context.py:126}}
Jan 05 18:04:31.417407 n-d-xena-1 devstack@placement-api.service[103286]: DEBUG placement.objects.research_context [req-90abafd0-9c52-4d27-b3fa-ac15939d34e6 req-272f29af-b83b-4e26-bceb-51c4b0c3cf87 service placement] getting providers with 1 VCPU {{(pid=103286) __init__ /opt/stack/placement/placement/objects/research_context.py:126}}
Jan 05 18:04:31.422881 n-d-xena-1 devstack@placement-api.service[103286]: DEBUG placement.objects.research_context [req-90abafd0-9c52-4d27-b3fa-ac15939d34e6 req-272f29af-b83b-4e26-bceb-51c4b0c3cf87 service placement] found 2 providers with available 1 DISK_GB {{(pid=103286) get_provider_ids_matching /opt/stack/placement/placement/objects/research_context.py:549}}
Jan 05 18:04:31.423368 n-d-xena-1 devstack@placement-api.service[103286]: DEBUG placement.objects.research_context [req-90abafd0-9c52-4d27-b3fa-ac15939d34e6 req-272f29af-b83b-4e26-bceb-51c4b0c3cf87 service placement] found 2 providers with available 1024 MEMORY_MB {{(pid=103286) get_provider_ids_matching /opt/stack/placement/placement/objects/research_context.py:549}}
Jan 05 18:04:31.423795 n-d-xena-1 devstack@placement-api.service[103286]: DEBUG placement.objects.research_context [req-90abafd0-9c52-4d27-b3fa-ac15939d34e6 req-272f29af-b83b-4e26-bceb-51c4b0c3cf87 service placement] found 2 providers after filtering by previous result {{(pid=103286) get_provider_ids_matching /opt/stack/placement/placement/objects/research_context.py:580}}
Jan 05 18:04:31.424199 n-d-xena-1 devstack@placement-api.service[103286]: DEBUG placement.objects.research_context [req-90abafd0-9c52-4d27-b3fa-ac15939d34e6 req-272f29af-b83b-4e26-bceb-51c4b0c3cf87 service placement] found 2 providers with available 1 VCPU {{(pid=103286) get_provider_ids_matching /opt/stack/placement/placement/objects/research_context.py:549}}
Jan 05 18:04:31.424464 n-d-xena-1 devstack@placement-api.service[103286]: DEBUG placement.objects.research_context [req-90abafd0-9c52-4d27-b3fa-ac15939d34e6 req-272f29af-b83b-4e26-bceb-51c4b0c3cf87 service placement] found 2 providers after filtering by previous result {{(pid=103286) get_provider_ids_matching /opt/stack/placement/placement/objects/research_context.py:580}}
Jan 05 18:04:31.435854 n-d-xena-1 devstack@placement-api.service[103286]: DEBUG placement.objects.allocation_candidate [req-90abafd0-9c52-4d27-b3fa-ac15939d34e6 req-272f29af-b83b-4e26-bceb-51c4b0c3cf87 service placement] RequestGroup(use_same_provider=False, resources={DISK_GB:1, MEMORY_MB:1024, VCPU:1}, traits=[], aggregates=[]) (suffix '') returned 2 matches {{(pid=103286) _get_by_requests /opt/stack/placement/placement/objects/allocation_candidate.py:145}}
Jan 05 18:04:31.436886 n-d-xena-1 devstack@placement-api.service[103286]: DEBUG placement.objects.allocation_candidate [req-90abafd0-9c52-4d27-b3fa-ac15939d34e6 req-272f29af-b83b-4e26-bceb-51c4b0c3cf87 service placement] Merging candidates yields 2 allocation requests and 2 provider summaries {{(pid=103286) _merge_candidates /opt/stack/placement/placement/objects/allocation_candidate.py:783}}
Jan 05 18:04:31.438545 n-d-xena-1 devstack@placement-api.service[103286]: INFO placement.requestlog [req-90abafd0-9c52-4d27-b3fa-ac15939d34e6 req-272f29af-b83b-4e26-bceb-51c4b0c3cf87 service placement] 10.222.0.18 "GET /placement/allocation_candidates?limit=1000&resources=DISK_GB%3A1%2CMEMORY_MB%3A1024%2CVCPU%3A1&root_required=%21COMPUTE_STATUS_DISABLED" status: 200 len: 1312 microversion: 1.36
Jan 05 18:04:31.439033 n-d-xena-1 devstack@placement-api.service[103286]: [pid: 103286|app: 0|req: 126/246] 10.222.0.18 () {60 vars in 1506 bytes} [Wed Jan 5 18:04:31 2022] GET /placement/allocation_candidates?limit=1000&resources=DISK_GB%3A1%2CMEMORY_MB%3A1024%2CVCPU%3A1&root_required=%21COMPUTE_STATUS_DISABLED => generated 1312 bytes in 74 msecs (HTTP/1.1 200) 8 headers in 297 bytes (1 switches on core 0)
Jan 05 18:04:31.531892 n-d-xena-1 devstack@placement-api.service[103285]: DEBUG placement.requestlog [req-90abafd0-9c52-4d27-b3fa-ac15939d34e6 req-dcd76c0a-431b-49f3-bbb8-6144ed6f7f61 None None] Starting request: 10.222.0.18 "GET /placement/allocations/4150065e-ea52-4998-9740-ac1990a6d5d4" {{(pid=103285) __call__ /opt/stack/placement/placement/requestlog.py:55}}
Jan 05 18:04:31.548678 n-d-xena-1 devstack@placement-api.service[103285]: INFO placement.requestlog [req-90abafd0-9c52-4d27-b3fa-ac15939d34e6 req-dcd76c0a-431b-49f3-bbb8-6144ed6f7f61 service placement] 10.222.0.18 "GET /placement/allocations/4150065e-ea52-4998-9740-ac1990a6d5d4" status: 200 len: 19 microversion: 1.28
Jan 05 18:04:31.549326 n-d-xena-1 devstack@placement-api.service[103285]: [pid: 103285|app: 0|req: 121/247] 10.222.0.18 () {60 vars in 1380 bytes} [Wed Jan 5 18:04:31 2022] GET /placement/allocations/4150065e-ea52-4998-9740-ac1990a6d5d4 => generated 19 bytes in 18 msecs (HTTP/1.1 200) 8 headers in 295 bytes (1 switches on core 0)
Jan 05 18:04:31.559121 n-d-xena-1 devstack@placement-api.service[103286]: DEBUG placement.requestlog [req-90abafd0-9c52-4d27-b3fa-ac15939d34e6 req-fc807344-eafd-42c9-b00b-262f61d3c8ba None None] Starting request: 10.222.0.18 "PUT /placement/allocations/4150065e-ea52-4998-9740-ac1990a6d5d4" {{(pid=103286) __call__ /opt/stack/placement/placement/requestlog.py:55}}
Jan 05 18:04:31.660832 n-d-xena-1 devstack@placement-api.service[103286]: DEBUG placement.handlers.allocation [req-90abafd0-9c52-4d27-b3fa-ac15939d34e6 req-fc807344-eafd-42c9-b00b-262f61d3c8ba service placement] Successfully wrote allocations [, , ] {{(pid=103286) _update_consumers_and_create_allocations /opt/stack/placement/placement/handlers/allocation.py:462}}
Jan 05 18:04:31.666298 n-d-xena-1 devstack@placement-api.service[103286]: INFO placement.requestlog [req-90abafd0-9c52-4d27-b3fa-ac15939d34e6 req-fc807344-eafd-42c9-b00b-262f61d3c8ba service placement] 10.222.0.18 "PUT /placement/allocations/4150065e-ea52-4998-9740-ac1990a6d5d4" status: 204 len: 0 microversion: 1.36
Jan 05 18:04:31.676998 n-d-xena-1 devstack@placement-api.service[103286]: [pid: 103286|app: 0|req: 127/248] 10.222.0.18 () {64 vars in 1433 bytes} [Wed Jan 5 18:04:31 2022] PUT /placement/allocations/4150065e-ea52-4998-9740-ac1990a6d5d4 => generated 0 bytes in 108 msecs (HTTP/1.1 204) 5 headers in 199 bytes (2 switches on core 0)
Jan 05 18:04:32.052361 n-d-xena-1 devstack@placement-api.service[103285]: DEBUG placement.requestlog [req-90abafd0-9c52-4d27-b3fa-ac15939d34e6 req-bbff303c-0964-486a-b1d8-144cd9322187 None None] Starting request: 10.222.0.43 "GET /placement/allocations/4150065e-ea52-4998-9740-ac1990a6d5d4" {{(pid=103285) __call__ /opt/stack/placement/placement/requestlog.py:55}}
Jan 05 18:04:32.076631 n-d-xena-1 devstack@placement-api.service[103285]: INFO placement.requestlog [req-90abafd0-9c52-4d27-b3fa-ac15939d34e6 req-bbff303c-0964-486a-b1d8-144cd9322187 service placement] 10.222.0.43 "GET /placement/allocations/4150065e-ea52-4998-9740-ac1990a6d5d4" status: 200 len: 259 microversion: 1.28
Jan 05 18:04:32.077555 n-d-xena-1 devstack@placement-api.service[103285]: [pid: 103285|app: 0|req: 122/249] 10.222.0.43 () {60 vars in 1377 bytes} [Wed Jan 5 18:04:32 2022] GET /placement/allocations/4150065e-ea52-4998-9740-ac1990a6d5d4 => generated 259 bytes in 25 msecs (HTTP/1.1 200) 8 headers in 296 bytes (2 switches on core 0)
Jan 05 18:04:33.021208 n-d-xena-1 devstack@placement-api.service[103286]: DEBUG placement.requestlog [req-5e715cb1-c4c5-461a-a486-340afded065a req-41a10815-1814-46f8-810c-1e9b543fb301 None None] Starting request: 10.222.0.15 "GET /placement/resource_providers/341e3182-dfc9-454a-83d3-b75addf5b058/allocations" {{(pid=103286) __call__ /opt/stack/placement/placement/requestlog.py:55}}
Jan 05 18:04:33.059251 n-d-xena-1 devstack@placement-api.service[103286]: INFO placement.requestlog [req-5e715cb1-c4c5-461a-a486-340afded065a req-41a10815-1814-46f8-810c-1e9b543fb301 service placement] 10.222.0.15 "GET /placement/resource_providers/341e3182-dfc9-454a-83d3-b75addf5b058/allocations" status: 200 len: 1063 microversion: 1.0
Jan 05 18:04:33.061997 n-d-xena-1 devstack@placement-api.service[103286]: [pid: 103286|app: 0|req: 128/250] 10.222.0.15 () {58 vars in 1390 bytes} [Wed Jan 5 18:04:33 2022] GET /placement/resource_providers/341e3182-dfc9-454a-83d3-b75addf5b058/allocations => generated 1063 bytes in 41 msecs (HTTP/1.1 200) 6 headers in 225 bytes (1 switches on core 0)
Jan 05 18:04:33.062646 n-d-xena-1 devstack@placement-api.service[103285]: DEBUG placement.requestlog [req-aa7d2c7f-8e4e-4044-9430-b20af638b0db req-38a42036-7227-42b8-a60f-102bedaa895e None None] Starting request: 10.222.0.43 "GET /placement/resource_providers/a4c899a9-4997-4ee7-b89b-179d3bd30605/allocations" {{(pid=103285) __call__ /opt/stack/placement/placement/requestlog.py:55}}
Jan 05 18:04:33.103774 n-d-xena-1 devstack@placement-api.service[103285]: INFO placement.requestlog [req-aa7d2c7f-8e4e-4044-9430-b20af638b0db req-38a42036-7227-42b8-a60f-102bedaa895e service placement] 10.222.0.43 "GET /placement/resource_providers/a4c899a9-4997-4ee7-b89b-179d3bd30605/allocations" status: 200 len: 961 microversion: 1.0
Jan 05 18:04:33.104370 n-d-xena-1 devstack@placement-api.service[103285]: [pid: 103285|app: 0|req: 123/251] 10.222.0.43 () {58 vars in 1390 bytes} [Wed Jan 5 18:04:33 2022] GET /placement/resource_providers/a4c899a9-4997-4ee7-b89b-179d3bd30605/allocations => generated 961 bytes in 42 msecs (HTTP/1.1 200) 6 headers in 224 bytes (2 switches on core 0)
Jan 05 18:04:34.855534 n-d-xena-1 devstack@placement-api.service[103286]: DEBUG placement.requestlog [req-601c6e35-8767-4d48-bfd5-58150ec6dad9 req-12c581ab-a8fe-4bd5-a7b9-6dba0a737778 None None] Starting request: 10.222.0.15 "GET /placement/resource_providers?in_tree=341e3182-dfc9-454a-83d3-b75addf5b058" {{(pid=103286) __call__ /opt/stack/placement/placement/requestlog.py:55}}
Jan 05 18:04:35.100840 n-d-xena-1 devstack@placement-api.service[103286]: INFO placement.requestlog [req-601c6e35-8767-4d48-bfd5-58150ec6dad9 req-12c581ab-a8fe-4bd5-a7b9-6dba0a737778 service placement] 10.222.0.15 "GET /placement/resource_providers?in_tree=341e3182-dfc9-454a-83d3-b75addf5b058" status: 200 len: 861 microversion: 1.14
Jan 05 18:04:35.101451 n-d-xena-1 devstack@placement-api.service[103286]: [pid: 103286|app: 0|req: 129/252] 10.222.0.15 () {60 vars in 1376 bytes} [Wed Jan 5 18:04:34 2022] GET /placement/resource_providers?in_tree=341e3182-dfc9-454a-83d3-b75addf5b058 => generated 861 bytes in 246 msecs (HTTP/1.1 200) 6 headers in 225 bytes (1 switches on core 0)
Jan 05 18:04:35.123959 n-d-xena-1 devstack@placement-api.service[103285]: DEBUG placement.requestlog [req-601c6e35-8767-4d48-bfd5-58150ec6dad9 req-b1df0bd5-5e04-4a46-8b4d-289751747334 None None] Starting request: 10.222.0.15 "GET /placement/resource_providers/341e3182-dfc9-454a-83d3-b75addf5b058/inventories" {{(pid=103285) __call__ /opt/stack/placement/placement/requestlog.py:55}}
Jan 05 18:04:35.175482 n-d-xena-1 devstack@placement-api.service[103285]: INFO placement.requestlog [req-601c6e35-8767-4d48-bfd5-58150ec6dad9 req-b1df0bd5-5e04-4a46-8b4d-289751747334 service placement] 10.222.0.15 "GET /placement/resource_providers/341e3182-dfc9-454a-83d3-b75addf5b058/inventories" status: 200 len: 398 microversion: 1.0
Jan 05 18:04:35.179406 n-d-xena-1 devstack@placement-api.service[103285]: [pid: 103285|app: 0|req: 124/253] 10.222.0.15 () {58 vars in 1390 bytes} [Wed Jan 5 18:04:35 2022] GET /placement/resource_providers/341e3182-dfc9-454a-83d3-b75addf5b058/inventories => generated 398 bytes in 55 msecs (HTTP/1.1 200) 6 headers in 224 bytes (1 switches on core 0)
Jan 05 18:04:35.207778 n-d-xena-1 devstack@placement-api.service[103286]: DEBUG placement.requestlog [req-601c6e35-8767-4d48-bfd5-58150ec6dad9 req-24decc84-7bb7-4990-a20d-7f28991d463f None None] Starting request: 10.222.0.15 "GET /placement/resource_providers/341e3182-dfc9-454a-83d3-b75addf5b058/aggregates" {{(pid=103286) __call__ /opt/stack/placement/placement/requestlog.py:55}}
Jan 05 18:04:35.228326 n-d-xena-1 devstack@placement-api.service[103286]: INFO placement.requestlog [req-601c6e35-8767-4d48-bfd5-58150ec6dad9 req-24decc84-7bb7-4990-a20d-7f28991d463f service placement] 10.222.0.15 "GET /placement/resource_providers/341e3182-dfc9-454a-83d3-b75addf5b058/aggregates" status: 200 len: 54 microversion: 1.19
Jan 05 18:04:35.232764 n-d-xena-1 devstack@placement-api.service[103286]: [pid: 103286|app: 0|req: 130/254] 10.222.0.15 () {60 vars in 1431 bytes} [Wed Jan 5 18:04:35 2022] GET /placement/resource_providers/341e3182-dfc9-454a-83d3-b75addf5b058/aggregates => generated 54 bytes in 26 msecs (HTTP/1.1 200) 8 headers in 295 bytes (1 switches on core 0)
Jan 05 18:04:35.246207 n-d-xena-1 devstack@placement-api.service[103285]: DEBUG placement.requestlog [req-601c6e35-8767-4d48-bfd5-58150ec6dad9 req-4b62b827-1922-4972-ad3c-a77ca53a32fa None None] Starting request: 10.222.0.15 "GET /placement/resource_providers/341e3182-dfc9-454a-83d3-b75addf5b058/traits" {{(pid=103285) __call__ /opt/stack/placement/placement/requestlog.py:55}}
Jan 05 18:04:35.290430 n-d-xena-1 devstack@placement-api.service[103285]: INFO placement.requestlog [req-601c6e35-8767-4d48-bfd5-58150ec6dad9 req-4b62b827-1922-4972-ad3c-a77ca53a32fa service placement] 10.222.0.15 "GET /placement/resource_providers/341e3182-dfc9-454a-83d3-b75addf5b058/traits" status: 200 len: 212 microversion: 1.6
Jan 05 18:04:35.291271 n-d-xena-1 devstack@placement-api.service[103285]: [pid: 103285|app: 0|req: 125/255] 10.222.0.15 () {60 vars in 1418 bytes} [Wed Jan 5 18:04:35 2022] GET /placement/resource_providers/341e3182-dfc9-454a-83d3-b75addf5b058/traits => generated 212 bytes in 46 msecs (HTTP/1.1 200) 6 headers in 224 bytes (1 switches on core 0)
Jan 05 18:04:35.793137 n-d-xena-1 devstack@placement-api.service[103286]: DEBUG placement.requestlog [req-601c6e35-8767-4d48-bfd5-58150ec6dad9 req-166b3f1d-9f29-4cb5-9f03-28ba792c90e4 None None] Starting request: 10.222.0.15 "GET /placement/allocations/5d3a411b-fb14-4d3c-a3af-e35811ef5707" {{(pid=103286) __call__ /opt/stack/placement/placement/requestlog.py:55}}
Jan 05 18:04:35.816170 n-d-xena-1 devstack@placement-api.service[103286]: INFO placement.requestlog [req-601c6e35-8767-4d48-bfd5-58150ec6dad9 req-166b3f1d-9f29-4cb5-9f03-28ba792c90e4 service placement] 10.222.0.15 "GET /placement/allocations/5d3a411b-fb14-4d3c-a3af-e35811ef5707" status: 200 len: 259 microversion: 1.28
Jan 05 18:04:35.817027 n-d-xena-1 devstack@placement-api.service[103286]: [pid: 103286|app: 0|req: 131/256] 10.222.0.15 () {60 vars in 1377 bytes} [Wed Jan 5 18:04:35 2022] GET /placement/allocations/5d3a411b-fb14-4d3c-a3af-e35811ef5707 => generated 259 bytes in 23 msecs (HTTP/1.1 200) 8 headers in 296 bytes (1 switches on core 0)
Jan 05 18:04:35.825663 n-d-xena-1 devstack@placement-api.service[103285]: DEBUG placement.requestlog [req-601c6e35-8767-4d48-bfd5-58150ec6dad9 req-fd4dd5af-3914-49e5-b444-4b20965c0537 None None] Starting request: 10.222.0.15 "PUT /placement/allocations/5d3a411b-fb14-4d3c-a3af-e35811ef5707" {{(pid=103285) __call__ /opt/stack/placement/placement/requestlog.py:55}}
