Jan 05 18:02:27.633648 n-d-xena-1 devstack@placement-api.service[103285]: DEBUG placement.objects.allocation_candidate [req-b3e7835f-6c5d-4c1b-8e0c-72fb63d5e0be req-d3378657-3471-4783-be12-3aea38c9eb35 service placement] Merging candidates yields 2 allocation requests and 2 provider summaries {{(pid=103285) _merge_candidates /opt/stack/placement/placement/objects/allocation_candidate.py:783}}
Jan 05 18:02:27.637338 n-d-xena-1 devstack@placement-api.service[103285]: INFO placement.requestlog [req-b3e7835f-6c5d-4c1b-8e0c-72fb63d5e0be req-d3378657-3471-4783-be12-3aea38c9eb35 service placement] 10.222.0.18 "GET /placement/allocation_candidates?limit=1000&resources=DISK_GB%3A1%2CMEMORY_MB%3A1024%2CVCPU%3A1&root_required=%21COMPUTE_STATUS_DISABLED" status: 200 len: 1309 microversion: 1.36
Jan 05 18:02:27.637968 n-d-xena-1 devstack@placement-api.service[103285]: [pid: 103285|app: 0|req: 27/57] 10.222.0.18 () {60 vars in 1506 bytes} [Wed Jan 5 18:02:27 2022] GET /placement/allocation_candidates?limit=1000&resources=DISK_GB%3A1%2CMEMORY_MB%3A1024%2CVCPU%3A1&root_required=%21COMPUTE_STATUS_DISABLED => generated 1309 bytes in 97 msecs (HTTP/1.1 200) 8 headers in 297 bytes (1 switches on core 0)
Jan 05 18:02:27.674280 n-d-xena-1 devstack@placement-api.service[103286]: DEBUG placement.objects.resource_provider [req-79659797-f945-4ded-ab9c-57b601952c86 req-78bc05e5-e1f3-42ad-93d6-1965877a09cd service placement] Setting aggregates for provider 341e3182-dfc9-454a-83d3-b75addf5b058. Successfully disassociated aggregate 5a366a4f-95bc-4450-b9ce-ce40d19df1c9. {{(pid=103286) _set_aggregates /opt/stack/placement/placement/objects/resource_provider.py:403}}
Jan 05 18:02:27.682717 n-d-xena-1 devstack@placement-api.service[103286]: INFO placement.requestlog [req-79659797-f945-4ded-ab9c-57b601952c86 req-78bc05e5-e1f3-42ad-93d6-1965877a09cd service placement] 10.222.0.18 "PUT /placement/resource_providers/341e3182-dfc9-454a-83d3-b75addf5b058/aggregates" status: 200 len: 53 microversion: 1.19
Jan 05 18:02:27.683267 n-d-xena-1 devstack@placement-api.service[103286]: [pid: 103286|app: 0|req: 31/58] 10.222.0.18 () {64 vars in 1477 bytes} [Wed Jan 5 18:02:27 2022] PUT /placement/resource_providers/341e3182-dfc9-454a-83d3-b75addf5b058/aggregates => generated 53 bytes in 51 msecs (HTTP/1.1 200) 8 headers in 295 bytes (1 switches on core 0)
Jan 05 18:02:27.742096 n-d-xena-1 devstack@placement-api.service[103285]: DEBUG placement.requestlog [req-b3e7835f-6c5d-4c1b-8e0c-72fb63d5e0be req-16ec5f98-4a7f-494a-8316-99b133e6338d None None] Starting request: 10.222.0.18 "GET /placement/allocations/e905804e-6b3b-4510-8567-a9748fc39281" {{(pid=103285) __call__ /opt/stack/placement/placement/requestlog.py:55}}
Jan 05 18:02:27.766824 n-d-xena-1 devstack@placement-api.service[103285]: INFO placement.requestlog [req-b3e7835f-6c5d-4c1b-8e0c-72fb63d5e0be req-16ec5f98-4a7f-494a-8316-99b133e6338d service placement] 10.222.0.18 "GET /placement/allocations/e905804e-6b3b-4510-8567-a9748fc39281" status: 200 len: 19 microversion: 1.28
Jan 05 18:02:27.769354 n-d-xena-1 devstack@placement-api.service[103285]: [pid: 103285|app: 0|req: 28/59] 10.222.0.18 () {60 vars in 1380 bytes} [Wed Jan 5 18:02:27 2022] GET /placement/allocations/e905804e-6b3b-4510-8567-a9748fc39281 => generated 19 bytes in 27 msecs (HTTP/1.1 200) 8 headers in 295 bytes (1 switches on core 0)
Jan 05 18:02:27.777684 n-d-xena-1 devstack@placement-api.service[103286]: DEBUG placement.requestlog [req-b3e7835f-6c5d-4c1b-8e0c-72fb63d5e0be req-77558a8d-394b-404e-9238-9af1cd0dd232 None None] Starting request: 10.222.0.18 "PUT /placement/allocations/e905804e-6b3b-4510-8567-a9748fc39281" {{(pid=103286) __call__ /opt/stack/placement/placement/requestlog.py:55}}
Jan 05 18:02:27.896047 n-d-xena-1 devstack@placement-api.service[103286]: DEBUG placement.handlers.allocation [req-b3e7835f-6c5d-4c1b-8e0c-72fb63d5e0be req-77558a8d-394b-404e-9238-9af1cd0dd232 service placement] Successfully wrote allocations [, , ] {{(pid=103286) _update_consumers_and_create_allocations /opt/stack/placement/placement/handlers/allocation.py:462}}
Jan 05 18:02:27.904613 n-d-xena-1 devstack@placement-api.service[103286]: INFO placement.requestlog [req-b3e7835f-6c5d-4c1b-8e0c-72fb63d5e0be req-77558a8d-394b-404e-9238-9af1cd0dd232 service placement] 10.222.0.18 "PUT /placement/allocations/e905804e-6b3b-4510-8567-a9748fc39281" status: 204 len: 0 microversion: 1.36
Jan 05 18:02:27.905282 n-d-xena-1 devstack@placement-api.service[103286]: [pid: 103286|app: 0|req: 32/60] 10.222.0.18 () {64 vars in 1433 bytes} [Wed Jan 5 18:02:27 2022] PUT /placement/allocations/e905804e-6b3b-4510-8567-a9748fc39281 => generated 0 bytes in 128 msecs (HTTP/1.1 204) 5 headers in 199 bytes (1 switches on core 0)
Jan 05 18:02:28.253758 n-d-xena-1 devstack@placement-api.service[103285]: DEBUG placement.requestlog [req-3683a26c-fa5c-438a-ab1e-fcff1c70bb7f req-838d7455-5539-4119-a099-a46d6c54c38d None None] Starting request: 10.222.0.18 "GET /placement/resource_providers?name=n-h1-xena-1" {{(pid=103285) __call__ /opt/stack/placement/placement/requestlog.py:55}}
Jan 05 18:02:28.272600 n-d-xena-1 devstack@placement-api.service[103285]: INFO placement.requestlog [req-3683a26c-fa5c-438a-ab1e-fcff1c70bb7f req-838d7455-5539-4119-a099-a46d6c54c38d service placement] 10.222.0.18 "GET /placement/resource_providers?name=n-h1-xena-1" status: 200 len: 438 microversion: 1.0
Jan 05 18:02:28.274192 n-d-xena-1 devstack@placement-api.service[103285]: [pid: 103285|app: 0|req: 29/61] 10.222.0.18 () {58 vars in 1270 bytes} [Wed Jan 5 18:02:28 2022] GET /placement/resource_providers?name=n-h1-xena-1 => generated 438 bytes in 21 msecs (HTTP/1.1 200) 6 headers in 224 bytes (1 switches on core 0)
Jan 05 18:02:28.282788 n-d-xena-1 devstack@placement-api.service[103286]: DEBUG placement.requestlog [req-3683a26c-fa5c-438a-ab1e-fcff1c70bb7f req-192ef138-d380-4990-8c76-e827461e1f8d None None] Starting request: 10.222.0.18 "GET /placement/resource_providers/341e3182-dfc9-454a-83d3-b75addf5b058/aggregates" {{(pid=103286) __call__ /opt/stack/placement/placement/requestlog.py:55}}
Jan 05 18:02:28.307012 n-d-xena-1 devstack@placement-api.service[103286]: INFO placement.requestlog [req-3683a26c-fa5c-438a-ab1e-fcff1c70bb7f req-192ef138-d380-4990-8c76-e827461e1f8d service placement] 10.222.0.18 "GET /placement/resource_providers/341e3182-dfc9-454a-83d3-b75addf5b058/aggregates" status: 200 len: 53 microversion: 1.19
Jan 05 18:02:28.307576 n-d-xena-1 devstack@placement-api.service[103286]: [pid: 103286|app: 0|req: 33/62] 10.222.0.18 () {60 vars in 1425 bytes} [Wed Jan 5 18:02:28 2022] GET /placement/resource_providers/341e3182-dfc9-454a-83d3-b75addf5b058/aggregates => generated 53 bytes in 25 msecs (HTTP/1.1 200) 8 headers in 295 bytes (1 switches on core 0)
Jan 05 18:02:28.314242 n-d-xena-1 devstack@placement-api.service[103285]: DEBUG placement.requestlog [req-3683a26c-fa5c-438a-ab1e-fcff1c70bb7f req-d2c79bee-ee0d-4a65-9442-65a8f283a12c None None] Starting request: 10.222.0.18 "PUT /placement/resource_providers/341e3182-dfc9-454a-83d3-b75addf5b058/aggregates" {{(pid=103285) __call__ /opt/stack/placement/placement/requestlog.py:55}}
Jan 05 18:02:28.336892 n-d-xena-1 devstack@placement-api.service[103285]: DEBUG placement.objects.resource_provider [req-3683a26c-fa5c-438a-ab1e-fcff1c70bb7f req-d2c79bee-ee0d-4a65-9442-65a8f283a12c service placement] _ensure_aggregate() did not find aggregate de992367-7b1b-4c8e-890c-7e9466e80005. Attempting to create it. {{(pid=103285) _ensure_aggregate /opt/stack/placement/placement/objects/resource_provider.py:320}}
Jan 05 18:02:28.340475 n-d-xena-1 devstack@placement-api.service[103286]: DEBUG placement.requestlog [req-b3e7835f-6c5d-4c1b-8e0c-72fb63d5e0be req-8acb8925-586c-4145-8a0b-a3158f799376 None None] Starting request: 10.222.0.43 "GET /placement/allocations/e905804e-6b3b-4510-8567-a9748fc39281" {{(pid=103286) __call__ /opt/stack/placement/placement/requestlog.py:55}}
Jan 05 18:02:28.359093 n-d-xena-1 devstack@placement-api.service[103285]: DEBUG placement.objects.resource_provider [req-3683a26c-fa5c-438a-ab1e-fcff1c70bb7f req-d2c79bee-ee0d-4a65-9442-65a8f283a12c service placement] _ensure_aggregate() created new aggregate de992367-7b1b-4c8e-890c-7e9466e80005 (id=3). {{(pid=103285) _ensure_aggregate /opt/stack/placement/placement/objects/resource_provider.py:326}}
Jan 05 18:02:28.363002 n-d-xena-1 devstack@placement-api.service[103285]: DEBUG placement.objects.resource_provider [req-3683a26c-fa5c-438a-ab1e-fcff1c70bb7f req-d2c79bee-ee0d-4a65-9442-65a8f283a12c service placement] Setting aggregates for provider 341e3182-dfc9-454a-83d3-b75addf5b058. Successfully associated aggregate de992367-7b1b-4c8e-890c-7e9466e80005. {{(pid=103285) _set_aggregates /opt/stack/placement/placement/objects/resource_provider.py:388}}
Jan 05 18:02:28.375909 n-d-xena-1 devstack@placement-api.service[103286]: INFO placement.requestlog [req-b3e7835f-6c5d-4c1b-8e0c-72fb63d5e0be req-8acb8925-586c-4145-8a0b-a3158f799376 service placement] 10.222.0.43 "GET /placement/allocations/e905804e-6b3b-4510-8567-a9748fc39281" status: 200 len: 258 microversion: 1.28
Jan 05 18:02:28.379520 n-d-xena-1 devstack@placement-api.service[103285]: INFO placement.requestlog [req-3683a26c-fa5c-438a-ab1e-fcff1c70bb7f req-d2c79bee-ee0d-4a65-9442-65a8f283a12c service placement] 10.222.0.18 "PUT /placement/resource_providers/341e3182-dfc9-454a-83d3-b75addf5b058/aggregates" status: 200 len: 91 microversion: 1.19
Jan 05 18:02:28.380309 n-d-xena-1 devstack@placement-api.service[103285]: [pid: 103285|app: 0|req: 30/64] 10.222.0.18 () {64 vars in 1477 bytes} [Wed Jan 5 18:02:28 2022] PUT /placement/resource_providers/341e3182-dfc9-454a-83d3-b75addf5b058/aggregates => generated 91 bytes in 66 msecs (HTTP/1.1 200) 8 headers in 295 bytes (2 switches on core 0)
Jan 05 18:02:28.380613 n-d-xena-1 devstack@placement-api.service[103286]: [pid: 103286|app: 0|req: 34/64] 10.222.0.43 () {60 vars in 1377 bytes} [Wed Jan 5 18:02:28 2022] GET /placement/allocations/e905804e-6b3b-4510-8567-a9748fc39281 => generated 258 bytes in 38 msecs (HTTP/1.1 200) 8 headers in 296 bytes (2 switches on core 0)
Jan 05 18:02:28.496257 n-d-xena-1 devstack@placement-api.service[103285]: DEBUG placement.requestlog [req-88fcd82e-bac2-4cc9-8ffe-e675f8c721be req-b1fc8d56-634d-4d9c-bb2d-e8943ddae4e1 None None] Starting request: 10.222.0.18 "GET /placement/resource_providers?name=n-h1-xena-1" {{(pid=103285) __call__ /opt/stack/placement/placement/requestlog.py:55}}
Jan 05 18:02:28.509725 n-d-xena-1 devstack@placement-api.service[103285]: INFO placement.requestlog [req-88fcd82e-bac2-4cc9-8ffe-e675f8c721be req-b1fc8d56-634d-4d9c-bb2d-e8943ddae4e1 service placement] 10.222.0.18 "GET /placement/resource_providers?name=n-h1-xena-1" status: 200 len: 438 microversion: 1.0
Jan 05 18:02:28.510334 n-d-xena-1 devstack@placement-api.service[103285]: [pid: 103285|app: 0|req: 31/65] 10.222.0.18 () {58 vars in 1270 bytes} [Wed Jan 5 18:02:28 2022] GET /placement/resource_providers?name=n-h1-xena-1 => generated 438 bytes in 14 msecs (HTTP/1.1 200) 6 headers in 224 bytes (1 switches on core 0)
Jan 05 18:02:28.531007 n-d-xena-1 devstack@placement-api.service[103286]: DEBUG placement.requestlog [req-88fcd82e-bac2-4cc9-8ffe-e675f8c721be req-33de6133-7a79-4cbc-a6f4-fab23d3fe149 None None] Starting request: 10.222.0.18 "GET /placement/resource_providers/341e3182-dfc9-454a-83d3-b75addf5b058/aggregates" {{(pid=103286) __call__ /opt/stack/placement/placement/requestlog.py:55}}
Jan 05 18:02:28.553533 n-d-xena-1 devstack@placement-api.service[103286]: INFO placement.requestlog [req-88fcd82e-bac2-4cc9-8ffe-e675f8c721be req-33de6133-7a79-4cbc-a6f4-fab23d3fe149 service placement] 10.222.0.18 "GET /placement/resource_providers/341e3182-dfc9-454a-83d3-b75addf5b058/aggregates" status: 200 len: 91 microversion: 1.19
Jan 05 18:02:28.553763 n-d-xena-1 devstack@placement-api.service[103286]: [pid: 103286|app: 0|req: 35/66] 10.222.0.18 () {60 vars in 1425 bytes} [Wed Jan 5 18:02:28 2022] GET /placement/resource_providers/341e3182-dfc9-454a-83d3-b75addf5b058/aggregates => generated 91 bytes in 23 msecs (HTTP/1.1 200) 8 headers in 295 bytes (1 switches on core 0)
Jan 05 18:02:28.562200 n-d-xena-1 devstack@placement-api.service[103285]: DEBUG placement.requestlog [req-88fcd82e-bac2-4cc9-8ffe-e675f8c721be req-a727bfff-9f8d-4b0e-9d60-1a54491b7a20 None None] Starting request: 10.222.0.18 "PUT /placement/resource_providers/341e3182-dfc9-454a-83d3-b75addf5b058/aggregates" {{(pid=103285) __call__ /opt/stack/placement/placement/requestlog.py:55}}
Jan 05 18:02:28.585958 n-d-xena-1 devstack@placement-api.service[103285]: DEBUG placement.objects.resource_provider [req-88fcd82e-bac2-4cc9-8ffe-e675f8c721be req-a727bfff-9f8d-4b0e-9d60-1a54491b7a20 service placement] Setting aggregates for provider 341e3182-dfc9-454a-83d3-b75addf5b058. Successfully disassociated aggregate de992367-7b1b-4c8e-890c-7e9466e80005. {{(pid=103285) _set_aggregates /opt/stack/placement/placement/objects/resource_provider.py:403}}
Jan 05 18:02:28.595412 n-d-xena-1 devstack@placement-api.service[103285]: INFO placement.requestlog [req-88fcd82e-bac2-4cc9-8ffe-e675f8c721be req-a727bfff-9f8d-4b0e-9d60-1a54491b7a20 service placement] 10.222.0.18 "PUT /placement/resource_providers/341e3182-dfc9-454a-83d3-b75addf5b058/aggregates" status: 200 len: 54 microversion: 1.19
Jan 05 18:02:28.596236 n-d-xena-1 devstack@placement-api.service[103285]: [pid: 103285|app: 0|req: 32/67] 10.222.0.18 () {64 vars in 1477 bytes} [Wed Jan 5 18:02:28 2022] PUT /placement/resource_providers/341e3182-dfc9-454a-83d3-b75addf5b058/aggregates => generated 54 bytes in 34 msecs (HTTP/1.1 200) 8 headers in 295 bytes (1 switches on core 0)
Jan 05 18:02:30.092535 n-d-xena-1 devstack@placement-api.service[103286]: DEBUG placement.requestlog [req-9096b483-36ef-4ab9-8510-2918c65a6113 req-4211716a-8f08-41ef-85d7-4e46f1e87cea None None] Starting request: 10.222.0.18 "GET /placement/resource_providers?name=n-h1-xena-1" {{(pid=103286) __call__ /opt/stack/placement/placement/requestlog.py:55}}
Jan 05 18:02:30.110611 n-d-xena-1 devstack@placement-api.service[103286]: INFO placement.requestlog [req-9096b483-36ef-4ab9-8510-2918c65a6113 req-4211716a-8f08-41ef-85d7-4e46f1e87cea service placement] 10.222.0.18 "GET /placement/resource_providers?name=n-h1-xena-1" status: 200 len: 439 microversion: 1.0
Jan 05 18:02:30.111531 n-d-xena-1 devstack@placement-api.service[103286]: [pid: 103286|app: 0|req: 36/68] 10.222.0.18 () {58 vars in 1270 bytes} [Wed Jan 5 18:02:30 2022] GET /placement/resource_providers?name=n-h1-xena-1 => generated 439 bytes in 19 msecs (HTTP/1.1 200) 6 headers in 224 bytes (1 switches on core 0)
Jan 05 18:02:30.119523 n-d-xena-1 devstack@placement-api.service[103285]: DEBUG placement.requestlog [req-9096b483-36ef-4ab9-8510-2918c65a6113 req-3b2a14da-ca49-44b7-8032-55e5892f87e3 None None] Starting request: 10.222.0.18 "GET /placement/resource_providers/341e3182-dfc9-454a-83d3-b75addf5b058/aggregates" {{(pid=103285) __call__ /opt/stack/placement/placement/requestlog.py:55}}
Jan 05 18:02:30.140037 n-d-xena-1 devstack@placement-api.service[103285]: INFO placement.requestlog [req-9096b483-36ef-4ab9-8510-2918c65a6113 req-3b2a14da-ca49-44b7-8032-55e5892f87e3 service placement] 10.222.0.18 "GET /placement/resource_providers/341e3182-dfc9-454a-83d3-b75addf5b058/aggregates" status: 200 len: 54 microversion: 1.19
Jan 05 18:02:30.142803 n-d-xena-1 devstack@placement-api.service[103285]: [pid: 103285|app: 0|req: 33/69] 10.222.0.18 () {60 vars in 1425 bytes} [Wed Jan 5 18:02:30 2022] GET /placement/resource_providers/341e3182-dfc9-454a-83d3-b75addf5b058/aggregates => generated 54 bytes in 24 msecs (HTTP/1.1 200) 8 headers in 295 bytes (2 switches on core 0)
Jan 05 18:02:30.150764 n-d-xena-1 devstack@placement-api.service[103286]: DEBUG placement.requestlog [req-9096b483-36ef-4ab9-8510-2918c65a6113 req-b4d18ebe-3ac7-485d-af79-1d83da01ab89 None None] Starting request: 10.222.0.18 "PUT /placement/resource_providers/341e3182-dfc9-454a-83d3-b75addf5b058/aggregates" {{(pid=103286) __call__ /opt/stack/placement/placement/requestlog.py:55}}
Jan 05 18:02:30.172886 n-d-xena-1 devstack@placement-api.service[103286]: DEBUG placement.objects.resource_provider [req-9096b483-36ef-4ab9-8510-2918c65a6113 req-b4d18ebe-3ac7-485d-af79-1d83da01ab89 service placement] _ensure_aggregate() did not find aggregate 34d84043-0cb5-4a6f-8994-1069983a0642. Attempting to create it. {{(pid=103286) _ensure_aggregate /opt/stack/placement/placement/objects/resource_provider.py:320}}
Jan 05 18:02:30.175678 n-d-xena-1 devstack@placement-api.service[103286]: DEBUG placement.objects.resource_provider [req-9096b483-36ef-4ab9-8510-2918c65a6113 req-b4d18ebe-3ac7-485d-af79-1d83da01ab89 service placement] _ensure_aggregate() created new aggregate 34d84043-0cb5-4a6f-8994-1069983a0642 (id=4). {{(pid=103286) _ensure_aggregate /opt/stack/placement/placement/objects/resource_provider.py:326}}
Jan 05 18:02:30.180633 n-d-xena-1 devstack@placement-api.service[103286]: DEBUG placement.objects.resource_provider [req-9096b483-36ef-4ab9-8510-2918c65a6113 req-b4d18ebe-3ac7-485d-af79-1d83da01ab89 service placement] Setting aggregates for provider 341e3182-dfc9-454a-83d3-b75addf5b058. Successfully associated aggregate 34d84043-0cb5-4a6f-8994-1069983a0642. {{(pid=103286) _set_aggregates /opt/stack/placement/placement/objects/resource_provider.py:388}}
Jan 05 18:02:30.189740 n-d-xena-1 devstack@placement-api.service[103286]: INFO placement.requestlog [req-9096b483-36ef-4ab9-8510-2918c65a6113 req-b4d18ebe-3ac7-485d-af79-1d83da01ab89 service placement] 10.222.0.18 "PUT /placement/resource_providers/341e3182-dfc9-454a-83d3-b75addf5b058/aggregates" status: 200 len: 92 microversion: 1.19
Jan 05 18:02:30.191127 n-d-xena-1 devstack@placement-api.service[103286]: [pid: 103286|app: 0|req: 37/70] 10.222.0.18 () {64 vars in 1477 bytes} [Wed Jan 5 18:02:30 2022] PUT /placement/resource_providers/341e3182-dfc9-454a-83d3-b75addf5b058/aggregates => generated 92 bytes in 40 msecs (HTTP/1.1 200) 8 headers in 295 bytes (1 switches on core 0)
Jan 05 18:02:30.559367 n-d-xena-1 devstack@placement-api.service[103285]: DEBUG placement.requestlog [req-dd365d5d-99cd-4a1c-8686-ae2980a985ef req-b8bc3d61-dbdf-48d8-98ea-7d1ba0cdedb2 None None] Starting request: 10.222.0.43 "GET /placement/resource_providers/a4c899a9-4997-4ee7-b89b-179d3bd30605/allocations" {{(pid=103285) __call__ /opt/stack/placement/placement/requestlog.py:55}}
Jan 05 18:02:30.593645 n-d-xena-1 devstack@placement-api.service[103285]: INFO placement.requestlog [req-dd365d5d-99cd-4a1c-8686-ae2980a985ef req-b8bc3d61-dbdf-48d8-98ea-7d1ba0cdedb2 service placement] 10.222.0.43 "GET /placement/resource_providers/a4c899a9-4997-4ee7-b89b-179d3bd30605/allocations" status: 200 len: 355 microversion: 1.0
Jan 05 18:02:30.594678 n-d-xena-1 devstack@placement-api.service[103285]: [pid: 103285|app: 0|req: 34/71] 10.222.0.43 () {58 vars in 1390 bytes} [Wed Jan 5 18:02:30 2022] GET /placement/resource_providers/a4c899a9-4997-4ee7-b89b-179d3bd30605/allocations => generated 355 bytes in 35 msecs (HTTP/1.1 200) 6 headers in 224 bytes (1 switches on core 0)
Jan 05 18:02:30.784677 n-d-xena-1 devstack@placement-api.service[103286]: DEBUG placement.requestlog [req-e5532671-b486-4081-a69a-beb7880a1657 req-99c4f286-a3cd-4331-8d1b-38a8cdba3557 None None] Starting request: 10.222.0.15 "GET /placement/resource_providers/341e3182-dfc9-454a-83d3-b75addf5b058/allocations" {{(pid=103286) __call__ /opt/stack/placement/placement/requestlog.py:55}}
Jan 05 18:02:30.812918 n-d-xena-1 devstack@placement-api.service[103286]: INFO placement.requestlog [req-e5532671-b486-4081-a69a-beb7880a1657 req-99c4f286-a3cd-4331-8d1b-38a8cdba3557 service placement] 10.222.0.15 "GET /placement/resource_providers/341e3182-dfc9-454a-83d3-b75addf5b058/allocations" status: 200 len: 255 microversion: 1.0
Jan 05 18:02:30.813828 n-d-xena-1 devstack@placement-api.service[103286]: [pid: 103286|app: 0|req: 38/72] 10.222.0.15 () {58 vars in 1390 bytes} [Wed Jan 5 18:02:30 2022] GET /placement/resource_providers/341e3182-dfc9-454a-83d3-b75addf5b058/allocations => generated 255 bytes in 29 msecs (HTTP/1.1 200) 6 headers in 224 bytes (1 switches on core 0)
Jan 05 18:02:32.066488 n-d-xena-1 devstack@placement-api.service[103285]: DEBUG placement.requestlog [None req-2d6ba0a5-b0f9-4883-9512-ae454a97203f None None] Starting request: 10.222.0.18 "GET /placement/" {{(pid=103285) __call__ /opt/stack/placement/placement/requestlog.py:55}}
Jan 05 18:02:32.068965 n-d-xena-1 devstack@placement-api.service[103285]: INFO placement.requestlog [None req-2d6ba0a5-b0f9-4883-9512-ae454a97203f None None] 10.222.0.18 "GET /placement/" status: 200 len: 136 microversion: 1.0
Jan 05 18:02:32.069474 n-d-xena-1 devstack@placement-api.service[103285]: [pid: 103285|app: 0|req: 35/73] 10.222.0.18 () {54 vars in 907 bytes} [Wed Jan 5 18:02:32 2022] GET /placement => generated 136 bytes in 3 msecs (HTTP/1.1 200) 6 headers in 224 bytes (1 switches on core 0)
Jan 05 18:02:32.082123 n-d-xena-1 devstack@placement-api.service[103286]: DEBUG placement.requestlog [req-760e2ae8-cdf9-467e-ab72-535ff21560dc req-697b6693-cdb9-4e73-b1d5-c74f257ac5ec None None] Starting request: 10.222.0.18 "GET /placement/resource_providers/a4c899a9-4997-4ee7-b89b-179d3bd30605/traits" {{(pid=103286) __call__ /opt/stack/placement/placement/requestlog.py:55}}
Jan 05 18:02:32.184491 n-d-xena-1 devstack@placement-api.service[103286]: INFO placement.requestlog [req-760e2ae8-cdf9-467e-ab72-535ff21560dc req-697b6693-cdb9-4e73-b1d5-c74f257ac5ec service placement] 10.222.0.18 "GET /placement/resource_providers/a4c899a9-4997-4ee7-b89b-179d3bd30605/traits" status: 200 len: 211 microversion: 1.6
Jan 05 18:02:32.191461 n-d-xena-1 devstack@placement-api.service[103286]: [pid: 103286|app: 0|req: 39/74] 10.222.0.18 () {60 vars in 1412 bytes} [Wed Jan 5 18:02:32 2022] GET /placement/resource_providers/a4c899a9-4997-4ee7-b89b-179d3bd30605/traits => generated 211 bytes in 110 msecs (HTTP/1.1 200) 6 headers in 224 bytes (1 switches on core 0)
Jan 05 18:02:32.737716 n-d-xena-1 devstack@placement-api.service[103285]: DEBUG placement.requestlog [None req-0a87158d-313e-48c7-8d9a-4c54c695cd1f None None] Starting request: 10.222.0.18 "GET /placement/" {{(pid=103285) __call__ /opt/stack/placement/placement/requestlog.py:55}}
Jan 05 18:02:32.739357 n-d-xena-1 devstack@placement-api.service[103285]: INFO placement.requestlog [None req-0a87158d-313e-48c7-8d9a-4c54c695cd1f None None] 10.222.0.18 "GET /placement/" status: 200 len: 136 microversion: 1.0
Jan 05 18:02:32.739547 n-d-xena-1 devstack@placement-api.service[103285]: [pid: 103285|app: 0|req: 36/75] 10.222.0.18 () {54 vars in 916 bytes} [Wed Jan 5 18:02:32 2022] GET /placement => generated 136 bytes in 2 msecs (HTTP/1.1 200) 6 headers in 224 bytes (1 switches on core 0)
Jan 05 18:02:32.749157 n-d-xena-1 devstack@placement-api.service[103286]: DEBUG placement.requestlog [req-760e2ae8-cdf9-467e-ab72-535ff21560dc req-27a3c48d-640a-4f0c-a6ad-f7ab7e12229c None None] Starting request: 10.222.0.18 "GET /placement/allocations/09eb5b06-f3c9-4a5d-b13c-2e06fc82321f" {{(pid=103286) __call__ /opt/stack/placement/placement/requestlog.py:55}}
Jan 05 18:02:32.828658 n-d-xena-1 devstack@placement-api.service[103286]: INFO placement.requestlog [req-760e2ae8-cdf9-467e-ab72-535ff21560dc req-27a3c48d-640a-4f0c-a6ad-f7ab7e12229c service placement] 10.222.0.18 "GET /placement/allocations/09eb5b06-f3c9-4a5d-b13c-2e06fc82321f" status: 200 len: 258 microversion: 1.28
Jan 05 18:02:32.830720 n-d-xena-1 devstack@placement-api.service[103286]: [pid: 103286|app: 0|req: 40/76] 10.222.0.18 () {60 vars in 1380 bytes} [Wed Jan 5 18:02:32 2022] GET /placement/allocations/09eb5b06-f3c9-4a5d-b13c-2e06fc82321f => generated 258 bytes in 82 msecs (HTTP/1.1 200) 8 headers in 296 bytes (2 switches on core 0)
Jan 05 18:02:32.836308 n-d-xena-1 devstack@placement-api.service[103285]: DEBUG placement.requestlog [req-760e2ae8-cdf9-467e-ab72-535ff21560dc req-d0ebbc98-d7df-4527-a0ee-563899fcc1aa None None] Starting request: 10.222.0.18 "GET /placement/allocations/09eb5b06-f3c9-4a5d-b13c-2e06fc82321f" {{(pid=103285) __call__ /opt/stack/placement/placement/requestlog.py:55}}
Jan 05 18:02:32.865712 n-d-xena-1 devstack@placement-api.service[103285]: INFO placement.requestlog [req-760e2ae8-cdf9-467e-ab72-535ff21560dc req-d0ebbc98-d7df-4527-a0ee-563899fcc1aa service placement] 10.222.0.18 "GET /placement/allocations/09eb5b06-f3c9-4a5d-b13c-2e06fc82321f" status: 200 len: 258 microversion: 1.28
Jan 05 18:02:32.871649 n-d-xena-1 devstack@placement-api.service[103285]: [pid: 103285|app: 0|req: 37/77] 10.222.0.18 () {60 vars in 1380 bytes} [Wed Jan 5 18:02:32 2022] GET /placement/allocations/09eb5b06-f3c9-4a5d-b13c-2e06fc82321f => generated 258 bytes in 36 msecs (HTTP/1.1 200) 8 headers in 296 bytes (2 switches on core 0)
Jan 05 18:02:32.872324 n-d-xena-1 devstack@placement-api.service[103286]: DEBUG placement.requestlog [req-760e2ae8-cdf9-467e-ab72-535ff21560dc req-897ada70-00ef-4fea-a902-c7421f3ac961 None None] Starting request: 10.222.0.18 "GET /placement/allocations/b8e23c49-50fe-4fb8-ba64-757dc7c3ea54" {{(pid=103286) __call__ /opt/stack/placement/placement/requestlog.py:55}}
Jan 05 18:02:32.887045 n-d-xena-1 devstack@placement-api.service[103286]: INFO placement.requestlog [req-760e2ae8-cdf9-467e-ab72-535ff21560dc req-897ada70-00ef-4fea-a902-c7421f3ac961 service placement] 10.222.0.18 "GET /placement/allocations/b8e23c49-50fe-4fb8-ba64-757dc7c3ea54" status: 200 len: 19 microversion: 1.28
Jan 05 18:02:32.898967 n-d-xena-1 devstack@placement-api.service[103285]: DEBUG placement.requestlog [req-760e2ae8-cdf9-467e-ab72-535ff21560dc req-d7d937ef-62a8-4882-bfbf-cc09aab8872a None None] Starting request: 10.222.0.18 "POST /placement/allocations" {{(pid=103285) __call__ /opt/stack/placement/placement/requestlog.py:55}}
Jan 05 18:02:32.900066 n-d-xena-1 devstack@placement-api.service[103286]: [pid: 103286|app: 0|req: 41/78] 10.222.0.18 () {60 vars in 1380 bytes} [Wed Jan 5 18:02:32 2022] GET /placement/allocations/b8e23c49-50fe-4fb8-ba64-757dc7c3ea54 => generated 19 bytes in 28 msecs (HTTP/1.1 200) 8 headers in 295 bytes (1 switches on core 0)
Jan 05 18:02:32.929071 n-d-xena-1 devstack@placement-api.service[103286]: DEBUG placement.requestlog [req-1bd5d65a-dd6d-41d5-9bf1-60dd098bc2f5 req-ddc28b65-af53-4f6c-bb6d-17239d18ec13 None None] Starting request: 10.222.0.18 "GET /placement/resource_providers?name=n-h1-xena-1" {{(pid=103286) __call__ /opt/stack/placement/placement/requestlog.py:55}}
Jan 05 18:02:32.944138 n-d-xena-1 devstack@placement-api.service[103286]: INFO placement.requestlog [req-1bd5d65a-dd6d-41d5-9bf1-60dd098bc2f5 req-ddc28b65-af53-4f6c-bb6d-17239d18ec13 service placement] 10.222.0.18 "GET /placement/resource_providers?name=n-h1-xena-1" status: 200 len: 439 microversion: 1.0
Jan 05 18:02:32.944900 n-d-xena-1 devstack@placement-api.service[103286]: [pid: 103286|app: 0|req: 42/79] 10.222.0.18 () {58 vars in 1270 bytes} [Wed Jan 5 18:02:32 2022] GET /placement/resource_providers?name=n-h1-xena-1 => generated 439 bytes in 16 msecs (HTTP/1.1 200) 6 headers in 224 bytes (2 switches on core 0)
Jan 05 18:02:32.954065 n-d-xena-1 devstack@placement-api.service[103286]: DEBUG placement.requestlog [req-1bd5d65a-dd6d-41d5-9bf1-60dd098bc2f5 req-6bba7f7d-ee1c-4a2b-9f15-7083c78d3d62 None None] Starting request: 10.222.0.18 "GET /placement/resource_providers/341e3182-dfc9-454a-83d3-b75addf5b058/aggregates" {{(pid=103286) __call__ /opt/stack/placement/placement/requestlog.py:55}}
Jan 05 18:02:32.967538 n-d-xena-1 devstack@placement-api.service[103286]: INFO placement.requestlog [req-1bd5d65a-dd6d-41d5-9bf1-60dd098bc2f5 req-6bba7f7d-ee1c-4a2b-9f15-7083c78d3d62 service placement] 10.222.0.18 "GET /placement/resource_providers/341e3182-dfc9-454a-83d3-b75addf5b058/aggregates" status: 200 len: 92 microversion: 1.19
Jan 05 18:02:32.968103 n-d-xena-1 devstack@placement-api.service[103286]: [pid: 103286|app: 0|req: 43/80] 10.222.0.18 () {60 vars in 1425 bytes} [Wed Jan 5 18:02:32 2022] GET /placement/resource_providers/341e3182-dfc9-454a-83d3-b75addf5b058/aggregates => generated 92 bytes in 14 msecs (HTTP/1.1 200) 8 headers in 295 bytes (2 switches on core 0)
Jan 05 18:02:32.976954 n-d-xena-1 devstack@placement-api.service[103286]: DEBUG placement.requestlog [req-1bd5d65a-dd6d-41d5-9bf1-60dd098bc2f5 req-7189e35e-c2ae-4b53-9de3-4f2f2c36f1d3 None None] Starting request: 10.222.0.18 "PUT /placement/resource_providers/341e3182-dfc9-454a-83d3-b75addf5b058/aggregates" {{(pid=103286) __call__ /opt/stack/placement/placement/requestlog.py:55}}
Jan 05 18:02:33.000176 n-d-xena-1 devstack@placement-api.service[103286]: DEBUG placement.objects.resource_provider [req-1bd5d65a-dd6d-41d5-9bf1-60dd098bc2f5 req-7189e35e-c2ae-4b53-9de3-4f2f2c36f1d3 service placement] Setting aggregates for provider 341e3182-dfc9-454a-83d3-b75addf5b058. Successfully disassociated aggregate 34d84043-0cb5-4a6f-8994-1069983a0642. {{(pid=103286) _set_aggregates /opt/stack/placement/placement/objects/resource_provider.py:403}}
Jan 05 18:02:33.006392 n-d-xena-1 devstack@placement-api.service[103286]: INFO placement.requestlog [req-1bd5d65a-dd6d-41d5-9bf1-60dd098bc2f5 req-7189e35e-c2ae-4b53-9de3-4f2f2c36f1d3 service placement] 10.222.0.18 "PUT /placement/resource_providers/341e3182-dfc9-454a-83d3-b75addf5b058/aggregates" status: 200 len: 54 microversion: 1.19
Jan 05 18:02:33.006810 n-d-xena-1 devstack@placement-api.service[103286]: [pid: 103286|app: 0|req: 44/81] 10.222.0.18 () {64 vars in 1477 bytes} [Wed Jan 5 18:02:32 2022] PUT /placement/resource_providers/341e3182-dfc9-454a-83d3-b75addf5b058/aggregates => generated 54 bytes in 30 msecs (HTTP/1.1 200) 8 headers in 295 bytes (2 switches on core 0)
Jan 05 18:02:33.045426 n-d-xena-1 devstack@placement-api.service[103285]: DEBUG placement.handlers.allocation [req-760e2ae8-cdf9-467e-ab72-535ff21560dc req-d7d937ef-62a8-4882-bfbf-cc09aab8872a service placement] Successfully wrote allocations [, , , , , ] {{(pid=103285) _update_consumers_and_create_allocations /opt/stack/placement/placement/handlers/allocation.py:572}}
Jan 05 18:02:33.057424 n-d-xena-1 devstack@placement-api.service[103285]: INFO placement.requestlog [req-760e2ae8-cdf9-467e-ab72-535ff21560dc req-d7d937ef-62a8-4882-bfbf-cc09aab8872a service placement] 10.222.0.18 "POST /placement/allocations" status: 204 len: 0 microversion: 1.28
Jan 05 18:02:33.058214 n-d-xena-1 devstack@placement-api.service[103285]: [pid: 103285|app: 0|req: 38/82] 10.222.0.18 () {64 vars in 1323 bytes} [Wed Jan 5 18:02:32 2022] POST /placement/allocations => generated 0 bytes in 159 msecs (HTTP/1.1 204) 5 headers in 199 bytes (1 switches on core 0)
Jan 05 18:02:33.083710 n-d-xena-1 devstack@placement-api.service[103286]: DEBUG placement.requestlog [req-760e2ae8-cdf9-467e-ab72-535ff21560dc req-50e1708d-5072-4b6f-8c65-1af388f9ef17 None None] Starting request: 10.222.0.18 "GET /placement/allocation_candidates?limit=1000&resources=DISK_GB%3A1%2CMEMORY_MB%3A1024%2CVCPU%3A1&root_required=%21COMPUTE_STATUS_DISABLED" {{(pid=103286) __call__ /opt/stack/placement/placement/requestlog.py:55}}
Jan 05 18:02:33.132753 n-d-xena-1 devstack@placement-api.service[103286]: DEBUG placement.objects.research_context [req-760e2ae8-cdf9-467e-ab72-535ff21560dc req-50e1708d-5072-4b6f-8c65-1af388f9ef17 service placement] getting providers with 1 DISK_GB {{(pid=103286) __init__ /opt/stack/placement/placement/objects/research_context.py:126}}
Jan 05 18:02:33.139233 n-d-xena-1 devstack@placement-api.service[103286]: DEBUG placement.objects.research_context [req-760e2ae8-cdf9-467e-ab72-535ff21560dc req-50e1708d-5072-4b6f-8c65-1af388f9ef17 service placement] getting providers with 1024 MEMORY_MB {{(pid=103286) __init__ /opt/stack/placement/placement/objects/research_context.py:126}}
Jan 05 18:02:33.147243 n-d-xena-1 devstack@placement-api.service[103286]: DEBUG placement.objects.research_context [req-760e2ae8-cdf9-467e-ab72-535ff21560dc req-50e1708d-5072-4b6f-8c65-1af388f9ef17 service placement] getting providers with 1 VCPU {{(pid=103286) __init__ /opt/stack/placement/placement/objects/research_context.py:126}}
Jan 05 18:02:33.154232 n-d-xena-1 devstack@placement-api.service[103286]: DEBUG placement.objects.research_context [req-760e2ae8-cdf9-467e-ab72-535ff21560dc req-50e1708d-5072-4b6f-8c65-1af388f9ef17 service placement] found 2 providers with available 1 DISK_GB {{(pid=103286) get_provider_ids_matching /opt/stack/placement/placement/objects/research_context.py:549}}
Jan 05 18:02:33.155114 n-d-xena-1 devstack@placement-api.service[103286]: DEBUG placement.objects.research_context [req-760e2ae8-cdf9-467e-ab72-535ff21560dc req-50e1708d-5072-4b6f-8c65-1af388f9ef17 service placement] found 2 providers with available 1024 MEMORY_MB {{(pid=103286) get_provider_ids_matching /opt/stack/placement/placement/objects/research_context.py:549}}
Jan 05 18:02:33.155413 n-d-xena-1 devstack@placement-api.service[103286]: DEBUG placement.objects.research_context [req-760e2ae8-cdf9-467e-ab72-535ff21560dc req-50e1708d-5072-4b6f-8c65-1af388f9ef17 service placement] found 2 providers after filtering by previous result {{(pid=103286) get_provider_ids_matching /opt/stack/placement/placement/objects/research_context.py:580}}
Jan 05 18:02:33.155731 n-d-xena-1 devstack@placement-api.service[103286]: DEBUG placement.objects.research_context [req-760e2ae8-cdf9-467e-ab72-535ff21560dc req-50e1708d-5072-4b6f-8c65-1af388f9ef17 service placement] found 2 providers with available 1 VCPU {{(pid=103286) get_provider_ids_matching /opt/stack/placement/placement/objects/research_context.py:549}}
Jan 05 18:02:33.155925 n-d-xena-1 devstack@placement-api.service[103286]: DEBUG placement.objects.research_context [req-760e2ae8-cdf9-467e-ab72-535ff21560dc req-50e1708d-5072-4b6f-8c65-1af388f9ef17 service placement] found 2 providers after filtering by previous result {{(pid=103286) get_provider_ids_matching /opt/stack/placement/placement/objects/research_context.py:580}}
Jan 05 18:02:33.173462 n-d-xena-1 devstack@placement-api.service[103286]: DEBUG placement.objects.allocation_candidate [req-760e2ae8-cdf9-467e-ab72-535ff21560dc req-50e1708d-5072-4b6f-8c65-1af388f9ef17 service placement] RequestGroup(use_same_provider=False, resources={DISK_GB:1, MEMORY_MB:1024, VCPU:1}, traits=[], aggregates=[]) (suffix '') returned 2 matches {{(pid=103286) _get_by_requests /opt/stack/placement/placement/objects/allocation_candidate.py:145}}
Jan 05 18:02:33.173876 n-d-xena-1 devstack@placement-api.service[103286]: DEBUG placement.objects.allocation_candidate [req-760e2ae8-cdf9-467e-ab72-535ff21560dc req-50e1708d-5072-4b6f-8c65-1af388f9ef17 service placement] Merging candidates yields 2 allocation requests and 2 provider summaries {{(pid=103286) _merge_candidates /opt/stack/placement/placement/objects/allocation_candidate.py:783}}
Jan 05 18:02:33.175664 n-d-xena-1 devstack@placement-api.service[103286]: INFO placement.requestlog [req-760e2ae8-cdf9-467e-ab72-535ff21560dc req-50e1708d-5072-4b6f-8c65-1af388f9ef17 service placement] 10.222.0.18 "GET /placement/allocation_candidates?limit=1000&resources=DISK_GB%3A1%2CMEMORY_MB%3A1024%2CVCPU%3A1&root_required=%21COMPUTE_STATUS_DISABLED" status: 200 len: 1309 microversion: 1.36
Jan 05 18:02:33.175921 n-d-xena-1 devstack@placement-api.service[103286]: [pid: 103286|app: 0|req: 45/83] 10.222.0.18 () {60 vars in 1506 bytes} [Wed Jan 5 18:02:33 2022] GET /placement/allocation_candidates?limit=1000&resources=DISK_GB%3A1%2CMEMORY_MB%3A1024%2CVCPU%3A1&root_required=%21COMPUTE_STATUS_DISABLED => generated 1309 bytes in 93 msecs (HTTP/1.1 200) 8 headers in 297 bytes (1 switches on core 0)
Jan 05 18:02:33.233816 n-d-xena-1 devstack@placement-api.service[103285]: DEBUG placement.requestlog [req-760e2ae8-cdf9-467e-ab72-535ff21560dc req-f744cb29-b4fb-4c5c-a95f-35ba79389294 None None] Starting request: 10.222.0.18 "GET /placement/allocations/09eb5b06-f3c9-4a5d-b13c-2e06fc82321f" {{(pid=103285) __call__ /opt/stack/placement/placement/requestlog.py:55}}
Jan 05 18:02:33.246009 n-d-xena-1 devstack@placement-api.service[103285]: INFO placement.requestlog [req-760e2ae8-cdf9-467e-ab72-535ff21560dc req-f744cb29-b4fb-4c5c-a95f-35ba79389294 service placement] 10.222.0.18 "GET /placement/allocations/09eb5b06-f3c9-4a5d-b13c-2e06fc82321f" status: 200 len: 19 microversion: 1.28
Jan 05 18:02:33.246806 n-d-xena-1 devstack@placement-api.service[103285]: [pid: 103285|app: 0|req: 39/84] 10.222.0.18 () {60 vars in 1380 bytes} [Wed Jan 5 18:02:33 2022] GET /placement/allocations/09eb5b06-f3c9-4a5d-b13c-2e06fc82321f => generated 19 bytes in 13 msecs (HTTP/1.1 200) 8 headers in 295 bytes (1 switches on core 0)
Jan 05 18:02:33.264306 n-d-xena-1 devstack@placement-api.service[103286]: DEBUG placement.requestlog [req-760e2ae8-cdf9-467e-ab72-535ff21560dc req-cfc252b9-0639-44fa-b21d-59367a43eae3 None None] Starting request: 10.222.0.18 "PUT /placement/allocations/09eb5b06-f3c9-4a5d-b13c-2e06fc82321f" {{(pid=103286) __call__ /opt/stack/placement/placement/requestlog.py:55}}
Jan 05 18:02:33.340382 n-d-xena-1 devstack@placement-api.service[103286]: DEBUG placement.handlers.allocation [req-760e2ae8-cdf9-467e-ab72-535ff21560dc req-cfc252b9-0639-44fa-b21d-59367a43eae3 service placement] Successfully wrote allocations [, , ] {{(pid=103286) _update_consumers_and_create_allocations /opt/stack/placement/placement/handlers/allocation.py:462}}
Jan 05 18:02:33.345413 n-d-xena-1 devstack@placement-api.service[103286]: INFO placement.requestlog [req-760e2ae8-cdf9-467e-ab72-535ff21560dc req-cfc252b9-0639-44fa-b21d-59367a43eae3 service placement] 10.222.0.18 "PUT /placement/allocations/09eb5b06-f3c9-4a5d-b13c-2e06fc82321f" status: 204 len: 0 microversion: 1.36
Jan 05 18:02:33.345671 n-d-xena-1 devstack@placement-api.service[103286]: [pid: 103286|app: 0|req: 46/85] 10.222.0.18 () {64 vars in 1433 bytes} [Wed Jan 5 18:02:33 2022] PUT /placement/allocations/09eb5b06-f3c9-4a5d-b13c-2e06fc82321f => generated 0 bytes in 82 msecs (HTTP/1.1 204) 5 headers in 199 bytes (1 switches on core 0)
Jan 05 18:02:33.556887 n-d-xena-1 devstack@placement-api.service[103285]: DEBUG placement.requestlog [req-760e2ae8-cdf9-467e-ab72-535ff21560dc req-0e8bddf0-bae0-4812-b911-4f319e9206a7 None None] Starting request: 10.222.0.15 "GET /placement/allocations/09eb5b06-f3c9-4a5d-b13c-2e06fc82321f" {{(pid=103285) __call__ /opt/stack/placement/placement/requestlog.py:55}}
Jan 05 18:02:33.576131 n-d-xena-1 devstack@placement-api.service[103285]: INFO placement.requestlog [req-760e2ae8-cdf9-467e-ab72-535ff21560dc req-0e8bddf0-bae0-4812-b911-4f319e9206a7 service placement] 10.222.0.15 "GET /placement/allocations/09eb5b06-f3c9-4a5d-b13c-2e06fc82321f" status: 200 len: 259 microversion: 1.28
Jan 05 18:02:33.576777 n-d-xena-1 devstack@placement-api.service[103285]: [pid: 103285|app: 0|req: 40/86] 10.222.0.15 () {60 vars in 1377 bytes} [Wed Jan 5 18:02:33 2022] GET /placement/allocations/09eb5b06-f3c9-4a5d-b13c-2e06fc82321f => generated 259 bytes in 20 msecs (HTTP/1.1 200) 8 headers in 296 bytes (1 switches on core 0)
Jan 05 18:02:34.034159 n-d-xena-1 devstack@placement-api.service[103286]: DEBUG placement.requestlog [req-c9b8019c-9640-479d-92a2-46c5119fef64 req-7ec6842b-8e16-48ec-97f9-0597b6ecc5fc None None] Starting request: 10.222.0.18 "GET /placement/resource_providers?name=n-h1-xena-1" {{(pid=103286) __call__ /opt/stack/placement/placement/requestlog.py:55}}
Jan 05 18:02:34.044769 n-d-xena-1 devstack@placement-api.service[103286]: INFO placement.requestlog [req-c9b8019c-9640-479d-92a2-46c5119fef64 req-7ec6842b-8e16-48ec-97f9-0597b6ecc5fc service placement] 10.222.0.18 "GET /placement/resource_providers?name=n-h1-xena-1" status: 200 len: 439 microversion: 1.0
Jan 05 18:02:34.050805 n-d-xena-1 devstack@placement-api.service[103286]: [pid: 103286|app: 0|req: 47/87] 10.222.0.18 () {58 vars in 1270 bytes} [Wed Jan 5 18:02:34 2022] GET /placement/resource_providers?name=n-h1-xena-1 => generated 439 bytes in 17 msecs (HTTP/1.1 200) 6 headers in 224 bytes (1 switches on core 0)
Jan 05 18:02:34.051448 n-d-xena-1 devstack@placement-api.service[103285]: DEBUG placement.requestlog [req-c9b8019c-9640-479d-92a2-46c5119fef64 req-6250b9f5-ad6b-4a0c-b3e3-badb31568460 None None] Starting request: 10.222.0.18 "GET /placement/resource_providers/341e3182-dfc9-454a-83d3-b75addf5b058/aggregates" {{(pid=103285) __call__ /opt/stack/placement/placement/requestlog.py:55}}
Jan 05 18:02:34.064183 n-d-xena-1 devstack@placement-api.service[103285]: INFO placement.requestlog [req-c9b8019c-9640-479d-92a2-46c5119fef64 req-6250b9f5-ad6b-4a0c-b3e3-badb31568460 service placement] 10.222.0.18 "GET /placement/resource_providers/341e3182-dfc9-454a-83d3-b75addf5b058/aggregates" status: 200 len: 54 microversion: 1.19
Jan 05 18:02:34.064965 n-d-xena-1 devstack@placement-api.service[103285]: [pid: 103285|app: 0|req: 41/88] 10.222.0.18 () {60 vars in 1425 bytes} [Wed Jan 5 18:02:34 2022] GET /placement/resource_providers/341e3182-dfc9-454a-83d3-b75addf5b058/aggregates => generated 54 bytes in 14 msecs (HTTP/1.1 200) 8 headers in 295 bytes (2 switches on core 0)
Jan 05 18:02:34.072168 n-d-xena-1 devstack@placement-api.service[103286]: DEBUG placement.requestlog [req-c9b8019c-9640-479d-92a2-46c5119fef64 req-f01896b2-01df-43ad-99d8-7b2535118907 None None] Starting request: 10.222.0.18 "PUT /placement/resource_providers/341e3182-dfc9-454a-83d3-b75addf5b058/aggregates" {{(pid=103286) __call__ /opt/stack/placement/placement/requestlog.py:55}}
Jan 05 18:02:34.088776 n-d-xena-1 devstack@placement-api.service[103286]: DEBUG placement.objects.resource_provider [req-c9b8019c-9640-479d-92a2-46c5119fef64 req-f01896b2-01df-43ad-99d8-7b2535118907 service placement] _ensure_aggregate() did not find aggregate 83bf7522-916e-4572-8a41-b77b524d8386. Attempting to create it. {{(pid=103286) _ensure_aggregate /opt/stack/placement/placement/objects/resource_provider.py:320}}
Jan 05 18:02:34.090768 n-d-xena-1 devstack@placement-api.service[103286]: DEBUG placement.objects.resource_provider [req-c9b8019c-9640-479d-92a2-46c5119fef64 req-f01896b2-01df-43ad-99d8-7b2535118907 service placement] _ensure_aggregate() created new aggregate 83bf7522-916e-4572-8a41-b77b524d8386 (id=5). {{(pid=103286) _ensure_aggregate /opt/stack/placement/placement/objects/resource_provider.py:326}}
Jan 05 18:02:34.092118 n-d-xena-1 devstack@placement-api.service[103286]: DEBUG placement.objects.resource_provider [req-c9b8019c-9640-479d-92a2-46c5119fef64 req-f01896b2-01df-43ad-99d8-7b2535118907 service placement] Setting aggregates for provider 341e3182-dfc9-454a-83d3-b75addf5b058. Successfully associated aggregate 83bf7522-916e-4572-8a41-b77b524d8386. {{(pid=103286) _set_aggregates /opt/stack/placement/placement/objects/resource_provider.py:388}}
Jan 05 18:02:34.098338 n-d-xena-1 devstack@placement-api.service[103286]: INFO placement.requestlog [req-c9b8019c-9640-479d-92a2-46c5119fef64 req-f01896b2-01df-43ad-99d8-7b2535118907 service placement] 10.222.0.18 "PUT /placement/resource_providers/341e3182-dfc9-454a-83d3-b75addf5b058/aggregates" status: 200 len: 92 microversion: 1.19
Jan 05 18:02:34.099435 n-d-xena-1 devstack@placement-api.service[103286]: [pid: 103286|app: 0|req: 48/89] 10.222.0.18 () {64 vars in 1477 bytes} [Wed Jan 5 18:02:34 2022] PUT /placement/resource_providers/341e3182-dfc9-454a-83d3-b75addf5b058/aggregates => generated 92 bytes in 28 msecs (HTTP/1.1 200) 8 headers in 295 bytes (2 switches on core 0)
Jan 05 18:02:34.547830 n-d-xena-1 devstack@placement-api.service[103285]: DEBUG placement.requestlog [None req-f9a30a8a-5f8e-48f1-a53b-8e257105e434 None None] Starting request: 10.222.0.18 "GET /placement/" {{(pid=103285) __call__ /opt/stack/placement/placement/requestlog.py:55}}
Jan 05 18:02:34.548920 n-d-xena-1 devstack@placement-api.service[103285]: INFO placement.requestlog [None req-f9a30a8a-5f8e-48f1-a53b-8e257105e434 None None] 10.222.0.18 "GET /placement/" status: 200 len: 136 microversion: 1.0
Jan 05 18:02:34.549191 n-d-xena-1 devstack@placement-api.service[103285]: [pid: 103285|app: 0|req: 42/90] 10.222.0.18 () {54 vars in 916 bytes} [Wed Jan 5 18:02:34 2022] GET /placement => generated 136 bytes in 2 msecs (HTTP/1.1 200) 6 headers in 224 bytes (1 switches on core 0)
Jan 05 18:02:34.558738 n-d-xena-1 devstack@placement-api.service[103286]: DEBUG placement.requestlog [req-3d7f3d3d-3d2a-45c1-a0a0-b460bba8e8d9 req-f3991d4c-dc90-449c-8a04-38120ad14359 None None] Starting request: 10.222.0.18 "GET /placement/allocations/05a98544-486d-4bd5-98be-d8965c130928" {{(pid=103286) __call__ /opt/stack/placement/placement/requestlog.py:55}}
Jan 05 18:02:34.623251 n-d-xena-1 devstack@placement-api.service[103286]: INFO placement.requestlog [req-3d7f3d3d-3d2a-45c1-a0a0-b460bba8e8d9 req-f3991d4c-dc90-449c-8a04-38120ad14359 service placement] 10.222.0.18 "GET /placement/allocations/05a98544-486d-4bd5-98be-d8965c130928" status: 200 len: 259 microversion: 1.28
Jan 05 18:02:34.623796 n-d-xena-1 devstack@placement-api.service[103286]: [pid: 103286|app: 0|req: 49/91] 10.222.0.18 () {60 vars in 1380 bytes} [Wed Jan 5 18:02:34 2022] GET /placement/allocations/05a98544-486d-4bd5-98be-d8965c130928 => generated 259 bytes in 65 msecs (HTTP/1.1 200) 8 headers in 296 bytes (1 switches on core 0)
Jan 05 18:02:34.630537 n-d-xena-1 devstack@placement-api.service[103285]: DEBUG placement.requestlog [req-3d7f3d3d-3d2a-45c1-a0a0-b460bba8e8d9 req-8255930a-13f1-4955-97ed-d903b4687a75 None None] Starting request: 10.222.0.18 "GET /placement/allocations/05a98544-486d-4bd5-98be-d8965c130928" {{(pid=103285) __call__ /opt/stack/placement/placement/requestlog.py:55}}
Jan 05 18:02:34.646574 n-d-xena-1 devstack@placement-api.service[103285]: INFO placement.requestlog [req-3d7f3d3d-3d2a-45c1-a0a0-b460bba8e8d9 req-8255930a-13f1-4955-97ed-d903b4687a75 service placement] 10.222.0.18 "GET /placement/allocations/05a98544-486d-4bd5-98be-d8965c130928" status: 200 len: 259 microversion: 1.28
Jan 05 18:02:34.653625 n-d-xena-1 devstack@placement-api.service[103285]: [pid: 103285|app: 0|req: 43/92] 10.222.0.18 () {60 vars in 1380 bytes} [Wed Jan 5 18:02:34 2022] GET /placement/allocations/05a98544-486d-4bd5-98be-d8965c130928 => generated 259 bytes in 23 msecs (HTTP/1.1 200) 8 headers in 296 bytes (1 switches on core 0)
Jan 05 18:02:34.654311 n-d-xena-1 devstack@placement-api.service[103286]: DEBUG placement.requestlog [req-3d7f3d3d-3d2a-45c1-a0a0-b460bba8e8d9 req-23a09bfe-6e7a-41da-a0fe-c7fc3c94e7f2 None None] Starting request: 10.222.0.18 "GET /placement/allocations/bbea1240-fa6f-4e44-b491-370bf18266d8" {{(pid=103286) __call__ /opt/stack/placement/placement/requestlog.py:55}}
Jan 05 18:02:34.666165 n-d-xena-1 devstack@placement-api.service[103286]: INFO placement.requestlog [req-3d7f3d3d-3d2a-45c1-a0a0-b460bba8e8d9 req-23a09bfe-6e7a-41da-a0fe-c7fc3c94e7f2 service placement] 10.222.0.18 "GET /placement/allocations/bbea1240-fa6f-4e44-b491-370bf18266d8" status: 200 len: 19 microversion: 1.28
Jan 05 18:02:34.666732 n-d-xena-1 devstack@placement-api.service[103286]: [pid: 103286|app: 0|req: 50/93] 10.222.0.18 () {60 vars in 1380 bytes} [Wed Jan 5 18:02:34 2022] GET /placement/allocations/bbea1240-fa6f-4e44-b491-370bf18266d8 => generated 19 bytes in 12 msecs (HTTP/1.1 200) 8 headers in 295 bytes (2 switches on core 0)
Jan 05 18:02:34.673608 n-d-xena-1 devstack@placement-api.service[103285]: DEBUG placement.requestlog [req-3d7f3d3d-3d2a-45c1-a0a0-b460bba8e8d9 req-d01ddc11-da65-4676-82ac-392c952bd4c8 None None] Starting request: 10.222.0.18 "POST /placement/allocations" {{(pid=103285) __call__ /opt/stack/placement/placement/requestlog.py:55}}
Jan 05 18:02:34.761206 n-d-xena-1 devstack@placement-api.service[103285]: DEBUG placement.handlers.allocation [req-3d7f3d3d-3d2a-45c1-a0a0-b460bba8e8d9 req-d01ddc11-da65-4676-82ac-392c952bd4c8 service placement] Successfully wrote allocations [, , , , , ] {{(pid=103285) _update_consumers_and_create_allocations /opt/stack/placement/placement/handlers/allocation.py:572}}
Jan 05 18:02:34.765880 n-d-xena-1 devstack@placement-api.service[103285]: INFO placement.requestlog [req-3d7f3d3d-3d2a-45c1-a0a0-b460bba8e8d9 req-d01ddc11-da65-4676-82ac-392c952bd4c8 service placement] 10.222.0.18 "POST /placement/allocations" status: 204 len: 0 microversion: 1.28
Jan 05 18:02:34.766504 n-d-xena-1 devstack@placement-api.service[103285]: [pid: 103285|app: 0|req: 44/94] 10.222.0.18 () {64 vars in 1323 bytes} [Wed Jan 5 18:02:34 2022] POST /placement/allocations => generated 0 bytes in 93 msecs (HTTP/1.1 204) 5 headers in 199 bytes (1 switches on core 0)
Jan 05 18:02:34.801153 n-d-xena-1 devstack@placement-api.service[103286]: DEBUG placement.requestlog [req-3d7f3d3d-3d2a-45c1-a0a0-b460bba8e8d9 req-998d9eb2-aa34-42c3-b5f3-87cf2f129ebc None None] Starting request: 10.222.0.18 "GET /placement/allocations/05a98544-486d-4bd5-98be-d8965c130928" {{(pid=103286) __call__ /opt/stack/placement/placement/requestlog.py:55}}
Jan 05 18:02:34.862758 n-d-xena-1 devstack@placement-api.service[103286]: INFO placement.requestlog [req-3d7f3d3d-3d2a-45c1-a0a0-b460bba8e8d9 req-998d9eb2-aa34-42c3-b5f3-87cf2f129ebc service placement] 10.222.0.18 "GET /placement/allocations/05a98544-486d-4bd5-98be-d8965c130928" status: 200 len: 19 microversion: 1.28
Jan 05 18:02:34.863344 n-d-xena-1 devstack@placement-api.service[103286]: [pid: 103286|app: 0|req: 51/95] 10.222.0.18 () {60 vars in 1380 bytes} [Wed Jan 5 18:02:34 2022] GET /placement/allocations/05a98544-486d-4bd5-98be-d8965c130928 => generated 19 bytes in 63 msecs (HTTP/1.1 200) 8 headers in 295 bytes (1 switches on core 0)
