Dec 20 21:22:18.383745 n-d-xena-1 devstack@placement-api.service[102884]: INFO placement.requestlog [req-7d646116-d731-405a-b32d-9c4bc456cabe req-1df28886-6842-47a2-b27d-d9bbc0535e6a service placement] 10.222.0.32 "PUT /placement/allocations/da7e5e58-5477-466e-b48a-1b4ad4cfa660" status: 204 len: 0 microversion: 1.36
Dec 20 21:22:18.383745 n-d-xena-1 devstack@placement-api.service[102884]: [pid: 102884|app: 0|req: 212/426] 10.222.0.32 () {64 vars in 1433 bytes} [Mon Dec 20 21:22:18 2021] PUT /placement/allocations/da7e5e58-5477-466e-b48a-1b4ad4cfa660 => generated 0 bytes in 119 msecs (HTTP/1.1 204) 5 headers in 199 bytes (2 switches on core 0)
Dec 20 21:22:18.828677 n-d-xena-1 devstack@placement-api.service[102883]: DEBUG placement.requestlog [req-7d646116-d731-405a-b32d-9c4bc456cabe req-9624f423-9c19-4b4e-9263-6cebd374b75c None None] Starting request: 10.222.0.31 "GET /placement/allocations/da7e5e58-5477-466e-b48a-1b4ad4cfa660" {{(pid=102883) __call__ /opt/stack/placement/placement/requestlog.py:55}}
Dec 20 21:22:18.849131 n-d-xena-1 devstack@placement-api.service[102883]: INFO placement.requestlog [req-7d646116-d731-405a-b32d-9c4bc456cabe req-9624f423-9c19-4b4e-9263-6cebd374b75c service placement] 10.222.0.31 "GET /placement/allocations/da7e5e58-5477-466e-b48a-1b4ad4cfa660" status: 200 len: 259 microversion: 1.28
Dec 20 21:22:18.849487 n-d-xena-1 devstack@placement-api.service[102883]: [pid: 102883|app: 0|req: 215/427] 10.222.0.31 () {60 vars in 1377 bytes} [Mon Dec 20 21:22:18 2021] GET /placement/allocations/da7e5e58-5477-466e-b48a-1b4ad4cfa660 => generated 259 bytes in 21 msecs (HTTP/1.1 200) 8 headers in 296 bytes (1 switches on core 0)
Dec 20 21:22:23.253249 n-d-xena-1 devstack@placement-api.service[102884]: DEBUG placement.requestlog [req-09f1cc64-3cde-4c8f-adc5-1e00b0ecc10b req-e74184c0-081c-46a5-9c93-3b4890e7358b None None] Starting request: 10.222.0.32 "GET /placement/allocation_candidates?limit=1000&resources=DISK_GB%3A1%2CMEMORY_MB%3A1024%2CVCPU%3A1&root_required=%21COMPUTE_STATUS_DISABLED" {{(pid=102884) __call__ /opt/stack/placement/placement/requestlog.py:55}}
Dec 20 21:22:23.323594 n-d-xena-1 devstack@placement-api.service[102884]: DEBUG placement.objects.research_context [req-09f1cc64-3cde-4c8f-adc5-1e00b0ecc10b req-e74184c0-081c-46a5-9c93-3b4890e7358b service placement] getting providers with 1 DISK_GB {{(pid=102884) __init__ /opt/stack/placement/placement/objects/research_context.py:126}}
Dec 20 21:22:23.344967 n-d-xena-1 devstack@placement-api.service[102884]: DEBUG placement.objects.research_context [req-09f1cc64-3cde-4c8f-adc5-1e00b0ecc10b req-e74184c0-081c-46a5-9c93-3b4890e7358b service placement] getting providers with 1024 MEMORY_MB {{(pid=102884) __init__ /opt/stack/placement/placement/objects/research_context.py:126}}
Dec 20 21:22:23.352324 n-d-xena-1 devstack@placement-api.service[102884]: DEBUG placement.objects.research_context [req-09f1cc64-3cde-4c8f-adc5-1e00b0ecc10b req-e74184c0-081c-46a5-9c93-3b4890e7358b service placement] getting providers with 1 VCPU {{(pid=102884) __init__ /opt/stack/placement/placement/objects/research_context.py:126}}
Dec 20 21:22:23.371438 n-d-xena-1 devstack@placement-api.service[102884]: DEBUG placement.objects.research_context [req-09f1cc64-3cde-4c8f-adc5-1e00b0ecc10b req-e74184c0-081c-46a5-9c93-3b4890e7358b service placement] found 2 providers with available 1 DISK_GB {{(pid=102884) get_provider_ids_matching /opt/stack/placement/placement/objects/research_context.py:549}}
Dec 20 21:22:23.371711 n-d-xena-1 devstack@placement-api.service[102884]: DEBUG placement.objects.research_context [req-09f1cc64-3cde-4c8f-adc5-1e00b0ecc10b req-e74184c0-081c-46a5-9c93-3b4890e7358b service placement] found 2 providers with available 1024 MEMORY_MB {{(pid=102884) get_provider_ids_matching /opt/stack/placement/placement/objects/research_context.py:549}}
Dec 20 21:22:23.372043 n-d-xena-1 devstack@placement-api.service[102884]: DEBUG placement.objects.research_context [req-09f1cc64-3cde-4c8f-adc5-1e00b0ecc10b req-e74184c0-081c-46a5-9c93-3b4890e7358b service placement] found 2 providers after filtering by previous result {{(pid=102884) get_provider_ids_matching /opt/stack/placement/placement/objects/research_context.py:580}}
Dec 20 21:22:23.372377 n-d-xena-1 devstack@placement-api.service[102884]: DEBUG placement.objects.research_context [req-09f1cc64-3cde-4c8f-adc5-1e00b0ecc10b req-e74184c0-081c-46a5-9c93-3b4890e7358b service placement] found 2 providers with available 1 VCPU {{(pid=102884) get_provider_ids_matching /opt/stack/placement/placement/objects/research_context.py:549}}
Dec 20 21:22:23.372679 n-d-xena-1 devstack@placement-api.service[102884]: DEBUG placement.objects.research_context [req-09f1cc64-3cde-4c8f-adc5-1e00b0ecc10b req-e74184c0-081c-46a5-9c93-3b4890e7358b service placement] found 2 providers after filtering by previous result {{(pid=102884) get_provider_ids_matching /opt/stack/placement/placement/objects/research_context.py:580}}
Dec 20 21:22:23.386491 n-d-xena-1 devstack@placement-api.service[102884]: DEBUG placement.objects.allocation_candidate [req-09f1cc64-3cde-4c8f-adc5-1e00b0ecc10b req-e74184c0-081c-46a5-9c93-3b4890e7358b service placement] RequestGroup(use_same_provider=False, resources={DISK_GB:1, MEMORY_MB:1024, VCPU:1}, traits=[], aggregates=[]) (suffix '') returned 2 matches {{(pid=102884) _get_by_requests /opt/stack/placement/placement/objects/allocation_candidate.py:145}}
Dec 20 21:22:23.387274 n-d-xena-1 devstack@placement-api.service[102884]: DEBUG placement.objects.allocation_candidate [req-09f1cc64-3cde-4c8f-adc5-1e00b0ecc10b req-e74184c0-081c-46a5-9c93-3b4890e7358b service placement] Merging candidates yields 2 allocation requests and 2 provider summaries {{(pid=102884) _merge_candidates /opt/stack/placement/placement/objects/allocation_candidate.py:783}}
Dec 20 21:22:23.389276 n-d-xena-1 devstack@placement-api.service[102884]: INFO placement.requestlog [req-09f1cc64-3cde-4c8f-adc5-1e00b0ecc10b req-e74184c0-081c-46a5-9c93-3b4890e7358b service placement] 10.222.0.32 "GET /placement/allocation_candidates?limit=1000&resources=DISK_GB%3A1%2CMEMORY_MB%3A1024%2CVCPU%3A1&root_required=%21COMPUTE_STATUS_DISABLED" status: 200 len: 1309 microversion: 1.36
Dec 20 21:22:23.394570 n-d-xena-1 devstack@placement-api.service[102884]: [pid: 102884|app: 0|req: 213/428] 10.222.0.32 () {60 vars in 1506 bytes} [Mon Dec 20 21:22:23 2021] GET /placement/allocation_candidates?limit=1000&resources=DISK_GB%3A1%2CMEMORY_MB%3A1024%2CVCPU%3A1&root_required=%21COMPUTE_STATUS_DISABLED => generated 1309 bytes in 141 msecs (HTTP/1.1 200) 8 headers in 297 bytes (1 switches on core 0)
Dec 20 21:22:23.454129 n-d-xena-1 devstack@placement-api.service[102883]: DEBUG placement.requestlog [req-09f1cc64-3cde-4c8f-adc5-1e00b0ecc10b req-2e85f44b-5b98-4acb-affb-fde8c0d85be1 None None] Starting request: 10.222.0.32 "GET /placement/allocations/e1f4ad41-3279-42f6-b126-c90428d8d1ef" {{(pid=102883) __call__ /opt/stack/placement/placement/requestlog.py:55}}
Dec 20 21:22:23.469986 n-d-xena-1 devstack@placement-api.service[102883]: INFO placement.requestlog [req-09f1cc64-3cde-4c8f-adc5-1e00b0ecc10b req-2e85f44b-5b98-4acb-affb-fde8c0d85be1 service placement] 10.222.0.32 "GET /placement/allocations/e1f4ad41-3279-42f6-b126-c90428d8d1ef" status: 200 len: 19 microversion: 1.28
Dec 20 21:22:23.474511 n-d-xena-1 devstack@placement-api.service[102883]: [pid: 102883|app: 0|req: 216/429] 10.222.0.32 () {60 vars in 1380 bytes} [Mon Dec 20 21:22:23 2021] GET /placement/allocations/e1f4ad41-3279-42f6-b126-c90428d8d1ef => generated 19 bytes in 21 msecs (HTTP/1.1 200) 8 headers in 295 bytes (1 switches on core 0)
Dec 20 21:22:23.478471 n-d-xena-1 devstack@placement-api.service[102884]: DEBUG placement.requestlog [req-09f1cc64-3cde-4c8f-adc5-1e00b0ecc10b req-89270155-2bfd-4947-bb6d-bcd1bed6a3d8 None None] Starting request: 10.222.0.32 "PUT /placement/allocations/e1f4ad41-3279-42f6-b126-c90428d8d1ef" {{(pid=102884) __call__ /opt/stack/placement/placement/requestlog.py:55}}
Dec 20 21:22:23.634712 n-d-xena-1 devstack@placement-api.service[102884]: DEBUG placement.handlers.allocation [req-09f1cc64-3cde-4c8f-adc5-1e00b0ecc10b req-89270155-2bfd-4947-bb6d-bcd1bed6a3d8 service placement] Successfully wrote allocations [, , ] {{(pid=102884) _update_consumers_and_create_allocations /opt/stack/placement/placement/handlers/allocation.py:462}}
Dec 20 21:22:23.640566 n-d-xena-1 devstack@placement-api.service[102884]: INFO placement.requestlog [req-09f1cc64-3cde-4c8f-adc5-1e00b0ecc10b req-89270155-2bfd-4947-bb6d-bcd1bed6a3d8 service placement] 10.222.0.32 "PUT /placement/allocations/e1f4ad41-3279-42f6-b126-c90428d8d1ef" status: 204 len: 0 microversion: 1.36
Dec 20 21:22:23.642489 n-d-xena-1 devstack@placement-api.service[102884]: [pid: 102884|app: 0|req: 214/430] 10.222.0.32 () {64 vars in 1433 bytes} [Mon Dec 20 21:22:23 2021] PUT /placement/allocations/e1f4ad41-3279-42f6-b126-c90428d8d1ef => generated 0 bytes in 164 msecs (HTTP/1.1 204) 5 headers in 199 bytes (2 switches on core 0)
Dec 20 21:22:24.205383 n-d-xena-1 devstack@placement-api.service[102883]: DEBUG placement.requestlog [req-09f1cc64-3cde-4c8f-adc5-1e00b0ecc10b req-9455d7e7-f667-42ce-afd4-73364b86e2da None None] Starting request: 10.222.0.66 "GET /placement/allocations/e1f4ad41-3279-42f6-b126-c90428d8d1ef" {{(pid=102883) __call__ /opt/stack/placement/placement/requestlog.py:55}}
Dec 20 21:22:24.236130 n-d-xena-1 devstack@placement-api.service[102883]: INFO placement.requestlog [req-09f1cc64-3cde-4c8f-adc5-1e00b0ecc10b req-9455d7e7-f667-42ce-afd4-73364b86e2da service placement] 10.222.0.66 "GET /placement/allocations/e1f4ad41-3279-42f6-b126-c90428d8d1ef" status: 200 len: 259 microversion: 1.28
Dec 20 21:22:24.237495 n-d-xena-1 devstack@placement-api.service[102883]: [pid: 102883|app: 0|req: 217/431] 10.222.0.66 () {60 vars in 1377 bytes} [Mon Dec 20 21:22:24 2021] GET /placement/allocations/e1f4ad41-3279-42f6-b126-c90428d8d1ef => generated 259 bytes in 32 msecs (HTTP/1.1 200) 8 headers in 296 bytes (1 switches on core 0)
Dec 20 21:22:25.081729 n-d-xena-1 devstack@placement-api.service[102884]: DEBUG placement.requestlog [req-2a52c17a-4f8c-4407-b10c-24dfde6181ff req-a52009ea-b991-4d84-a1f5-c97088bc227f None None] Starting request: 10.222.0.66 "DELETE /placement/allocations/ad34d0ec-8bb6-4923-b94e-7cb19bbf8dc6" {{(pid=102884) __call__ /opt/stack/placement/placement/requestlog.py:55}}
Dec 20 21:22:25.149171 n-d-xena-1 devstack@placement-api.service[102884]: DEBUG placement.handlers.allocation [req-2a52c17a-4f8c-4407-b10c-24dfde6181ff req-a52009ea-b991-4d84-a1f5-c97088bc227f service placement] Successfully deleted allocations [, , ] {{(pid=102884) delete_allocations /opt/stack/placement/placement/handlers/allocation.py:627}}
Dec 20 21:22:25.149923 n-d-xena-1 devstack@placement-api.service[102884]: INFO placement.requestlog [req-2a52c17a-4f8c-4407-b10c-24dfde6181ff req-a52009ea-b991-4d84-a1f5-c97088bc227f service placement] 10.222.0.66 "DELETE /placement/allocations/ad34d0ec-8bb6-4923-b94e-7cb19bbf8dc6" status: 204 len: 0 microversion: 1.0
Dec 20 21:22:25.150346 n-d-xena-1 devstack@placement-api.service[102884]: [pid: 102884|app: 0|req: 215/432] 10.222.0.66 () {60 vars in 1355 bytes} [Mon Dec 20 21:22:25 2021] DELETE /placement/allocations/ad34d0ec-8bb6-4923-b94e-7cb19bbf8dc6 => generated 0 bytes in 69 msecs (HTTP/1.1 204) 5 headers in 198 bytes (1 switches on core 0)
Dec 20 21:22:29.514882 n-d-xena-1 devstack@placement-api.service[102883]: DEBUG placement.requestlog [req-16bc5a4d-e3d9-43d5-9940-dc655d2facb8 req-679e34e3-885d-4cdd-81af-85b0912beb2b None None] Starting request: 10.222.0.32 "GET /placement/allocation_candidates?limit=1000&resources=DISK_GB%3A1%2CMEMORY_MB%3A1024%2CVCPU%3A1&root_required=%21COMPUTE_STATUS_DISABLED" {{(pid=102883) __call__ /opt/stack/placement/placement/requestlog.py:55}}
Dec 20 21:22:29.557828 n-d-xena-1 devstack@placement-api.service[102883]: DEBUG placement.objects.research_context [req-16bc5a4d-e3d9-43d5-9940-dc655d2facb8 req-679e34e3-885d-4cdd-81af-85b0912beb2b service placement] getting providers with 1 DISK_GB {{(pid=102883) __init__ /opt/stack/placement/placement/objects/research_context.py:126}}
Dec 20 21:22:29.569200 n-d-xena-1 devstack@placement-api.service[102883]: DEBUG placement.objects.research_context [req-16bc5a4d-e3d9-43d5-9940-dc655d2facb8 req-679e34e3-885d-4cdd-81af-85b0912beb2b service placement] getting providers with 1024 MEMORY_MB {{(pid=102883) __init__ /opt/stack/placement/placement/objects/research_context.py:126}}
Dec 20 21:22:29.576555 n-d-xena-1 devstack@placement-api.service[102883]: DEBUG placement.objects.research_context [req-16bc5a4d-e3d9-43d5-9940-dc655d2facb8 req-679e34e3-885d-4cdd-81af-85b0912beb2b service placement] getting providers with 1 VCPU {{(pid=102883) __init__ /opt/stack/placement/placement/objects/research_context.py:126}}
Dec 20 21:22:29.587326 n-d-xena-1 devstack@placement-api.service[102883]: DEBUG placement.objects.research_context [req-16bc5a4d-e3d9-43d5-9940-dc655d2facb8 req-679e34e3-885d-4cdd-81af-85b0912beb2b service placement] found 2 providers with available 1 DISK_GB {{(pid=102883) get_provider_ids_matching /opt/stack/placement/placement/objects/research_context.py:549}}
Dec 20 21:22:29.596937 n-d-xena-1 devstack@placement-api.service[102883]: DEBUG placement.objects.research_context [req-16bc5a4d-e3d9-43d5-9940-dc655d2facb8 req-679e34e3-885d-4cdd-81af-85b0912beb2b service placement] found 2 providers with available 1024 MEMORY_MB {{(pid=102883) get_provider_ids_matching /opt/stack/placement/placement/objects/research_context.py:549}}
Dec 20 21:22:29.597400 n-d-xena-1 devstack@placement-api.service[102883]: DEBUG placement.objects.research_context [req-16bc5a4d-e3d9-43d5-9940-dc655d2facb8 req-679e34e3-885d-4cdd-81af-85b0912beb2b service placement] found 2 providers after filtering by previous result {{(pid=102883) get_provider_ids_matching /opt/stack/placement/placement/objects/research_context.py:580}}
Dec 20 21:22:29.597904 n-d-xena-1 devstack@placement-api.service[102883]: DEBUG placement.objects.research_context [req-16bc5a4d-e3d9-43d5-9940-dc655d2facb8 req-679e34e3-885d-4cdd-81af-85b0912beb2b service placement] found 2 providers with available 1 VCPU {{(pid=102883) get_provider_ids_matching /opt/stack/placement/placement/objects/research_context.py:549}}
Dec 20 21:22:29.598378 n-d-xena-1 devstack@placement-api.service[102883]: DEBUG placement.objects.research_context [req-16bc5a4d-e3d9-43d5-9940-dc655d2facb8 req-679e34e3-885d-4cdd-81af-85b0912beb2b service placement] found 2 providers after filtering by previous result {{(pid=102883) get_provider_ids_matching /opt/stack/placement/placement/objects/research_context.py:580}}
Dec 20 21:22:29.622892 n-d-xena-1 devstack@placement-api.service[102883]: DEBUG placement.objects.allocation_candidate [req-16bc5a4d-e3d9-43d5-9940-dc655d2facb8 req-679e34e3-885d-4cdd-81af-85b0912beb2b service placement] RequestGroup(use_same_provider=False, resources={DISK_GB:1, MEMORY_MB:1024, VCPU:1}, traits=[], aggregates=[]) (suffix '') returned 2 matches {{(pid=102883) _get_by_requests /opt/stack/placement/placement/objects/allocation_candidate.py:145}}
Dec 20 21:22:29.623405 n-d-xena-1 devstack@placement-api.service[102883]: DEBUG placement.objects.allocation_candidate [req-16bc5a4d-e3d9-43d5-9940-dc655d2facb8 req-679e34e3-885d-4cdd-81af-85b0912beb2b service placement] Merging candidates yields 2 allocation requests and 2 provider summaries {{(pid=102883) _merge_candidates /opt/stack/placement/placement/objects/allocation_candidate.py:783}}
Dec 20 21:22:29.625283 n-d-xena-1 devstack@placement-api.service[102883]: INFO placement.requestlog [req-16bc5a4d-e3d9-43d5-9940-dc655d2facb8 req-679e34e3-885d-4cdd-81af-85b0912beb2b service placement] 10.222.0.32 "GET /placement/allocation_candidates?limit=1000&resources=DISK_GB%3A1%2CMEMORY_MB%3A1024%2CVCPU%3A1&root_required=%21COMPUTE_STATUS_DISABLED" status: 200 len: 1309 microversion: 1.36
Dec 20 21:22:29.636965 n-d-xena-1 devstack@placement-api.service[102883]: [pid: 102883|app: 0|req: 218/433] 10.222.0.32 () {60 vars in 1506 bytes} [Mon Dec 20 21:22:29 2021] GET /placement/allocation_candidates?limit=1000&resources=DISK_GB%3A1%2CMEMORY_MB%3A1024%2CVCPU%3A1&root_required=%21COMPUTE_STATUS_DISABLED => generated 1309 bytes in 122 msecs (HTTP/1.1 200) 8 headers in 297 bytes (1 switches on core 0)
Dec 20 21:22:29.699573 n-d-xena-1 devstack@placement-api.service[102884]: DEBUG placement.requestlog [req-16bc5a4d-e3d9-43d5-9940-dc655d2facb8 req-ad8e1789-acf7-4395-97d1-613e5e96bf94 None None] Starting request: 10.222.0.32 "GET /placement/allocations/08b3fab7-33fc-4497-8682-a12fa67998f0" {{(pid=102884) __call__ /opt/stack/placement/placement/requestlog.py:55}}
Dec 20 21:22:29.719111 n-d-xena-1 devstack@placement-api.service[102884]: INFO placement.requestlog [req-16bc5a4d-e3d9-43d5-9940-dc655d2facb8 req-ad8e1789-acf7-4395-97d1-613e5e96bf94 service placement] 10.222.0.32 "GET /placement/allocations/08b3fab7-33fc-4497-8682-a12fa67998f0" status: 200 len: 19 microversion: 1.28
Dec 20 21:22:29.719577 n-d-xena-1 devstack@placement-api.service[102884]: [pid: 102884|app: 0|req: 216/434] 10.222.0.32 () {60 vars in 1380 bytes} [Mon Dec 20 21:22:29 2021] GET /placement/allocations/08b3fab7-33fc-4497-8682-a12fa67998f0 => generated 19 bytes in 21 msecs (HTTP/1.1 200) 8 headers in 295 bytes (1 switches on core 0)
Dec 20 21:22:29.727410 n-d-xena-1 devstack@placement-api.service[102883]: DEBUG placement.requestlog [req-16bc5a4d-e3d9-43d5-9940-dc655d2facb8 req-3d74597f-d56b-46eb-9008-2352f97c2369 None None] Starting request: 10.222.0.32 "PUT /placement/allocations/08b3fab7-33fc-4497-8682-a12fa67998f0" {{(pid=102883) __call__ /opt/stack/placement/placement/requestlog.py:55}}
Dec 20 21:22:29.832367 n-d-xena-1 devstack@placement-api.service[102883]: DEBUG placement.handlers.allocation [req-16bc5a4d-e3d9-43d5-9940-dc655d2facb8 req-3d74597f-d56b-46eb-9008-2352f97c2369 service placement] Successfully wrote allocations [, , ] {{(pid=102883) _update_consumers_and_create_allocations /opt/stack/placement/placement/handlers/allocation.py:462}}
Dec 20 21:22:29.842497 n-d-xena-1 devstack@placement-api.service[102883]: INFO placement.requestlog [req-16bc5a4d-e3d9-43d5-9940-dc655d2facb8 req-3d74597f-d56b-46eb-9008-2352f97c2369 service placement] 10.222.0.32 "PUT /placement/allocations/08b3fab7-33fc-4497-8682-a12fa67998f0" status: 204 len: 0 microversion: 1.36
Dec 20 21:22:29.842497 n-d-xena-1 devstack@placement-api.service[102883]: [pid: 102883|app: 0|req: 219/435] 10.222.0.32 () {64 vars in 1433 bytes} [Mon Dec 20 21:22:29 2021] PUT /placement/allocations/08b3fab7-33fc-4497-8682-a12fa67998f0 => generated 0 bytes in 115 msecs (HTTP/1.1 204) 5 headers in 199 bytes (1 switches on core 0)
Dec 20 21:22:30.067091 n-d-xena-1 devstack@placement-api.service[102884]: DEBUG placement.requestlog [req-04cb83ca-cd78-4ce7-9468-a693ac92439b req-56be2033-0ea0-4af0-8715-fc83aafbd285 None None] Starting request: 10.222.0.32 "GET /placement/allocation_candidates?limit=1000&resources=DISK_GB%3A1%2CMEMORY_MB%3A1024%2CVCPU%3A1&root_required=%21COMPUTE_STATUS_DISABLED" {{(pid=102884) __call__ /opt/stack/placement/placement/requestlog.py:55}}
Dec 20 21:22:30.112501 n-d-xena-1 devstack@placement-api.service[102884]: DEBUG placement.objects.research_context [req-04cb83ca-cd78-4ce7-9468-a693ac92439b req-56be2033-0ea0-4af0-8715-fc83aafbd285 service placement] getting providers with 1 DISK_GB {{(pid=102884) __init__ /opt/stack/placement/placement/objects/research_context.py:126}}
Dec 20 21:22:30.125200 n-d-xena-1 devstack@placement-api.service[102884]: DEBUG placement.objects.research_context [req-04cb83ca-cd78-4ce7-9468-a693ac92439b req-56be2033-0ea0-4af0-8715-fc83aafbd285 service placement] getting providers with 1024 MEMORY_MB {{(pid=102884) __init__ /opt/stack/placement/placement/objects/research_context.py:126}}
Dec 20 21:22:30.135097 n-d-xena-1 devstack@placement-api.service[102884]: DEBUG placement.objects.research_context [req-04cb83ca-cd78-4ce7-9468-a693ac92439b req-56be2033-0ea0-4af0-8715-fc83aafbd285 service placement] getting providers with 1 VCPU {{(pid=102884) __init__ /opt/stack/placement/placement/objects/research_context.py:126}}
Dec 20 21:22:30.142218 n-d-xena-1 devstack@placement-api.service[102884]: DEBUG placement.objects.research_context [req-04cb83ca-cd78-4ce7-9468-a693ac92439b req-56be2033-0ea0-4af0-8715-fc83aafbd285 service placement] found 2 providers with available 1 DISK_GB {{(pid=102884) get_provider_ids_matching /opt/stack/placement/placement/objects/research_context.py:549}}
Dec 20 21:22:30.142858 n-d-xena-1 devstack@placement-api.service[102884]: DEBUG placement.objects.research_context [req-04cb83ca-cd78-4ce7-9468-a693ac92439b req-56be2033-0ea0-4af0-8715-fc83aafbd285 service placement] found 2 providers with available 1024 MEMORY_MB {{(pid=102884) get_provider_ids_matching /opt/stack/placement/placement/objects/research_context.py:549}}
Dec 20 21:22:30.143386 n-d-xena-1 devstack@placement-api.service[102884]: DEBUG placement.objects.research_context [req-04cb83ca-cd78-4ce7-9468-a693ac92439b req-56be2033-0ea0-4af0-8715-fc83aafbd285 service placement] found 2 providers after filtering by previous result {{(pid=102884) get_provider_ids_matching /opt/stack/placement/placement/objects/research_context.py:580}}
Dec 20 21:22:30.144556 n-d-xena-1 devstack@placement-api.service[102884]: DEBUG placement.objects.research_context [req-04cb83ca-cd78-4ce7-9468-a693ac92439b req-56be2033-0ea0-4af0-8715-fc83aafbd285 service placement] found 2 providers with available 1 VCPU {{(pid=102884) get_provider_ids_matching /opt/stack/placement/placement/objects/research_context.py:549}}
Dec 20 21:22:30.145081 n-d-xena-1 devstack@placement-api.service[102884]: DEBUG placement.objects.research_context [req-04cb83ca-cd78-4ce7-9468-a693ac92439b req-56be2033-0ea0-4af0-8715-fc83aafbd285 service placement] found 2 providers after filtering by previous result {{(pid=102884) get_provider_ids_matching /opt/stack/placement/placement/objects/research_context.py:580}}
Dec 20 21:22:30.159777 n-d-xena-1 devstack@placement-api.service[102884]: DEBUG placement.objects.allocation_candidate [req-04cb83ca-cd78-4ce7-9468-a693ac92439b req-56be2033-0ea0-4af0-8715-fc83aafbd285 service placement] RequestGroup(use_same_provider=False, resources={DISK_GB:1, MEMORY_MB:1024, VCPU:1}, traits=[], aggregates=[]) (suffix '') returned 2 matches {{(pid=102884) _get_by_requests /opt/stack/placement/placement/objects/allocation_candidate.py:145}}
Dec 20 21:22:30.160493 n-d-xena-1 devstack@placement-api.service[102884]: DEBUG placement.objects.allocation_candidate [req-04cb83ca-cd78-4ce7-9468-a693ac92439b req-56be2033-0ea0-4af0-8715-fc83aafbd285 service placement] Merging candidates yields 2 allocation requests and 2 provider summaries {{(pid=102884) _merge_candidates /opt/stack/placement/placement/objects/allocation_candidate.py:783}}
Dec 20 21:22:30.163229 n-d-xena-1 devstack@placement-api.service[102884]: INFO placement.requestlog [req-04cb83ca-cd78-4ce7-9468-a693ac92439b req-56be2033-0ea0-4af0-8715-fc83aafbd285 service placement] 10.222.0.32 "GET /placement/allocation_candidates?limit=1000&resources=DISK_GB%3A1%2CMEMORY_MB%3A1024%2CVCPU%3A1&root_required=%21COMPUTE_STATUS_DISABLED" status: 200 len: 1309 microversion: 1.36
Dec 20 21:22:30.164163 n-d-xena-1 devstack@placement-api.service[102884]: [pid: 102884|app: 0|req: 217/436] 10.222.0.32 () {60 vars in 1506 bytes} [Mon Dec 20 21:22:30 2021] GET /placement/allocation_candidates?limit=1000&resources=DISK_GB%3A1%2CMEMORY_MB%3A1024%2CVCPU%3A1&root_required=%21COMPUTE_STATUS_DISABLED => generated 1309 bytes in 97 msecs (HTTP/1.1 200) 8 headers in 297 bytes (1 switches on core 0)
Dec 20 21:22:30.245924 n-d-xena-1 devstack@placement-api.service[102883]: DEBUG placement.requestlog [req-04cb83ca-cd78-4ce7-9468-a693ac92439b req-2bf46f71-76ba-4203-b904-78a7d9ad4d89 None None] Starting request: 10.222.0.32 "GET /placement/allocations/565c8b5a-cd4d-4b6c-8519-1449e43b45e3" {{(pid=102883) __call__ /opt/stack/placement/placement/requestlog.py:55}}
Dec 20 21:22:30.258759 n-d-xena-1 devstack@placement-api.service[102883]: INFO placement.requestlog [req-04cb83ca-cd78-4ce7-9468-a693ac92439b req-2bf46f71-76ba-4203-b904-78a7d9ad4d89 service placement] 10.222.0.32 "GET /placement/allocations/565c8b5a-cd4d-4b6c-8519-1449e43b45e3" status: 200 len: 19 microversion: 1.28
Dec 20 21:22:30.263366 n-d-xena-1 devstack@placement-api.service[102883]: [pid: 102883|app: 0|req: 220/437] 10.222.0.32 () {60 vars in 1380 bytes} [Mon Dec 20 21:22:30 2021] GET /placement/allocations/565c8b5a-cd4d-4b6c-8519-1449e43b45e3 => generated 19 bytes in 17 msecs (HTTP/1.1 200) 8 headers in 295 bytes (1 switches on core 0)
Dec 20 21:22:30.266836 n-d-xena-1 devstack@placement-api.service[102884]: DEBUG placement.requestlog [req-04cb83ca-cd78-4ce7-9468-a693ac92439b req-67990061-ee85-495b-b2b1-55dabc4fcaba None None] Starting request: 10.222.0.32 "PUT /placement/allocations/565c8b5a-cd4d-4b6c-8519-1449e43b45e3" {{(pid=102884) __call__ /opt/stack/placement/placement/requestlog.py:55}}
Dec 20 21:22:30.275650 n-d-xena-1 devstack@placement-api.service[102883]: DEBUG placement.requestlog [req-16bc5a4d-e3d9-43d5-9940-dc655d2facb8 req-69f5e3ff-9d0c-4b6c-a197-776b4cb92705 None None] Starting request: 10.222.0.66 "GET /placement/allocations/08b3fab7-33fc-4497-8682-a12fa67998f0" {{(pid=102883) __call__ /opt/stack/placement/placement/requestlog.py:55}}
Dec 20 21:22:30.299176 n-d-xena-1 devstack@placement-api.service[102883]: INFO placement.requestlog [req-16bc5a4d-e3d9-43d5-9940-dc655d2facb8 req-69f5e3ff-9d0c-4b6c-a197-776b4cb92705 service placement] 10.222.0.66 "GET /placement/allocations/08b3fab7-33fc-4497-8682-a12fa67998f0" status: 200 len: 259 microversion: 1.28
Dec 20 21:22:30.300068 n-d-xena-1 devstack@placement-api.service[102883]: [pid: 102883|app: 0|req: 221/438] 10.222.0.66 () {60 vars in 1377 bytes} [Mon Dec 20 21:22:30 2021] GET /placement/allocations/08b3fab7-33fc-4497-8682-a12fa67998f0 => generated 259 bytes in 25 msecs (HTTP/1.1 200) 8 headers in 296 bytes (1 switches on core 0)
Dec 20 21:22:30.366505 n-d-xena-1 devstack@placement-api.service[102884]: DEBUG placement.handlers.allocation [req-04cb83ca-cd78-4ce7-9468-a693ac92439b req-67990061-ee85-495b-b2b1-55dabc4fcaba service placement] Successfully wrote allocations [, , ] {{(pid=102884) _update_consumers_and_create_allocations /opt/stack/placement/placement/handlers/allocation.py:462}}
Dec 20 21:22:30.377936 n-d-xena-1 devstack@placement-api.service[102884]: INFO placement.requestlog [req-04cb83ca-cd78-4ce7-9468-a693ac92439b req-67990061-ee85-495b-b2b1-55dabc4fcaba service placement] 10.222.0.32 "PUT /placement/allocations/565c8b5a-cd4d-4b6c-8519-1449e43b45e3" status: 204 len: 0 microversion: 1.36
Dec 20 21:22:30.378786 n-d-xena-1 devstack@placement-api.service[102884]: [pid: 102884|app: 0|req: 218/439] 10.222.0.32 () {64 vars in 1433 bytes} [Mon Dec 20 21:22:30 2021] PUT /placement/allocations/565c8b5a-cd4d-4b6c-8519-1449e43b45e3 => generated 0 bytes in 112 msecs (HTTP/1.1 204) 5 headers in 199 bytes (1 switches on core 0)
Dec 20 21:22:30.774685 n-d-xena-1 devstack@placement-api.service[102883]: DEBUG placement.requestlog [req-04cb83ca-cd78-4ce7-9468-a693ac92439b req-8f232e99-cda5-4ed0-8ed7-968f586739dc None None] Starting request: 10.222.0.66 "GET /placement/allocations/565c8b5a-cd4d-4b6c-8519-1449e43b45e3" {{(pid=102883) __call__ /opt/stack/placement/placement/requestlog.py:55}}
Dec 20 21:22:30.797457 n-d-xena-1 devstack@placement-api.service[102883]: INFO placement.requestlog [req-04cb83ca-cd78-4ce7-9468-a693ac92439b req-8f232e99-cda5-4ed0-8ed7-968f586739dc service placement] 10.222.0.66 "GET /placement/allocations/565c8b5a-cd4d-4b6c-8519-1449e43b45e3" status: 200 len: 259 microversion: 1.28
Dec 20 21:22:30.798463 n-d-xena-1 devstack@placement-api.service[102883]: [pid: 102883|app: 0|req: 222/440] 10.222.0.66 () {60 vars in 1377 bytes} [Mon Dec 20 21:22:30 2021] GET /placement/allocations/565c8b5a-cd4d-4b6c-8519-1449e43b45e3 => generated 259 bytes in 24 msecs (HTTP/1.1 200) 8 headers in 296 bytes (1 switches on core 0)
Dec 20 21:22:32.610987 n-d-xena-1 devstack@placement-api.service[102884]: DEBUG placement.requestlog [req-1eb3f2dd-3da7-4548-a067-763a5919e6b8 req-668f30b0-1752-4522-9a6c-0e96151e5f23 None None] Starting request: 10.222.0.32 "GET /placement/allocation_candidates?limit=1000&resources=DISK_GB%3A1%2CMEMORY_MB%3A1024%2CVCPU%3A1&root_required=%21COMPUTE_STATUS_DISABLED" {{(pid=102884) __call__ /opt/stack/placement/placement/requestlog.py:55}}
Dec 20 21:22:32.666530 n-d-xena-1 devstack@placement-api.service[102884]: DEBUG placement.objects.research_context [req-1eb3f2dd-3da7-4548-a067-763a5919e6b8 req-668f30b0-1752-4522-9a6c-0e96151e5f23 service placement] getting providers with 1 DISK_GB {{(pid=102884) __init__ /opt/stack/placement/placement/objects/research_context.py:126}}
Dec 20 21:22:32.672948 n-d-xena-1 devstack@placement-api.service[102884]: DEBUG placement.objects.research_context [req-1eb3f2dd-3da7-4548-a067-763a5919e6b8 req-668f30b0-1752-4522-9a6c-0e96151e5f23 service placement] getting providers with 1024 MEMORY_MB {{(pid=102884) __init__ /opt/stack/placement/placement/objects/research_context.py:126}}
Dec 20 21:22:32.680964 n-d-xena-1 devstack@placement-api.service[102884]: DEBUG placement.objects.research_context [req-1eb3f2dd-3da7-4548-a067-763a5919e6b8 req-668f30b0-1752-4522-9a6c-0e96151e5f23 service placement] getting providers with 1 VCPU {{(pid=102884) __init__ /opt/stack/placement/placement/objects/research_context.py:126}}
Dec 20 21:22:32.688210 n-d-xena-1 devstack@placement-api.service[102884]: DEBUG placement.objects.research_context [req-1eb3f2dd-3da7-4548-a067-763a5919e6b8 req-668f30b0-1752-4522-9a6c-0e96151e5f23 service placement] found 2 providers with available 1 DISK_GB {{(pid=102884) get_provider_ids_matching /opt/stack/placement/placement/objects/research_context.py:549}}
Dec 20 21:22:32.688735 n-d-xena-1 devstack@placement-api.service[102884]: DEBUG placement.objects.research_context [req-1eb3f2dd-3da7-4548-a067-763a5919e6b8 req-668f30b0-1752-4522-9a6c-0e96151e5f23 service placement] found 2 providers with available 1024 MEMORY_MB {{(pid=102884) get_provider_ids_matching /opt/stack/placement/placement/objects/research_context.py:549}}
Dec 20 21:22:32.689166 n-d-xena-1 devstack@placement-api.service[102884]: DEBUG placement.objects.research_context [req-1eb3f2dd-3da7-4548-a067-763a5919e6b8 req-668f30b0-1752-4522-9a6c-0e96151e5f23 service placement] found 2 providers after filtering by previous result {{(pid=102884) get_provider_ids_matching /opt/stack/placement/placement/objects/research_context.py:580}}
Dec 20 21:22:32.689630 n-d-xena-1 devstack@placement-api.service[102884]: DEBUG placement.objects.research_context [req-1eb3f2dd-3da7-4548-a067-763a5919e6b8 req-668f30b0-1752-4522-9a6c-0e96151e5f23 service placement] found 2 providers with available 1 VCPU {{(pid=102884) get_provider_ids_matching /opt/stack/placement/placement/objects/research_context.py:549}}
Dec 20 21:22:32.690385 n-d-xena-1 devstack@placement-api.service[102884]: DEBUG placement.objects.research_context [req-1eb3f2dd-3da7-4548-a067-763a5919e6b8 req-668f30b0-1752-4522-9a6c-0e96151e5f23 service placement] found 2 providers after filtering by previous result {{(pid=102884) get_provider_ids_matching /opt/stack/placement/placement/objects/research_context.py:580}}
Dec 20 21:22:32.715958 n-d-xena-1 devstack@placement-api.service[102884]: DEBUG placement.objects.allocation_candidate [req-1eb3f2dd-3da7-4548-a067-763a5919e6b8 req-668f30b0-1752-4522-9a6c-0e96151e5f23 service placement] RequestGroup(use_same_provider=False, resources={DISK_GB:1, MEMORY_MB:1024, VCPU:1}, traits=[], aggregates=[]) (suffix '') returned 2 matches {{(pid=102884) _get_by_requests /opt/stack/placement/placement/objects/allocation_candidate.py:145}}
Dec 20 21:22:32.716557 n-d-xena-1 devstack@placement-api.service[102884]: DEBUG placement.objects.allocation_candidate [req-1eb3f2dd-3da7-4548-a067-763a5919e6b8 req-668f30b0-1752-4522-9a6c-0e96151e5f23 service placement] Merging candidates yields 2 allocation requests and 2 provider summaries {{(pid=102884) _merge_candidates /opt/stack/placement/placement/objects/allocation_candidate.py:783}}
Dec 20 21:22:32.718855 n-d-xena-1 devstack@placement-api.service[102884]: INFO placement.requestlog [req-1eb3f2dd-3da7-4548-a067-763a5919e6b8 req-668f30b0-1752-4522-9a6c-0e96151e5f23 service placement] 10.222.0.32 "GET /placement/allocation_candidates?limit=1000&resources=DISK_GB%3A1%2CMEMORY_MB%3A1024%2CVCPU%3A1&root_required=%21COMPUTE_STATUS_DISABLED" status: 200 len: 1309 microversion: 1.36
Dec 20 21:22:32.719607 n-d-xena-1 devstack@placement-api.service[102884]: [pid: 102884|app: 0|req: 219/441] 10.222.0.32 () {60 vars in 1506 bytes} [Mon Dec 20 21:22:32 2021] GET /placement/allocation_candidates?limit=1000&resources=DISK_GB%3A1%2CMEMORY_MB%3A1024%2CVCPU%3A1&root_required=%21COMPUTE_STATUS_DISABLED => generated 1309 bytes in 109 msecs (HTTP/1.1 200) 8 headers in 297 bytes (1 switches on core 0)
Dec 20 21:22:32.779899 n-d-xena-1 devstack@placement-api.service[102883]: DEBUG placement.requestlog [req-1eb3f2dd-3da7-4548-a067-763a5919e6b8 req-cbcaefd0-0a86-4e0c-bc0f-785cedd9fe66 None None] Starting request: 10.222.0.32 "GET /placement/allocations/bcf6a7a2-294c-4e75-8184-36a2bd9548e4" {{(pid=102883) __call__ /opt/stack/placement/placement/requestlog.py:55}}
Dec 20 21:22:32.792677 n-d-xena-1 devstack@placement-api.service[102883]: INFO placement.requestlog [req-1eb3f2dd-3da7-4548-a067-763a5919e6b8 req-cbcaefd0-0a86-4e0c-bc0f-785cedd9fe66 service placement] 10.222.0.32 "GET /placement/allocations/bcf6a7a2-294c-4e75-8184-36a2bd9548e4" status: 200 len: 19 microversion: 1.28
Dec 20 21:22:32.798455 n-d-xena-1 devstack@placement-api.service[102883]: [pid: 102883|app: 0|req: 223/442] 10.222.0.32 () {60 vars in 1380 bytes} [Mon Dec 20 21:22:32 2021] GET /placement/allocations/bcf6a7a2-294c-4e75-8184-36a2bd9548e4 => generated 19 bytes in 19 msecs (HTTP/1.1 200) 8 headers in 295 bytes (1 switches on core 0)
Dec 20 21:22:32.800431 n-d-xena-1 devstack@placement-api.service[102884]: DEBUG placement.requestlog [req-1eb3f2dd-3da7-4548-a067-763a5919e6b8 req-7f1f2c63-b004-4330-a34d-0a877777119c None None] Starting request: 10.222.0.32 "PUT /placement/allocations/bcf6a7a2-294c-4e75-8184-36a2bd9548e4" {{(pid=102884) __call__ /opt/stack/placement/placement/requestlog.py:55}}
Dec 20 21:22:32.869220 n-d-xena-1 devstack@placement-api.service[102884]: DEBUG placement.handlers.allocation [req-1eb3f2dd-3da7-4548-a067-763a5919e6b8 req-7f1f2c63-b004-4330-a34d-0a877777119c service placement] Successfully wrote allocations [, , ] {{(pid=102884) _update_consumers_and_create_allocations /opt/stack/placement/placement/handlers/allocation.py:462}}
Dec 20 21:22:32.875013 n-d-xena-1 devstack@placement-api.service[102884]: INFO placement.requestlog [req-1eb3f2dd-3da7-4548-a067-763a5919e6b8 req-7f1f2c63-b004-4330-a34d-0a877777119c service placement] 10.222.0.32 "PUT /placement/allocations/bcf6a7a2-294c-4e75-8184-36a2bd9548e4" status: 204 len: 0 microversion: 1.36
Dec 20 21:22:32.889896 n-d-xena-1 devstack@placement-api.service[102884]: [pid: 102884|app: 0|req: 220/443] 10.222.0.32 () {64 vars in 1433 bytes} [Mon Dec 20 21:22:32 2021] PUT /placement/allocations/bcf6a7a2-294c-4e75-8184-36a2bd9548e4 => generated 0 bytes in 76 msecs (HTTP/1.1 204) 5 headers in 199 bytes (2 switches on core 0)
Dec 20 21:22:33.261899 n-d-xena-1 devstack@placement-api.service[102883]: DEBUG placement.requestlog [req-1eb3f2dd-3da7-4548-a067-763a5919e6b8 req-c4da89b0-1ef0-4d1b-9f8e-aa81495e1ba4 None None] Starting request: 10.222.0.31 "GET /placement/allocations/bcf6a7a2-294c-4e75-8184-36a2bd9548e4" {{(pid=102883) __call__ /opt/stack/placement/placement/requestlog.py:55}}
Dec 20 21:22:33.282710 n-d-xena-1 devstack@placement-api.service[102883]: INFO placement.requestlog [req-1eb3f2dd-3da7-4548-a067-763a5919e6b8 req-c4da89b0-1ef0-4d1b-9f8e-aa81495e1ba4 service placement] 10.222.0.31 "GET /placement/allocations/bcf6a7a2-294c-4e75-8184-36a2bd9548e4" status: 200 len: 259 microversion: 1.28
Dec 20 21:22:33.284125 n-d-xena-1 devstack@placement-api.service[102883]: [pid: 102883|app: 0|req: 224/444] 10.222.0.31 () {60 vars in 1377 bytes} [Mon Dec 20 21:22:33 2021] GET /placement/allocations/bcf6a7a2-294c-4e75-8184-36a2bd9548e4 => generated 259 bytes in 22 msecs (HTTP/1.1 200) 8 headers in 296 bytes (1 switches on core 0)
Dec 20 21:22:38.945832 n-d-xena-1 devstack@placement-api.service[102884]: DEBUG placement.requestlog [None req-ad43074a-8da6-482c-8845-6392837fbe07 None None] Starting request: 10.222.0.32 "GET /placement/" {{(pid=102884) __call__ /opt/stack/placement/placement/requestlog.py:55}}
Dec 20 21:22:38.946875 n-d-xena-1 devstack@placement-api.service[102884]: INFO placement.requestlog [None req-ad43074a-8da6-482c-8845-6392837fbe07 None None] 10.222.0.32 "GET /placement/" status: 200 len: 136 microversion: 1.0
Dec 20 21:22:38.947062 n-d-xena-1 devstack@placement-api.service[102884]: [pid: 102884|app: 0|req: 221/445] 10.222.0.32 () {54 vars in 916 bytes} [Mon Dec 20 21:22:38 2021] GET /placement => generated 136 bytes in 2 msecs (HTTP/1.1 200) 6 headers in 224 bytes (1 switches on core 0)
Dec 20 21:22:38.955673 n-d-xena-1 devstack@placement-api.service[102883]: DEBUG placement.requestlog [req-e4186e8b-02a1-4ce6-bafa-bbf2b9940fd2 req-97484f29-9a27-486e-9425-f12cd89f7ace None None] Starting request: 10.222.0.32 "GET /placement/allocations/e1f4ad41-3279-42f6-b126-c90428d8d1ef" {{(pid=102883) __call__ /opt/stack/placement/placement/requestlog.py:55}}
Dec 20 21:22:39.025121 n-d-xena-1 devstack@placement-api.service[102883]: INFO placement.requestlog [req-e4186e8b-02a1-4ce6-bafa-bbf2b9940fd2 req-97484f29-9a27-486e-9425-f12cd89f7ace service placement] 10.222.0.32 "GET /placement/allocations/e1f4ad41-3279-42f6-b126-c90428d8d1ef" status: 200 len: 259 microversion: 1.28
Dec 20 21:22:39.025325 n-d-xena-1 devstack@placement-api.service[102883]: [pid: 102883|app: 0|req: 225/446] 10.222.0.32 () {60 vars in 1380 bytes} [Mon Dec 20 21:22:38 2021] GET /placement/allocations/e1f4ad41-3279-42f6-b126-c90428d8d1ef => generated 259 bytes in 70 msecs (HTTP/1.1 200) 8 headers in 296 bytes (1 switches on core 0)
Dec 20 21:22:39.031771 n-d-xena-1 devstack@placement-api.service[102884]: DEBUG placement.requestlog [req-e4186e8b-02a1-4ce6-bafa-bbf2b9940fd2 req-d3143df9-15e4-444c-afb5-4d2dc7185484 None None] Starting request: 10.222.0.32 "GET /placement/allocations/e1f4ad41-3279-42f6-b126-c90428d8d1ef" {{(pid=102884) __call__ /opt/stack/placement/placement/requestlog.py:55}}
Dec 20 21:22:39.048793 n-d-xena-1 devstack@placement-api.service[102884]: INFO placement.requestlog [req-e4186e8b-02a1-4ce6-bafa-bbf2b9940fd2 req-d3143df9-15e4-444c-afb5-4d2dc7185484 service placement] 10.222.0.32 "GET /placement/allocations/e1f4ad41-3279-42f6-b126-c90428d8d1ef" status: 200 len: 259 microversion: 1.28
Dec 20 21:22:39.049118 n-d-xena-1 devstack@placement-api.service[102884]: [pid: 102884|app: 0|req: 222/447] 10.222.0.32 () {60 vars in 1380 bytes} [Mon Dec 20 21:22:39 2021] GET /placement/allocations/e1f4ad41-3279-42f6-b126-c90428d8d1ef => generated 259 bytes in 18 msecs (HTTP/1.1 200) 8 headers in 296 bytes (1 switches on core 0)
Dec 20 21:22:39.055268 n-d-xena-1 devstack@placement-api.service[102883]: DEBUG placement.requestlog [req-e4186e8b-02a1-4ce6-bafa-bbf2b9940fd2 req-9c04bd53-0b66-42ec-ba96-4a9d53a4013b None None] Starting request: 10.222.0.32 "GET /placement/allocations/b137793d-4381-4370-b4d7-f32836f370f0" {{(pid=102883) __call__ /opt/stack/placement/placement/requestlog.py:55}}
Dec 20 21:22:39.066512 n-d-xena-1 devstack@placement-api.service[102883]: INFO placement.requestlog [req-e4186e8b-02a1-4ce6-bafa-bbf2b9940fd2 req-9c04bd53-0b66-42ec-ba96-4a9d53a4013b service placement] 10.222.0.32 "GET /placement/allocations/b137793d-4381-4370-b4d7-f32836f370f0" status: 200 len: 19 microversion: 1.28
Dec 20 21:22:39.066710 n-d-xena-1 devstack@placement-api.service[102883]: [pid: 102883|app: 0|req: 226/448] 10.222.0.32 () {60 vars in 1380 bytes} [Mon Dec 20 21:22:39 2021] GET /placement/allocations/b137793d-4381-4370-b4d7-f32836f370f0 => generated 19 bytes in 12 msecs (HTTP/1.1 200) 8 headers in 295 bytes (1 switches on core 0)
Dec 20 21:22:39.072765 n-d-xena-1 devstack@placement-api.service[102884]: DEBUG placement.requestlog [req-e4186e8b-02a1-4ce6-bafa-bbf2b9940fd2 req-e15793cc-d815-48cb-81c2-b4eda9def8b0 None None] Starting request: 10.222.0.32 "POST /placement/allocations" {{(pid=102884) __call__ /opt/stack/placement/placement/requestlog.py:55}}
Dec 20 21:22:39.148426 n-d-xena-1 devstack@placement-api.service[102884]: DEBUG placement.handlers.allocation [req-e4186e8b-02a1-4ce6-bafa-bbf2b9940fd2 req-e15793cc-d815-48cb-81c2-b4eda9def8b0 service placement] Successfully wrote allocations [, , , , , ] {{(pid=102884) _update_consumers_and_create_allocations /opt/stack/placement/placement/handlers/allocation.py:572}}
Dec 20 21:22:39.152164 n-d-xena-1 devstack@placement-api.service[102884]: INFO placement.requestlog [req-e4186e8b-02a1-4ce6-bafa-bbf2b9940fd2 req-e15793cc-d815-48cb-81c2-b4eda9def8b0 service placement] 10.222.0.32 "POST /placement/allocations" status: 204 len: 0 microversion: 1.28
Dec 20 21:22:39.152733 n-d-xena-1 devstack@placement-api.service[102884]: [pid: 102884|app: 0|req: 223/449] 10.222.0.32 () {64 vars in 1323 bytes} [Mon Dec 20 21:22:39 2021] POST /placement/allocations => generated 0 bytes in 80 msecs (HTTP/1.1 204) 5 headers in 199 bytes (1 switches on core 0)
Dec 20 21:22:39.184212 n-d-xena-1 devstack@placement-api.service[102883]: DEBUG placement.requestlog [req-e4186e8b-02a1-4ce6-bafa-bbf2b9940fd2 req-e057e6c7-b510-43e6-bac9-af24a47eff3b None None] Starting request: 10.222.0.32 "GET /placement/allocations/e1f4ad41-3279-42f6-b126-c90428d8d1ef" {{(pid=102883) __call__ /opt/stack/placement/placement/requestlog.py:55}}
Dec 20 21:22:39.260577 n-d-xena-1 devstack@placement-api.service[102883]: INFO placement.requestlog [req-e4186e8b-02a1-4ce6-bafa-bbf2b9940fd2 req-e057e6c7-b510-43e6-bac9-af24a47eff3b service placement] 10.222.0.32 "GET /placement/allocations/e1f4ad41-3279-42f6-b126-c90428d8d1ef" status: 200 len: 19 microversion: 1.28
Dec 20 21:22:39.266263 n-d-xena-1 devstack@placement-api.service[102883]: [pid: 102883|app: 0|req: 227/450] 10.222.0.32 () {60 vars in 1380 bytes} [Mon Dec 20 21:22:39 2021] GET /placement/allocations/e1f4ad41-3279-42f6-b126-c90428d8d1ef => generated 19 bytes in 82 msecs (HTTP/1.1 200) 8 headers in 295 bytes (1 switches on core 0)
Dec 20 21:22:39.267406 n-d-xena-1 devstack@placement-api.service[102884]: DEBUG placement.requestlog [req-e4186e8b-02a1-4ce6-bafa-bbf2b9940fd2 req-a43c70ea-9a34-4c0e-b035-624241e10d4f None None] Starting request: 10.222.0.32 "PUT /placement/allocations/e1f4ad41-3279-42f6-b126-c90428d8d1ef" {{(pid=102884) __call__ /opt/stack/placement/placement/requestlog.py:55}}
Dec 20 21:22:39.323977 n-d-xena-1 devstack@placement-api.service[102884]: DEBUG placement.handlers.allocation [req-e4186e8b-02a1-4ce6-bafa-bbf2b9940fd2 req-a43c70ea-9a34-4c0e-b035-624241e10d4f service placement] Successfully wrote allocations [, , ] {{(pid=102884) _update_consumers_and_create_allocations /opt/stack/placement/placement/handlers/allocation.py:462}}
Dec 20 21:22:39.330833 n-d-xena-1 devstack@placement-api.service[102884]: INFO placement.requestlog [req-e4186e8b-02a1-4ce6-bafa-bbf2b9940fd2 req-a43c70ea-9a34-4c0e-b035-624241e10d4f service placement] 10.222.0.32 "PUT /placement/allocations/e1f4ad41-3279-42f6-b126-c90428d8d1ef" status: 204 len: 0 microversion: 1.28
Dec 20 21:22:39.339015 n-d-xena-1 devstack@placement-api.service[102884]: [pid: 102884|app: 0|req: 224/451] 10.222.0.32 () {64 vars in 1433 bytes} [Mon Dec 20 21:22:39 2021] PUT /placement/allocations/e1f4ad41-3279-42f6-b126-c90428d8d1ef => generated 0 bytes in 65 msecs (HTTP/1.1 204) 5 headers in 199 bytes (2 switches on core 0)
Dec 20 21:22:39.532256 n-d-xena-1 devstack@placement-api.service[102883]: DEBUG placement.requestlog [req-e4186e8b-02a1-4ce6-bafa-bbf2b9940fd2 req-04f93d97-e1f2-4ed4-98c7-254da91555a0 None None] Starting request: 10.222.0.31 "GET /placement/allocations/e1f4ad41-3279-42f6-b126-c90428d8d1ef" {{(pid=102883) __call__ /opt/stack/placement/placement/requestlog.py:55}}
Dec 20 21:22:39.560117 n-d-xena-1 devstack@placement-api.service[102883]: INFO placement.requestlog [req-e4186e8b-02a1-4ce6-bafa-bbf2b9940fd2 req-04f93d97-e1f2-4ed4-98c7-254da91555a0 service placement] 10.222.0.31 "GET /placement/allocations/e1f4ad41-3279-42f6-b126-c90428d8d1ef" status: 200 len: 259 microversion: 1.28
Dec 20 21:22:39.560354 n-d-xena-1 devstack@placement-api.service[102883]: [pid: 102883|app: 0|req: 228/452] 10.222.0.31 () {60 vars in 1377 bytes} [Mon Dec 20 21:22:39 2021] GET /placement/allocations/e1f4ad41-3279-42f6-b126-c90428d8d1ef => generated 259 bytes in 29 msecs (HTTP/1.1 200) 8 headers in 296 bytes (1 switches on core 0)
Dec 20 21:22:48.980108 n-d-xena-1 devstack@placement-api.service[102884]: DEBUG placement.requestlog [req-ab6e7733-e99d-4820-b92d-4e38bee71435 req-356835d6-160e-4024-9d50-2fe36c6d9886 None None] Starting request: 10.222.0.32 "GET /placement/allocation_candidates?limit=1000&resources=DISK_GB%3A1%2CMEMORY_MB%3A1024%2CVCPU%3A1&root_required=%21COMPUTE_STATUS_DISABLED" {{(pid=102884) __call__ /opt/stack/placement/placement/requestlog.py:55}}
Dec 20 21:22:49.021586 n-d-xena-1 devstack@placement-api.service[102884]: DEBUG placement.objects.research_context [req-ab6e7733-e99d-4820-b92d-4e38bee71435 req-356835d6-160e-4024-9d50-2fe36c6d9886 service placement] getting providers with 1 DISK_GB {{(pid=102884) __init__ /opt/stack/placement/placement/objects/research_context.py:126}}
Dec 20 21:22:49.027858 n-d-xena-1 devstack@placement-api.service[102884]: DEBUG placement.objects.research_context [req-ab6e7733-e99d-4820-b92d-4e38bee71435 req-356835d6-160e-4024-9d50-2fe36c6d9886 service placement] getting providers with 1024 MEMORY_MB {{(pid=102884) __init__ /opt/stack/placement/placement/objects/research_context.py:126}}
Dec 20 21:22:49.033372 n-d-xena-1 devstack@placement-api.service[102884]: DEBUG placement.objects.research_context [req-ab6e7733-e99d-4820-b92d-4e38bee71435 req-356835d6-160e-4024-9d50-2fe36c6d9886 service placement] getting providers with 1 VCPU {{(pid=102884) __init__ /opt/stack/placement/placement/objects/research_context.py:126}}
Dec 20 21:22:49.039571 n-d-xena-1 devstack@placement-api.service[102884]: DEBUG placement.objects.research_context [req-ab6e7733-e99d-4820-b92d-4e38bee71435 req-356835d6-160e-4024-9d50-2fe36c6d9886 service placement] found 2 providers with available 1 DISK_GB {{(pid=102884) get_provider_ids_matching /opt/stack/placement/placement/objects/research_context.py:549}}
Dec 20 21:22:49.039839 n-d-xena-1 devstack@placement-api.service[102884]: DEBUG placement.objects.research_context [req-ab6e7733-e99d-4820-b92d-4e38bee71435 req-356835d6-160e-4024-9d50-2fe36c6d9886 service placement] found 2 providers with available 1024 MEMORY_MB {{(pid=102884) get_provider_ids_matching /opt/stack/placement/placement/objects/research_context.py:549}}
Dec 20 21:22:49.040297 n-d-xena-1 devstack@placement-api.service[102884]: DEBUG placement.objects.research_context [req-ab6e7733-e99d-4820-b92d-4e38bee71435 req-356835d6-160e-4024-9d50-2fe36c6d9886 service placement] found 2 providers after filtering by previous result {{(pid=102884) get_provider_ids_matching /opt/stack/placement/placement/objects/research_context.py:580}}
Dec 20 21:22:49.040551 n-d-xena-1 devstack@placement-api.service[102884]: DEBUG placement.objects.research_context [req-ab6e7733-e99d-4820-b92d-4e38bee71435 req-356835d6-160e-4024-9d50-2fe36c6d9886 service placement] found 2 providers with available 1 VCPU {{(pid=102884) get_provider_ids_matching /opt/stack/placement/placement/objects/research_context.py:549}}
Dec 20 21:22:49.040809 n-d-xena-1 devstack@placement-api.service[102884]: DEBUG placement.objects.research_context [req-ab6e7733-e99d-4820-b92d-4e38bee71435 req-356835d6-160e-4024-9d50-2fe36c6d9886 service placement] found 2 providers after filtering by previous result {{(pid=102884) get_provider_ids_matching /opt/stack/placement/placement/objects/research_context.py:580}}
Dec 20 21:22:49.053147 n-d-xena-1 devstack@placement-api.service[102884]: DEBUG placement.objects.allocation_candidate [req-ab6e7733-e99d-4820-b92d-4e38bee71435 req-356835d6-160e-4024-9d50-2fe36c6d9886 service placement] RequestGroup(use_same_provider=False, resources={DISK_GB:1, MEMORY_MB:1024, VCPU:1}, traits=[], aggregates=[]) (suffix '') returned 2 matches {{(pid=102884) _get_by_requests /opt/stack/placement/placement/objects/allocation_candidate.py:145}}
Dec 20 21:22:49.053844 n-d-xena-1 devstack@placement-api.service[102884]: DEBUG placement.objects.allocation_candidate [req-ab6e7733-e99d-4820-b92d-4e38bee71435 req-356835d6-160e-4024-9d50-2fe36c6d9886 service placement] Merging candidates yields 2 allocation requests and 2 provider summaries {{(pid=102884) _merge_candidates /opt/stack/placement/placement/objects/allocation_candidate.py:783}}
Dec 20 21:22:49.055561 n-d-xena-1 devstack@placement-api.service[102884]: INFO placement.requestlog [req-ab6e7733-e99d-4820-b92d-4e38bee71435 req-356835d6-160e-4024-9d50-2fe36c6d9886 service placement] 10.222.0.32 "GET /placement/allocation_candidates?limit=1000&resources=DISK_GB%3A1%2CMEMORY_MB%3A1024%2CVCPU%3A1&root_required=%21COMPUTE_STATUS_DISABLED" status: 200 len: 1309 microversion: 1.36
