Dec 20 16:12:54.435642 n-d-wallaby-1 devstack@placement-api.service[88202]: INFO placement.requestlog [req-acb33ae1-16bd-4315-b726-f88d4640fc6b req-36cf3460-df44-4cc1-82ef-62b27e732d9f service placement] 10.222.0.49 "GET /placement/allocations/ab7d24f9-edf2-44a4-af48-e311df9bd00a" status: 200 len: 259 microversion: 1.28
Dec 20 16:12:54.438737 n-d-wallaby-1 devstack@placement-api.service[88202]: [pid: 88202|app: 0|req: 46/94] 10.222.0.49 () {60 vars in 1377 bytes} [Mon Dec 20 16:12:54 2021] GET /placement/allocations/ab7d24f9-edf2-44a4-af48-e311df9bd00a => generated 259 bytes in 39 msecs (HTTP/1.1 200) 8 headers in 296 bytes (1 switches on core 0)
Dec 20 16:12:54.445074 n-d-wallaby-1 devstack@placement-api.service[88203]: DEBUG placement.requestlog [req-acb33ae1-16bd-4315-b726-f88d4640fc6b req-ce27f757-44c6-4464-8246-ad5a17b073b9 None None] Starting request: 10.222.0.49 "PUT /placement/allocations/ab7d24f9-edf2-44a4-af48-e311df9bd00a" {{(pid=88203) __call__ /opt/stack/placement/placement/requestlog.py:55}}
Dec 20 16:12:54.543248 n-d-wallaby-1 devstack@placement-api.service[88203]: DEBUG placement.handlers.allocation [req-acb33ae1-16bd-4315-b726-f88d4640fc6b req-ce27f757-44c6-4464-8246-ad5a17b073b9 service placement] Successfully wrote allocations [, , ] {{(pid=88203) _create_allocations /opt/stack/placement/placement/handlers/allocation.py:435}}
Dec 20 16:12:54.545231 n-d-wallaby-1 devstack@placement-api.service[88203]: INFO placement.requestlog [req-acb33ae1-16bd-4315-b726-f88d4640fc6b req-ce27f757-44c6-4464-8246-ad5a17b073b9 service placement] 10.222.0.49 "PUT /placement/allocations/ab7d24f9-edf2-44a4-af48-e311df9bd00a" status: 204 len: 0 microversion: 1.28
Dec 20 16:12:54.555081 n-d-wallaby-1 devstack@placement-api.service[88203]: [pid: 88203|app: 0|req: 49/95] 10.222.0.49 () {64 vars in 1430 bytes} [Mon Dec 20 16:12:54 2021] PUT /placement/allocations/ab7d24f9-edf2-44a4-af48-e311df9bd00a => generated 0 bytes in 110 msecs (HTTP/1.1 204) 5 headers in 199 bytes (1 switches on core 0)
Dec 20 16:12:55.099185 n-d-wallaby-1 devstack@placement-api.service[88202]: DEBUG placement.requestlog [req-f6bacc60-b778-489a-8888-6cf3e52eb3cd req-6af1bfad-fa7c-4306-b9c9-4b3f731568cc None None] Starting request: 10.222.0.37 "GET /placement/allocation_candidates?limit=1000&resources=DISK_GB%3A1%2CMEMORY_MB%3A1024%2CVCPU%3A1&root_required=%21COMPUTE_STATUS_DISABLED" {{(pid=88202) __call__ /opt/stack/placement/placement/requestlog.py:55}}
Dec 20 16:12:55.172550 n-d-wallaby-1 devstack@placement-api.service[88202]: DEBUG placement.objects.research_context [req-f6bacc60-b778-489a-8888-6cf3e52eb3cd req-6af1bfad-fa7c-4306-b9c9-4b3f731568cc service placement] getting providers with 1 DISK_GB {{(pid=88202) __init__ /opt/stack/placement/placement/objects/research_context.py:126}}
Dec 20 16:12:55.193163 n-d-wallaby-1 devstack@placement-api.service[88202]: DEBUG placement.objects.research_context [req-f6bacc60-b778-489a-8888-6cf3e52eb3cd req-6af1bfad-fa7c-4306-b9c9-4b3f731568cc service placement] getting providers with 1024 MEMORY_MB {{(pid=88202) __init__ /opt/stack/placement/placement/objects/research_context.py:126}}
Dec 20 16:12:55.211795 n-d-wallaby-1 devstack@placement-api.service[88202]: DEBUG placement.objects.research_context [req-f6bacc60-b778-489a-8888-6cf3e52eb3cd req-6af1bfad-fa7c-4306-b9c9-4b3f731568cc service placement] getting providers with 1 VCPU {{(pid=88202) __init__ /opt/stack/placement/placement/objects/research_context.py:126}}
Dec 20 16:12:55.226689 n-d-wallaby-1 devstack@placement-api.service[88202]: DEBUG placement.objects.research_context [req-f6bacc60-b778-489a-8888-6cf3e52eb3cd req-6af1bfad-fa7c-4306-b9c9-4b3f731568cc service placement] found 2 providers with available 1 DISK_GB {{(pid=88202) get_provider_ids_matching /opt/stack/placement/placement/objects/research_context.py:549}}
Dec 20 16:12:55.227283 n-d-wallaby-1 devstack@placement-api.service[88202]: DEBUG placement.objects.research_context [req-f6bacc60-b778-489a-8888-6cf3e52eb3cd req-6af1bfad-fa7c-4306-b9c9-4b3f731568cc service placement] found 2 providers with available 1024 MEMORY_MB {{(pid=88202) get_provider_ids_matching /opt/stack/placement/placement/objects/research_context.py:549}}
Dec 20 16:12:55.227738 n-d-wallaby-1 devstack@placement-api.service[88202]: DEBUG placement.objects.research_context [req-f6bacc60-b778-489a-8888-6cf3e52eb3cd req-6af1bfad-fa7c-4306-b9c9-4b3f731568cc service placement] found 2 providers after filtering by previous result {{(pid=88202) get_provider_ids_matching /opt/stack/placement/placement/objects/research_context.py:580}}
Dec 20 16:12:55.228167 n-d-wallaby-1 devstack@placement-api.service[88202]: DEBUG placement.objects.research_context [req-f6bacc60-b778-489a-8888-6cf3e52eb3cd req-6af1bfad-fa7c-4306-b9c9-4b3f731568cc service placement] found 2 providers with available 1 VCPU {{(pid=88202) get_provider_ids_matching /opt/stack/placement/placement/objects/research_context.py:549}}
Dec 20 16:12:55.229075 n-d-wallaby-1 devstack@placement-api.service[88202]: DEBUG placement.objects.research_context [req-f6bacc60-b778-489a-8888-6cf3e52eb3cd req-6af1bfad-fa7c-4306-b9c9-4b3f731568cc service placement] found 2 providers after filtering by previous result {{(pid=88202) get_provider_ids_matching /opt/stack/placement/placement/objects/research_context.py:580}}
Dec 20 16:12:55.259698 n-d-wallaby-1 devstack@placement-api.service[88202]: DEBUG placement.objects.allocation_candidate [req-f6bacc60-b778-489a-8888-6cf3e52eb3cd req-6af1bfad-fa7c-4306-b9c9-4b3f731568cc service placement] RequestGroup(use_same_provider=False, resources={DISK_GB:1, MEMORY_MB:1024, VCPU:1}, traits=[], aggregates=[]) (suffix '') returned 2 matches {{(pid=88202) _get_by_requests /opt/stack/placement/placement/objects/allocation_candidate.py:145}}
Dec 20 16:12:55.260465 n-d-wallaby-1 devstack@placement-api.service[88202]: DEBUG placement.objects.allocation_candidate [req-f6bacc60-b778-489a-8888-6cf3e52eb3cd req-6af1bfad-fa7c-4306-b9c9-4b3f731568cc service placement] Merging candidates yields 2 allocation requests and 2 provider summaries {{(pid=88202) _merge_candidates /opt/stack/placement/placement/objects/allocation_candidate.py:783}}
Dec 20 16:12:55.262152 n-d-wallaby-1 devstack@placement-api.service[88202]: INFO placement.requestlog [req-f6bacc60-b778-489a-8888-6cf3e52eb3cd req-6af1bfad-fa7c-4306-b9c9-4b3f731568cc service placement] 10.222.0.37 "GET /placement/allocation_candidates?limit=1000&resources=DISK_GB%3A1%2CMEMORY_MB%3A1024%2CVCPU%3A1&root_required=%21COMPUTE_STATUS_DISABLED" status: 200 len: 1309 microversion: 1.35
Dec 20 16:12:55.266527 n-d-wallaby-1 devstack@placement-api.service[88202]: [pid: 88202|app: 0|req: 47/96] 10.222.0.37 () {60 vars in 1506 bytes} [Mon Dec 20 16:12:55 2021] GET /placement/allocation_candidates?limit=1000&resources=DISK_GB%3A1%2CMEMORY_MB%3A1024%2CVCPU%3A1&root_required=%21COMPUTE_STATUS_DISABLED => generated 1309 bytes in 168 msecs (HTTP/1.1 200) 8 headers in 297 bytes (1 switches on core 0)
Dec 20 16:12:55.336832 n-d-wallaby-1 devstack@placement-api.service[88203]: DEBUG placement.requestlog [req-f6bacc60-b778-489a-8888-6cf3e52eb3cd req-a9c2cce5-03cf-4efc-a181-4fc5258eaa83 None None] Starting request: 10.222.0.37 "GET /placement/allocations/74f02e47-60a8-446f-ae29-741c335d5a75" {{(pid=88203) __call__ /opt/stack/placement/placement/requestlog.py:55}}
Dec 20 16:12:55.350001 n-d-wallaby-1 devstack@placement-api.service[88203]: INFO placement.requestlog [req-f6bacc60-b778-489a-8888-6cf3e52eb3cd req-a9c2cce5-03cf-4efc-a181-4fc5258eaa83 service placement] 10.222.0.37 "GET /placement/allocations/74f02e47-60a8-446f-ae29-741c335d5a75" status: 200 len: 19 microversion: 1.28
Dec 20 16:12:55.355635 n-d-wallaby-1 devstack@placement-api.service[88202]: DEBUG placement.requestlog [req-f6bacc60-b778-489a-8888-6cf3e52eb3cd req-05e20138-d48f-4182-944d-37990afc25cf None None] Starting request: 10.222.0.37 "PUT /placement/allocations/74f02e47-60a8-446f-ae29-741c335d5a75" {{(pid=88202) __call__ /opt/stack/placement/placement/requestlog.py:55}}
Dec 20 16:12:55.356308 n-d-wallaby-1 devstack@placement-api.service[88203]: [pid: 88203|app: 0|req: 50/97] 10.222.0.37 () {60 vars in 1380 bytes} [Mon Dec 20 16:12:55 2021] GET /placement/allocations/74f02e47-60a8-446f-ae29-741c335d5a75 => generated 19 bytes in 18 msecs (HTTP/1.1 200) 8 headers in 295 bytes (1 switches on core 0)
Dec 20 16:12:55.456721 n-d-wallaby-1 devstack@placement-api.service[88202]: DEBUG placement.handlers.allocation [req-f6bacc60-b778-489a-8888-6cf3e52eb3cd req-05e20138-d48f-4182-944d-37990afc25cf service placement] Successfully wrote allocations [, , ] {{(pid=88202) _create_allocations /opt/stack/placement/placement/handlers/allocation.py:435}}
Dec 20 16:12:55.457838 n-d-wallaby-1 devstack@placement-api.service[88202]: INFO placement.requestlog [req-f6bacc60-b778-489a-8888-6cf3e52eb3cd req-05e20138-d48f-4182-944d-37990afc25cf service placement] 10.222.0.37 "PUT /placement/allocations/74f02e47-60a8-446f-ae29-741c335d5a75" status: 204 len: 0 microversion: 1.35
Dec 20 16:12:55.464262 n-d-wallaby-1 devstack@placement-api.service[88202]: [pid: 88202|app: 0|req: 48/98] 10.222.0.37 () {64 vars in 1433 bytes} [Mon Dec 20 16:12:55 2021] PUT /placement/allocations/74f02e47-60a8-446f-ae29-741c335d5a75 => generated 0 bytes in 103 msecs (HTTP/1.1 204) 5 headers in 199 bytes (2 switches on core 0)
Dec 20 16:12:56.045274 n-d-wallaby-1 devstack@placement-api.service[88203]: DEBUG placement.requestlog [req-f6bacc60-b778-489a-8888-6cf3e52eb3cd req-e6bba936-f3b9-4ca5-bd5d-ae34842dca04 None None] Starting request: 10.222.0.49 "GET /placement/allocations/74f02e47-60a8-446f-ae29-741c335d5a75" {{(pid=88203) __call__ /opt/stack/placement/placement/requestlog.py:55}}
Dec 20 16:12:56.064377 n-d-wallaby-1 devstack@placement-api.service[88203]: INFO placement.requestlog [req-f6bacc60-b778-489a-8888-6cf3e52eb3cd req-e6bba936-f3b9-4ca5-bd5d-ae34842dca04 service placement] 10.222.0.49 "GET /placement/allocations/74f02e47-60a8-446f-ae29-741c335d5a75" status: 200 len: 259 microversion: 1.28
Dec 20 16:12:56.065146 n-d-wallaby-1 devstack@placement-api.service[88203]: [pid: 88203|app: 0|req: 51/99] 10.222.0.49 () {60 vars in 1377 bytes} [Mon Dec 20 16:12:56 2021] GET /placement/allocations/74f02e47-60a8-446f-ae29-741c335d5a75 => generated 259 bytes in 20 msecs (HTTP/1.1 200) 8 headers in 296 bytes (1 switches on core 0)
Dec 20 16:12:58.982996 n-d-wallaby-1 devstack@placement-api.service[88202]: DEBUG placement.requestlog [req-a66e47af-5b39-4371-b3ce-5c05fd1b9f0d req-2fe6e25e-98fd-4748-858b-46d0de6451b6 None None] Starting request: 10.222.0.37 "GET /placement/resource_providers?name=n-h2-wallaby-1" {{(pid=88202) __call__ /opt/stack/placement/placement/requestlog.py:55}}
Dec 20 16:12:58.996293 n-d-wallaby-1 devstack@placement-api.service[88202]: INFO placement.requestlog [req-a66e47af-5b39-4371-b3ce-5c05fd1b9f0d req-2fe6e25e-98fd-4748-858b-46d0de6451b6 service placement] 10.222.0.37 "GET /placement/resource_providers?name=n-h2-wallaby-1" status: 200 len: 442 microversion: 1.0
Dec 20 16:12:58.996649 n-d-wallaby-1 devstack@placement-api.service[88202]: [pid: 88202|app: 0|req: 49/100] 10.222.0.37 () {58 vars in 1276 bytes} [Mon Dec 20 16:12:58 2021] GET /placement/resource_providers?name=n-h2-wallaby-1 => generated 442 bytes in 14 msecs (HTTP/1.1 200) 6 headers in 224 bytes (1 switches on core 0)
Dec 20 16:12:59.003961 n-d-wallaby-1 devstack@placement-api.service[88203]: DEBUG placement.requestlog [req-a66e47af-5b39-4371-b3ce-5c05fd1b9f0d req-d2db3051-89f1-4fb6-9c01-1ec8736864c3 None None] Starting request: 10.222.0.37 "GET /placement/resource_providers/bdff059b-23d3-42d0-8ed0-b99284bd2ee0/aggregates" {{(pid=88203) __call__ /opt/stack/placement/placement/requestlog.py:55}}
Dec 20 16:12:59.018470 n-d-wallaby-1 devstack@placement-api.service[88203]: INFO placement.requestlog [req-a66e47af-5b39-4371-b3ce-5c05fd1b9f0d req-d2db3051-89f1-4fb6-9c01-1ec8736864c3 service placement] 10.222.0.37 "GET /placement/resource_providers/bdff059b-23d3-42d0-8ed0-b99284bd2ee0/aggregates" status: 200 len: 54 microversion: 1.19
Dec 20 16:12:59.018701 n-d-wallaby-1 devstack@placement-api.service[88203]: [pid: 88203|app: 0|req: 52/101] 10.222.0.37 () {60 vars in 1425 bytes} [Mon Dec 20 16:12:59 2021] GET /placement/resource_providers/bdff059b-23d3-42d0-8ed0-b99284bd2ee0/aggregates => generated 54 bytes in 15 msecs (HTTP/1.1 200) 8 headers in 295 bytes (1 switches on core 0)
Dec 20 16:12:59.028775 n-d-wallaby-1 devstack@placement-api.service[88202]: DEBUG placement.requestlog [req-a66e47af-5b39-4371-b3ce-5c05fd1b9f0d req-1107edad-4101-4e02-8eb8-f9aaa558a575 None None] Starting request: 10.222.0.37 "PUT /placement/resource_providers/bdff059b-23d3-42d0-8ed0-b99284bd2ee0/aggregates" {{(pid=88202) __call__ /opt/stack/placement/placement/requestlog.py:55}}
Dec 20 16:12:59.051729 n-d-wallaby-1 devstack@placement-api.service[88202]: DEBUG placement.objects.resource_provider [req-a66e47af-5b39-4371-b3ce-5c05fd1b9f0d req-1107edad-4101-4e02-8eb8-f9aaa558a575 service placement] _ensure_aggregate() did not find aggregate 44d27115-bfc9-4fab-8e01-cc3db4408e68. Attempting to create it. {{(pid=88202) _ensure_aggregate /opt/stack/placement/placement/objects/resource_provider.py:319}}
Dec 20 16:12:59.053301 n-d-wallaby-1 devstack@placement-api.service[88202]: DEBUG placement.objects.resource_provider [req-a66e47af-5b39-4371-b3ce-5c05fd1b9f0d req-1107edad-4101-4e02-8eb8-f9aaa558a575 service placement] _ensure_aggregate() created new aggregate 44d27115-bfc9-4fab-8e01-cc3db4408e68 (id=7). {{(pid=88202) _ensure_aggregate /opt/stack/placement/placement/objects/resource_provider.py:325}}
Dec 20 16:12:59.054548 n-d-wallaby-1 devstack@placement-api.service[88202]: DEBUG placement.objects.resource_provider [req-a66e47af-5b39-4371-b3ce-5c05fd1b9f0d req-1107edad-4101-4e02-8eb8-f9aaa558a575 service placement] Setting aggregates for provider bdff059b-23d3-42d0-8ed0-b99284bd2ee0. Successfully associated aggregate 44d27115-bfc9-4fab-8e01-cc3db4408e68. {{(pid=88202) _set_aggregates /opt/stack/placement/placement/objects/resource_provider.py:387}}
Dec 20 16:12:59.061642 n-d-wallaby-1 devstack@placement-api.service[88202]: INFO placement.requestlog [req-a66e47af-5b39-4371-b3ce-5c05fd1b9f0d req-1107edad-4101-4e02-8eb8-f9aaa558a575 service placement] 10.222.0.37 "PUT /placement/resource_providers/bdff059b-23d3-42d0-8ed0-b99284bd2ee0/aggregates" status: 200 len: 92 microversion: 1.19
Dec 20 16:12:59.062296 n-d-wallaby-1 devstack@placement-api.service[88202]: [pid: 88202|app: 0|req: 50/102] 10.222.0.37 () {64 vars in 1477 bytes} [Mon Dec 20 16:12:59 2021] PUT /placement/resource_providers/bdff059b-23d3-42d0-8ed0-b99284bd2ee0/aggregates => generated 92 bytes in 34 msecs (HTTP/1.1 200) 8 headers in 295 bytes (1 switches on core 0)
Dec 20 16:12:59.437092 n-d-wallaby-1 devstack@placement-api.service[88203]: DEBUG placement.requestlog [req-e8d1e0c3-7907-4ab3-9dd3-10737eb66e59 req-d0cab891-4b7e-4e15-8060-64b816ad97e1 None None] Starting request: 10.222.0.37 "GET /placement/resource_providers?name=n-h2-wallaby-1" {{(pid=88203) __call__ /opt/stack/placement/placement/requestlog.py:55}}
Dec 20 16:12:59.450118 n-d-wallaby-1 devstack@placement-api.service[88203]: INFO placement.requestlog [req-e8d1e0c3-7907-4ab3-9dd3-10737eb66e59 req-d0cab891-4b7e-4e15-8060-64b816ad97e1 service placement] 10.222.0.37 "GET /placement/resource_providers?name=n-h2-wallaby-1" status: 200 len: 442 microversion: 1.0
Dec 20 16:12:59.450716 n-d-wallaby-1 devstack@placement-api.service[88203]: [pid: 88203|app: 0|req: 53/103] 10.222.0.37 () {58 vars in 1276 bytes} [Mon Dec 20 16:12:59 2021] GET /placement/resource_providers?name=n-h2-wallaby-1 => generated 442 bytes in 14 msecs (HTTP/1.1 200) 6 headers in 224 bytes (1 switches on core 0)
Dec 20 16:12:59.458992 n-d-wallaby-1 devstack@placement-api.service[88202]: DEBUG placement.requestlog [req-e8d1e0c3-7907-4ab3-9dd3-10737eb66e59 req-998c0f6a-0f2f-4c01-b0a0-e6c8c0d769f9 None None] Starting request: 10.222.0.37 "GET /placement/resource_providers/bdff059b-23d3-42d0-8ed0-b99284bd2ee0/aggregates" {{(pid=88202) __call__ /opt/stack/placement/placement/requestlog.py:55}}
Dec 20 16:12:59.475194 n-d-wallaby-1 devstack@placement-api.service[88202]: INFO placement.requestlog [req-e8d1e0c3-7907-4ab3-9dd3-10737eb66e59 req-998c0f6a-0f2f-4c01-b0a0-e6c8c0d769f9 service placement] 10.222.0.37 "GET /placement/resource_providers/bdff059b-23d3-42d0-8ed0-b99284bd2ee0/aggregates" status: 200 len: 92 microversion: 1.19
Dec 20 16:12:59.475932 n-d-wallaby-1 devstack@placement-api.service[88202]: [pid: 88202|app: 0|req: 51/104] 10.222.0.37 () {60 vars in 1425 bytes} [Mon Dec 20 16:12:59 2021] GET /placement/resource_providers/bdff059b-23d3-42d0-8ed0-b99284bd2ee0/aggregates => generated 92 bytes in 17 msecs (HTTP/1.1 200) 8 headers in 295 bytes (1 switches on core 0)
Dec 20 16:12:59.482261 n-d-wallaby-1 devstack@placement-api.service[88203]: DEBUG placement.requestlog [req-e8d1e0c3-7907-4ab3-9dd3-10737eb66e59 req-e0a82542-f0e6-4a17-9ffc-80e1cc6737af None None] Starting request: 10.222.0.37 "PUT /placement/resource_providers/bdff059b-23d3-42d0-8ed0-b99284bd2ee0/aggregates" {{(pid=88203) __call__ /opt/stack/placement/placement/requestlog.py:55}}
Dec 20 16:12:59.496709 n-d-wallaby-1 devstack@placement-api.service[88203]: DEBUG placement.objects.resource_provider [req-e8d1e0c3-7907-4ab3-9dd3-10737eb66e59 req-e0a82542-f0e6-4a17-9ffc-80e1cc6737af service placement] Setting aggregates for provider bdff059b-23d3-42d0-8ed0-b99284bd2ee0. Successfully disassociated aggregate 44d27115-bfc9-4fab-8e01-cc3db4408e68. {{(pid=88203) _set_aggregates /opt/stack/placement/placement/objects/resource_provider.py:402}}
Dec 20 16:12:59.502814 n-d-wallaby-1 devstack@placement-api.service[88203]: INFO placement.requestlog [req-e8d1e0c3-7907-4ab3-9dd3-10737eb66e59 req-e0a82542-f0e6-4a17-9ffc-80e1cc6737af service placement] 10.222.0.37 "PUT /placement/resource_providers/bdff059b-23d3-42d0-8ed0-b99284bd2ee0/aggregates" status: 200 len: 54 microversion: 1.19
Dec 20 16:12:59.511594 n-d-wallaby-1 devstack@placement-api.service[88203]: [pid: 88203|app: 0|req: 54/105] 10.222.0.37 () {64 vars in 1477 bytes} [Mon Dec 20 16:12:59 2021] PUT /placement/resource_providers/bdff059b-23d3-42d0-8ed0-b99284bd2ee0/aggregates => generated 54 bytes in 29 msecs (HTTP/1.1 200) 8 headers in 295 bytes (1 switches on core 0)
Dec 20 16:13:06.583817 n-d-wallaby-1 devstack@placement-api.service[88202]: DEBUG placement.requestlog [None req-ed3d7cca-b2aa-4ed7-8c13-ba467bc77fef None None] Starting request: 10.222.0.37 "GET /placement/" {{(pid=88202) __call__ /opt/stack/placement/placement/requestlog.py:55}}
Dec 20 16:13:06.585171 n-d-wallaby-1 devstack@placement-api.service[88202]: INFO placement.requestlog [None req-ed3d7cca-b2aa-4ed7-8c13-ba467bc77fef None None] 10.222.0.37 "GET /placement/" status: 200 len: 136 microversion: 1.0
Dec 20 16:13:06.585480 n-d-wallaby-1 devstack@placement-api.service[88202]: [pid: 88202|app: 0|req: 52/106] 10.222.0.37 () {54 vars in 916 bytes} [Mon Dec 20 16:13:06 2021] GET /placement => generated 136 bytes in 2 msecs (HTTP/1.1 200) 6 headers in 224 bytes (1 switches on core 0)
Dec 20 16:13:06.594907 n-d-wallaby-1 devstack@placement-api.service[88203]: DEBUG placement.requestlog [req-d7197d9e-9925-47e0-ae18-eac1bbf3c238 req-36aaf913-8ff9-40af-bcdf-ba23fd4bf1d7 None None] Starting request: 10.222.0.37 "GET /placement/allocations/94e9c72a-eb4a-493f-b8c3-5ff28edb763e" {{(pid=88203) __call__ /opt/stack/placement/placement/requestlog.py:55}}
Dec 20 16:13:06.752962 n-d-wallaby-1 devstack@placement-api.service[88203]: INFO placement.requestlog [req-d7197d9e-9925-47e0-ae18-eac1bbf3c238 req-36aaf913-8ff9-40af-bcdf-ba23fd4bf1d7 service placement] 10.222.0.37 "GET /placement/allocations/94e9c72a-eb4a-493f-b8c3-5ff28edb763e" status: 200 len: 258 microversion: 1.28
Dec 20 16:13:06.754385 n-d-wallaby-1 devstack@placement-api.service[88203]: [pid: 88203|app: 0|req: 55/107] 10.222.0.37 () {60 vars in 1380 bytes} [Mon Dec 20 16:13:06 2021] GET /placement/allocations/94e9c72a-eb4a-493f-b8c3-5ff28edb763e => generated 258 bytes in 160 msecs (HTTP/1.1 200) 8 headers in 296 bytes (1 switches on core 0)
Dec 20 16:13:06.761626 n-d-wallaby-1 devstack@placement-api.service[88202]: DEBUG placement.requestlog [req-d7197d9e-9925-47e0-ae18-eac1bbf3c238 req-af2c0027-ddda-447a-b7a2-0a26f0b055c9 None None] Starting request: 10.222.0.37 "GET /placement/allocations/94e9c72a-eb4a-493f-b8c3-5ff28edb763e" {{(pid=88202) __call__ /opt/stack/placement/placement/requestlog.py:55}}
Dec 20 16:13:06.782917 n-d-wallaby-1 devstack@placement-api.service[88202]: INFO placement.requestlog [req-d7197d9e-9925-47e0-ae18-eac1bbf3c238 req-af2c0027-ddda-447a-b7a2-0a26f0b055c9 service placement] 10.222.0.37 "GET /placement/allocations/94e9c72a-eb4a-493f-b8c3-5ff28edb763e" status: 200 len: 258 microversion: 1.28
Dec 20 16:13:06.788918 n-d-wallaby-1 devstack@placement-api.service[88202]: [pid: 88202|app: 0|req: 53/108] 10.222.0.37 () {60 vars in 1380 bytes} [Mon Dec 20 16:13:06 2021] GET /placement/allocations/94e9c72a-eb4a-493f-b8c3-5ff28edb763e => generated 258 bytes in 27 msecs (HTTP/1.1 200) 8 headers in 296 bytes (1 switches on core 0)
Dec 20 16:13:06.789434 n-d-wallaby-1 devstack@placement-api.service[88203]: DEBUG placement.requestlog [req-d7197d9e-9925-47e0-ae18-eac1bbf3c238 req-3f823011-5108-4365-848a-259c4f3cf7b9 None None] Starting request: 10.222.0.37 "GET /placement/allocations/a94a97b9-f3c1-43b4-9698-85d476f0fd19" {{(pid=88203) __call__ /opt/stack/placement/placement/requestlog.py:55}}
Dec 20 16:13:06.801056 n-d-wallaby-1 devstack@placement-api.service[88203]: INFO placement.requestlog [req-d7197d9e-9925-47e0-ae18-eac1bbf3c238 req-3f823011-5108-4365-848a-259c4f3cf7b9 service placement] 10.222.0.37 "GET /placement/allocations/a94a97b9-f3c1-43b4-9698-85d476f0fd19" status: 200 len: 19 microversion: 1.28
Dec 20 16:13:06.801825 n-d-wallaby-1 devstack@placement-api.service[88203]: [pid: 88203|app: 0|req: 56/109] 10.222.0.37 () {60 vars in 1380 bytes} [Mon Dec 20 16:13:06 2021] GET /placement/allocations/a94a97b9-f3c1-43b4-9698-85d476f0fd19 => generated 19 bytes in 13 msecs (HTTP/1.1 200) 8 headers in 295 bytes (2 switches on core 0)
Dec 20 16:13:06.807388 n-d-wallaby-1 devstack@placement-api.service[88202]: DEBUG placement.requestlog [req-d7197d9e-9925-47e0-ae18-eac1bbf3c238 req-33d9ca6a-406c-41d5-932b-2f155b622343 None None] Starting request: 10.222.0.37 "POST /placement/allocations" {{(pid=88202) __call__ /opt/stack/placement/placement/requestlog.py:55}}
Dec 20 16:13:06.907463 n-d-wallaby-1 devstack@placement-api.service[88202]: DEBUG placement.handlers.allocation [req-d7197d9e-9925-47e0-ae18-eac1bbf3c238 req-33d9ca6a-406c-41d5-932b-2f155b622343 service placement] Successfully wrote allocations [, , , , , ] {{(pid=88202) _create_allocations /opt/stack/placement/placement/handlers/allocation.py:524}}
Dec 20 16:13:06.908353 n-d-wallaby-1 devstack@placement-api.service[88202]: INFO placement.requestlog [req-d7197d9e-9925-47e0-ae18-eac1bbf3c238 req-33d9ca6a-406c-41d5-932b-2f155b622343 service placement] 10.222.0.37 "POST /placement/allocations" status: 204 len: 0 microversion: 1.28
Dec 20 16:13:06.908603 n-d-wallaby-1 devstack@placement-api.service[88202]: [pid: 88202|app: 0|req: 54/110] 10.222.0.37 () {64 vars in 1323 bytes} [Mon Dec 20 16:13:06 2021] POST /placement/allocations => generated 0 bytes in 101 msecs (HTTP/1.1 204) 5 headers in 199 bytes (1 switches on core 0)
Dec 20 16:13:06.971926 n-d-wallaby-1 devstack@placement-api.service[88203]: DEBUG placement.requestlog [req-d7197d9e-9925-47e0-ae18-eac1bbf3c238 req-36ce7dc4-0088-4cde-a45d-e187bbbb4f8e None None] Starting request: 10.222.0.37 "GET /placement/allocations/94e9c72a-eb4a-493f-b8c3-5ff28edb763e" {{(pid=88203) __call__ /opt/stack/placement/placement/requestlog.py:55}}
Dec 20 16:13:07.078335 n-d-wallaby-1 devstack@placement-api.service[88203]: INFO placement.requestlog [req-d7197d9e-9925-47e0-ae18-eac1bbf3c238 req-36ce7dc4-0088-4cde-a45d-e187bbbb4f8e service placement] 10.222.0.37 "GET /placement/allocations/94e9c72a-eb4a-493f-b8c3-5ff28edb763e" status: 200 len: 19 microversion: 1.28
Dec 20 16:13:07.078611 n-d-wallaby-1 devstack@placement-api.service[88203]: [pid: 88203|app: 0|req: 57/111] 10.222.0.37 () {60 vars in 1380 bytes} [Mon Dec 20 16:13:06 2021] GET /placement/allocations/94e9c72a-eb4a-493f-b8c3-5ff28edb763e => generated 19 bytes in 107 msecs (HTTP/1.1 200) 8 headers in 295 bytes (1 switches on core 0)
Dec 20 16:13:07.086348 n-d-wallaby-1 devstack@placement-api.service[88202]: DEBUG placement.requestlog [req-d7197d9e-9925-47e0-ae18-eac1bbf3c238 req-b33487ec-c6b6-48e4-89a7-1daae5115cd3 None None] Starting request: 10.222.0.37 "PUT /placement/allocations/94e9c72a-eb4a-493f-b8c3-5ff28edb763e" {{(pid=88202) __call__ /opt/stack/placement/placement/requestlog.py:55}}
Dec 20 16:13:07.210906 n-d-wallaby-1 devstack@placement-api.service[88202]: DEBUG placement.handlers.allocation [req-d7197d9e-9925-47e0-ae18-eac1bbf3c238 req-b33487ec-c6b6-48e4-89a7-1daae5115cd3 service placement] Successfully wrote allocations [, , ] {{(pid=88202) _create_allocations /opt/stack/placement/placement/handlers/allocation.py:435}}
Dec 20 16:13:07.211557 n-d-wallaby-1 devstack@placement-api.service[88202]: INFO placement.requestlog [req-d7197d9e-9925-47e0-ae18-eac1bbf3c238 req-b33487ec-c6b6-48e4-89a7-1daae5115cd3 service placement] 10.222.0.37 "PUT /placement/allocations/94e9c72a-eb4a-493f-b8c3-5ff28edb763e" status: 204 len: 0 microversion: 1.28
Dec 20 16:13:07.212700 n-d-wallaby-1 devstack@placement-api.service[88202]: [pid: 88202|app: 0|req: 55/112] 10.222.0.37 () {64 vars in 1433 bytes} [Mon Dec 20 16:13:07 2021] PUT /placement/allocations/94e9c72a-eb4a-493f-b8c3-5ff28edb763e => generated 0 bytes in 127 msecs (HTTP/1.1 204) 5 headers in 199 bytes (1 switches on core 0)
Dec 20 16:13:07.415560 n-d-wallaby-1 devstack@placement-api.service[88203]: DEBUG placement.requestlog [req-d7197d9e-9925-47e0-ae18-eac1bbf3c238 req-c36e6cf1-84f1-44d8-8dfc-e66a652834ae None None] Starting request: 10.222.0.49 "GET /placement/allocations/94e9c72a-eb4a-493f-b8c3-5ff28edb763e" {{(pid=88203) __call__ /opt/stack/placement/placement/requestlog.py:55}}
Dec 20 16:13:07.452556 n-d-wallaby-1 devstack@placement-api.service[88203]: INFO placement.requestlog [req-d7197d9e-9925-47e0-ae18-eac1bbf3c238 req-c36e6cf1-84f1-44d8-8dfc-e66a652834ae service placement] 10.222.0.49 "GET /placement/allocations/94e9c72a-eb4a-493f-b8c3-5ff28edb763e" status: 200 len: 259 microversion: 1.28
Dec 20 16:13:07.453156 n-d-wallaby-1 devstack@placement-api.service[88203]: [pid: 88203|app: 0|req: 58/113] 10.222.0.49 () {60 vars in 1377 bytes} [Mon Dec 20 16:13:07 2021] GET /placement/allocations/94e9c72a-eb4a-493f-b8c3-5ff28edb763e => generated 259 bytes in 38 msecs (HTTP/1.1 200) 8 headers in 296 bytes (1 switches on core 0)
Dec 20 16:13:08.249927 n-d-wallaby-1 devstack@placement-api.service[88202]: DEBUG placement.requestlog [req-2eac1d75-1d58-43ea-a929-d94febd467c0 req-32483973-5113-46cb-883a-943bd2a1e82d None None] Starting request: 10.222.0.37 "GET /placement/allocation_candidates?resources=DISK_GB%3A1%2CMEMORY_MB%3A1024%2CVCPU%3A1&root_required=%21COMPUTE_STATUS_DISABLED" {{(pid=88202) __call__ /opt/stack/placement/placement/requestlog.py:55}}
Dec 20 16:13:08.300917 n-d-wallaby-1 devstack@placement-api.service[88202]: DEBUG placement.objects.research_context [req-2eac1d75-1d58-43ea-a929-d94febd467c0 req-32483973-5113-46cb-883a-943bd2a1e82d service placement] getting providers with 1 DISK_GB {{(pid=88202) __init__ /opt/stack/placement/placement/objects/research_context.py:126}}
Dec 20 16:13:08.322888 n-d-wallaby-1 devstack@placement-api.service[88202]: DEBUG placement.objects.research_context [req-2eac1d75-1d58-43ea-a929-d94febd467c0 req-32483973-5113-46cb-883a-943bd2a1e82d service placement] getting providers with 1024 MEMORY_MB {{(pid=88202) __init__ /opt/stack/placement/placement/objects/research_context.py:126}}
Dec 20 16:13:08.338225 n-d-wallaby-1 devstack@placement-api.service[88202]: DEBUG placement.objects.research_context [req-2eac1d75-1d58-43ea-a929-d94febd467c0 req-32483973-5113-46cb-883a-943bd2a1e82d service placement] getting providers with 1 VCPU {{(pid=88202) __init__ /opt/stack/placement/placement/objects/research_context.py:126}}
Dec 20 16:13:08.350308 n-d-wallaby-1 devstack@placement-api.service[88202]: DEBUG placement.objects.research_context [req-2eac1d75-1d58-43ea-a929-d94febd467c0 req-32483973-5113-46cb-883a-943bd2a1e82d service placement] found 2 providers with available 1 DISK_GB {{(pid=88202) get_provider_ids_matching /opt/stack/placement/placement/objects/research_context.py:549}}
Dec 20 16:13:08.351336 n-d-wallaby-1 devstack@placement-api.service[88202]: DEBUG placement.objects.research_context [req-2eac1d75-1d58-43ea-a929-d94febd467c0 req-32483973-5113-46cb-883a-943bd2a1e82d service placement] found 2 providers with available 1024 MEMORY_MB {{(pid=88202) get_provider_ids_matching /opt/stack/placement/placement/objects/research_context.py:549}}
Dec 20 16:13:08.352256 n-d-wallaby-1 devstack@placement-api.service[88202]: DEBUG placement.objects.research_context [req-2eac1d75-1d58-43ea-a929-d94febd467c0 req-32483973-5113-46cb-883a-943bd2a1e82d service placement] found 2 providers after filtering by previous result {{(pid=88202) get_provider_ids_matching /opt/stack/placement/placement/objects/research_context.py:580}}
Dec 20 16:13:08.353177 n-d-wallaby-1 devstack@placement-api.service[88202]: DEBUG placement.objects.research_context [req-2eac1d75-1d58-43ea-a929-d94febd467c0 req-32483973-5113-46cb-883a-943bd2a1e82d service placement] found 2 providers with available 1 VCPU {{(pid=88202) get_provider_ids_matching /opt/stack/placement/placement/objects/research_context.py:549}}
Dec 20 16:13:08.354080 n-d-wallaby-1 devstack@placement-api.service[88202]: DEBUG placement.objects.research_context [req-2eac1d75-1d58-43ea-a929-d94febd467c0 req-32483973-5113-46cb-883a-943bd2a1e82d service placement] found 2 providers after filtering by previous result {{(pid=88202) get_provider_ids_matching /opt/stack/placement/placement/objects/research_context.py:580}}
Dec 20 16:13:08.377651 n-d-wallaby-1 devstack@placement-api.service[88202]: DEBUG placement.objects.allocation_candidate [req-2eac1d75-1d58-43ea-a929-d94febd467c0 req-32483973-5113-46cb-883a-943bd2a1e82d service placement] RequestGroup(use_same_provider=False, resources={DISK_GB:1, MEMORY_MB:1024, VCPU:1}, traits=[], aggregates=[]) (suffix '') returned 2 matches {{(pid=88202) _get_by_requests /opt/stack/placement/placement/objects/allocation_candidate.py:145}}
Dec 20 16:13:08.379527 n-d-wallaby-1 devstack@placement-api.service[88202]: DEBUG placement.objects.allocation_candidate [req-2eac1d75-1d58-43ea-a929-d94febd467c0 req-32483973-5113-46cb-883a-943bd2a1e82d service placement] Merging candidates yields 2 allocation requests and 2 provider summaries {{(pid=88202) _merge_candidates /opt/stack/placement/placement/objects/allocation_candidate.py:783}}
Dec 20 16:13:08.387931 n-d-wallaby-1 devstack@placement-api.service[88202]: INFO placement.requestlog [req-2eac1d75-1d58-43ea-a929-d94febd467c0 req-32483973-5113-46cb-883a-943bd2a1e82d service placement] 10.222.0.37 "GET /placement/allocation_candidates?resources=DISK_GB%3A1%2CMEMORY_MB%3A1024%2CVCPU%3A1&root_required=%21COMPUTE_STATUS_DISABLED" status: 200 len: 1309 microversion: 1.35
Dec 20 16:13:08.388780 n-d-wallaby-1 devstack@placement-api.service[88202]: [pid: 88202|app: 0|req: 56/114] 10.222.0.37 () {60 vars in 1484 bytes} [Mon Dec 20 16:13:08 2021] GET /placement/allocation_candidates?resources=DISK_GB%3A1%2CMEMORY_MB%3A1024%2CVCPU%3A1&root_required=%21COMPUTE_STATUS_DISABLED => generated 1309 bytes in 139 msecs (HTTP/1.1 200) 8 headers in 297 bytes (1 switches on core 0)
Dec 20 16:13:08.527330 n-d-wallaby-1 devstack@placement-api.service[88203]: DEBUG placement.requestlog [req-2eac1d75-1d58-43ea-a929-d94febd467c0 req-6a1234a8-e8d9-42b8-ad3e-0179f2b27a38 None None] Starting request: 10.222.0.37 "GET /placement/allocations/db8074a4-ff95-4869-a42d-ff2413b07373" {{(pid=88203) __call__ /opt/stack/placement/placement/requestlog.py:55}}
Dec 20 16:13:08.547252 n-d-wallaby-1 devstack@placement-api.service[88203]: INFO placement.requestlog [req-2eac1d75-1d58-43ea-a929-d94febd467c0 req-6a1234a8-e8d9-42b8-ad3e-0179f2b27a38 service placement] 10.222.0.37 "GET /placement/allocations/db8074a4-ff95-4869-a42d-ff2413b07373" status: 200 len: 19 microversion: 1.28
Dec 20 16:13:08.548514 n-d-wallaby-1 devstack@placement-api.service[88203]: [pid: 88203|app: 0|req: 59/115] 10.222.0.37 () {60 vars in 1380 bytes} [Mon Dec 20 16:13:08 2021] GET /placement/allocations/db8074a4-ff95-4869-a42d-ff2413b07373 => generated 19 bytes in 21 msecs (HTTP/1.1 200) 8 headers in 295 bytes (1 switches on core 0)
Dec 20 16:13:08.554455 n-d-wallaby-1 devstack@placement-api.service[88202]: DEBUG placement.requestlog [req-2eac1d75-1d58-43ea-a929-d94febd467c0 req-795e0d0f-14df-4d25-93f3-9027268e9312 None None] Starting request: 10.222.0.37 "PUT /placement/allocations/db8074a4-ff95-4869-a42d-ff2413b07373" {{(pid=88202) __call__ /opt/stack/placement/placement/requestlog.py:55}}
Dec 20 16:13:08.646629 n-d-wallaby-1 devstack@placement-api.service[88202]: DEBUG placement.handlers.allocation [req-2eac1d75-1d58-43ea-a929-d94febd467c0 req-795e0d0f-14df-4d25-93f3-9027268e9312 service placement] Successfully wrote allocations [, , ] {{(pid=88202) _create_allocations /opt/stack/placement/placement/handlers/allocation.py:435}}
Dec 20 16:13:08.647333 n-d-wallaby-1 devstack@placement-api.service[88202]: INFO placement.requestlog [req-2eac1d75-1d58-43ea-a929-d94febd467c0 req-795e0d0f-14df-4d25-93f3-9027268e9312 service placement] 10.222.0.37 "PUT /placement/allocations/db8074a4-ff95-4869-a42d-ff2413b07373" status: 204 len: 0 microversion: 1.35
Dec 20 16:13:08.647681 n-d-wallaby-1 devstack@placement-api.service[88202]: [pid: 88202|app: 0|req: 57/116] 10.222.0.37 () {64 vars in 1433 bytes} [Mon Dec 20 16:13:08 2021] PUT /placement/allocations/db8074a4-ff95-4869-a42d-ff2413b07373 => generated 0 bytes in 93 msecs (HTTP/1.1 204) 5 headers in 199 bytes (1 switches on core 0)
Dec 20 16:13:09.411139 n-d-wallaby-1 devstack@placement-api.service[88203]: DEBUG placement.requestlog [req-2eac1d75-1d58-43ea-a929-d94febd467c0 req-786aefa6-cd01-49c8-995f-6e1c6978c210 None None] Starting request: 10.222.0.43 "GET /placement/allocations/db8074a4-ff95-4869-a42d-ff2413b07373" {{(pid=88203) __call__ /opt/stack/placement/placement/requestlog.py:55}}
Dec 20 16:13:09.429136 n-d-wallaby-1 devstack@placement-api.service[88203]: INFO placement.requestlog [req-2eac1d75-1d58-43ea-a929-d94febd467c0 req-786aefa6-cd01-49c8-995f-6e1c6978c210 service placement] 10.222.0.43 "GET /placement/allocations/db8074a4-ff95-4869-a42d-ff2413b07373" status: 200 len: 258 microversion: 1.28
Dec 20 16:13:09.429879 n-d-wallaby-1 devstack@placement-api.service[88203]: [pid: 88203|app: 0|req: 60/117] 10.222.0.43 () {60 vars in 1377 bytes} [Mon Dec 20 16:13:09 2021] GET /placement/allocations/db8074a4-ff95-4869-a42d-ff2413b07373 => generated 258 bytes in 19 msecs (HTTP/1.1 200) 8 headers in 296 bytes (1 switches on core 0)
Dec 20 16:13:20.680612 n-d-wallaby-1 devstack@placement-api.service[88202]: DEBUG placement.requestlog [req-bab091b0-aa1d-4fc8-b01c-f2adfbba9c91 req-d62310aa-1e13-4fef-8f96-ce45134f436a None None] Starting request: 10.222.0.49 "GET /placement/allocations/16665e85-2841-48d3-94c6-57176df6b4fd" {{(pid=88202) __call__ /opt/stack/placement/placement/requestlog.py:55}}
Dec 20 16:13:20.711004 n-d-wallaby-1 devstack@placement-api.service[88202]: INFO placement.requestlog [req-bab091b0-aa1d-4fc8-b01c-f2adfbba9c91 req-d62310aa-1e13-4fef-8f96-ce45134f436a service placement] 10.222.0.49 "GET /placement/allocations/16665e85-2841-48d3-94c6-57176df6b4fd" status: 200 len: 259 microversion: 1.28
Dec 20 16:13:20.712953 n-d-wallaby-1 devstack@placement-api.service[88202]: [pid: 88202|app: 0|req: 58/118] 10.222.0.49 () {60 vars in 1377 bytes} [Mon Dec 20 16:13:20 2021] GET /placement/allocations/16665e85-2841-48d3-94c6-57176df6b4fd => generated 259 bytes in 33 msecs (HTTP/1.1 200) 8 headers in 296 bytes (2 switches on core 0)
Dec 20 16:13:20.719766 n-d-wallaby-1 devstack@placement-api.service[88203]: DEBUG placement.requestlog [req-bab091b0-aa1d-4fc8-b01c-f2adfbba9c91 req-75334f1a-c701-4389-9e52-ad55878bc57b None None] Starting request: 10.222.0.49 "PUT /placement/allocations/16665e85-2841-48d3-94c6-57176df6b4fd" {{(pid=88203) __call__ /opt/stack/placement/placement/requestlog.py:55}}
Dec 20 16:13:20.799653 n-d-wallaby-1 devstack@placement-api.service[88203]: DEBUG placement.handlers.allocation [req-bab091b0-aa1d-4fc8-b01c-f2adfbba9c91 req-75334f1a-c701-4389-9e52-ad55878bc57b service placement] Successfully wrote allocations [, , ] {{(pid=88203) _create_allocations /opt/stack/placement/placement/handlers/allocation.py:435}}
Dec 20 16:13:20.800172 n-d-wallaby-1 devstack@placement-api.service[88203]: INFO placement.requestlog [req-bab091b0-aa1d-4fc8-b01c-f2adfbba9c91 req-75334f1a-c701-4389-9e52-ad55878bc57b service placement] 10.222.0.49 "PUT /placement/allocations/16665e85-2841-48d3-94c6-57176df6b4fd" status: 204 len: 0 microversion: 1.28
Dec 20 16:13:20.800504 n-d-wallaby-1 devstack@placement-api.service[88203]: [pid: 88203|app: 0|req: 61/119] 10.222.0.49 () {64 vars in 1430 bytes} [Mon Dec 20 16:13:20 2021] PUT /placement/allocations/16665e85-2841-48d3-94c6-57176df6b4fd => generated 0 bytes in 81 msecs (HTTP/1.1 204) 5 headers in 199 bytes (1 switches on core 0)
Dec 20 16:13:21.637098 n-d-wallaby-1 devstack@placement-api.service[88202]: DEBUG placement.requestlog [req-ff3f8044-a9fa-4e83-ab4f-711812f49deb req-505585d2-3bb0-42ee-9d0d-76f85bebb6d5 None None] Starting request: 10.222.0.49 "GET /placement/allocations/b648bffe-653b-4eeb-a847-9b006bcfebfe" {{(pid=88202) __call__ /opt/stack/placement/placement/requestlog.py:55}}
Dec 20 16:13:21.653744 n-d-wallaby-1 devstack@placement-api.service[88202]: INFO placement.requestlog [req-ff3f8044-a9fa-4e83-ab4f-711812f49deb req-505585d2-3bb0-42ee-9d0d-76f85bebb6d5 service placement] 10.222.0.49 "GET /placement/allocations/b648bffe-653b-4eeb-a847-9b006bcfebfe" status: 200 len: 259 microversion: 1.28
Dec 20 16:13:21.654604 n-d-wallaby-1 devstack@placement-api.service[88202]: [pid: 88202|app: 0|req: 59/120] 10.222.0.49 () {60 vars in 1377 bytes} [Mon Dec 20 16:13:21 2021] GET /placement/allocations/b648bffe-653b-4eeb-a847-9b006bcfebfe => generated 259 bytes in 26 msecs (HTTP/1.1 200) 8 headers in 296 bytes (1 switches on core 0)
Dec 20 16:13:21.663301 n-d-wallaby-1 devstack@placement-api.service[88203]: DEBUG placement.requestlog [req-ff3f8044-a9fa-4e83-ab4f-711812f49deb req-52579b74-fda7-4b33-b348-4af634c6e9ef None None] Starting request: 10.222.0.49 "PUT /placement/allocations/b648bffe-653b-4eeb-a847-9b006bcfebfe" {{(pid=88203) __call__ /opt/stack/placement/placement/requestlog.py:55}}
Dec 20 16:13:21.756243 n-d-wallaby-1 devstack@placement-api.service[88203]: DEBUG placement.handlers.allocation [req-ff3f8044-a9fa-4e83-ab4f-711812f49deb req-52579b74-fda7-4b33-b348-4af634c6e9ef service placement] Successfully wrote allocations [, , ] {{(pid=88203) _create_allocations /opt/stack/placement/placement/handlers/allocation.py:435}}
Dec 20 16:13:21.756911 n-d-wallaby-1 devstack@placement-api.service[88203]: INFO placement.requestlog [req-ff3f8044-a9fa-4e83-ab4f-711812f49deb req-52579b74-fda7-4b33-b348-4af634c6e9ef service placement] 10.222.0.49 "PUT /placement/allocations/b648bffe-653b-4eeb-a847-9b006bcfebfe" status: 204 len: 0 microversion: 1.28
Dec 20 16:13:21.757222 n-d-wallaby-1 devstack@placement-api.service[88203]: [pid: 88203|app: 0|req: 62/121] 10.222.0.49 () {64 vars in 1430 bytes} [Mon Dec 20 16:13:21 2021] PUT /placement/allocations/b648bffe-653b-4eeb-a847-9b006bcfebfe => generated 0 bytes in 94 msecs (HTTP/1.1 204) 5 headers in 199 bytes (2 switches on core 0)
Dec 20 16:13:24.083992 n-d-wallaby-1 devstack@placement-api.service[88202]: DEBUG placement.requestlog [req-752bf9d5-0a27-4720-b63a-62bb43d6e3bb req-5537ecd4-b55a-453b-94b8-d2326e0a2006 None None] Starting request: 10.222.0.37 "GET /placement/allocation_candidates?limit=1000&resources=DISK_GB%3A1%2CMEMORY_MB%3A1024%2CVCPU%3A1&root_required=%21COMPUTE_STATUS_DISABLED" {{(pid=88202) __call__ /opt/stack/placement/placement/requestlog.py:55}}
Dec 20 16:13:24.141819 n-d-wallaby-1 devstack@placement-api.service[88202]: DEBUG placement.objects.research_context [req-752bf9d5-0a27-4720-b63a-62bb43d6e3bb req-5537ecd4-b55a-453b-94b8-d2326e0a2006 service placement] getting providers with 1 DISK_GB {{(pid=88202) __init__ /opt/stack/placement/placement/objects/research_context.py:126}}
Dec 20 16:13:24.153586 n-d-wallaby-1 devstack@placement-api.service[88202]: DEBUG placement.objects.research_context [req-752bf9d5-0a27-4720-b63a-62bb43d6e3bb req-5537ecd4-b55a-453b-94b8-d2326e0a2006 service placement] getting providers with 1024 MEMORY_MB {{(pid=88202) __init__ /opt/stack/placement/placement/objects/research_context.py:126}}
Dec 20 16:13:24.162201 n-d-wallaby-1 devstack@placement-api.service[88202]: DEBUG placement.objects.research_context [req-752bf9d5-0a27-4720-b63a-62bb43d6e3bb req-5537ecd4-b55a-453b-94b8-d2326e0a2006 service placement] getting providers with 1 VCPU {{(pid=88202) __init__ /opt/stack/placement/placement/objects/research_context.py:126}}
Dec 20 16:13:24.174163 n-d-wallaby-1 devstack@placement-api.service[88202]: DEBUG placement.objects.research_context [req-752bf9d5-0a27-4720-b63a-62bb43d6e3bb req-5537ecd4-b55a-453b-94b8-d2326e0a2006 service placement] found 2 providers with available 1 DISK_GB {{(pid=88202) get_provider_ids_matching /opt/stack/placement/placement/objects/research_context.py:549}}
Dec 20 16:13:24.174654 n-d-wallaby-1 devstack@placement-api.service[88202]: DEBUG placement.objects.research_context [req-752bf9d5-0a27-4720-b63a-62bb43d6e3bb req-5537ecd4-b55a-453b-94b8-d2326e0a2006 service placement] found 2 providers with available 1024 MEMORY_MB {{(pid=88202) get_provider_ids_matching /opt/stack/placement/placement/objects/research_context.py:549}}
Dec 20 16:13:24.175090 n-d-wallaby-1 devstack@placement-api.service[88202]: DEBUG placement.objects.research_context [req-752bf9d5-0a27-4720-b63a-62bb43d6e3bb req-5537ecd4-b55a-453b-94b8-d2326e0a2006 service placement] found 2 providers after filtering by previous result {{(pid=88202) get_provider_ids_matching /opt/stack/placement/placement/objects/research_context.py:580}}
Dec 20 16:13:24.175494 n-d-wallaby-1 devstack@placement-api.service[88202]: DEBUG placement.objects.research_context [req-752bf9d5-0a27-4720-b63a-62bb43d6e3bb req-5537ecd4-b55a-453b-94b8-d2326e0a2006 service placement] found 2 providers with available 1 VCPU {{(pid=88202) get_provider_ids_matching /opt/stack/placement/placement/objects/research_context.py:549}}
Dec 20 16:13:24.175915 n-d-wallaby-1 devstack@placement-api.service[88202]: DEBUG placement.objects.research_context [req-752bf9d5-0a27-4720-b63a-62bb43d6e3bb req-5537ecd4-b55a-453b-94b8-d2326e0a2006 service placement] found 2 providers after filtering by previous result {{(pid=88202) get_provider_ids_matching /opt/stack/placement/placement/objects/research_context.py:580}}
Dec 20 16:13:24.202040 n-d-wallaby-1 devstack@placement-api.service[88202]: DEBUG placement.objects.allocation_candidate [req-752bf9d5-0a27-4720-b63a-62bb43d6e3bb req-5537ecd4-b55a-453b-94b8-d2326e0a2006 service placement] RequestGroup(use_same_provider=False, resources={DISK_GB:1, MEMORY_MB:1024, VCPU:1}, traits=[], aggregates=[]) (suffix '') returned 2 matches {{(pid=88202) _get_by_requests /opt/stack/placement/placement/objects/allocation_candidate.py:145}}
Dec 20 16:13:24.202697 n-d-wallaby-1 devstack@placement-api.service[88202]: DEBUG placement.objects.allocation_candidate [req-752bf9d5-0a27-4720-b63a-62bb43d6e3bb req-5537ecd4-b55a-453b-94b8-d2326e0a2006 service placement] Merging candidates yields 2 allocation requests and 2 provider summaries {{(pid=88202) _merge_candidates /opt/stack/placement/placement/objects/allocation_candidate.py:783}}
Dec 20 16:13:24.206318 n-d-wallaby-1 devstack@placement-api.service[88202]: INFO placement.requestlog [req-752bf9d5-0a27-4720-b63a-62bb43d6e3bb req-5537ecd4-b55a-453b-94b8-d2326e0a2006 service placement] 10.222.0.37 "GET /placement/allocation_candidates?limit=1000&resources=DISK_GB%3A1%2CMEMORY_MB%3A1024%2CVCPU%3A1&root_required=%21COMPUTE_STATUS_DISABLED" status: 200 len: 1309 microversion: 1.35
Dec 20 16:13:24.207690 n-d-wallaby-1 devstack@placement-api.service[88202]: [pid: 88202|app: 0|req: 60/122] 10.222.0.37 () {60 vars in 1506 bytes} [Mon Dec 20 16:13:24 2021] GET /placement/allocation_candidates?limit=1000&resources=DISK_GB%3A1%2CMEMORY_MB%3A1024%2CVCPU%3A1&root_required=%21COMPUTE_STATUS_DISABLED => generated 1309 bytes in 124 msecs (HTTP/1.1 200) 8 headers in 297 bytes (1 switches on core 0)
Dec 20 16:13:24.341698 n-d-wallaby-1 devstack@placement-api.service[88203]: DEBUG placement.requestlog [req-752bf9d5-0a27-4720-b63a-62bb43d6e3bb req-42aab8f9-204b-456b-b077-3f321146f194 None None] Starting request: 10.222.0.37 "GET /placement/allocations/7c722d14-43c3-4f27-a38b-c48d480eca30" {{(pid=88203) __call__ /opt/stack/placement/placement/requestlog.py:55}}
Dec 20 16:13:24.370448 n-d-wallaby-1 devstack@placement-api.service[88203]: INFO placement.requestlog [req-752bf9d5-0a27-4720-b63a-62bb43d6e3bb req-42aab8f9-204b-456b-b077-3f321146f194 service placement] 10.222.0.37 "GET /placement/allocations/7c722d14-43c3-4f27-a38b-c48d480eca30" status: 200 len: 19 microversion: 1.28
Dec 20 16:13:24.380217 n-d-wallaby-1 devstack@placement-api.service[88203]: [pid: 88203|app: 0|req: 63/123] 10.222.0.37 () {60 vars in 1380 bytes} [Mon Dec 20 16:13:24 2021] GET /placement/allocations/7c722d14-43c3-4f27-a38b-c48d480eca30 => generated 19 bytes in 39 msecs (HTTP/1.1 200) 8 headers in 295 bytes (1 switches on core 0)
Dec 20 16:13:24.383699 n-d-wallaby-1 devstack@placement-api.service[88202]: DEBUG placement.requestlog [req-752bf9d5-0a27-4720-b63a-62bb43d6e3bb req-782890d4-e138-40cd-ba6a-4335bdbe256e None None] Starting request: 10.222.0.37 "PUT /placement/allocations/7c722d14-43c3-4f27-a38b-c48d480eca30" {{(pid=88202) __call__ /opt/stack/placement/placement/requestlog.py:55}}
Dec 20 16:13:24.499704 n-d-wallaby-1 devstack@placement-api.service[88202]: DEBUG placement.handlers.allocation [req-752bf9d5-0a27-4720-b63a-62bb43d6e3bb req-782890d4-e138-40cd-ba6a-4335bdbe256e service placement] Successfully wrote allocations [, , ] {{(pid=88202) _create_allocations /opt/stack/placement/placement/handlers/allocation.py:435}}
Dec 20 16:13:24.500806 n-d-wallaby-1 devstack@placement-api.service[88202]: INFO placement.requestlog [req-752bf9d5-0a27-4720-b63a-62bb43d6e3bb req-782890d4-e138-40cd-ba6a-4335bdbe256e service placement] 10.222.0.37 "PUT /placement/allocations/7c722d14-43c3-4f27-a38b-c48d480eca30" status: 204 len: 0 microversion: 1.35
Dec 20 16:13:24.509481 n-d-wallaby-1 devstack@placement-api.service[88202]: [pid: 88202|app: 0|req: 61/124] 10.222.0.37 () {64 vars in 1433 bytes} [Mon Dec 20 16:13:24 2021] PUT /placement/allocations/7c722d14-43c3-4f27-a38b-c48d480eca30 => generated 0 bytes in 118 msecs (HTTP/1.1 204) 5 headers in 199 bytes (1 switches on core 0)
Dec 20 16:13:25.193042 n-d-wallaby-1 devstack@placement-api.service[88203]: DEBUG placement.requestlog [req-752bf9d5-0a27-4720-b63a-62bb43d6e3bb req-2db06655-8c2d-438d-a382-32cc21208c3a None None] Starting request: 10.222.0.49 "GET /placement/allocations/7c722d14-43c3-4f27-a38b-c48d480eca30" {{(pid=88203) __call__ /opt/stack/placement/placement/requestlog.py:55}}
Dec 20 16:13:25.232097 n-d-wallaby-1 devstack@placement-api.service[88203]: INFO placement.requestlog [req-752bf9d5-0a27-4720-b63a-62bb43d6e3bb req-2db06655-8c2d-438d-a382-32cc21208c3a service placement] 10.222.0.49 "GET /placement/allocations/7c722d14-43c3-4f27-a38b-c48d480eca30" status: 200 len: 259 microversion: 1.28
Dec 20 16:13:25.241358 n-d-wallaby-1 devstack@placement-api.service[88203]: [pid: 88203|app: 0|req: 64/125] 10.222.0.49 () {60 vars in 1377 bytes} [Mon Dec 20 16:13:25 2021] GET /placement/allocations/7c722d14-43c3-4f27-a38b-c48d480eca30 => generated 259 bytes in 49 msecs (HTTP/1.1 200) 8 headers in 296 bytes (1 switches on core 0)
Dec 20 16:13:29.591247 n-d-wallaby-1 devstack@placement-api.service[88202]: DEBUG placement.requestlog [req-fec563ab-943a-4749-ade3-ff59eba32d04 req-0563d442-fce4-4f9a-84b0-e1c898c11a86 None None] Starting request: 10.222.0.37 "GET /placement/allocation_candidates?limit=1000&resources=DISK_GB%3A1%2CMEMORY_MB%3A1024%2CVCPU%3A1&root_required=%21COMPUTE_STATUS_DISABLED" {{(pid=88202) __call__ /opt/stack/placement/placement/requestlog.py:55}}
Dec 20 16:13:29.684730 n-d-wallaby-1 devstack@placement-api.service[88202]: DEBUG placement.objects.research_context [req-fec563ab-943a-4749-ade3-ff59eba32d04 req-0563d442-fce4-4f9a-84b0-e1c898c11a86 service placement] getting providers with 1 DISK_GB {{(pid=88202) __init__ /opt/stack/placement/placement/objects/research_context.py:126}}
Dec 20 16:13:29.723249 n-d-wallaby-1 devstack@placement-api.service[88202]: DEBUG placement.objects.research_context [req-fec563ab-943a-4749-ade3-ff59eba32d04 req-0563d442-fce4-4f9a-84b0-e1c898c11a86 service placement] getting providers with 1024 MEMORY_MB {{(pid=88202) __init__ /opt/stack/placement/placement/objects/research_context.py:126}}
Dec 20 16:13:29.736831 n-d-wallaby-1 devstack@placement-api.service[88202]: DEBUG placement.objects.research_context [req-fec563ab-943a-4749-ade3-ff59eba32d04 req-0563d442-fce4-4f9a-84b0-e1c898c11a86 service placement] getting providers with 1 VCPU {{(pid=88202) __init__ /opt/stack/placement/placement/objects/research_context.py:126}}
