Dec 20 16:12:40.211162 n-d-wallaby-1 devstack@placement-api.service[88203]: INFO placement.requestlog [req-26d7626f-3f91-4c0a-b4cd-4b8e1f4ba234 req-e22cdf97-d18d-4cd3-9aa8-57f4753d1fb8 service placement] 10.222.0.37 "PUT /placement/resource_providers/bdff059b-23d3-42d0-8ed0-b99284bd2ee0/aggregates" status: 200 len: 91 microversion: 1.19
Dec 20 16:12:40.233518 n-d-wallaby-1 devstack@placement-api.service[88203]: [pid: 88203|app: 0|req: 31/60] 10.222.0.37 () {64 vars in 1477 bytes} [Mon Dec 20 16:12:40 2021] PUT /placement/resource_providers/bdff059b-23d3-42d0-8ed0-b99284bd2ee0/aggregates => generated 91 bytes in 55 msecs (HTTP/1.1 200) 8 headers in 295 bytes (1 switches on core 0)
Dec 20 16:12:40.315255 n-d-wallaby-1 devstack@placement-api.service[88202]: DEBUG placement.requestlog [req-37372dd8-50f0-4a94-8b20-8baf800899bb req-df34d3f0-2e54-4dda-8799-57aab46e6a80 None None] Starting request: 10.222.0.43 "GET /placement/allocations/94e9c72a-eb4a-493f-b8c3-5ff28edb763e" {{(pid=88202) __call__ /opt/stack/placement/placement/requestlog.py:55}}
Dec 20 16:12:40.328844 n-d-wallaby-1 devstack@placement-api.service[88203]: DEBUG placement.requestlog [req-bb7064fd-1b17-4b4c-a0eb-37a6f69314af req-41dbf598-d94b-4ba4-b0bc-47c50770a7be None None] Starting request: 10.222.0.37 "GET /placement/resource_providers?name=n-h2-wallaby-1" {{(pid=88203) __call__ /opt/stack/placement/placement/requestlog.py:55}}
Dec 20 16:12:40.348616 n-d-wallaby-1 devstack@placement-api.service[88203]: INFO placement.requestlog [req-bb7064fd-1b17-4b4c-a0eb-37a6f69314af req-41dbf598-d94b-4ba4-b0bc-47c50770a7be service placement] 10.222.0.37 "GET /placement/resource_providers?name=n-h2-wallaby-1" status: 200 len: 441 microversion: 1.0
Dec 20 16:12:40.349573 n-d-wallaby-1 devstack@placement-api.service[88203]: [pid: 88203|app: 0|req: 32/61] 10.222.0.37 () {58 vars in 1276 bytes} [Mon Dec 20 16:12:40 2021] GET /placement/resource_providers?name=n-h2-wallaby-1 => generated 441 bytes in 21 msecs (HTTP/1.1 200) 6 headers in 224 bytes (1 switches on core 0)
Dec 20 16:12:40.358035 n-d-wallaby-1 devstack@placement-api.service[88202]: INFO placement.requestlog [req-37372dd8-50f0-4a94-8b20-8baf800899bb req-df34d3f0-2e54-4dda-8799-57aab46e6a80 service placement] 10.222.0.43 "GET /placement/allocations/94e9c72a-eb4a-493f-b8c3-5ff28edb763e" status: 200 len: 258 microversion: 1.28
Dec 20 16:12:40.358965 n-d-wallaby-1 devstack@placement-api.service[88202]: [pid: 88202|app: 0|req: 30/62] 10.222.0.43 () {60 vars in 1377 bytes} [Mon Dec 20 16:12:40 2021] GET /placement/allocations/94e9c72a-eb4a-493f-b8c3-5ff28edb763e => generated 258 bytes in 45 msecs (HTTP/1.1 200) 8 headers in 296 bytes (1 switches on core 0)
Dec 20 16:12:40.363259 n-d-wallaby-1 devstack@placement-api.service[88203]: DEBUG placement.requestlog [req-bb7064fd-1b17-4b4c-a0eb-37a6f69314af req-1bcebdda-1eb5-48b2-8c3f-7c41f1a2e999 None None] Starting request: 10.222.0.37 "GET /placement/resource_providers/bdff059b-23d3-42d0-8ed0-b99284bd2ee0/aggregates" {{(pid=88203) __call__ /opt/stack/placement/placement/requestlog.py:55}}
Dec 20 16:12:40.395032 n-d-wallaby-1 devstack@placement-api.service[88203]: INFO placement.requestlog [req-bb7064fd-1b17-4b4c-a0eb-37a6f69314af req-1bcebdda-1eb5-48b2-8c3f-7c41f1a2e999 service placement] 10.222.0.37 "GET /placement/resource_providers/bdff059b-23d3-42d0-8ed0-b99284bd2ee0/aggregates" status: 200 len: 91 microversion: 1.19
Dec 20 16:12:40.395431 n-d-wallaby-1 devstack@placement-api.service[88203]: [pid: 88203|app: 0|req: 33/63] 10.222.0.37 () {60 vars in 1425 bytes} [Mon Dec 20 16:12:40 2021] GET /placement/resource_providers/bdff059b-23d3-42d0-8ed0-b99284bd2ee0/aggregates => generated 91 bytes in 40 msecs (HTTP/1.1 200) 8 headers in 295 bytes (2 switches on core 0)
Dec 20 16:12:40.403776 n-d-wallaby-1 devstack@placement-api.service[88202]: DEBUG placement.requestlog [req-bb7064fd-1b17-4b4c-a0eb-37a6f69314af req-aa8799c7-9d15-4402-8c35-3af1d2a3290b None None] Starting request: 10.222.0.37 "PUT /placement/resource_providers/bdff059b-23d3-42d0-8ed0-b99284bd2ee0/aggregates" {{(pid=88202) __call__ /opt/stack/placement/placement/requestlog.py:55}}
Dec 20 16:12:40.435917 n-d-wallaby-1 devstack@placement-api.service[88202]: DEBUG placement.objects.resource_provider [req-bb7064fd-1b17-4b4c-a0eb-37a6f69314af req-aa8799c7-9d15-4402-8c35-3af1d2a3290b service placement] Setting aggregates for provider bdff059b-23d3-42d0-8ed0-b99284bd2ee0. Successfully disassociated aggregate ff842ad7-a25f-4d77-b47a-34933ed1e08d. {{(pid=88202) _set_aggregates /opt/stack/placement/placement/objects/resource_provider.py:402}}
Dec 20 16:12:40.452815 n-d-wallaby-1 devstack@placement-api.service[88202]: INFO placement.requestlog [req-bb7064fd-1b17-4b4c-a0eb-37a6f69314af req-aa8799c7-9d15-4402-8c35-3af1d2a3290b service placement] 10.222.0.37 "PUT /placement/resource_providers/bdff059b-23d3-42d0-8ed0-b99284bd2ee0/aggregates" status: 200 len: 54 microversion: 1.19
Dec 20 16:12:40.453419 n-d-wallaby-1 devstack@placement-api.service[88202]: [pid: 88202|app: 0|req: 31/64] 10.222.0.37 () {64 vars in 1477 bytes} [Mon Dec 20 16:12:40 2021] PUT /placement/resource_providers/bdff059b-23d3-42d0-8ed0-b99284bd2ee0/aggregates => generated 54 bytes in 50 msecs (HTTP/1.1 200) 8 headers in 295 bytes (1 switches on core 0)
Dec 20 16:12:40.842830 n-d-wallaby-1 devstack@placement-api.service[88203]: DEBUG placement.requestlog [req-7eaa8932-4478-4247-9994-641575f36446 req-cc615dee-7b09-4141-82ba-4a285799e088 None None] Starting request: 10.222.0.37 "GET /placement/resource_providers?name=n-h2-wallaby-1" {{(pid=88203) __call__ /opt/stack/placement/placement/requestlog.py:55}}
Dec 20 16:12:40.873292 n-d-wallaby-1 devstack@placement-api.service[88203]: INFO placement.requestlog [req-7eaa8932-4478-4247-9994-641575f36446 req-cc615dee-7b09-4141-82ba-4a285799e088 service placement] 10.222.0.37 "GET /placement/resource_providers?name=n-h2-wallaby-1" status: 200 len: 442 microversion: 1.0
Dec 20 16:12:40.873767 n-d-wallaby-1 devstack@placement-api.service[88203]: [pid: 88203|app: 0|req: 34/65] 10.222.0.37 () {58 vars in 1276 bytes} [Mon Dec 20 16:12:40 2021] GET /placement/resource_providers?name=n-h2-wallaby-1 => generated 442 bytes in 32 msecs (HTTP/1.1 200) 6 headers in 224 bytes (1 switches on core 0)
Dec 20 16:12:40.881570 n-d-wallaby-1 devstack@placement-api.service[88202]: DEBUG placement.requestlog [req-7eaa8932-4478-4247-9994-641575f36446 req-26e6880a-566b-4bd9-a79c-65332115f5d1 None None] Starting request: 10.222.0.37 "GET /placement/resource_providers/bdff059b-23d3-42d0-8ed0-b99284bd2ee0/aggregates" {{(pid=88202) __call__ /opt/stack/placement/placement/requestlog.py:55}}
Dec 20 16:12:40.914953 n-d-wallaby-1 devstack@placement-api.service[88202]: INFO placement.requestlog [req-7eaa8932-4478-4247-9994-641575f36446 req-26e6880a-566b-4bd9-a79c-65332115f5d1 service placement] 10.222.0.37 "GET /placement/resource_providers/bdff059b-23d3-42d0-8ed0-b99284bd2ee0/aggregates" status: 200 len: 54 microversion: 1.19
Dec 20 16:12:40.921466 n-d-wallaby-1 devstack@placement-api.service[88203]: DEBUG placement.requestlog [req-7eaa8932-4478-4247-9994-641575f36446 req-7dfc70cc-90d5-438c-b2b7-0149eda4f25d None None] Starting request: 10.222.0.37 "PUT /placement/resource_providers/bdff059b-23d3-42d0-8ed0-b99284bd2ee0/aggregates" {{(pid=88203) __call__ /opt/stack/placement/placement/requestlog.py:55}}
Dec 20 16:12:40.931314 n-d-wallaby-1 devstack@placement-api.service[88202]: [pid: 88202|app: 0|req: 32/66] 10.222.0.37 () {60 vars in 1425 bytes} [Mon Dec 20 16:12:40 2021] GET /placement/resource_providers/bdff059b-23d3-42d0-8ed0-b99284bd2ee0/aggregates => generated 54 bytes in 43 msecs (HTTP/1.1 200) 8 headers in 295 bytes (1 switches on core 0)
Dec 20 16:12:40.956954 n-d-wallaby-1 devstack@placement-api.service[88203]: DEBUG placement.objects.resource_provider [req-7eaa8932-4478-4247-9994-641575f36446 req-7dfc70cc-90d5-438c-b2b7-0149eda4f25d service placement] _ensure_aggregate() did not find aggregate 39924b26-b8aa-4365-9cbc-86835e37c2b3. Attempting to create it. {{(pid=88203) _ensure_aggregate /opt/stack/placement/placement/objects/resource_provider.py:319}}
Dec 20 16:12:40.960950 n-d-wallaby-1 devstack@placement-api.service[88203]: DEBUG placement.objects.resource_provider [req-7eaa8932-4478-4247-9994-641575f36446 req-7dfc70cc-90d5-438c-b2b7-0149eda4f25d service placement] _ensure_aggregate() created new aggregate 39924b26-b8aa-4365-9cbc-86835e37c2b3 (id=4). {{(pid=88203) _ensure_aggregate /opt/stack/placement/placement/objects/resource_provider.py:325}}
Dec 20 16:12:40.968648 n-d-wallaby-1 devstack@placement-api.service[88203]: DEBUG placement.objects.resource_provider [req-7eaa8932-4478-4247-9994-641575f36446 req-7dfc70cc-90d5-438c-b2b7-0149eda4f25d service placement] Setting aggregates for provider bdff059b-23d3-42d0-8ed0-b99284bd2ee0. Successfully associated aggregate 39924b26-b8aa-4365-9cbc-86835e37c2b3. {{(pid=88203) _set_aggregates /opt/stack/placement/placement/objects/resource_provider.py:387}}
Dec 20 16:12:40.980808 n-d-wallaby-1 devstack@placement-api.service[88203]: INFO placement.requestlog [req-7eaa8932-4478-4247-9994-641575f36446 req-7dfc70cc-90d5-438c-b2b7-0149eda4f25d service placement] 10.222.0.37 "PUT /placement/resource_providers/bdff059b-23d3-42d0-8ed0-b99284bd2ee0/aggregates" status: 200 len: 92 microversion: 1.19
Dec 20 16:12:40.981719 n-d-wallaby-1 devstack@placement-api.service[88203]: [pid: 88203|app: 0|req: 35/67] 10.222.0.37 () {64 vars in 1477 bytes} [Mon Dec 20 16:12:40 2021] PUT /placement/resource_providers/bdff059b-23d3-42d0-8ed0-b99284bd2ee0/aggregates => generated 92 bytes in 61 msecs (HTTP/1.1 200) 8 headers in 295 bytes (2 switches on core 0)
Dec 20 16:12:41.092933 n-d-wallaby-1 devstack@placement-api.service[88202]: DEBUG placement.requestlog [req-1d1a57b6-f9e9-48a0-bb35-051612767cab req-ff0515d2-a4b8-4077-b468-8c84a47fc797 None None] Starting request: 10.222.0.37 "GET /placement/resource_providers?name=n-h2-wallaby-1" {{(pid=88202) __call__ /opt/stack/placement/placement/requestlog.py:55}}
Dec 20 16:12:41.110567 n-d-wallaby-1 devstack@placement-api.service[88202]: INFO placement.requestlog [req-1d1a57b6-f9e9-48a0-bb35-051612767cab req-ff0515d2-a4b8-4077-b468-8c84a47fc797 service placement] 10.222.0.37 "GET /placement/resource_providers?name=n-h2-wallaby-1" status: 200 len: 442 microversion: 1.0
Dec 20 16:12:41.110776 n-d-wallaby-1 devstack@placement-api.service[88202]: [pid: 88202|app: 0|req: 33/68] 10.222.0.37 () {58 vars in 1276 bytes} [Mon Dec 20 16:12:41 2021] GET /placement/resource_providers?name=n-h2-wallaby-1 => generated 442 bytes in 18 msecs (HTTP/1.1 200) 6 headers in 224 bytes (2 switches on core 0)
Dec 20 16:12:41.119213 n-d-wallaby-1 devstack@placement-api.service[88203]: DEBUG placement.requestlog [req-1d1a57b6-f9e9-48a0-bb35-051612767cab req-47952e3d-f22f-489b-bbbd-426d452f6f9e None None] Starting request: 10.222.0.37 "GET /placement/resource_providers/bdff059b-23d3-42d0-8ed0-b99284bd2ee0/aggregates" {{(pid=88203) __call__ /opt/stack/placement/placement/requestlog.py:55}}
Dec 20 16:12:41.139835 n-d-wallaby-1 devstack@placement-api.service[88203]: INFO placement.requestlog [req-1d1a57b6-f9e9-48a0-bb35-051612767cab req-47952e3d-f22f-489b-bbbd-426d452f6f9e service placement] 10.222.0.37 "GET /placement/resource_providers/bdff059b-23d3-42d0-8ed0-b99284bd2ee0/aggregates" status: 200 len: 92 microversion: 1.19
Dec 20 16:12:41.147390 n-d-wallaby-1 devstack@placement-api.service[88203]: [pid: 88203|app: 0|req: 36/69] 10.222.0.37 () {60 vars in 1425 bytes} [Mon Dec 20 16:12:41 2021] GET /placement/resource_providers/bdff059b-23d3-42d0-8ed0-b99284bd2ee0/aggregates => generated 92 bytes in 28 msecs (HTTP/1.1 200) 8 headers in 295 bytes (1 switches on core 0)
Dec 20 16:12:41.147844 n-d-wallaby-1 devstack@placement-api.service[88202]: DEBUG placement.requestlog [req-1d1a57b6-f9e9-48a0-bb35-051612767cab req-185c154c-7870-4815-97a8-f5ee81419368 None None] Starting request: 10.222.0.37 "PUT /placement/resource_providers/bdff059b-23d3-42d0-8ed0-b99284bd2ee0/aggregates" {{(pid=88202) __call__ /opt/stack/placement/placement/requestlog.py:55}}
Dec 20 16:12:41.179652 n-d-wallaby-1 devstack@placement-api.service[88202]: DEBUG placement.objects.resource_provider [req-1d1a57b6-f9e9-48a0-bb35-051612767cab req-185c154c-7870-4815-97a8-f5ee81419368 service placement] Setting aggregates for provider bdff059b-23d3-42d0-8ed0-b99284bd2ee0. Successfully disassociated aggregate 39924b26-b8aa-4365-9cbc-86835e37c2b3. {{(pid=88202) _set_aggregates /opt/stack/placement/placement/objects/resource_provider.py:402}}
Dec 20 16:12:41.206586 n-d-wallaby-1 devstack@placement-api.service[88202]: INFO placement.requestlog [req-1d1a57b6-f9e9-48a0-bb35-051612767cab req-185c154c-7870-4815-97a8-f5ee81419368 service placement] 10.222.0.37 "PUT /placement/resource_providers/bdff059b-23d3-42d0-8ed0-b99284bd2ee0/aggregates" status: 200 len: 54 microversion: 1.19
Dec 20 16:12:41.210126 n-d-wallaby-1 devstack@placement-api.service[88202]: [pid: 88202|app: 0|req: 34/70] 10.222.0.37 () {64 vars in 1477 bytes} [Mon Dec 20 16:12:41 2021] PUT /placement/resource_providers/bdff059b-23d3-42d0-8ed0-b99284bd2ee0/aggregates => generated 54 bytes in 62 msecs (HTTP/1.1 200) 8 headers in 295 bytes (1 switches on core 0)
Dec 20 16:12:41.470476 n-d-wallaby-1 devstack@placement-api.service[88203]: DEBUG placement.requestlog [req-63f8e275-b1ff-4126-8ba1-8d324379851e req-b593ecb9-f17a-46e7-a214-d4b5604d7b79 None None] Starting request: 10.222.0.43 "GET /placement/resource_providers/89bed890-00d5-436a-95d3-4c8016f8a753/allocations" {{(pid=88203) __call__ /opt/stack/placement/placement/requestlog.py:55}}
Dec 20 16:12:41.520037 n-d-wallaby-1 devstack@placement-api.service[88203]: INFO placement.requestlog [req-63f8e275-b1ff-4126-8ba1-8d324379851e req-b593ecb9-f17a-46e7-a214-d4b5604d7b79 service placement] 10.222.0.43 "GET /placement/resource_providers/89bed890-00d5-436a-95d3-4c8016f8a753/allocations" status: 200 len: 355 microversion: 1.0
Dec 20 16:12:41.521414 n-d-wallaby-1 devstack@placement-api.service[88203]: [pid: 88203|app: 0|req: 37/71] 10.222.0.43 () {58 vars in 1390 bytes} [Mon Dec 20 16:12:41 2021] GET /placement/resource_providers/89bed890-00d5-436a-95d3-4c8016f8a753/allocations => generated 355 bytes in 51 msecs (HTTP/1.1 200) 6 headers in 224 bytes (1 switches on core 0)
Dec 20 16:12:42.780331 n-d-wallaby-1 devstack@placement-api.service[88202]: DEBUG placement.requestlog [req-2eed2c2a-0dd9-43d9-8093-2106962c1090 req-a7905c15-2fbd-4b5c-ab91-5000bc68181e None None] Starting request: 10.222.0.37 "GET /placement/resource_providers?name=n-h2-wallaby-1" {{(pid=88202) __call__ /opt/stack/placement/placement/requestlog.py:55}}
Dec 20 16:12:42.795818 n-d-wallaby-1 devstack@placement-api.service[88202]: INFO placement.requestlog [req-2eed2c2a-0dd9-43d9-8093-2106962c1090 req-a7905c15-2fbd-4b5c-ab91-5000bc68181e service placement] 10.222.0.37 "GET /placement/resource_providers?name=n-h2-wallaby-1" status: 200 len: 442 microversion: 1.0
Dec 20 16:12:42.796507 n-d-wallaby-1 devstack@placement-api.service[88202]: [pid: 88202|app: 0|req: 35/72] 10.222.0.37 () {58 vars in 1276 bytes} [Mon Dec 20 16:12:42 2021] GET /placement/resource_providers?name=n-h2-wallaby-1 => generated 442 bytes in 16 msecs (HTTP/1.1 200) 6 headers in 224 bytes (1 switches on core 0)
Dec 20 16:12:42.803903 n-d-wallaby-1 devstack@placement-api.service[88203]: DEBUG placement.requestlog [req-2eed2c2a-0dd9-43d9-8093-2106962c1090 req-2a57b376-e9b3-4ce3-946b-9d7537ff765a None None] Starting request: 10.222.0.37 "GET /placement/resource_providers/bdff059b-23d3-42d0-8ed0-b99284bd2ee0/aggregates" {{(pid=88203) __call__ /opt/stack/placement/placement/requestlog.py:55}}
Dec 20 16:12:42.849042 n-d-wallaby-1 devstack@placement-api.service[88203]: INFO placement.requestlog [req-2eed2c2a-0dd9-43d9-8093-2106962c1090 req-2a57b376-e9b3-4ce3-946b-9d7537ff765a service placement] 10.222.0.37 "GET /placement/resource_providers/bdff059b-23d3-42d0-8ed0-b99284bd2ee0/aggregates" status: 200 len: 54 microversion: 1.19
Dec 20 16:12:42.849590 n-d-wallaby-1 devstack@placement-api.service[88203]: [pid: 88203|app: 0|req: 38/73] 10.222.0.37 () {60 vars in 1425 bytes} [Mon Dec 20 16:12:42 2021] GET /placement/resource_providers/bdff059b-23d3-42d0-8ed0-b99284bd2ee0/aggregates => generated 54 bytes in 46 msecs (HTTP/1.1 200) 8 headers in 295 bytes (1 switches on core 0)
Dec 20 16:12:42.857516 n-d-wallaby-1 devstack@placement-api.service[88202]: DEBUG placement.requestlog [req-2eed2c2a-0dd9-43d9-8093-2106962c1090 req-c91c616c-ae30-467e-bacb-d6743fefa2bd None None] Starting request: 10.222.0.37 "PUT /placement/resource_providers/bdff059b-23d3-42d0-8ed0-b99284bd2ee0/aggregates" {{(pid=88202) __call__ /opt/stack/placement/placement/requestlog.py:55}}
Dec 20 16:12:42.888074 n-d-wallaby-1 devstack@placement-api.service[88202]: DEBUG placement.objects.resource_provider [req-2eed2c2a-0dd9-43d9-8093-2106962c1090 req-c91c616c-ae30-467e-bacb-d6743fefa2bd service placement] _ensure_aggregate() did not find aggregate d93025a4-4f44-46f5-95d9-9c9999024796. Attempting to create it. {{(pid=88202) _ensure_aggregate /opt/stack/placement/placement/objects/resource_provider.py:319}}
Dec 20 16:12:42.895660 n-d-wallaby-1 devstack@placement-api.service[88202]: DEBUG placement.objects.resource_provider [req-2eed2c2a-0dd9-43d9-8093-2106962c1090 req-c91c616c-ae30-467e-bacb-d6743fefa2bd service placement] _ensure_aggregate() created new aggregate d93025a4-4f44-46f5-95d9-9c9999024796 (id=5). {{(pid=88202) _ensure_aggregate /opt/stack/placement/placement/objects/resource_provider.py:325}}
Dec 20 16:12:42.897717 n-d-wallaby-1 devstack@placement-api.service[88202]: DEBUG placement.objects.resource_provider [req-2eed2c2a-0dd9-43d9-8093-2106962c1090 req-c91c616c-ae30-467e-bacb-d6743fefa2bd service placement] Setting aggregates for provider bdff059b-23d3-42d0-8ed0-b99284bd2ee0. Successfully associated aggregate d93025a4-4f44-46f5-95d9-9c9999024796. {{(pid=88202) _set_aggregates /opt/stack/placement/placement/objects/resource_provider.py:387}}
Dec 20 16:12:42.909075 n-d-wallaby-1 devstack@placement-api.service[88202]: INFO placement.requestlog [req-2eed2c2a-0dd9-43d9-8093-2106962c1090 req-c91c616c-ae30-467e-bacb-d6743fefa2bd service placement] 10.222.0.37 "PUT /placement/resource_providers/bdff059b-23d3-42d0-8ed0-b99284bd2ee0/aggregates" status: 200 len: 92 microversion: 1.19
Dec 20 16:12:42.909931 n-d-wallaby-1 devstack@placement-api.service[88202]: [pid: 88202|app: 0|req: 36/74] 10.222.0.37 () {64 vars in 1477 bytes} [Mon Dec 20 16:12:42 2021] PUT /placement/resource_providers/bdff059b-23d3-42d0-8ed0-b99284bd2ee0/aggregates => generated 92 bytes in 52 msecs (HTTP/1.1 200) 8 headers in 295 bytes (1 switches on core 0)
Dec 20 16:12:43.125016 n-d-wallaby-1 devstack@placement-api.service[88203]: DEBUG placement.requestlog [req-45a5efbf-ae14-44e3-8960-c8d03f6e3707 req-46ddc9eb-7607-4b01-88f4-bb593fc1838f None None] Starting request: 10.222.0.37 "GET /placement/resource_providers?name=n-h2-wallaby-1" {{(pid=88203) __call__ /opt/stack/placement/placement/requestlog.py:55}}
Dec 20 16:12:43.141154 n-d-wallaby-1 devstack@placement-api.service[88203]: INFO placement.requestlog [req-45a5efbf-ae14-44e3-8960-c8d03f6e3707 req-46ddc9eb-7607-4b01-88f4-bb593fc1838f service placement] 10.222.0.37 "GET /placement/resource_providers?name=n-h2-wallaby-1" status: 200 len: 442 microversion: 1.0
Dec 20 16:12:43.142444 n-d-wallaby-1 devstack@placement-api.service[88203]: [pid: 88203|app: 0|req: 39/75] 10.222.0.37 () {58 vars in 1276 bytes} [Mon Dec 20 16:12:43 2021] GET /placement/resource_providers?name=n-h2-wallaby-1 => generated 442 bytes in 18 msecs (HTTP/1.1 200) 6 headers in 224 bytes (1 switches on core 0)
Dec 20 16:12:43.148090 n-d-wallaby-1 devstack@placement-api.service[88202]: DEBUG placement.requestlog [req-45a5efbf-ae14-44e3-8960-c8d03f6e3707 req-0d7e40f2-4f88-46af-a633-1419fda384bd None None] Starting request: 10.222.0.37 "GET /placement/resource_providers/bdff059b-23d3-42d0-8ed0-b99284bd2ee0/aggregates" {{(pid=88202) __call__ /opt/stack/placement/placement/requestlog.py:55}}
Dec 20 16:12:43.190597 n-d-wallaby-1 devstack@placement-api.service[88202]: INFO placement.requestlog [req-45a5efbf-ae14-44e3-8960-c8d03f6e3707 req-0d7e40f2-4f88-46af-a633-1419fda384bd service placement] 10.222.0.37 "GET /placement/resource_providers/bdff059b-23d3-42d0-8ed0-b99284bd2ee0/aggregates" status: 200 len: 92 microversion: 1.19
Dec 20 16:12:43.190959 n-d-wallaby-1 devstack@placement-api.service[88202]: [pid: 88202|app: 0|req: 37/76] 10.222.0.37 () {60 vars in 1425 bytes} [Mon Dec 20 16:12:43 2021] GET /placement/resource_providers/bdff059b-23d3-42d0-8ed0-b99284bd2ee0/aggregates => generated 92 bytes in 43 msecs (HTTP/1.1 200) 8 headers in 295 bytes (2 switches on core 0)
Dec 20 16:12:43.198619 n-d-wallaby-1 devstack@placement-api.service[88203]: DEBUG placement.requestlog [req-45a5efbf-ae14-44e3-8960-c8d03f6e3707 req-48379c2e-2670-495a-aa03-5b6f544c0187 None None] Starting request: 10.222.0.37 "PUT /placement/resource_providers/bdff059b-23d3-42d0-8ed0-b99284bd2ee0/aggregates" {{(pid=88203) __call__ /opt/stack/placement/placement/requestlog.py:55}}
Dec 20 16:12:43.220310 n-d-wallaby-1 devstack@placement-api.service[88203]: DEBUG placement.objects.resource_provider [req-45a5efbf-ae14-44e3-8960-c8d03f6e3707 req-48379c2e-2670-495a-aa03-5b6f544c0187 service placement] Setting aggregates for provider bdff059b-23d3-42d0-8ed0-b99284bd2ee0. Successfully disassociated aggregate d93025a4-4f44-46f5-95d9-9c9999024796. {{(pid=88203) _set_aggregates /opt/stack/placement/placement/objects/resource_provider.py:402}}
Dec 20 16:12:43.227644 n-d-wallaby-1 devstack@placement-api.service[88203]: INFO placement.requestlog [req-45a5efbf-ae14-44e3-8960-c8d03f6e3707 req-48379c2e-2670-495a-aa03-5b6f544c0187 service placement] 10.222.0.37 "PUT /placement/resource_providers/bdff059b-23d3-42d0-8ed0-b99284bd2ee0/aggregates" status: 200 len: 54 microversion: 1.19
Dec 20 16:12:43.228140 n-d-wallaby-1 devstack@placement-api.service[88203]: [pid: 88203|app: 0|req: 40/77] 10.222.0.37 () {64 vars in 1477 bytes} [Mon Dec 20 16:12:43 2021] PUT /placement/resource_providers/bdff059b-23d3-42d0-8ed0-b99284bd2ee0/aggregates => generated 54 bytes in 30 msecs (HTTP/1.1 200) 8 headers in 295 bytes (1 switches on core 0)
Dec 20 16:12:45.133640 n-d-wallaby-1 devstack@placement-api.service[88202]: DEBUG placement.requestlog [req-2a455991-1cd4-4ff2-a680-d8cf64996e09 req-9f12f559-acd9-4f98-a0f3-96ae0f6b836d None None] Starting request: 10.222.0.49 "GET /placement/allocations/991d5a6d-02e7-40bf-83f2-c7c1a02d8499" {{(pid=88202) __call__ /opt/stack/placement/placement/requestlog.py:55}}
Dec 20 16:12:45.149530 n-d-wallaby-1 devstack@placement-api.service[88202]: INFO placement.requestlog [req-2a455991-1cd4-4ff2-a680-d8cf64996e09 req-9f12f559-acd9-4f98-a0f3-96ae0f6b836d service placement] 10.222.0.49 "GET /placement/allocations/991d5a6d-02e7-40bf-83f2-c7c1a02d8499" status: 200 len: 259 microversion: 1.28
Dec 20 16:12:45.150425 n-d-wallaby-1 devstack@placement-api.service[88202]: [pid: 88202|app: 0|req: 38/78] 10.222.0.49 () {60 vars in 1377 bytes} [Mon Dec 20 16:12:45 2021] GET /placement/allocations/991d5a6d-02e7-40bf-83f2-c7c1a02d8499 => generated 259 bytes in 17 msecs (HTTP/1.1 200) 8 headers in 296 bytes (1 switches on core 0)
Dec 20 16:12:45.170153 n-d-wallaby-1 devstack@placement-api.service[88203]: DEBUG placement.requestlog [req-2a455991-1cd4-4ff2-a680-d8cf64996e09 req-9faf723d-f823-4250-a242-0b8aeff82e28 None None] Starting request: 10.222.0.49 "PUT /placement/allocations/991d5a6d-02e7-40bf-83f2-c7c1a02d8499" {{(pid=88203) __call__ /opt/stack/placement/placement/requestlog.py:55}}
Dec 20 16:12:45.250813 n-d-wallaby-1 devstack@placement-api.service[88203]: DEBUG placement.handlers.allocation [req-2a455991-1cd4-4ff2-a680-d8cf64996e09 req-9faf723d-f823-4250-a242-0b8aeff82e28 service placement] Successfully wrote allocations [, , ] {{(pid=88203) _create_allocations /opt/stack/placement/placement/handlers/allocation.py:435}}
Dec 20 16:12:45.251373 n-d-wallaby-1 devstack@placement-api.service[88203]: INFO placement.requestlog [req-2a455991-1cd4-4ff2-a680-d8cf64996e09 req-9faf723d-f823-4250-a242-0b8aeff82e28 service placement] 10.222.0.49 "PUT /placement/allocations/991d5a6d-02e7-40bf-83f2-c7c1a02d8499" status: 204 len: 0 microversion: 1.28
Dec 20 16:12:45.251856 n-d-wallaby-1 devstack@placement-api.service[88203]: [pid: 88203|app: 0|req: 41/79] 10.222.0.49 () {64 vars in 1430 bytes} [Mon Dec 20 16:12:45 2021] PUT /placement/allocations/991d5a6d-02e7-40bf-83f2-c7c1a02d8499 => generated 0 bytes in 82 msecs (HTTP/1.1 204) 5 headers in 199 bytes (1 switches on core 0)
Dec 20 16:12:45.713382 n-d-wallaby-1 devstack@placement-api.service[88202]: DEBUG placement.requestlog [req-33a137dd-47bf-4cf0-b0cb-d84dd22b5047 req-2de97a5c-cd8b-42ce-9dac-4512eb5c4756 None None] Starting request: 10.222.0.37 "GET /placement/allocation_candidates?limit=1000&resources=DISK_GB%3A1%2CMEMORY_MB%3A1024%2CVCPU%3A1&root_required=%21COMPUTE_STATUS_DISABLED" {{(pid=88202) __call__ /opt/stack/placement/placement/requestlog.py:55}}
Dec 20 16:12:45.747799 n-d-wallaby-1 devstack@placement-api.service[88202]: DEBUG placement.objects.research_context [req-33a137dd-47bf-4cf0-b0cb-d84dd22b5047 req-2de97a5c-cd8b-42ce-9dac-4512eb5c4756 service placement] getting providers with 1 DISK_GB {{(pid=88202) __init__ /opt/stack/placement/placement/objects/research_context.py:126}}
Dec 20 16:12:45.760014 n-d-wallaby-1 devstack@placement-api.service[88202]: DEBUG placement.objects.research_context [req-33a137dd-47bf-4cf0-b0cb-d84dd22b5047 req-2de97a5c-cd8b-42ce-9dac-4512eb5c4756 service placement] getting providers with 1024 MEMORY_MB {{(pid=88202) __init__ /opt/stack/placement/placement/objects/research_context.py:126}}
Dec 20 16:12:45.769002 n-d-wallaby-1 devstack@placement-api.service[88202]: DEBUG placement.objects.research_context [req-33a137dd-47bf-4cf0-b0cb-d84dd22b5047 req-2de97a5c-cd8b-42ce-9dac-4512eb5c4756 service placement] getting providers with 1 VCPU {{(pid=88202) __init__ /opt/stack/placement/placement/objects/research_context.py:126}}
Dec 20 16:12:45.777240 n-d-wallaby-1 devstack@placement-api.service[88202]: DEBUG placement.objects.research_context [req-33a137dd-47bf-4cf0-b0cb-d84dd22b5047 req-2de97a5c-cd8b-42ce-9dac-4512eb5c4756 service placement] found 2 providers with available 1 DISK_GB {{(pid=88202) get_provider_ids_matching /opt/stack/placement/placement/objects/research_context.py:549}}
Dec 20 16:12:45.777714 n-d-wallaby-1 devstack@placement-api.service[88202]: DEBUG placement.objects.research_context [req-33a137dd-47bf-4cf0-b0cb-d84dd22b5047 req-2de97a5c-cd8b-42ce-9dac-4512eb5c4756 service placement] found 2 providers with available 1024 MEMORY_MB {{(pid=88202) get_provider_ids_matching /opt/stack/placement/placement/objects/research_context.py:549}}
Dec 20 16:12:45.778210 n-d-wallaby-1 devstack@placement-api.service[88202]: DEBUG placement.objects.research_context [req-33a137dd-47bf-4cf0-b0cb-d84dd22b5047 req-2de97a5c-cd8b-42ce-9dac-4512eb5c4756 service placement] found 2 providers after filtering by previous result {{(pid=88202) get_provider_ids_matching /opt/stack/placement/placement/objects/research_context.py:580}}
Dec 20 16:12:45.778676 n-d-wallaby-1 devstack@placement-api.service[88202]: DEBUG placement.objects.research_context [req-33a137dd-47bf-4cf0-b0cb-d84dd22b5047 req-2de97a5c-cd8b-42ce-9dac-4512eb5c4756 service placement] found 2 providers with available 1 VCPU {{(pid=88202) get_provider_ids_matching /opt/stack/placement/placement/objects/research_context.py:549}}
Dec 20 16:12:45.779666 n-d-wallaby-1 devstack@placement-api.service[88202]: DEBUG placement.objects.research_context [req-33a137dd-47bf-4cf0-b0cb-d84dd22b5047 req-2de97a5c-cd8b-42ce-9dac-4512eb5c4756 service placement] found 2 providers after filtering by previous result {{(pid=88202) get_provider_ids_matching /opt/stack/placement/placement/objects/research_context.py:580}}
Dec 20 16:12:45.792647 n-d-wallaby-1 devstack@placement-api.service[88202]: DEBUG placement.objects.allocation_candidate [req-33a137dd-47bf-4cf0-b0cb-d84dd22b5047 req-2de97a5c-cd8b-42ce-9dac-4512eb5c4756 service placement] RequestGroup(use_same_provider=False, resources={DISK_GB:1, MEMORY_MB:1024, VCPU:1}, traits=[], aggregates=[]) (suffix '') returned 2 matches {{(pid=88202) _get_by_requests /opt/stack/placement/placement/objects/allocation_candidate.py:145}}
Dec 20 16:12:45.793221 n-d-wallaby-1 devstack@placement-api.service[88202]: DEBUG placement.objects.allocation_candidate [req-33a137dd-47bf-4cf0-b0cb-d84dd22b5047 req-2de97a5c-cd8b-42ce-9dac-4512eb5c4756 service placement] Merging candidates yields 2 allocation requests and 2 provider summaries {{(pid=88202) _merge_candidates /opt/stack/placement/placement/objects/allocation_candidate.py:783}}
Dec 20 16:12:45.795104 n-d-wallaby-1 devstack@placement-api.service[88202]: INFO placement.requestlog [req-33a137dd-47bf-4cf0-b0cb-d84dd22b5047 req-2de97a5c-cd8b-42ce-9dac-4512eb5c4756 service placement] 10.222.0.37 "GET /placement/allocation_candidates?limit=1000&resources=DISK_GB%3A1%2CMEMORY_MB%3A1024%2CVCPU%3A1&root_required=%21COMPUTE_STATUS_DISABLED" status: 200 len: 1309 microversion: 1.35
Dec 20 16:12:45.795986 n-d-wallaby-1 devstack@placement-api.service[88202]: [pid: 88202|app: 0|req: 39/80] 10.222.0.37 () {60 vars in 1506 bytes} [Mon Dec 20 16:12:45 2021] GET /placement/allocation_candidates?limit=1000&resources=DISK_GB%3A1%2CMEMORY_MB%3A1024%2CVCPU%3A1&root_required=%21COMPUTE_STATUS_DISABLED => generated 1309 bytes in 83 msecs (HTTP/1.1 200) 8 headers in 297 bytes (1 switches on core 0)
Dec 20 16:12:45.857815 n-d-wallaby-1 devstack@placement-api.service[88203]: DEBUG placement.requestlog [req-33a137dd-47bf-4cf0-b0cb-d84dd22b5047 req-9ad04829-f066-4e4e-b228-8a5aae422fa2 None None] Starting request: 10.222.0.37 "GET /placement/allocations/16665e85-2841-48d3-94c6-57176df6b4fd" {{(pid=88203) __call__ /opt/stack/placement/placement/requestlog.py:55}}
Dec 20 16:12:45.871810 n-d-wallaby-1 devstack@placement-api.service[88203]: INFO placement.requestlog [req-33a137dd-47bf-4cf0-b0cb-d84dd22b5047 req-9ad04829-f066-4e4e-b228-8a5aae422fa2 service placement] 10.222.0.37 "GET /placement/allocations/16665e85-2841-48d3-94c6-57176df6b4fd" status: 200 len: 19 microversion: 1.28
Dec 20 16:12:45.874388 n-d-wallaby-1 devstack@placement-api.service[88203]: [pid: 88203|app: 0|req: 42/81] 10.222.0.37 () {60 vars in 1380 bytes} [Mon Dec 20 16:12:45 2021] GET /placement/allocations/16665e85-2841-48d3-94c6-57176df6b4fd => generated 19 bytes in 17 msecs (HTTP/1.1 200) 8 headers in 295 bytes (1 switches on core 0)
Dec 20 16:12:45.896332 n-d-wallaby-1 devstack@placement-api.service[88202]: DEBUG placement.requestlog [req-33a137dd-47bf-4cf0-b0cb-d84dd22b5047 req-9c4a01ef-7c25-4eb9-82da-e34ac0068bbc None None] Starting request: 10.222.0.37 "PUT /placement/allocations/16665e85-2841-48d3-94c6-57176df6b4fd" {{(pid=88202) __call__ /opt/stack/placement/placement/requestlog.py:55}}
Dec 20 16:12:46.012298 n-d-wallaby-1 devstack@placement-api.service[88202]: DEBUG placement.handlers.allocation [req-33a137dd-47bf-4cf0-b0cb-d84dd22b5047 req-9c4a01ef-7c25-4eb9-82da-e34ac0068bbc service placement] Successfully wrote allocations [, , ] {{(pid=88202) _create_allocations /opt/stack/placement/placement/handlers/allocation.py:435}}
Dec 20 16:12:46.013085 n-d-wallaby-1 devstack@placement-api.service[88202]: INFO placement.requestlog [req-33a137dd-47bf-4cf0-b0cb-d84dd22b5047 req-9c4a01ef-7c25-4eb9-82da-e34ac0068bbc service placement] 10.222.0.37 "PUT /placement/allocations/16665e85-2841-48d3-94c6-57176df6b4fd" status: 204 len: 0 microversion: 1.35
Dec 20 16:12:46.013709 n-d-wallaby-1 devstack@placement-api.service[88202]: [pid: 88202|app: 0|req: 40/82] 10.222.0.37 () {64 vars in 1433 bytes} [Mon Dec 20 16:12:45 2021] PUT /placement/allocations/16665e85-2841-48d3-94c6-57176df6b4fd => generated 0 bytes in 118 msecs (HTTP/1.1 204) 5 headers in 199 bytes (1 switches on core 0)
Dec 20 16:12:46.466990 n-d-wallaby-1 devstack@placement-api.service[88203]: DEBUG placement.requestlog [req-33a137dd-47bf-4cf0-b0cb-d84dd22b5047 req-efb11d71-5a1f-48b9-bbb0-56742e91348f None None] Starting request: 10.222.0.49 "GET /placement/allocations/16665e85-2841-48d3-94c6-57176df6b4fd" {{(pid=88203) __call__ /opt/stack/placement/placement/requestlog.py:55}}
Dec 20 16:12:46.485270 n-d-wallaby-1 devstack@placement-api.service[88203]: INFO placement.requestlog [req-33a137dd-47bf-4cf0-b0cb-d84dd22b5047 req-efb11d71-5a1f-48b9-bbb0-56742e91348f service placement] 10.222.0.49 "GET /placement/allocations/16665e85-2841-48d3-94c6-57176df6b4fd" status: 200 len: 259 microversion: 1.28
Dec 20 16:12:46.485270 n-d-wallaby-1 devstack@placement-api.service[88203]: [pid: 88203|app: 0|req: 43/83] 10.222.0.49 () {60 vars in 1377 bytes} [Mon Dec 20 16:12:46 2021] GET /placement/allocations/16665e85-2841-48d3-94c6-57176df6b4fd => generated 259 bytes in 18 msecs (HTTP/1.1 200) 8 headers in 296 bytes (1 switches on core 0)
Dec 20 16:12:48.095240 n-d-wallaby-1 devstack@placement-api.service[88202]: DEBUG placement.requestlog [req-1035b2e9-1223-4baa-b04c-2f8c3c70f7cc req-1054c4a1-fa4e-429a-85f4-46ccaeaaa463 None None] Starting request: 10.222.0.37 "GET /placement/allocation_candidates?limit=1000&resources=DISK_GB%3A1%2CMEMORY_MB%3A1024%2CVCPU%3A1&root_required=%21COMPUTE_STATUS_DISABLED" {{(pid=88202) __call__ /opt/stack/placement/placement/requestlog.py:55}}
Dec 20 16:12:48.146759 n-d-wallaby-1 devstack@placement-api.service[88202]: DEBUG placement.objects.research_context [req-1035b2e9-1223-4baa-b04c-2f8c3c70f7cc req-1054c4a1-fa4e-429a-85f4-46ccaeaaa463 service placement] getting providers with 1 DISK_GB {{(pid=88202) __init__ /opt/stack/placement/placement/objects/research_context.py:126}}
Dec 20 16:12:48.172783 n-d-wallaby-1 devstack@placement-api.service[88202]: DEBUG placement.objects.research_context [req-1035b2e9-1223-4baa-b04c-2f8c3c70f7cc req-1054c4a1-fa4e-429a-85f4-46ccaeaaa463 service placement] getting providers with 1024 MEMORY_MB {{(pid=88202) __init__ /opt/stack/placement/placement/objects/research_context.py:126}}
Dec 20 16:12:48.194592 n-d-wallaby-1 devstack@placement-api.service[88202]: DEBUG placement.objects.research_context [req-1035b2e9-1223-4baa-b04c-2f8c3c70f7cc req-1054c4a1-fa4e-429a-85f4-46ccaeaaa463 service placement] getting providers with 1 VCPU {{(pid=88202) __init__ /opt/stack/placement/placement/objects/research_context.py:126}}
Dec 20 16:12:48.206021 n-d-wallaby-1 devstack@placement-api.service[88202]: DEBUG placement.objects.research_context [req-1035b2e9-1223-4baa-b04c-2f8c3c70f7cc req-1054c4a1-fa4e-429a-85f4-46ccaeaaa463 service placement] found 2 providers with available 1 DISK_GB {{(pid=88202) get_provider_ids_matching /opt/stack/placement/placement/objects/research_context.py:549}}
Dec 20 16:12:48.206403 n-d-wallaby-1 devstack@placement-api.service[88202]: DEBUG placement.objects.research_context [req-1035b2e9-1223-4baa-b04c-2f8c3c70f7cc req-1054c4a1-fa4e-429a-85f4-46ccaeaaa463 service placement] found 2 providers with available 1024 MEMORY_MB {{(pid=88202) get_provider_ids_matching /opt/stack/placement/placement/objects/research_context.py:549}}
Dec 20 16:12:48.206947 n-d-wallaby-1 devstack@placement-api.service[88202]: DEBUG placement.objects.research_context [req-1035b2e9-1223-4baa-b04c-2f8c3c70f7cc req-1054c4a1-fa4e-429a-85f4-46ccaeaaa463 service placement] found 2 providers after filtering by previous result {{(pid=88202) get_provider_ids_matching /opt/stack/placement/placement/objects/research_context.py:580}}
Dec 20 16:12:48.208234 n-d-wallaby-1 devstack@placement-api.service[88202]: DEBUG placement.objects.research_context [req-1035b2e9-1223-4baa-b04c-2f8c3c70f7cc req-1054c4a1-fa4e-429a-85f4-46ccaeaaa463 service placement] found 2 providers with available 1 VCPU {{(pid=88202) get_provider_ids_matching /opt/stack/placement/placement/objects/research_context.py:549}}
Dec 20 16:12:48.208626 n-d-wallaby-1 devstack@placement-api.service[88202]: DEBUG placement.objects.research_context [req-1035b2e9-1223-4baa-b04c-2f8c3c70f7cc req-1054c4a1-fa4e-429a-85f4-46ccaeaaa463 service placement] found 2 providers after filtering by previous result {{(pid=88202) get_provider_ids_matching /opt/stack/placement/placement/objects/research_context.py:580}}
Dec 20 16:12:48.238183 n-d-wallaby-1 devstack@placement-api.service[88202]: DEBUG placement.objects.allocation_candidate [req-1035b2e9-1223-4baa-b04c-2f8c3c70f7cc req-1054c4a1-fa4e-429a-85f4-46ccaeaaa463 service placement] RequestGroup(use_same_provider=False, resources={DISK_GB:1, MEMORY_MB:1024, VCPU:1}, traits=[], aggregates=[]) (suffix '') returned 2 matches {{(pid=88202) _get_by_requests /opt/stack/placement/placement/objects/allocation_candidate.py:145}}
Dec 20 16:12:48.239743 n-d-wallaby-1 devstack@placement-api.service[88202]: DEBUG placement.objects.allocation_candidate [req-1035b2e9-1223-4baa-b04c-2f8c3c70f7cc req-1054c4a1-fa4e-429a-85f4-46ccaeaaa463 service placement] Merging candidates yields 2 allocation requests and 2 provider summaries {{(pid=88202) _merge_candidates /opt/stack/placement/placement/objects/allocation_candidate.py:783}}
Dec 20 16:12:48.243716 n-d-wallaby-1 devstack@placement-api.service[88202]: INFO placement.requestlog [req-1035b2e9-1223-4baa-b04c-2f8c3c70f7cc req-1054c4a1-fa4e-429a-85f4-46ccaeaaa463 service placement] 10.222.0.37 "GET /placement/allocation_candidates?limit=1000&resources=DISK_GB%3A1%2CMEMORY_MB%3A1024%2CVCPU%3A1&root_required=%21COMPUTE_STATUS_DISABLED" status: 200 len: 1309 microversion: 1.35
Dec 20 16:12:48.244629 n-d-wallaby-1 devstack@placement-api.service[88202]: [pid: 88202|app: 0|req: 41/84] 10.222.0.37 () {60 vars in 1506 bytes} [Mon Dec 20 16:12:48 2021] GET /placement/allocation_candidates?limit=1000&resources=DISK_GB%3A1%2CMEMORY_MB%3A1024%2CVCPU%3A1&root_required=%21COMPUTE_STATUS_DISABLED => generated 1309 bytes in 157 msecs (HTTP/1.1 200) 8 headers in 297 bytes (1 switches on core 0)
Dec 20 16:12:48.361631 n-d-wallaby-1 devstack@placement-api.service[88203]: DEBUG placement.requestlog [req-1035b2e9-1223-4baa-b04c-2f8c3c70f7cc req-94a2fe28-3ea4-479f-9808-bef8b7a44133 None None] Starting request: 10.222.0.37 "GET /placement/allocations/b648bffe-653b-4eeb-a847-9b006bcfebfe" {{(pid=88203) __call__ /opt/stack/placement/placement/requestlog.py:55}}
Dec 20 16:12:48.377516 n-d-wallaby-1 devstack@placement-api.service[88203]: INFO placement.requestlog [req-1035b2e9-1223-4baa-b04c-2f8c3c70f7cc req-94a2fe28-3ea4-479f-9808-bef8b7a44133 service placement] 10.222.0.37 "GET /placement/allocations/b648bffe-653b-4eeb-a847-9b006bcfebfe" status: 200 len: 19 microversion: 1.28
Dec 20 16:12:48.384596 n-d-wallaby-1 devstack@placement-api.service[88202]: DEBUG placement.requestlog [req-1035b2e9-1223-4baa-b04c-2f8c3c70f7cc req-e1cff340-75b8-48d8-b37a-2d6536ca0a5f None None] Starting request: 10.222.0.37 "PUT /placement/allocations/b648bffe-653b-4eeb-a847-9b006bcfebfe" {{(pid=88202) __call__ /opt/stack/placement/placement/requestlog.py:55}}
Dec 20 16:12:48.395424 n-d-wallaby-1 devstack@placement-api.service[88203]: [pid: 88203|app: 0|req: 44/85] 10.222.0.37 () {60 vars in 1380 bytes} [Mon Dec 20 16:12:48 2021] GET /placement/allocations/b648bffe-653b-4eeb-a847-9b006bcfebfe => generated 19 bytes in 34 msecs (HTTP/1.1 200) 8 headers in 295 bytes (2 switches on core 0)
Dec 20 16:12:48.467366 n-d-wallaby-1 devstack@placement-api.service[88202]: DEBUG placement.handlers.allocation [req-1035b2e9-1223-4baa-b04c-2f8c3c70f7cc req-e1cff340-75b8-48d8-b37a-2d6536ca0a5f service placement] Successfully wrote allocations [, , ] {{(pid=88202) _create_allocations /opt/stack/placement/placement/handlers/allocation.py:435}}
Dec 20 16:12:48.468050 n-d-wallaby-1 devstack@placement-api.service[88202]: INFO placement.requestlog [req-1035b2e9-1223-4baa-b04c-2f8c3c70f7cc req-e1cff340-75b8-48d8-b37a-2d6536ca0a5f service placement] 10.222.0.37 "PUT /placement/allocations/b648bffe-653b-4eeb-a847-9b006bcfebfe" status: 204 len: 0 microversion: 1.35
Dec 20 16:12:48.468723 n-d-wallaby-1 devstack@placement-api.service[88202]: [pid: 88202|app: 0|req: 42/86] 10.222.0.37 () {64 vars in 1433 bytes} [Mon Dec 20 16:12:48 2021] PUT /placement/allocations/b648bffe-653b-4eeb-a847-9b006bcfebfe => generated 0 bytes in 84 msecs (HTTP/1.1 204) 5 headers in 199 bytes (1 switches on core 0)
Dec 20 16:12:49.178620 n-d-wallaby-1 devstack@placement-api.service[88203]: DEBUG placement.requestlog [req-1035b2e9-1223-4baa-b04c-2f8c3c70f7cc req-87a76e28-55a5-4636-9218-f15db0f9f42d None None] Starting request: 10.222.0.49 "GET /placement/allocations/b648bffe-653b-4eeb-a847-9b006bcfebfe" {{(pid=88203) __call__ /opt/stack/placement/placement/requestlog.py:55}}
Dec 20 16:12:49.206333 n-d-wallaby-1 devstack@placement-api.service[88203]: INFO placement.requestlog [req-1035b2e9-1223-4baa-b04c-2f8c3c70f7cc req-87a76e28-55a5-4636-9218-f15db0f9f42d service placement] 10.222.0.49 "GET /placement/allocations/b648bffe-653b-4eeb-a847-9b006bcfebfe" status: 200 len: 259 microversion: 1.28
Dec 20 16:12:49.210258 n-d-wallaby-1 devstack@placement-api.service[88203]: [pid: 88203|app: 0|req: 45/87] 10.222.0.49 () {60 vars in 1377 bytes} [Mon Dec 20 16:12:49 2021] GET /placement/allocations/b648bffe-653b-4eeb-a847-9b006bcfebfe => generated 259 bytes in 32 msecs (HTTP/1.1 200) 8 headers in 296 bytes (1 switches on core 0)
Dec 20 16:12:51.407277 n-d-wallaby-1 devstack@placement-api.service[88202]: DEBUG placement.requestlog [req-b61bc048-e4e7-4dc3-97ec-3522e0c65abd req-93e44322-cbbd-4003-8501-9f7971cf7887 None None] Starting request: 10.222.0.37 "GET /placement/resource_providers?name=n-h2-wallaby-1" {{(pid=88202) __call__ /opt/stack/placement/placement/requestlog.py:55}}
Dec 20 16:12:51.422674 n-d-wallaby-1 devstack@placement-api.service[88202]: INFO placement.requestlog [req-b61bc048-e4e7-4dc3-97ec-3522e0c65abd req-93e44322-cbbd-4003-8501-9f7971cf7887 service placement] 10.222.0.37 "GET /placement/resource_providers?name=n-h2-wallaby-1" status: 200 len: 442 microversion: 1.0
Dec 20 16:12:51.423428 n-d-wallaby-1 devstack@placement-api.service[88202]: [pid: 88202|app: 0|req: 43/88] 10.222.0.37 () {58 vars in 1276 bytes} [Mon Dec 20 16:12:51 2021] GET /placement/resource_providers?name=n-h2-wallaby-1 => generated 442 bytes in 17 msecs (HTTP/1.1 200) 6 headers in 224 bytes (1 switches on core 0)
Dec 20 16:12:51.430947 n-d-wallaby-1 devstack@placement-api.service[88203]: DEBUG placement.requestlog [req-b61bc048-e4e7-4dc3-97ec-3522e0c65abd req-5d58903a-b9d4-497c-a9e4-3dd85a60d6d3 None None] Starting request: 10.222.0.37 "GET /placement/resource_providers/bdff059b-23d3-42d0-8ed0-b99284bd2ee0/aggregates" {{(pid=88203) __call__ /opt/stack/placement/placement/requestlog.py:55}}
Dec 20 16:12:51.445949 n-d-wallaby-1 devstack@placement-api.service[88203]: INFO placement.requestlog [req-b61bc048-e4e7-4dc3-97ec-3522e0c65abd req-5d58903a-b9d4-497c-a9e4-3dd85a60d6d3 service placement] 10.222.0.37 "GET /placement/resource_providers/bdff059b-23d3-42d0-8ed0-b99284bd2ee0/aggregates" status: 200 len: 54 microversion: 1.19
Dec 20 16:12:51.446879 n-d-wallaby-1 devstack@placement-api.service[88203]: [pid: 88203|app: 0|req: 46/89] 10.222.0.37 () {60 vars in 1425 bytes} [Mon Dec 20 16:12:51 2021] GET /placement/resource_providers/bdff059b-23d3-42d0-8ed0-b99284bd2ee0/aggregates => generated 54 bytes in 16 msecs (HTTP/1.1 200) 8 headers in 295 bytes (2 switches on core 0)
Dec 20 16:12:51.453169 n-d-wallaby-1 devstack@placement-api.service[88202]: DEBUG placement.requestlog [req-b61bc048-e4e7-4dc3-97ec-3522e0c65abd req-634f8032-1075-44ed-bc50-57d16f14ec09 None None] Starting request: 10.222.0.37 "PUT /placement/resource_providers/bdff059b-23d3-42d0-8ed0-b99284bd2ee0/aggregates" {{(pid=88202) __call__ /opt/stack/placement/placement/requestlog.py:55}}
Dec 20 16:12:51.472230 n-d-wallaby-1 devstack@placement-api.service[88202]: DEBUG placement.objects.resource_provider [req-b61bc048-e4e7-4dc3-97ec-3522e0c65abd req-634f8032-1075-44ed-bc50-57d16f14ec09 service placement] _ensure_aggregate() did not find aggregate 685e2665-2d37-4358-abe9-ac267cf606be. Attempting to create it. {{(pid=88202) _ensure_aggregate /opt/stack/placement/placement/objects/resource_provider.py:319}}
Dec 20 16:12:51.473519 n-d-wallaby-1 devstack@placement-api.service[88202]: DEBUG placement.objects.resource_provider [req-b61bc048-e4e7-4dc3-97ec-3522e0c65abd req-634f8032-1075-44ed-bc50-57d16f14ec09 service placement] _ensure_aggregate() created new aggregate 685e2665-2d37-4358-abe9-ac267cf606be (id=6). {{(pid=88202) _ensure_aggregate /opt/stack/placement/placement/objects/resource_provider.py:325}}
Dec 20 16:12:51.475713 n-d-wallaby-1 devstack@placement-api.service[88202]: DEBUG placement.objects.resource_provider [req-b61bc048-e4e7-4dc3-97ec-3522e0c65abd req-634f8032-1075-44ed-bc50-57d16f14ec09 service placement] Setting aggregates for provider bdff059b-23d3-42d0-8ed0-b99284bd2ee0. Successfully associated aggregate 685e2665-2d37-4358-abe9-ac267cf606be. {{(pid=88202) _set_aggregates /opt/stack/placement/placement/objects/resource_provider.py:387}}
Dec 20 16:12:51.482523 n-d-wallaby-1 devstack@placement-api.service[88202]: INFO placement.requestlog [req-b61bc048-e4e7-4dc3-97ec-3522e0c65abd req-634f8032-1075-44ed-bc50-57d16f14ec09 service placement] 10.222.0.37 "PUT /placement/resource_providers/bdff059b-23d3-42d0-8ed0-b99284bd2ee0/aggregates" status: 200 len: 92 microversion: 1.19
Dec 20 16:12:51.483345 n-d-wallaby-1 devstack@placement-api.service[88202]: [pid: 88202|app: 0|req: 44/90] 10.222.0.37 () {64 vars in 1477 bytes} [Mon Dec 20 16:12:51 2021] PUT /placement/resource_providers/bdff059b-23d3-42d0-8ed0-b99284bd2ee0/aggregates => generated 92 bytes in 30 msecs (HTTP/1.1 200) 8 headers in 295 bytes (1 switches on core 0)
Dec 20 16:12:51.660410 n-d-wallaby-1 devstack@placement-api.service[88203]: DEBUG placement.requestlog [req-c7b329f5-e0b6-4ed3-8238-a2d0019269cf req-6157db6a-e9aa-4e8d-bdc7-c8f24aa54ae8 None None] Starting request: 10.222.0.37 "GET /placement/resource_providers?name=n-h2-wallaby-1" {{(pid=88203) __call__ /opt/stack/placement/placement/requestlog.py:55}}
Dec 20 16:12:51.689151 n-d-wallaby-1 devstack@placement-api.service[88203]: INFO placement.requestlog [req-c7b329f5-e0b6-4ed3-8238-a2d0019269cf req-6157db6a-e9aa-4e8d-bdc7-c8f24aa54ae8 service placement] 10.222.0.37 "GET /placement/resource_providers?name=n-h2-wallaby-1" status: 200 len: 442 microversion: 1.0
Dec 20 16:12:51.689386 n-d-wallaby-1 devstack@placement-api.service[88203]: [pid: 88203|app: 0|req: 47/91] 10.222.0.37 () {58 vars in 1276 bytes} [Mon Dec 20 16:12:51 2021] GET /placement/resource_providers?name=n-h2-wallaby-1 => generated 442 bytes in 29 msecs (HTTP/1.1 200) 6 headers in 224 bytes (1 switches on core 0)
Dec 20 16:12:51.696478 n-d-wallaby-1 devstack@placement-api.service[88202]: DEBUG placement.requestlog [req-c7b329f5-e0b6-4ed3-8238-a2d0019269cf req-d10b576b-3e17-40e0-9ff5-f52b3a0c53fa None None] Starting request: 10.222.0.37 "GET /placement/resource_providers/bdff059b-23d3-42d0-8ed0-b99284bd2ee0/aggregates" {{(pid=88202) __call__ /opt/stack/placement/placement/requestlog.py:55}}
Dec 20 16:12:51.721911 n-d-wallaby-1 devstack@placement-api.service[88202]: INFO placement.requestlog [req-c7b329f5-e0b6-4ed3-8238-a2d0019269cf req-d10b576b-3e17-40e0-9ff5-f52b3a0c53fa service placement] 10.222.0.37 "GET /placement/resource_providers/bdff059b-23d3-42d0-8ed0-b99284bd2ee0/aggregates" status: 200 len: 92 microversion: 1.19
Dec 20 16:12:51.722451 n-d-wallaby-1 devstack@placement-api.service[88202]: [pid: 88202|app: 0|req: 45/92] 10.222.0.37 () {60 vars in 1425 bytes} [Mon Dec 20 16:12:51 2021] GET /placement/resource_providers/bdff059b-23d3-42d0-8ed0-b99284bd2ee0/aggregates => generated 92 bytes in 26 msecs (HTTP/1.1 200) 8 headers in 295 bytes (1 switches on core 0)
Dec 20 16:12:51.728867 n-d-wallaby-1 devstack@placement-api.service[88203]: DEBUG placement.requestlog [req-c7b329f5-e0b6-4ed3-8238-a2d0019269cf req-095b8d4b-b5c8-4862-8d6f-7d507eb541d8 None None] Starting request: 10.222.0.37 "PUT /placement/resource_providers/bdff059b-23d3-42d0-8ed0-b99284bd2ee0/aggregates" {{(pid=88203) __call__ /opt/stack/placement/placement/requestlog.py:55}}
Dec 20 16:12:51.755400 n-d-wallaby-1 devstack@placement-api.service[88203]: DEBUG placement.objects.resource_provider [req-c7b329f5-e0b6-4ed3-8238-a2d0019269cf req-095b8d4b-b5c8-4862-8d6f-7d507eb541d8 service placement] Setting aggregates for provider bdff059b-23d3-42d0-8ed0-b99284bd2ee0. Successfully disassociated aggregate 685e2665-2d37-4358-abe9-ac267cf606be. {{(pid=88203) _set_aggregates /opt/stack/placement/placement/objects/resource_provider.py:402}}
Dec 20 16:12:51.762219 n-d-wallaby-1 devstack@placement-api.service[88203]: INFO placement.requestlog [req-c7b329f5-e0b6-4ed3-8238-a2d0019269cf req-095b8d4b-b5c8-4862-8d6f-7d507eb541d8 service placement] 10.222.0.37 "PUT /placement/resource_providers/bdff059b-23d3-42d0-8ed0-b99284bd2ee0/aggregates" status: 200 len: 54 microversion: 1.19
Dec 20 16:12:51.773499 n-d-wallaby-1 devstack@placement-api.service[88203]: [pid: 88203|app: 0|req: 48/93] 10.222.0.37 () {64 vars in 1477 bytes} [Mon Dec 20 16:12:51 2021] PUT /placement/resource_providers/bdff059b-23d3-42d0-8ed0-b99284bd2ee0/aggregates => generated 54 bytes in 45 msecs (HTTP/1.1 200) 8 headers in 295 bytes (1 switches on core 0)
Dec 20 16:12:54.399904 n-d-wallaby-1 devstack@placement-api.service[88202]: DEBUG placement.requestlog [req-acb33ae1-16bd-4315-b726-f88d4640fc6b req-36cf3460-df44-4cc1-82ef-62b27e732d9f None None] Starting request: 10.222.0.49 "GET /placement/allocations/ab7d24f9-edf2-44a4-af48-e311df9bd00a" {{(pid=88202) __call__ /opt/stack/placement/placement/requestlog.py:55}}
