Dec 20 11:34:06.431966 n-d-victoria-1 devstack@placement-api.service[84042]: [pid: 84042|app: 0|req: 96/188] 10.222.0.53 () {60 vars in 1377 bytes} [Mon Dec 20 11:34:06 2021] GET /placement/allocations/4a7a21c6-e77f-4f4c-a361-c2209296b6b0 => generated 259 bytes in 18 msecs (HTTP/1.1 200) 8 headers in 296 bytes (1 switches on core 0)
Dec 20 11:34:06.515178 n-d-victoria-1 devstack@placement-api.service[84041]: DEBUG placement.requestlog [req-fa4a3fa1-5a63-4f7a-8fd9-2dd09c7f9d96 req-2296a8d3-7e2a-4a6d-878c-122e09bec50a None None] Starting request: 10.222.0.53 "GET /placement/allocations/04fccf77-e0d3-4988-b6db-923064bc7e1f" {{(pid=84041) __call__ /opt/stack/placement/placement/requestlog.py:55}}
Dec 20 11:34:06.541666 n-d-victoria-1 devstack@placement-api.service[84041]: INFO placement.requestlog [req-fa4a3fa1-5a63-4f7a-8fd9-2dd09c7f9d96 req-2296a8d3-7e2a-4a6d-878c-122e09bec50a service placement] 10.222.0.53 "GET /placement/allocations/04fccf77-e0d3-4988-b6db-923064bc7e1f" status: 200 len: 259 microversion: 1.28
Dec 20 11:34:06.543245 n-d-victoria-1 devstack@placement-api.service[84041]: [pid: 84041|app: 0|req: 93/189] 10.222.0.53 () {60 vars in 1377 bytes} [Mon Dec 20 11:34:06 2021] GET /placement/allocations/04fccf77-e0d3-4988-b6db-923064bc7e1f => generated 259 bytes in 28 msecs (HTTP/1.1 200) 8 headers in 296 bytes (1 switches on core 0)
Dec 20 11:34:09.120992 n-d-victoria-1 devstack@placement-api.service[84042]: DEBUG placement.requestlog [req-be15ce83-af39-40a0-ae33-ece342208406 req-a93b0ad3-8f37-4a9e-833f-fe2d5f40eba4 None None] Starting request: 10.222.0.32 "GET /placement/allocation_candidates?limit=1000&resources=DISK_GB%3A1%2CMEMORY_MB%3A1024%2CVCPU%3A1&root_required=%21COMPUTE_STATUS_DISABLED" {{(pid=84042) __call__ /opt/stack/placement/placement/requestlog.py:55}}
Dec 20 11:34:09.208933 n-d-victoria-1 devstack@placement-api.service[84042]: DEBUG placement.objects.research_context [req-be15ce83-af39-40a0-ae33-ece342208406 req-a93b0ad3-8f37-4a9e-833f-fe2d5f40eba4 service placement] getting providers with 1 DISK_GB {{(pid=84042) __init__ /opt/stack/placement/placement/objects/research_context.py:126}}
Dec 20 11:34:09.214577 n-d-victoria-1 devstack@placement-api.service[84042]: DEBUG placement.objects.research_context [req-be15ce83-af39-40a0-ae33-ece342208406 req-a93b0ad3-8f37-4a9e-833f-fe2d5f40eba4 service placement] getting providers with 1024 MEMORY_MB {{(pid=84042) __init__ /opt/stack/placement/placement/objects/research_context.py:126}}
Dec 20 11:34:09.221075 n-d-victoria-1 devstack@placement-api.service[84042]: DEBUG placement.objects.research_context [req-be15ce83-af39-40a0-ae33-ece342208406 req-a93b0ad3-8f37-4a9e-833f-fe2d5f40eba4 service placement] getting providers with 1 VCPU {{(pid=84042) __init__ /opt/stack/placement/placement/objects/research_context.py:126}}
Dec 20 11:34:09.226614 n-d-victoria-1 devstack@placement-api.service[84042]: DEBUG placement.objects.research_context [req-be15ce83-af39-40a0-ae33-ece342208406 req-a93b0ad3-8f37-4a9e-833f-fe2d5f40eba4 service placement] found 2 providers with available 1 DISK_GB {{(pid=84042) get_provider_ids_matching /opt/stack/placement/placement/objects/research_context.py:549}}
Dec 20 11:34:09.227087 n-d-victoria-1 devstack@placement-api.service[84042]: DEBUG placement.objects.research_context [req-be15ce83-af39-40a0-ae33-ece342208406 req-a93b0ad3-8f37-4a9e-833f-fe2d5f40eba4 service placement] found 2 providers with available 1024 MEMORY_MB {{(pid=84042) get_provider_ids_matching /opt/stack/placement/placement/objects/research_context.py:549}}
Dec 20 11:34:09.227365 n-d-victoria-1 devstack@placement-api.service[84042]: DEBUG placement.objects.research_context [req-be15ce83-af39-40a0-ae33-ece342208406 req-a93b0ad3-8f37-4a9e-833f-fe2d5f40eba4 service placement] found 2 providers after filtering by previous result {{(pid=84042) get_provider_ids_matching /opt/stack/placement/placement/objects/research_context.py:580}}
Dec 20 11:34:09.227674 n-d-victoria-1 devstack@placement-api.service[84042]: DEBUG placement.objects.research_context [req-be15ce83-af39-40a0-ae33-ece342208406 req-a93b0ad3-8f37-4a9e-833f-fe2d5f40eba4 service placement] found 2 providers with available 1 VCPU {{(pid=84042) get_provider_ids_matching /opt/stack/placement/placement/objects/research_context.py:549}}
Dec 20 11:34:09.227933 n-d-victoria-1 devstack@placement-api.service[84042]: DEBUG placement.objects.research_context [req-be15ce83-af39-40a0-ae33-ece342208406 req-a93b0ad3-8f37-4a9e-833f-fe2d5f40eba4 service placement] found 2 providers after filtering by previous result {{(pid=84042) get_provider_ids_matching /opt/stack/placement/placement/objects/research_context.py:580}}
Dec 20 11:34:09.240424 n-d-victoria-1 devstack@placement-api.service[84042]: DEBUG placement.objects.allocation_candidate [req-be15ce83-af39-40a0-ae33-ece342208406 req-a93b0ad3-8f37-4a9e-833f-fe2d5f40eba4 service placement] RequestGroup(use_same_provider=False, resources={DISK_GB:1, MEMORY_MB:1024, VCPU:1}, traits=[], aggregates=[]) (suffix '') returned 2 matches {{(pid=84042) _get_by_requests /opt/stack/placement/placement/objects/allocation_candidate.py:145}}
Dec 20 11:34:09.241447 n-d-victoria-1 devstack@placement-api.service[84042]: DEBUG placement.objects.allocation_candidate [req-be15ce83-af39-40a0-ae33-ece342208406 req-a93b0ad3-8f37-4a9e-833f-fe2d5f40eba4 service placement] Merging candidates yields 2 allocation requests and 2 provider summaries {{(pid=84042) _merge_candidates /opt/stack/placement/placement/objects/allocation_candidate.py:783}}
Dec 20 11:34:09.243273 n-d-victoria-1 devstack@placement-api.service[84042]: INFO placement.requestlog [req-be15ce83-af39-40a0-ae33-ece342208406 req-a93b0ad3-8f37-4a9e-833f-fe2d5f40eba4 service placement] 10.222.0.32 "GET /placement/allocation_candidates?limit=1000&resources=DISK_GB%3A1%2CMEMORY_MB%3A1024%2CVCPU%3A1&root_required=%21COMPUTE_STATUS_DISABLED" status: 200 len: 1235 microversion: 1.35
Dec 20 11:34:09.243968 n-d-victoria-1 devstack@placement-api.service[84042]: [pid: 84042|app: 0|req: 97/190] 10.222.0.32 () {60 vars in 1506 bytes} [Mon Dec 20 11:34:09 2021] GET /placement/allocation_candidates?limit=1000&resources=DISK_GB%3A1%2CMEMORY_MB%3A1024%2CVCPU%3A1&root_required=%21COMPUTE_STATUS_DISABLED => generated 1235 bytes in 123 msecs (HTTP/1.1 200) 8 headers in 297 bytes (1 switches on core 0)
Dec 20 11:34:09.306521 n-d-victoria-1 devstack@placement-api.service[84041]: DEBUG placement.requestlog [req-be15ce83-af39-40a0-ae33-ece342208406 req-8ba45ef6-7793-4f9d-852e-5e55d15880dd None None] Starting request: 10.222.0.32 "GET /placement/allocations/e9d33add-76ba-45ab-ae54-9cdff85cb962" {{(pid=84041) __call__ /opt/stack/placement/placement/requestlog.py:55}}
Dec 20 11:34:09.319605 n-d-victoria-1 devstack@placement-api.service[84041]: INFO placement.requestlog [req-be15ce83-af39-40a0-ae33-ece342208406 req-8ba45ef6-7793-4f9d-852e-5e55d15880dd service placement] 10.222.0.32 "GET /placement/allocations/e9d33add-76ba-45ab-ae54-9cdff85cb962" status: 200 len: 19 microversion: 1.28
Dec 20 11:34:09.323865 n-d-victoria-1 devstack@placement-api.service[84041]: [pid: 84041|app: 0|req: 94/191] 10.222.0.32 () {60 vars in 1380 bytes} [Mon Dec 20 11:34:09 2021] GET /placement/allocations/e9d33add-76ba-45ab-ae54-9cdff85cb962 => generated 19 bytes in 17 msecs (HTTP/1.1 200) 8 headers in 295 bytes (1 switches on core 0)
Dec 20 11:34:09.327230 n-d-victoria-1 devstack@placement-api.service[84042]: DEBUG placement.requestlog [req-be15ce83-af39-40a0-ae33-ece342208406 req-f805eb75-e632-4b6d-b8ef-33275ef9f93e None None] Starting request: 10.222.0.32 "PUT /placement/allocations/e9d33add-76ba-45ab-ae54-9cdff85cb962" {{(pid=84042) __call__ /opt/stack/placement/placement/requestlog.py:55}}
Dec 20 11:34:09.385952 n-d-victoria-1 devstack@placement-api.service[84042]: DEBUG placement.handlers.allocation [req-be15ce83-af39-40a0-ae33-ece342208406 req-f805eb75-e632-4b6d-b8ef-33275ef9f93e service placement] Successfully wrote allocations [, , ] {{(pid=84042) _create_allocations /opt/stack/placement/placement/handlers/allocation.py:435}}
Dec 20 11:34:09.386639 n-d-victoria-1 devstack@placement-api.service[84042]: INFO placement.requestlog [req-be15ce83-af39-40a0-ae33-ece342208406 req-f805eb75-e632-4b6d-b8ef-33275ef9f93e service placement] 10.222.0.32 "PUT /placement/allocations/e9d33add-76ba-45ab-ae54-9cdff85cb962" status: 204 len: 0 microversion: 1.35
Dec 20 11:34:09.393093 n-d-victoria-1 devstack@placement-api.service[84042]: [pid: 84042|app: 0|req: 98/192] 10.222.0.32 () {64 vars in 1433 bytes} [Mon Dec 20 11:34:09 2021] PUT /placement/allocations/e9d33add-76ba-45ab-ae54-9cdff85cb962 => generated 0 bytes in 60 msecs (HTTP/1.1 204) 5 headers in 199 bytes (1 switches on core 0)
Dec 20 11:34:09.796762 n-d-victoria-1 devstack@placement-api.service[84041]: DEBUG placement.requestlog [req-be15ce83-af39-40a0-ae33-ece342208406 req-3087b663-c198-4599-b214-b789263d9fd5 None None] Starting request: 10.222.0.16 "GET /placement/allocations/e9d33add-76ba-45ab-ae54-9cdff85cb962" {{(pid=84041) __call__ /opt/stack/placement/placement/requestlog.py:55}}
Dec 20 11:34:09.812487 n-d-victoria-1 devstack@placement-api.service[84041]: INFO placement.requestlog [req-be15ce83-af39-40a0-ae33-ece342208406 req-3087b663-c198-4599-b214-b789263d9fd5 service placement] 10.222.0.16 "GET /placement/allocations/e9d33add-76ba-45ab-ae54-9cdff85cb962" status: 200 len: 259 microversion: 1.28
Dec 20 11:34:09.812738 n-d-victoria-1 devstack@placement-api.service[84041]: [pid: 84041|app: 0|req: 95/193] 10.222.0.16 () {60 vars in 1377 bytes} [Mon Dec 20 11:34:09 2021] GET /placement/allocations/e9d33add-76ba-45ab-ae54-9cdff85cb962 => generated 259 bytes in 16 msecs (HTTP/1.1 200) 8 headers in 296 bytes (2 switches on core 0)
Dec 20 11:34:18.596021 n-d-victoria-1 devstack@placement-api.service[84042]: DEBUG placement.requestlog [req-c2cb6bdb-1e28-42f5-8dad-2e912089272e req-4e342788-f81b-4e54-81b9-d52327f603b3 None None] Starting request: 10.222.0.32 "GET /placement/allocation_candidates?limit=1000&resources=DISK_GB%3A2%2CMEMORY_MB%3A1024%2CVCPU%3A1&root_required=%21COMPUTE_STATUS_DISABLED" {{(pid=84042) __call__ /opt/stack/placement/placement/requestlog.py:55}}
Dec 20 11:34:18.632602 n-d-victoria-1 devstack@placement-api.service[84042]: DEBUG placement.objects.research_context [req-c2cb6bdb-1e28-42f5-8dad-2e912089272e req-4e342788-f81b-4e54-81b9-d52327f603b3 service placement] getting providers with 2 DISK_GB {{(pid=84042) __init__ /opt/stack/placement/placement/objects/research_context.py:126}}
Dec 20 11:34:18.648920 n-d-victoria-1 devstack@placement-api.service[84042]: DEBUG placement.objects.research_context [req-c2cb6bdb-1e28-42f5-8dad-2e912089272e req-4e342788-f81b-4e54-81b9-d52327f603b3 service placement] getting providers with 1024 MEMORY_MB {{(pid=84042) __init__ /opt/stack/placement/placement/objects/research_context.py:126}}
Dec 20 11:34:18.671203 n-d-victoria-1 devstack@placement-api.service[84042]: DEBUG placement.objects.research_context [req-c2cb6bdb-1e28-42f5-8dad-2e912089272e req-4e342788-f81b-4e54-81b9-d52327f603b3 service placement] getting providers with 1 VCPU {{(pid=84042) __init__ /opt/stack/placement/placement/objects/research_context.py:126}}
Dec 20 11:34:18.688204 n-d-victoria-1 devstack@placement-api.service[84042]: DEBUG placement.objects.research_context [req-c2cb6bdb-1e28-42f5-8dad-2e912089272e req-4e342788-f81b-4e54-81b9-d52327f603b3 service placement] found 2 providers with available 2 DISK_GB {{(pid=84042) get_provider_ids_matching /opt/stack/placement/placement/objects/research_context.py:549}}
Dec 20 11:34:18.688476 n-d-victoria-1 devstack@placement-api.service[84042]: DEBUG placement.objects.research_context [req-c2cb6bdb-1e28-42f5-8dad-2e912089272e req-4e342788-f81b-4e54-81b9-d52327f603b3 service placement] found 2 providers with available 1024 MEMORY_MB {{(pid=84042) get_provider_ids_matching /opt/stack/placement/placement/objects/research_context.py:549}}
Dec 20 11:34:18.690622 n-d-victoria-1 devstack@placement-api.service[84042]: DEBUG placement.objects.research_context [req-c2cb6bdb-1e28-42f5-8dad-2e912089272e req-4e342788-f81b-4e54-81b9-d52327f603b3 service placement] found 2 providers after filtering by previous result {{(pid=84042) get_provider_ids_matching /opt/stack/placement/placement/objects/research_context.py:580}}
Dec 20 11:34:18.693787 n-d-victoria-1 devstack@placement-api.service[84042]: DEBUG placement.objects.research_context [req-c2cb6bdb-1e28-42f5-8dad-2e912089272e req-4e342788-f81b-4e54-81b9-d52327f603b3 service placement] found 2 providers with available 1 VCPU {{(pid=84042) get_provider_ids_matching /opt/stack/placement/placement/objects/research_context.py:549}}
Dec 20 11:34:18.694258 n-d-victoria-1 devstack@placement-api.service[84042]: DEBUG placement.objects.research_context [req-c2cb6bdb-1e28-42f5-8dad-2e912089272e req-4e342788-f81b-4e54-81b9-d52327f603b3 service placement] found 2 providers after filtering by previous result {{(pid=84042) get_provider_ids_matching /opt/stack/placement/placement/objects/research_context.py:580}}
Dec 20 11:34:18.731014 n-d-victoria-1 devstack@placement-api.service[84042]: DEBUG placement.objects.allocation_candidate [req-c2cb6bdb-1e28-42f5-8dad-2e912089272e req-4e342788-f81b-4e54-81b9-d52327f603b3 service placement] RequestGroup(use_same_provider=False, resources={DISK_GB:2, MEMORY_MB:1024, VCPU:1}, traits=[], aggregates=[]) (suffix '') returned 2 matches {{(pid=84042) _get_by_requests /opt/stack/placement/placement/objects/allocation_candidate.py:145}}
Dec 20 11:34:18.731673 n-d-victoria-1 devstack@placement-api.service[84042]: DEBUG placement.objects.allocation_candidate [req-c2cb6bdb-1e28-42f5-8dad-2e912089272e req-4e342788-f81b-4e54-81b9-d52327f603b3 service placement] Merging candidates yields 2 allocation requests and 2 provider summaries {{(pid=84042) _merge_candidates /opt/stack/placement/placement/objects/allocation_candidate.py:783}}
Dec 20 11:34:18.733468 n-d-victoria-1 devstack@placement-api.service[84042]: INFO placement.requestlog [req-c2cb6bdb-1e28-42f5-8dad-2e912089272e req-4e342788-f81b-4e54-81b9-d52327f603b3 service placement] 10.222.0.32 "GET /placement/allocation_candidates?limit=1000&resources=DISK_GB%3A2%2CMEMORY_MB%3A1024%2CVCPU%3A1&root_required=%21COMPUTE_STATUS_DISABLED" status: 200 len: 1235 microversion: 1.35
Dec 20 11:34:18.738682 n-d-victoria-1 devstack@placement-api.service[84042]: [pid: 84042|app: 0|req: 99/194] 10.222.0.32 () {60 vars in 1506 bytes} [Mon Dec 20 11:34:18 2021] GET /placement/allocation_candidates?limit=1000&resources=DISK_GB%3A2%2CMEMORY_MB%3A1024%2CVCPU%3A1&root_required=%21COMPUTE_STATUS_DISABLED => generated 1235 bytes in 143 msecs (HTTP/1.1 200) 8 headers in 297 bytes (1 switches on core 0)
Dec 20 11:34:18.790362 n-d-victoria-1 devstack@placement-api.service[84041]: DEBUG placement.requestlog [req-c2cb6bdb-1e28-42f5-8dad-2e912089272e req-aab5026e-f53f-43b3-ad0a-ef88987e559b None None] Starting request: 10.222.0.32 "GET /placement/allocations/13530b60-b8a3-4209-ae6c-55938fd7d183" {{(pid=84041) __call__ /opt/stack/placement/placement/requestlog.py:55}}
Dec 20 11:34:18.802232 n-d-victoria-1 devstack@placement-api.service[84041]: INFO placement.requestlog [req-c2cb6bdb-1e28-42f5-8dad-2e912089272e req-aab5026e-f53f-43b3-ad0a-ef88987e559b service placement] 10.222.0.32 "GET /placement/allocations/13530b60-b8a3-4209-ae6c-55938fd7d183" status: 200 len: 19 microversion: 1.28
Dec 20 11:34:18.803154 n-d-victoria-1 devstack@placement-api.service[84041]: [pid: 84041|app: 0|req: 96/195] 10.222.0.32 () {60 vars in 1380 bytes} [Mon Dec 20 11:34:18 2021] GET /placement/allocations/13530b60-b8a3-4209-ae6c-55938fd7d183 => generated 19 bytes in 13 msecs (HTTP/1.1 200) 8 headers in 295 bytes (1 switches on core 0)
Dec 20 11:34:18.808123 n-d-victoria-1 devstack@placement-api.service[84042]: DEBUG placement.requestlog [req-c2cb6bdb-1e28-42f5-8dad-2e912089272e req-58df18eb-5ecf-4983-9ba7-1366cbd52892 None None] Starting request: 10.222.0.32 "PUT /placement/allocations/13530b60-b8a3-4209-ae6c-55938fd7d183" {{(pid=84042) __call__ /opt/stack/placement/placement/requestlog.py:55}}
Dec 20 11:34:18.876737 n-d-victoria-1 devstack@placement-api.service[84042]: DEBUG placement.handlers.allocation [req-c2cb6bdb-1e28-42f5-8dad-2e912089272e req-58df18eb-5ecf-4983-9ba7-1366cbd52892 service placement] Successfully wrote allocations [, , ] {{(pid=84042) _create_allocations /opt/stack/placement/placement/handlers/allocation.py:435}}
Dec 20 11:34:18.878475 n-d-victoria-1 devstack@placement-api.service[84042]: INFO placement.requestlog [req-c2cb6bdb-1e28-42f5-8dad-2e912089272e req-58df18eb-5ecf-4983-9ba7-1366cbd52892 service placement] 10.222.0.32 "PUT /placement/allocations/13530b60-b8a3-4209-ae6c-55938fd7d183" status: 204 len: 0 microversion: 1.35
Dec 20 11:34:18.889569 n-d-victoria-1 devstack@placement-api.service[84042]: [pid: 84042|app: 0|req: 100/196] 10.222.0.32 () {64 vars in 1433 bytes} [Mon Dec 20 11:34:18 2021] PUT /placement/allocations/13530b60-b8a3-4209-ae6c-55938fd7d183 => generated 0 bytes in 71 msecs (HTTP/1.1 204) 5 headers in 199 bytes (1 switches on core 0)
Dec 20 11:34:19.443396 n-d-victoria-1 devstack@placement-api.service[84041]: DEBUG placement.requestlog [req-c2cb6bdb-1e28-42f5-8dad-2e912089272e req-420ee82a-a65a-4e37-bf29-53878ad59551 None None] Starting request: 10.222.0.53 "GET /placement/allocations/13530b60-b8a3-4209-ae6c-55938fd7d183" {{(pid=84041) __call__ /opt/stack/placement/placement/requestlog.py:55}}
Dec 20 11:34:19.472512 n-d-victoria-1 devstack@placement-api.service[84041]: INFO placement.requestlog [req-c2cb6bdb-1e28-42f5-8dad-2e912089272e req-420ee82a-a65a-4e37-bf29-53878ad59551 service placement] 10.222.0.53 "GET /placement/allocations/13530b60-b8a3-4209-ae6c-55938fd7d183" status: 200 len: 259 microversion: 1.28
Dec 20 11:34:19.473077 n-d-victoria-1 devstack@placement-api.service[84041]: [pid: 84041|app: 0|req: 97/197] 10.222.0.53 () {60 vars in 1377 bytes} [Mon Dec 20 11:34:19 2021] GET /placement/allocations/13530b60-b8a3-4209-ae6c-55938fd7d183 => generated 259 bytes in 30 msecs (HTTP/1.1 200) 8 headers in 296 bytes (1 switches on core 0)
Dec 20 11:34:21.411891 n-d-victoria-1 devstack@placement-api.service[84042]: DEBUG placement.requestlog [req-32280865-902a-4b10-ad98-a7371ad33556 req-d507dd17-293f-41c5-acae-5e145774d9eb None None] Starting request: 10.222.0.53 "GET /placement/resource_providers/b8fc397f-0b41-4ae5-97af-790b54e8fdbc/allocations" {{(pid=84042) __call__ /opt/stack/placement/placement/requestlog.py:55}}
Dec 20 11:34:22.087117 n-d-victoria-1 devstack@placement-api.service[84042]: INFO placement.requestlog [req-32280865-902a-4b10-ad98-a7371ad33556 req-d507dd17-293f-41c5-acae-5e145774d9eb service placement] 10.222.0.53 "GET /placement/resource_providers/b8fc397f-0b41-4ae5-97af-790b54e8fdbc/allocations" status: 200 len: 659 microversion: 1.0
Dec 20 11:34:22.088162 n-d-victoria-1 devstack@placement-api.service[84042]: [pid: 84042|app: 0|req: 101/198] 10.222.0.53 () {58 vars in 1390 bytes} [Mon Dec 20 11:34:21 2021] GET /placement/resource_providers/b8fc397f-0b41-4ae5-97af-790b54e8fdbc/allocations => generated 659 bytes in 677 msecs (HTTP/1.1 200) 6 headers in 224 bytes (1 switches on core 0)
Dec 20 11:34:22.146413 n-d-victoria-1 devstack@placement-api.service[84041]: DEBUG placement.requestlog [req-32280865-902a-4b10-ad98-a7371ad33556 req-634d8cfc-5984-4a78-8ec5-039745e0020d None None] Starting request: 10.222.0.53 "GET /placement/resource_providers?in_tree=b8fc397f-0b41-4ae5-97af-790b54e8fdbc" {{(pid=84041) __call__ /opt/stack/placement/placement/requestlog.py:55}}
Dec 20 11:34:22.161041 n-d-victoria-1 devstack@placement-api.service[84041]: INFO placement.requestlog [req-32280865-902a-4b10-ad98-a7371ad33556 req-634d8cfc-5984-4a78-8ec5-039745e0020d service placement] 10.222.0.53 "GET /placement/resource_providers?in_tree=b8fc397f-0b41-4ae5-97af-790b54e8fdbc" status: 200 len: 865 microversion: 1.14
Dec 20 11:34:22.161909 n-d-victoria-1 devstack@placement-api.service[84041]: [pid: 84041|app: 0|req: 98/199] 10.222.0.53 () {60 vars in 1376 bytes} [Mon Dec 20 11:34:22 2021] GET /placement/resource_providers?in_tree=b8fc397f-0b41-4ae5-97af-790b54e8fdbc => generated 865 bytes in 16 msecs (HTTP/1.1 200) 6 headers in 225 bytes (1 switches on core 0)
Dec 20 11:34:22.170368 n-d-victoria-1 devstack@placement-api.service[84042]: DEBUG placement.requestlog [req-32280865-902a-4b10-ad98-a7371ad33556 req-84453f0d-c4db-4df7-95ea-bb3ab44228eb None None] Starting request: 10.222.0.53 "GET /placement/resource_providers/b8fc397f-0b41-4ae5-97af-790b54e8fdbc/inventories" {{(pid=84042) __call__ /opt/stack/placement/placement/requestlog.py:55}}
Dec 20 11:34:22.193338 n-d-victoria-1 devstack@placement-api.service[84042]: INFO placement.requestlog [req-32280865-902a-4b10-ad98-a7371ad33556 req-84453f0d-c4db-4df7-95ea-bb3ab44228eb service placement] 10.222.0.53 "GET /placement/resource_providers/b8fc397f-0b41-4ae5-97af-790b54e8fdbc/inventories" status: 200 len: 398 microversion: 1.0
Dec 20 11:34:22.194301 n-d-victoria-1 devstack@placement-api.service[84042]: [pid: 84042|app: 0|req: 102/200] 10.222.0.53 () {58 vars in 1390 bytes} [Mon Dec 20 11:34:22 2021] GET /placement/resource_providers/b8fc397f-0b41-4ae5-97af-790b54e8fdbc/inventories => generated 398 bytes in 24 msecs (HTTP/1.1 200) 6 headers in 224 bytes (1 switches on core 0)
Dec 20 11:34:22.200398 n-d-victoria-1 devstack@placement-api.service[84041]: DEBUG placement.requestlog [req-e8a7ca24-b6c9-4de8-8937-93f750756809 req-d53e3979-535e-427c-ae1e-31d1a6c18dc1 None None] Starting request: 10.222.0.16 "GET /placement/allocations/3d11fea3-871c-49b1-8a76-3fea0b25418b" {{(pid=84041) __call__ /opt/stack/placement/placement/requestlog.py:55}}
Dec 20 11:34:22.218547 n-d-victoria-1 devstack@placement-api.service[84042]: DEBUG placement.requestlog [req-32280865-902a-4b10-ad98-a7371ad33556 req-696dd188-cdf8-491d-abad-ea93a49a75a0 None None] Starting request: 10.222.0.53 "GET /placement/resource_providers/b8fc397f-0b41-4ae5-97af-790b54e8fdbc/aggregates" {{(pid=84042) __call__ /opt/stack/placement/placement/requestlog.py:55}}
Dec 20 11:34:22.243465 n-d-victoria-1 devstack@placement-api.service[84041]: INFO placement.requestlog [req-e8a7ca24-b6c9-4de8-8937-93f750756809 req-d53e3979-535e-427c-ae1e-31d1a6c18dc1 service placement] 10.222.0.16 "GET /placement/allocations/3d11fea3-871c-49b1-8a76-3fea0b25418b" status: 200 len: 259 microversion: 1.28
Dec 20 11:34:22.256570 n-d-victoria-1 devstack@placement-api.service[84041]: [pid: 84041|app: 0|req: 99/201] 10.222.0.16 () {60 vars in 1377 bytes} [Mon Dec 20 11:34:22 2021] GET /placement/allocations/3d11fea3-871c-49b1-8a76-3fea0b25418b => generated 259 bytes in 57 msecs (HTTP/1.1 200) 8 headers in 296 bytes (1 switches on core 0)
Dec 20 11:34:22.271871 n-d-victoria-1 devstack@placement-api.service[84042]: INFO placement.requestlog [req-32280865-902a-4b10-ad98-a7371ad33556 req-696dd188-cdf8-491d-abad-ea93a49a75a0 service placement] 10.222.0.53 "GET /placement/resource_providers/b8fc397f-0b41-4ae5-97af-790b54e8fdbc/aggregates" status: 200 len: 54 microversion: 1.19
Dec 20 11:34:22.272829 n-d-victoria-1 devstack@placement-api.service[84042]: [pid: 84042|app: 0|req: 103/202] 10.222.0.53 () {60 vars in 1431 bytes} [Mon Dec 20 11:34:22 2021] GET /placement/resource_providers/b8fc397f-0b41-4ae5-97af-790b54e8fdbc/aggregates => generated 54 bytes in 54 msecs (HTTP/1.1 200) 8 headers in 295 bytes (1 switches on core 0)
Dec 20 11:34:22.287704 n-d-victoria-1 devstack@placement-api.service[84041]: DEBUG placement.requestlog [req-32280865-902a-4b10-ad98-a7371ad33556 req-9e4c4d67-4df4-403d-9fb3-3a2ef544ec9b None None] Starting request: 10.222.0.53 "GET /placement/resource_providers/b8fc397f-0b41-4ae5-97af-790b54e8fdbc/traits" {{(pid=84041) __call__ /opt/stack/placement/placement/requestlog.py:55}}
Dec 20 11:34:22.291726 n-d-victoria-1 devstack@placement-api.service[84042]: DEBUG placement.requestlog [req-e8a7ca24-b6c9-4de8-8937-93f750756809 req-6c02a534-0c1b-4863-9d9a-ae6362d6732e None None] Starting request: 10.222.0.16 "PUT /placement/allocations/3d11fea3-871c-49b1-8a76-3fea0b25418b" {{(pid=84042) __call__ /opt/stack/placement/placement/requestlog.py:55}}
Dec 20 11:34:22.359271 n-d-victoria-1 devstack@placement-api.service[84041]: INFO placement.requestlog [req-32280865-902a-4b10-ad98-a7371ad33556 req-9e4c4d67-4df4-403d-9fb3-3a2ef544ec9b service placement] 10.222.0.53 "GET /placement/resource_providers/b8fc397f-0b41-4ae5-97af-790b54e8fdbc/traits" status: 200 len: 175 microversion: 1.6
Dec 20 11:34:22.360898 n-d-victoria-1 devstack@placement-api.service[84041]: [pid: 84041|app: 0|req: 100/203] 10.222.0.53 () {60 vars in 1418 bytes} [Mon Dec 20 11:34:22 2021] GET /placement/resource_providers/b8fc397f-0b41-4ae5-97af-790b54e8fdbc/traits => generated 175 bytes in 73 msecs (HTTP/1.1 200) 6 headers in 224 bytes (1 switches on core 0)
Dec 20 11:34:22.390543 n-d-victoria-1 devstack@placement-api.service[84042]: DEBUG placement.handlers.allocation [req-e8a7ca24-b6c9-4de8-8937-93f750756809 req-6c02a534-0c1b-4863-9d9a-ae6362d6732e service placement] Successfully wrote allocations [, , ] {{(pid=84042) _create_allocations /opt/stack/placement/placement/handlers/allocation.py:435}}
Dec 20 11:34:22.391345 n-d-victoria-1 devstack@placement-api.service[84042]: INFO placement.requestlog [req-e8a7ca24-b6c9-4de8-8937-93f750756809 req-6c02a534-0c1b-4863-9d9a-ae6362d6732e service placement] 10.222.0.16 "PUT /placement/allocations/3d11fea3-871c-49b1-8a76-3fea0b25418b" status: 204 len: 0 microversion: 1.28
Dec 20 11:34:22.391776 n-d-victoria-1 devstack@placement-api.service[84042]: [pid: 84042|app: 0|req: 104/204] 10.222.0.16 () {64 vars in 1430 bytes} [Mon Dec 20 11:34:22 2021] PUT /placement/allocations/3d11fea3-871c-49b1-8a76-3fea0b25418b => generated 0 bytes in 100 msecs (HTTP/1.1 204) 5 headers in 199 bytes (1 switches on core 0)
Dec 20 11:34:22.547501 n-d-victoria-1 devstack@placement-api.service[84041]: DEBUG placement.requestlog [req-98932e55-58ed-4c51-af66-d0d931b90de3 req-0a756efc-a61a-4468-98fd-9c0e539f2215 None None] Starting request: 10.222.0.16 "GET /placement/allocations/984e6e12-2435-4446-9900-de765b1acf8e" {{(pid=84041) __call__ /opt/stack/placement/placement/requestlog.py:55}}
Dec 20 11:34:22.571087 n-d-victoria-1 devstack@placement-api.service[84041]: INFO placement.requestlog [req-98932e55-58ed-4c51-af66-d0d931b90de3 req-0a756efc-a61a-4468-98fd-9c0e539f2215 service placement] 10.222.0.16 "GET /placement/allocations/984e6e12-2435-4446-9900-de765b1acf8e" status: 200 len: 259 microversion: 1.28
Dec 20 11:34:22.571838 n-d-victoria-1 devstack@placement-api.service[84041]: [pid: 84041|app: 0|req: 101/205] 10.222.0.16 () {60 vars in 1377 bytes} [Mon Dec 20 11:34:22 2021] GET /placement/allocations/984e6e12-2435-4446-9900-de765b1acf8e => generated 259 bytes in 25 msecs (HTTP/1.1 200) 8 headers in 296 bytes (1 switches on core 0)
Dec 20 11:34:22.579736 n-d-victoria-1 devstack@placement-api.service[84042]: DEBUG placement.requestlog [req-98932e55-58ed-4c51-af66-d0d931b90de3 req-714c6260-e28a-48d0-a969-142b379b29cb None None] Starting request: 10.222.0.16 "PUT /placement/allocations/984e6e12-2435-4446-9900-de765b1acf8e" {{(pid=84042) __call__ /opt/stack/placement/placement/requestlog.py:55}}
Dec 20 11:34:22.644914 n-d-victoria-1 devstack@placement-api.service[84042]: DEBUG placement.handlers.allocation [req-98932e55-58ed-4c51-af66-d0d931b90de3 req-714c6260-e28a-48d0-a969-142b379b29cb service placement] Successfully wrote allocations [, , ] {{(pid=84042) _create_allocations /opt/stack/placement/placement/handlers/allocation.py:435}}
Dec 20 11:34:22.645684 n-d-victoria-1 devstack@placement-api.service[84042]: INFO placement.requestlog [req-98932e55-58ed-4c51-af66-d0d931b90de3 req-714c6260-e28a-48d0-a969-142b379b29cb service placement] 10.222.0.16 "PUT /placement/allocations/984e6e12-2435-4446-9900-de765b1acf8e" status: 204 len: 0 microversion: 1.28
Dec 20 11:34:22.646518 n-d-victoria-1 devstack@placement-api.service[84042]: [pid: 84042|app: 0|req: 105/206] 10.222.0.16 () {64 vars in 1430 bytes} [Mon Dec 20 11:34:22 2021] PUT /placement/allocations/984e6e12-2435-4446-9900-de765b1acf8e => generated 0 bytes in 67 msecs (HTTP/1.1 204) 5 headers in 199 bytes (1 switches on core 0)
Dec 20 11:34:23.560691 n-d-victoria-1 devstack@placement-api.service[84041]: DEBUG placement.requestlog [req-f9a4db25-7606-4efa-bb4c-4e4f7f6301be req-a6b84aeb-fef5-4bbd-b8e2-aeea1e386538 None None] Starting request: 10.222.0.16 "GET /placement/resource_providers/82ff836b-d8f1-4d73-8bd4-75a62138a790/allocations" {{(pid=84041) __call__ /opt/stack/placement/placement/requestlog.py:55}}
Dec 20 11:34:23.599891 n-d-victoria-1 devstack@placement-api.service[84041]: INFO placement.requestlog [req-f9a4db25-7606-4efa-bb4c-4e4f7f6301be req-a6b84aeb-fef5-4bbd-b8e2-aeea1e386538 service placement] 10.222.0.16 "GET /placement/resource_providers/82ff836b-d8f1-4d73-8bd4-75a62138a790/allocations" status: 200 len: 457 microversion: 1.0
Dec 20 11:34:23.600747 n-d-victoria-1 devstack@placement-api.service[84041]: [pid: 84041|app: 0|req: 102/207] 10.222.0.16 () {58 vars in 1390 bytes} [Mon Dec 20 11:34:23 2021] GET /placement/resource_providers/82ff836b-d8f1-4d73-8bd4-75a62138a790/allocations => generated 457 bytes in 40 msecs (HTTP/1.1 200) 6 headers in 224 bytes (1 switches on core 0)
Dec 20 11:34:24.178736 n-d-victoria-1 devstack@placement-api.service[84042]: DEBUG placement.requestlog [req-fcafbb46-7e09-4946-b300-654c9ec7338d req-ffd5188c-f44f-485e-b289-5b4ff2730c2b None None] Starting request: 10.222.0.32 "GET /placement/allocation_candidates?limit=1000&resources=DISK_GB%3A1%2CMEMORY_MB%3A1024%2CVCPU%3A1&root_required=%21COMPUTE_STATUS_DISABLED" {{(pid=84042) __call__ /opt/stack/placement/placement/requestlog.py:55}}
Dec 20 11:34:24.218303 n-d-victoria-1 devstack@placement-api.service[84042]: DEBUG placement.objects.research_context [req-fcafbb46-7e09-4946-b300-654c9ec7338d req-ffd5188c-f44f-485e-b289-5b4ff2730c2b service placement] getting providers with 1 DISK_GB {{(pid=84042) __init__ /opt/stack/placement/placement/objects/research_context.py:126}}
Dec 20 11:34:24.226814 n-d-victoria-1 devstack@placement-api.service[84042]: DEBUG placement.objects.research_context [req-fcafbb46-7e09-4946-b300-654c9ec7338d req-ffd5188c-f44f-485e-b289-5b4ff2730c2b service placement] getting providers with 1024 MEMORY_MB {{(pid=84042) __init__ /opt/stack/placement/placement/objects/research_context.py:126}}
Dec 20 11:34:24.235077 n-d-victoria-1 devstack@placement-api.service[84042]: DEBUG placement.objects.research_context [req-fcafbb46-7e09-4946-b300-654c9ec7338d req-ffd5188c-f44f-485e-b289-5b4ff2730c2b service placement] getting providers with 1 VCPU {{(pid=84042) __init__ /opt/stack/placement/placement/objects/research_context.py:126}}
Dec 20 11:34:24.245773 n-d-victoria-1 devstack@placement-api.service[84042]: DEBUG placement.objects.research_context [req-fcafbb46-7e09-4946-b300-654c9ec7338d req-ffd5188c-f44f-485e-b289-5b4ff2730c2b service placement] found 2 providers with available 1 DISK_GB {{(pid=84042) get_provider_ids_matching /opt/stack/placement/placement/objects/research_context.py:549}}
Dec 20 11:34:24.246547 n-d-victoria-1 devstack@placement-api.service[84042]: DEBUG placement.objects.research_context [req-fcafbb46-7e09-4946-b300-654c9ec7338d req-ffd5188c-f44f-485e-b289-5b4ff2730c2b service placement] found 2 providers with available 1024 MEMORY_MB {{(pid=84042) get_provider_ids_matching /opt/stack/placement/placement/objects/research_context.py:549}}
Dec 20 11:34:24.247073 n-d-victoria-1 devstack@placement-api.service[84042]: DEBUG placement.objects.research_context [req-fcafbb46-7e09-4946-b300-654c9ec7338d req-ffd5188c-f44f-485e-b289-5b4ff2730c2b service placement] found 2 providers after filtering by previous result {{(pid=84042) get_provider_ids_matching /opt/stack/placement/placement/objects/research_context.py:580}}
Dec 20 11:34:24.248535 n-d-victoria-1 devstack@placement-api.service[84042]: DEBUG placement.objects.research_context [req-fcafbb46-7e09-4946-b300-654c9ec7338d req-ffd5188c-f44f-485e-b289-5b4ff2730c2b service placement] found 2 providers with available 1 VCPU {{(pid=84042) get_provider_ids_matching /opt/stack/placement/placement/objects/research_context.py:549}}
Dec 20 11:34:24.249165 n-d-victoria-1 devstack@placement-api.service[84042]: DEBUG placement.objects.research_context [req-fcafbb46-7e09-4946-b300-654c9ec7338d req-ffd5188c-f44f-485e-b289-5b4ff2730c2b service placement] found 2 providers after filtering by previous result {{(pid=84042) get_provider_ids_matching /opt/stack/placement/placement/objects/research_context.py:580}}
Dec 20 11:34:24.262506 n-d-victoria-1 devstack@placement-api.service[84042]: DEBUG placement.objects.allocation_candidate [req-fcafbb46-7e09-4946-b300-654c9ec7338d req-ffd5188c-f44f-485e-b289-5b4ff2730c2b service placement] RequestGroup(use_same_provider=False, resources={DISK_GB:1, MEMORY_MB:1024, VCPU:1}, traits=[], aggregates=[]) (suffix '') returned 2 matches {{(pid=84042) _get_by_requests /opt/stack/placement/placement/objects/allocation_candidate.py:145}}
Dec 20 11:34:24.263229 n-d-victoria-1 devstack@placement-api.service[84042]: DEBUG placement.objects.allocation_candidate [req-fcafbb46-7e09-4946-b300-654c9ec7338d req-ffd5188c-f44f-485e-b289-5b4ff2730c2b service placement] Merging candidates yields 2 allocation requests and 2 provider summaries {{(pid=84042) _merge_candidates /opt/stack/placement/placement/objects/allocation_candidate.py:783}}
Dec 20 11:34:24.264993 n-d-victoria-1 devstack@placement-api.service[84042]: INFO placement.requestlog [req-fcafbb46-7e09-4946-b300-654c9ec7338d req-ffd5188c-f44f-485e-b289-5b4ff2730c2b service placement] 10.222.0.32 "GET /placement/allocation_candidates?limit=1000&resources=DISK_GB%3A1%2CMEMORY_MB%3A1024%2CVCPU%3A1&root_required=%21COMPUTE_STATUS_DISABLED" status: 200 len: 1235 microversion: 1.35
Dec 20 11:34:24.265898 n-d-victoria-1 devstack@placement-api.service[84042]: [pid: 84042|app: 0|req: 106/208] 10.222.0.32 () {60 vars in 1506 bytes} [Mon Dec 20 11:34:24 2021] GET /placement/allocation_candidates?limit=1000&resources=DISK_GB%3A1%2CMEMORY_MB%3A1024%2CVCPU%3A1&root_required=%21COMPUTE_STATUS_DISABLED => generated 1235 bytes in 87 msecs (HTTP/1.1 200) 8 headers in 297 bytes (1 switches on core 0)
Dec 20 11:34:24.334761 n-d-victoria-1 devstack@placement-api.service[84041]: DEBUG placement.requestlog [req-fcafbb46-7e09-4946-b300-654c9ec7338d req-6b2b8657-cba0-4f90-b5d7-b3de0d32e868 None None] Starting request: 10.222.0.32 "GET /placement/allocations/9f2580a9-c0ea-4c36-ae15-9b213d36c082" {{(pid=84041) __call__ /opt/stack/placement/placement/requestlog.py:55}}
Dec 20 11:34:24.355902 n-d-victoria-1 devstack@placement-api.service[84041]: INFO placement.requestlog [req-fcafbb46-7e09-4946-b300-654c9ec7338d req-6b2b8657-cba0-4f90-b5d7-b3de0d32e868 service placement] 10.222.0.32 "GET /placement/allocations/9f2580a9-c0ea-4c36-ae15-9b213d36c082" status: 200 len: 19 microversion: 1.28
Dec 20 11:34:24.356487 n-d-victoria-1 devstack@placement-api.service[84041]: [pid: 84041|app: 0|req: 103/209] 10.222.0.32 () {60 vars in 1380 bytes} [Mon Dec 20 11:34:24 2021] GET /placement/allocations/9f2580a9-c0ea-4c36-ae15-9b213d36c082 => generated 19 bytes in 22 msecs (HTTP/1.1 200) 8 headers in 295 bytes (1 switches on core 0)
Dec 20 11:34:24.362657 n-d-victoria-1 devstack@placement-api.service[84042]: DEBUG placement.requestlog [req-fcafbb46-7e09-4946-b300-654c9ec7338d req-226f5f1e-04f9-4465-8f27-802adaab1c2e None None] Starting request: 10.222.0.32 "PUT /placement/allocations/9f2580a9-c0ea-4c36-ae15-9b213d36c082" {{(pid=84042) __call__ /opt/stack/placement/placement/requestlog.py:55}}
Dec 20 11:34:24.506813 n-d-victoria-1 devstack@placement-api.service[84042]: DEBUG placement.handlers.allocation [req-fcafbb46-7e09-4946-b300-654c9ec7338d req-226f5f1e-04f9-4465-8f27-802adaab1c2e service placement] Successfully wrote allocations [, , ] {{(pid=84042) _create_allocations /opt/stack/placement/placement/handlers/allocation.py:435}}
Dec 20 11:34:24.507483 n-d-victoria-1 devstack@placement-api.service[84042]: INFO placement.requestlog [req-fcafbb46-7e09-4946-b300-654c9ec7338d req-226f5f1e-04f9-4465-8f27-802adaab1c2e service placement] 10.222.0.32 "PUT /placement/allocations/9f2580a9-c0ea-4c36-ae15-9b213d36c082" status: 204 len: 0 microversion: 1.35
Dec 20 11:34:24.508385 n-d-victoria-1 devstack@placement-api.service[84042]: [pid: 84042|app: 0|req: 107/210] 10.222.0.32 () {64 vars in 1433 bytes} [Mon Dec 20 11:34:24 2021] PUT /placement/allocations/9f2580a9-c0ea-4c36-ae15-9b213d36c082 => generated 0 bytes in 145 msecs (HTTP/1.1 204) 5 headers in 199 bytes (2 switches on core 0)
Dec 20 11:34:24.897167 n-d-victoria-1 devstack@placement-api.service[84041]: DEBUG placement.requestlog [req-fcafbb46-7e09-4946-b300-654c9ec7338d req-64794d70-4e5e-4598-8294-94a51f124b8e None None] Starting request: 10.222.0.16 "GET /placement/allocations/9f2580a9-c0ea-4c36-ae15-9b213d36c082" {{(pid=84041) __call__ /opt/stack/placement/placement/requestlog.py:55}}
Dec 20 11:34:25.021517 n-d-victoria-1 devstack@placement-api.service[84041]: INFO placement.requestlog [req-fcafbb46-7e09-4946-b300-654c9ec7338d req-64794d70-4e5e-4598-8294-94a51f124b8e service placement] 10.222.0.16 "GET /placement/allocations/9f2580a9-c0ea-4c36-ae15-9b213d36c082" status: 200 len: 259 microversion: 1.28
Dec 20 11:34:25.022138 n-d-victoria-1 devstack@placement-api.service[84041]: [pid: 84041|app: 0|req: 104/211] 10.222.0.16 () {60 vars in 1377 bytes} [Mon Dec 20 11:34:24 2021] GET /placement/allocations/9f2580a9-c0ea-4c36-ae15-9b213d36c082 => generated 259 bytes in 126 msecs (HTTP/1.1 200) 8 headers in 296 bytes (1 switches on core 0)
Dec 20 11:34:25.170183 n-d-victoria-1 devstack@placement-api.service[84042]: DEBUG placement.requestlog [req-fcafbb46-7e09-4946-b300-654c9ec7338d req-0f23f217-5237-4150-bf0f-8606e7176eb2 None None] Starting request: 10.222.0.16 "GET /placement/resource_providers?in_tree=82ff836b-d8f1-4d73-8bd4-75a62138a790" {{(pid=84042) __call__ /opt/stack/placement/placement/requestlog.py:55}}
Dec 20 11:34:25.189942 n-d-victoria-1 devstack@placement-api.service[84042]: INFO placement.requestlog [req-fcafbb46-7e09-4946-b300-654c9ec7338d req-0f23f217-5237-4150-bf0f-8606e7176eb2 service placement] 10.222.0.16 "GET /placement/resource_providers?in_tree=82ff836b-d8f1-4d73-8bd4-75a62138a790" status: 200 len: 865 microversion: 1.14
Dec 20 11:34:25.190836 n-d-victoria-1 devstack@placement-api.service[84042]: [pid: 84042|app: 0|req: 108/212] 10.222.0.16 () {60 vars in 1376 bytes} [Mon Dec 20 11:34:25 2021] GET /placement/resource_providers?in_tree=82ff836b-d8f1-4d73-8bd4-75a62138a790 => generated 865 bytes in 21 msecs (HTTP/1.1 200) 6 headers in 225 bytes (1 switches on core 0)
Dec 20 11:34:25.199692 n-d-victoria-1 devstack@placement-api.service[84041]: DEBUG placement.requestlog [req-fcafbb46-7e09-4946-b300-654c9ec7338d req-7cd7fbad-b281-4d69-8aa7-873ea06247b6 None None] Starting request: 10.222.0.16 "GET /placement/resource_providers/82ff836b-d8f1-4d73-8bd4-75a62138a790/inventories" {{(pid=84041) __call__ /opt/stack/placement/placement/requestlog.py:55}}
Dec 20 11:34:25.300009 n-d-victoria-1 devstack@placement-api.service[84041]: INFO placement.requestlog [req-fcafbb46-7e09-4946-b300-654c9ec7338d req-7cd7fbad-b281-4d69-8aa7-873ea06247b6 service placement] 10.222.0.16 "GET /placement/resource_providers/82ff836b-d8f1-4d73-8bd4-75a62138a790/inventories" status: 200 len: 398 microversion: 1.0
Dec 20 11:34:25.300506 n-d-victoria-1 devstack@placement-api.service[84041]: [pid: 84041|app: 0|req: 105/213] 10.222.0.16 () {58 vars in 1390 bytes} [Mon Dec 20 11:34:25 2021] GET /placement/resource_providers/82ff836b-d8f1-4d73-8bd4-75a62138a790/inventories => generated 398 bytes in 101 msecs (HTTP/1.1 200) 6 headers in 224 bytes (2 switches on core 0)
Dec 20 11:34:25.309935 n-d-victoria-1 devstack@placement-api.service[84042]: DEBUG placement.requestlog [req-fcafbb46-7e09-4946-b300-654c9ec7338d req-b3cdbe22-2aa6-43a5-a7f6-caca9ab53aa3 None None] Starting request: 10.222.0.16 "GET /placement/resource_providers/82ff836b-d8f1-4d73-8bd4-75a62138a790/aggregates" {{(pid=84042) __call__ /opt/stack/placement/placement/requestlog.py:55}}
Dec 20 11:34:25.330140 n-d-victoria-1 devstack@placement-api.service[84042]: INFO placement.requestlog [req-fcafbb46-7e09-4946-b300-654c9ec7338d req-b3cdbe22-2aa6-43a5-a7f6-caca9ab53aa3 service placement] 10.222.0.16 "GET /placement/resource_providers/82ff836b-d8f1-4d73-8bd4-75a62138a790/aggregates" status: 200 len: 54 microversion: 1.19
Dec 20 11:34:25.330743 n-d-victoria-1 devstack@placement-api.service[84042]: [pid: 84042|app: 0|req: 109/214] 10.222.0.16 () {60 vars in 1431 bytes} [Mon Dec 20 11:34:25 2021] GET /placement/resource_providers/82ff836b-d8f1-4d73-8bd4-75a62138a790/aggregates => generated 54 bytes in 21 msecs (HTTP/1.1 200) 8 headers in 295 bytes (1 switches on core 0)
Dec 20 11:34:25.339128 n-d-victoria-1 devstack@placement-api.service[84041]: DEBUG placement.requestlog [req-fcafbb46-7e09-4946-b300-654c9ec7338d req-e9cbc1b7-ed90-45ba-9deb-e2adf5a99551 None None] Starting request: 10.222.0.16 "GET /placement/resource_providers/82ff836b-d8f1-4d73-8bd4-75a62138a790/traits" {{(pid=84041) __call__ /opt/stack/placement/placement/requestlog.py:55}}
Dec 20 11:34:25.370034 n-d-victoria-1 devstack@placement-api.service[84041]: INFO placement.requestlog [req-fcafbb46-7e09-4946-b300-654c9ec7338d req-e9cbc1b7-ed90-45ba-9deb-e2adf5a99551 service placement] 10.222.0.16 "GET /placement/resource_providers/82ff836b-d8f1-4d73-8bd4-75a62138a790/traits" status: 200 len: 175 microversion: 1.6
Dec 20 11:34:25.370502 n-d-victoria-1 devstack@placement-api.service[84041]: [pid: 84041|app: 0|req: 106/215] 10.222.0.16 () {60 vars in 1418 bytes} [Mon Dec 20 11:34:25 2021] GET /placement/resource_providers/82ff836b-d8f1-4d73-8bd4-75a62138a790/traits => generated 175 bytes in 32 msecs (HTTP/1.1 200) 6 headers in 224 bytes (2 switches on core 0)
Dec 20 11:34:26.977143 n-d-victoria-1 devstack@placement-api.service[84042]: DEBUG placement.requestlog [None req-e9239953-cc22-4aa2-adad-4d7d0929c250 None None] Starting request: 10.222.0.32 "GET /placement/" {{(pid=84042) __call__ /opt/stack/placement/placement/requestlog.py:55}}
Dec 20 11:34:26.978716 n-d-victoria-1 devstack@placement-api.service[84042]: INFO placement.requestlog [None req-e9239953-cc22-4aa2-adad-4d7d0929c250 None None] 10.222.0.32 "GET /placement/" status: 200 len: 136 microversion: 1.0
Dec 20 11:34:26.979077 n-d-victoria-1 devstack@placement-api.service[84042]: [pid: 84042|app: 0|req: 110/216] 10.222.0.32 () {54 vars in 916 bytes} [Mon Dec 20 11:34:26 2021] GET /placement => generated 136 bytes in 2 msecs (HTTP/1.1 200) 6 headers in 224 bytes (1 switches on core 0)
Dec 20 11:34:26.987032 n-d-victoria-1 devstack@placement-api.service[84041]: DEBUG placement.requestlog [req-b76535c1-2e52-43b8-ba0c-73cfbced6a1c req-5bc59b16-1113-4370-8003-6da45adcc7fb None None] Starting request: 10.222.0.32 "GET /placement/allocations/e9d33add-76ba-45ab-ae54-9cdff85cb962" {{(pid=84041) __call__ /opt/stack/placement/placement/requestlog.py:55}}
Dec 20 11:34:27.117068 n-d-victoria-1 devstack@placement-api.service[84041]: INFO placement.requestlog [req-b76535c1-2e52-43b8-ba0c-73cfbced6a1c req-5bc59b16-1113-4370-8003-6da45adcc7fb service placement] 10.222.0.32 "GET /placement/allocations/e9d33add-76ba-45ab-ae54-9cdff85cb962" status: 200 len: 259 microversion: 1.28
Dec 20 11:34:27.118357 n-d-victoria-1 devstack@placement-api.service[84041]: [pid: 84041|app: 0|req: 107/217] 10.222.0.32 () {60 vars in 1380 bytes} [Mon Dec 20 11:34:26 2021] GET /placement/allocations/e9d33add-76ba-45ab-ae54-9cdff85cb962 => generated 259 bytes in 132 msecs (HTTP/1.1 200) 8 headers in 296 bytes (1 switches on core 0)
Dec 20 11:34:27.125049 n-d-victoria-1 devstack@placement-api.service[84042]: DEBUG placement.requestlog [req-b76535c1-2e52-43b8-ba0c-73cfbced6a1c req-f2b5b716-a06d-48b0-aa63-76beb1752735 None None] Starting request: 10.222.0.32 "GET /placement/allocations/e9d33add-76ba-45ab-ae54-9cdff85cb962" {{(pid=84042) __call__ /opt/stack/placement/placement/requestlog.py:55}}
Dec 20 11:34:27.161580 n-d-victoria-1 devstack@placement-api.service[84042]: INFO placement.requestlog [req-b76535c1-2e52-43b8-ba0c-73cfbced6a1c req-f2b5b716-a06d-48b0-aa63-76beb1752735 service placement] 10.222.0.32 "GET /placement/allocations/e9d33add-76ba-45ab-ae54-9cdff85cb962" status: 200 len: 259 microversion: 1.28
Dec 20 11:34:27.162433 n-d-victoria-1 devstack@placement-api.service[84042]: [pid: 84042|app: 0|req: 111/218] 10.222.0.32 () {60 vars in 1380 bytes} [Mon Dec 20 11:34:27 2021] GET /placement/allocations/e9d33add-76ba-45ab-ae54-9cdff85cb962 => generated 259 bytes in 38 msecs (HTTP/1.1 200) 8 headers in 296 bytes (1 switches on core 0)
Dec 20 11:34:27.167701 n-d-victoria-1 devstack@placement-api.service[84041]: DEBUG placement.requestlog [req-b76535c1-2e52-43b8-ba0c-73cfbced6a1c req-297c55b6-6a46-4fb4-bee7-0f5c3930e81d None None] Starting request: 10.222.0.32 "GET /placement/allocations/cdf1d66a-2f69-452f-8e25-7ddfa32d2119" {{(pid=84041) __call__ /opt/stack/placement/placement/requestlog.py:55}}
Dec 20 11:34:27.197099 n-d-victoria-1 devstack@placement-api.service[84041]: INFO placement.requestlog [req-b76535c1-2e52-43b8-ba0c-73cfbced6a1c req-297c55b6-6a46-4fb4-bee7-0f5c3930e81d service placement] 10.222.0.32 "GET /placement/allocations/cdf1d66a-2f69-452f-8e25-7ddfa32d2119" status: 200 len: 19 microversion: 1.28
Dec 20 11:34:27.207094 n-d-victoria-1 devstack@placement-api.service[84042]: DEBUG placement.requestlog [req-b76535c1-2e52-43b8-ba0c-73cfbced6a1c req-374954e5-8736-4c8f-a59b-a05fd8426b5f None None] Starting request: 10.222.0.32 "POST /placement/allocations" {{(pid=84042) __call__ /opt/stack/placement/placement/requestlog.py:55}}
Dec 20 11:34:27.210904 n-d-victoria-1 devstack@placement-api.service[84041]: [pid: 84041|app: 0|req: 108/219] 10.222.0.32 () {60 vars in 1380 bytes} [Mon Dec 20 11:34:27 2021] GET /placement/allocations/cdf1d66a-2f69-452f-8e25-7ddfa32d2119 => generated 19 bytes in 40 msecs (HTTP/1.1 200) 8 headers in 295 bytes (1 switches on core 0)
Dec 20 11:34:27.383952 n-d-victoria-1 devstack@placement-api.service[84042]: DEBUG placement.handlers.allocation [req-b76535c1-2e52-43b8-ba0c-73cfbced6a1c req-374954e5-8736-4c8f-a59b-a05fd8426b5f service placement] Successfully wrote allocations [, , , , , ] {{(pid=84042) _create_allocations /opt/stack/placement/placement/handlers/allocation.py:524}}
Dec 20 11:34:27.384813 n-d-victoria-1 devstack@placement-api.service[84042]: INFO placement.requestlog [req-b76535c1-2e52-43b8-ba0c-73cfbced6a1c req-374954e5-8736-4c8f-a59b-a05fd8426b5f service placement] 10.222.0.32 "POST /placement/allocations" status: 204 len: 0 microversion: 1.28
Dec 20 11:34:27.385629 n-d-victoria-1 devstack@placement-api.service[84042]: [pid: 84042|app: 0|req: 112/220] 10.222.0.32 () {64 vars in 1323 bytes} [Mon Dec 20 11:34:27 2021] POST /placement/allocations => generated 0 bytes in 179 msecs (HTTP/1.1 204) 5 headers in 199 bytes (1 switches on core 0)
Dec 20 11:34:27.410327 n-d-victoria-1 devstack@placement-api.service[84041]: DEBUG placement.requestlog [req-b76535c1-2e52-43b8-ba0c-73cfbced6a1c req-6e490d61-c7aa-4385-afed-d71cf6fd0af4 None None] Starting request: 10.222.0.32 "GET /placement/allocation_candidates?limit=1000&resources=DISK_GB%3A1%2CMEMORY_MB%3A512%2CVCPU%3A1&root_required=%21COMPUTE_STATUS_DISABLED" {{(pid=84041) __call__ /opt/stack/placement/placement/requestlog.py:55}}
Dec 20 11:34:27.473626 n-d-victoria-1 devstack@placement-api.service[84041]: DEBUG placement.objects.research_context [req-b76535c1-2e52-43b8-ba0c-73cfbced6a1c req-6e490d61-c7aa-4385-afed-d71cf6fd0af4 service placement] getting providers with 1 DISK_GB {{(pid=84041) __init__ /opt/stack/placement/placement/objects/research_context.py:126}}
Dec 20 11:34:27.483019 n-d-victoria-1 devstack@placement-api.service[84041]: DEBUG placement.objects.research_context [req-b76535c1-2e52-43b8-ba0c-73cfbced6a1c req-6e490d61-c7aa-4385-afed-d71cf6fd0af4 service placement] getting providers with 512 MEMORY_MB {{(pid=84041) __init__ /opt/stack/placement/placement/objects/research_context.py:126}}
Dec 20 11:34:27.491717 n-d-victoria-1 devstack@placement-api.service[84041]: DEBUG placement.objects.research_context [req-b76535c1-2e52-43b8-ba0c-73cfbced6a1c req-6e490d61-c7aa-4385-afed-d71cf6fd0af4 service placement] getting providers with 1 VCPU {{(pid=84041) __init__ /opt/stack/placement/placement/objects/research_context.py:126}}
Dec 20 11:34:27.501340 n-d-victoria-1 devstack@placement-api.service[84041]: DEBUG placement.objects.research_context [req-b76535c1-2e52-43b8-ba0c-73cfbced6a1c req-6e490d61-c7aa-4385-afed-d71cf6fd0af4 service placement] found 2 providers with available 1 DISK_GB {{(pid=84041) get_provider_ids_matching /opt/stack/placement/placement/objects/research_context.py:549}}
Dec 20 11:34:27.501544 n-d-victoria-1 devstack@placement-api.service[84041]: DEBUG placement.objects.research_context [req-b76535c1-2e52-43b8-ba0c-73cfbced6a1c req-6e490d61-c7aa-4385-afed-d71cf6fd0af4 service placement] found 2 providers with available 512 MEMORY_MB {{(pid=84041) get_provider_ids_matching /opt/stack/placement/placement/objects/research_context.py:549}}
Dec 20 11:34:27.501949 n-d-victoria-1 devstack@placement-api.service[84041]: DEBUG placement.objects.research_context [req-b76535c1-2e52-43b8-ba0c-73cfbced6a1c req-6e490d61-c7aa-4385-afed-d71cf6fd0af4 service placement] found 2 providers after filtering by previous result {{(pid=84041) get_provider_ids_matching /opt/stack/placement/placement/objects/research_context.py:580}}
