Oct 30 01:16:30.271381 n-d-master-1 devstack@placement-api.service[106541]: DEBUG placement.requestlog [req-343e7e50-075d-417e-82d5-77e31d71a952 req-c6ce77c4-d46e-4e43-9e09-75668fbee0bd None None] Starting request: 10.222.0.50 "GET /placement/allocations/773bba47-dab6-4fbb-91a3-c3a447cd5008" {{(pid=106541) __call__ /opt/stack/placement/placement/requestlog.py:55}}
Oct 30 01:16:30.296476 n-d-master-1 devstack@placement-api.service[106541]: INFO placement.requestlog [req-343e7e50-075d-417e-82d5-77e31d71a952 req-c6ce77c4-d46e-4e43-9e09-75668fbee0bd service placement] 10.222.0.50 "GET /placement/allocations/773bba47-dab6-4fbb-91a3-c3a447cd5008" status: 200 len: 259 microversion: 1.28
Oct 30 01:16:30.297694 n-d-master-1 devstack@placement-api.service[106541]: [pid: 106541|app: 0|req: 239/492] 10.222.0.50 () {60 vars in 1377 bytes} [Sun Oct 30 01:16:30 2022] GET /placement/allocations/773bba47-dab6-4fbb-91a3-c3a447cd5008 => generated 259 bytes in 26 msecs (HTTP/1.1 200) 8 headers in 296 bytes (2 switches on core 0)
Oct 30 01:16:30.304792 n-d-master-1 devstack@placement-api.service[106542]: DEBUG placement.requestlog [req-343e7e50-075d-417e-82d5-77e31d71a952 req-bbc7d53e-cf3a-4414-8934-744a8edbd4c6 None None] Starting request: 10.222.0.50 "GET /placement/allocations/7e81dcfb-dcbe-4e05-91a4-541ff2c404ae" {{(pid=106542) __call__ /opt/stack/placement/placement/requestlog.py:55}}
Oct 30 01:16:30.330186 n-d-master-1 devstack@placement-api.service[106542]: INFO placement.requestlog [req-343e7e50-075d-417e-82d5-77e31d71a952 req-bbc7d53e-cf3a-4414-8934-744a8edbd4c6 service placement] 10.222.0.50 "GET /placement/allocations/7e81dcfb-dcbe-4e05-91a4-541ff2c404ae" status: 200 len: 259 microversion: 1.28
Oct 30 01:16:30.331155 n-d-master-1 devstack@placement-api.service[106542]: [pid: 106542|app: 0|req: 254/493] 10.222.0.50 () {60 vars in 1377 bytes} [Sun Oct 30 01:16:30 2022] GET /placement/allocations/7e81dcfb-dcbe-4e05-91a4-541ff2c404ae => generated 259 bytes in 27 msecs (HTTP/1.1 200) 8 headers in 296 bytes (1 switches on core 0)
Oct 30 01:16:30.340367 n-d-master-1 devstack@placement-api.service[106541]: DEBUG placement.requestlog [req-343e7e50-075d-417e-82d5-77e31d71a952 req-d846e644-1a8d-43c8-b6b5-2ae93c70bc62 None None] Starting request: 10.222.0.50 "GET /placement/allocations/f3141e23-1b24-4315-aac8-fb785005e789" {{(pid=106541) __call__ /opt/stack/placement/placement/requestlog.py:55}}
Oct 30 01:16:30.365251 n-d-master-1 devstack@placement-api.service[106541]: INFO placement.requestlog [req-343e7e50-075d-417e-82d5-77e31d71a952 req-d846e644-1a8d-43c8-b6b5-2ae93c70bc62 service placement] 10.222.0.50 "GET /placement/allocations/f3141e23-1b24-4315-aac8-fb785005e789" status: 200 len: 259 microversion: 1.28
Oct 30 01:16:30.366442 n-d-master-1 devstack@placement-api.service[106541]: [pid: 106541|app: 0|req: 240/494] 10.222.0.50 () {60 vars in 1377 bytes} [Sun Oct 30 01:16:30 2022] GET /placement/allocations/f3141e23-1b24-4315-aac8-fb785005e789 => generated 259 bytes in 26 msecs (HTTP/1.1 200) 8 headers in 296 bytes (1 switches on core 0)
Oct 30 01:16:30.373679 n-d-master-1 devstack@placement-api.service[106542]: DEBUG placement.requestlog [req-343e7e50-075d-417e-82d5-77e31d71a952 req-30272f5d-1be6-4d73-ab93-f0ebd8d92ec2 None None] Starting request: 10.222.0.50 "GET /placement/allocations/f10b90ae-23e1-4ca1-b95e-9404e606e5d9" {{(pid=106542) __call__ /opt/stack/placement/placement/requestlog.py:55}}
Oct 30 01:16:30.403114 n-d-master-1 devstack@placement-api.service[106542]: INFO placement.requestlog [req-343e7e50-075d-417e-82d5-77e31d71a952 req-30272f5d-1be6-4d73-ab93-f0ebd8d92ec2 service placement] 10.222.0.50 "GET /placement/allocations/f10b90ae-23e1-4ca1-b95e-9404e606e5d9" status: 200 len: 259 microversion: 1.28
Oct 30 01:16:30.404114 n-d-master-1 devstack@placement-api.service[106542]: [pid: 106542|app: 0|req: 255/495] 10.222.0.50 () {60 vars in 1377 bytes} [Sun Oct 30 01:16:30 2022] GET /placement/allocations/f10b90ae-23e1-4ca1-b95e-9404e606e5d9 => generated 259 bytes in 31 msecs (HTTP/1.1 200) 8 headers in 296 bytes (1 switches on core 0)
Oct 30 01:16:30.415510 n-d-master-1 devstack@placement-api.service[106541]: DEBUG placement.requestlog [req-343e7e50-075d-417e-82d5-77e31d71a952 req-5170dfca-cf3f-413e-96ad-b3f9290f5d5d None None] Starting request: 10.222.0.50 "GET /placement/allocations/0dd3f0e2-2c15-4915-88b0-2df9e312cc4c" {{(pid=106541) __call__ /opt/stack/placement/placement/requestlog.py:55}}
Oct 30 01:16:30.460774 n-d-master-1 devstack@placement-api.service[106541]: INFO placement.requestlog [req-343e7e50-075d-417e-82d5-77e31d71a952 req-5170dfca-cf3f-413e-96ad-b3f9290f5d5d service placement] 10.222.0.50 "GET /placement/allocations/0dd3f0e2-2c15-4915-88b0-2df9e312cc4c" status: 200 len: 259 microversion: 1.28
Oct 30 01:16:30.461998 n-d-master-1 devstack@placement-api.service[106541]: [pid: 106541|app: 0|req: 241/496] 10.222.0.50 () {60 vars in 1377 bytes} [Sun Oct 30 01:16:30 2022] GET /placement/allocations/0dd3f0e2-2c15-4915-88b0-2df9e312cc4c => generated 259 bytes in 48 msecs (HTTP/1.1 200) 8 headers in 296 bytes (1 switches on core 0)
Oct 30 01:16:33.549740 n-d-master-1 devstack@placement-api.service[106542]: DEBUG placement.requestlog [req-84b63b06-2b91-4a49-b29e-c9c6476a0ed5 req-23e16419-c79c-4a12-a391-6f85534dd5f8 None None] Starting request: 10.222.0.13 "GET /placement/allocation_candidates?resources=DISK_GB%3A1%2CMEMORY_MB%3A1024%2CVCPU%3A1&root_required=%21COMPUTE_STATUS_DISABLED" {{(pid=106542) __call__ /opt/stack/placement/placement/requestlog.py:55}}
Oct 30 01:16:33.617511 n-d-master-1 devstack@placement-api.service[106542]: DEBUG placement.objects.research_context [req-84b63b06-2b91-4a49-b29e-c9c6476a0ed5 req-23e16419-c79c-4a12-a391-6f85534dd5f8 service placement] getting providers with 1 DISK_GB {{(pid=106542) __init__ /opt/stack/placement/placement/objects/research_context.py:136}}
Oct 30 01:16:33.626302 n-d-master-1 devstack@placement-api.service[106542]: DEBUG placement.objects.research_context [req-84b63b06-2b91-4a49-b29e-c9c6476a0ed5 req-23e16419-c79c-4a12-a391-6f85534dd5f8 service placement] getting providers with 1024 MEMORY_MB {{(pid=106542) __init__ /opt/stack/placement/placement/objects/research_context.py:136}}
Oct 30 01:16:33.659010 n-d-master-1 devstack@placement-api.service[106542]: DEBUG placement.objects.research_context [req-84b63b06-2b91-4a49-b29e-c9c6476a0ed5 req-23e16419-c79c-4a12-a391-6f85534dd5f8 service placement] getting providers with 1 VCPU {{(pid=106542) __init__ /opt/stack/placement/placement/objects/research_context.py:136}}
Oct 30 01:16:33.671087 n-d-master-1 devstack@placement-api.service[106542]: DEBUG placement.objects.research_context [req-84b63b06-2b91-4a49-b29e-c9c6476a0ed5 req-23e16419-c79c-4a12-a391-6f85534dd5f8 service placement] found 2 providers with available 1 DISK_GB {{(pid=106542) get_provider_ids_matching /opt/stack/placement/placement/objects/research_context.py:563}}
Oct 30 01:16:33.671659 n-d-master-1 devstack@placement-api.service[106542]: DEBUG placement.objects.research_context [req-84b63b06-2b91-4a49-b29e-c9c6476a0ed5 req-23e16419-c79c-4a12-a391-6f85534dd5f8 service placement] found 2 providers with available 1024 MEMORY_MB {{(pid=106542) get_provider_ids_matching /opt/stack/placement/placement/objects/research_context.py:563}}
Oct 30 01:16:33.672178 n-d-master-1 devstack@placement-api.service[106542]: DEBUG placement.objects.research_context [req-84b63b06-2b91-4a49-b29e-c9c6476a0ed5 req-23e16419-c79c-4a12-a391-6f85534dd5f8 service placement] found 2 providers after filtering by previous result {{(pid=106542) get_provider_ids_matching /opt/stack/placement/placement/objects/research_context.py:594}}
Oct 30 01:16:33.672604 n-d-master-1 devstack@placement-api.service[106542]: DEBUG placement.objects.research_context [req-84b63b06-2b91-4a49-b29e-c9c6476a0ed5 req-23e16419-c79c-4a12-a391-6f85534dd5f8 service placement] found 2 providers with available 1 VCPU {{(pid=106542) get_provider_ids_matching /opt/stack/placement/placement/objects/research_context.py:563}}
Oct 30 01:16:33.673032 n-d-master-1 devstack@placement-api.service[106542]: DEBUG placement.objects.research_context [req-84b63b06-2b91-4a49-b29e-c9c6476a0ed5 req-23e16419-c79c-4a12-a391-6f85534dd5f8 service placement] found 2 providers after filtering by previous result {{(pid=106542) get_provider_ids_matching /opt/stack/placement/placement/objects/research_context.py:594}}
Oct 30 01:16:33.717231 n-d-master-1 devstack@placement-api.service[106542]: DEBUG placement.objects.allocation_candidate [req-84b63b06-2b91-4a49-b29e-c9c6476a0ed5 req-23e16419-c79c-4a12-a391-6f85534dd5f8 service placement] RequestGroup(use_same_provider=False, resources={DISK_GB:1, MEMORY_MB:1024, VCPU:1}, traits=(), aggregates=[]) (suffix '') returned 2 matches {{(pid=106542) _get_by_requests /opt/stack/placement/placement/objects/allocation_candidate.py:156}}
Oct 30 01:16:33.717717 n-d-master-1 devstack@placement-api.service[106542]: DEBUG placement.objects.allocation_candidate [req-84b63b06-2b91-4a49-b29e-c9c6476a0ed5 req-23e16419-c79c-4a12-a391-6f85534dd5f8 service placement] Merging candidates yields 2 allocation requests and 2 provider summaries {{(pid=106542) _merge_candidates /opt/stack/placement/placement/objects/allocation_candidate.py:809}}
Oct 30 01:16:33.720974 n-d-master-1 devstack@placement-api.service[106542]: INFO placement.requestlog [req-84b63b06-2b91-4a49-b29e-c9c6476a0ed5 req-23e16419-c79c-4a12-a391-6f85534dd5f8 service placement] 10.222.0.13 "GET /placement/allocation_candidates?resources=DISK_GB%3A1%2CMEMORY_MB%3A1024%2CVCPU%3A1&root_required=%21COMPUTE_STATUS_DISABLED" status: 200 len: 1309 microversion: 1.36
Oct 30 01:16:33.721999 n-d-master-1 devstack@placement-api.service[106542]: [pid: 106542|app: 0|req: 256/497] 10.222.0.13 () {60 vars in 1484 bytes} [Sun Oct 30 01:16:33 2022] GET /placement/allocation_candidates?resources=DISK_GB%3A1%2CMEMORY_MB%3A1024%2CVCPU%3A1&root_required=%21COMPUTE_STATUS_DISABLED => generated 1309 bytes in 172 msecs (HTTP/1.1 200) 8 headers in 297 bytes (1 switches on core 0)
Oct 30 01:16:33.848092 n-d-master-1 devstack@placement-api.service[106541]: DEBUG placement.requestlog [req-84b63b06-2b91-4a49-b29e-c9c6476a0ed5 req-bb6852b7-93ca-4933-9f14-4887d5b902bf None None] Starting request: 10.222.0.13 "GET /placement/allocations/16620e75-9ac1-4f76-97eb-d4281e2f0d88" {{(pid=106541) __call__ /opt/stack/placement/placement/requestlog.py:55}}
Oct 30 01:16:33.872009 n-d-master-1 devstack@placement-api.service[106541]: INFO placement.requestlog [req-84b63b06-2b91-4a49-b29e-c9c6476a0ed5 req-bb6852b7-93ca-4933-9f14-4887d5b902bf service placement] 10.222.0.13 "GET /placement/allocations/16620e75-9ac1-4f76-97eb-d4281e2f0d88" status: 200 len: 19 microversion: 1.28
Oct 30 01:16:33.872959 n-d-master-1 devstack@placement-api.service[106541]: [pid: 106541|app: 0|req: 242/498] 10.222.0.13 () {60 vars in 1380 bytes} [Sun Oct 30 01:16:33 2022] GET /placement/allocations/16620e75-9ac1-4f76-97eb-d4281e2f0d88 => generated 19 bytes in 25 msecs (HTTP/1.1 200) 8 headers in 295 bytes (1 switches on core 0)
Oct 30 01:16:33.881982 n-d-master-1 devstack@placement-api.service[106542]: DEBUG placement.requestlog [req-84b63b06-2b91-4a49-b29e-c9c6476a0ed5 req-d3e3990a-e1e4-4357-8549-c030dcc91fb7 None None] Starting request: 10.222.0.13 "PUT /placement/allocations/16620e75-9ac1-4f76-97eb-d4281e2f0d88" {{(pid=106542) __call__ /opt/stack/placement/placement/requestlog.py:55}}
Oct 30 01:16:33.945296 n-d-master-1 devstack@placement-api.service[106542]: DEBUG dbcounter [-] [106542] Writing DB stats placement:SELECT=87,placement:INSERT=5,placement:DELETE=4,placement:UPDATE=4 {{(pid=106542) stat_writer /usr/local/lib/python3.8/dist-packages/dbcounter.py:114}}
Oct 30 01:16:34.086398 n-d-master-1 devstack@placement-api.service[106542]: DEBUG placement.handlers.allocation [req-84b63b06-2b91-4a49-b29e-c9c6476a0ed5 req-d3e3990a-e1e4-4357-8549-c030dcc91fb7 service placement] Successfully wrote allocations [, , ] {{(pid=106542) _update_consumers_and_create_allocations /opt/stack/placement/placement/handlers/allocation.py:462}}
Oct 30 01:16:34.153875 n-d-master-1 devstack@placement-api.service[106542]: INFO placement.requestlog [req-84b63b06-2b91-4a49-b29e-c9c6476a0ed5 req-d3e3990a-e1e4-4357-8549-c030dcc91fb7 service placement] 10.222.0.13 "PUT /placement/allocations/16620e75-9ac1-4f76-97eb-d4281e2f0d88" status: 204 len: 0 microversion: 1.36
Oct 30 01:16:34.154500 n-d-master-1 devstack@placement-api.service[106542]: [pid: 106542|app: 0|req: 257/499] 10.222.0.13 () {64 vars in 1433 bytes} [Sun Oct 30 01:16:33 2022] PUT /placement/allocations/16620e75-9ac1-4f76-97eb-d4281e2f0d88 => generated 0 bytes in 273 msecs (HTTP/1.1 204) 5 headers in 199 bytes (1 switches on core 0)
Oct 30 01:16:34.198634 n-d-master-1 devstack@placement-api.service[106541]: DEBUG placement.requestlog [req-84b63b06-2b91-4a49-b29e-c9c6476a0ed5 req-d7c2b032-b00d-4659-aeff-c486182e4685 None None] Starting request: 10.222.0.13 "GET /placement/allocations/d1fee870-9d6d-4086-9138-4a9709e2d26c" {{(pid=106541) __call__ /opt/stack/placement/placement/requestlog.py:55}}
Oct 30 01:16:34.212457 n-d-master-1 devstack@placement-api.service[106541]: INFO placement.requestlog [req-84b63b06-2b91-4a49-b29e-c9c6476a0ed5 req-d7c2b032-b00d-4659-aeff-c486182e4685 service placement] 10.222.0.13 "GET /placement/allocations/d1fee870-9d6d-4086-9138-4a9709e2d26c" status: 200 len: 19 microversion: 1.28
Oct 30 01:16:34.214588 n-d-master-1 devstack@placement-api.service[106541]: [pid: 106541|app: 0|req: 243/500] 10.222.0.13 () {60 vars in 1380 bytes} [Sun Oct 30 01:16:34 2022] GET /placement/allocations/d1fee870-9d6d-4086-9138-4a9709e2d26c => generated 19 bytes in 15 msecs (HTTP/1.1 200) 8 headers in 295 bytes (1 switches on core 0)
Oct 30 01:16:34.226824 n-d-master-1 devstack@placement-api.service[106542]: DEBUG placement.requestlog [req-84b63b06-2b91-4a49-b29e-c9c6476a0ed5 req-a1c6f57d-18e4-4e47-b804-456c1d14320a None None] Starting request: 10.222.0.13 "PUT /placement/allocations/d1fee870-9d6d-4086-9138-4a9709e2d26c" {{(pid=106542) __call__ /opt/stack/placement/placement/requestlog.py:55}}
Oct 30 01:16:34.372538 n-d-master-1 devstack@placement-api.service[106541]: DEBUG placement.requestlog [req-3fa2a312-9e9f-404f-b990-652fab143722 req-871ddf74-5b5a-4ce4-ab68-ad270379195c None None] Starting request: 10.222.0.13 "GET /placement/allocation_candidates?limit=1000&resources=DISK_GB%3A1%2CMEMORY_MB%3A1024%2CVCPU%3A1&root_required=%21COMPUTE_STATUS_DISABLED" {{(pid=106541) __call__ /opt/stack/placement/placement/requestlog.py:55}}
Oct 30 01:16:34.461538 n-d-master-1 devstack@placement-api.service[106542]: DEBUG placement.handlers.allocation [req-84b63b06-2b91-4a49-b29e-c9c6476a0ed5 req-a1c6f57d-18e4-4e47-b804-456c1d14320a service placement] Successfully wrote allocations [, , ] {{(pid=106542) _update_consumers_and_create_allocations /opt/stack/placement/placement/handlers/allocation.py:462}}
Oct 30 01:16:34.506337 n-d-master-1 devstack@placement-api.service[106541]: DEBUG placement.objects.research_context [req-3fa2a312-9e9f-404f-b990-652fab143722 req-871ddf74-5b5a-4ce4-ab68-ad270379195c service placement] getting providers with 1 DISK_GB {{(pid=106541) __init__ /opt/stack/placement/placement/objects/research_context.py:136}}
Oct 30 01:16:34.533699 n-d-master-1 devstack@placement-api.service[106541]: DEBUG placement.objects.research_context [req-3fa2a312-9e9f-404f-b990-652fab143722 req-871ddf74-5b5a-4ce4-ab68-ad270379195c service placement] getting providers with 1024 MEMORY_MB {{(pid=106541) __init__ /opt/stack/placement/placement/objects/research_context.py:136}}
Oct 30 01:16:34.543204 n-d-master-1 devstack@placement-api.service[106542]: INFO placement.requestlog [req-84b63b06-2b91-4a49-b29e-c9c6476a0ed5 req-a1c6f57d-18e4-4e47-b804-456c1d14320a service placement] 10.222.0.13 "PUT /placement/allocations/d1fee870-9d6d-4086-9138-4a9709e2d26c" status: 204 len: 0 microversion: 1.36
Oct 30 01:16:34.544063 n-d-master-1 devstack@placement-api.service[106542]: [pid: 106542|app: 0|req: 258/501] 10.222.0.13 () {64 vars in 1433 bytes} [Sun Oct 30 01:16:34 2022] PUT /placement/allocations/d1fee870-9d6d-4086-9138-4a9709e2d26c => generated 0 bytes in 317 msecs (HTTP/1.1 204) 5 headers in 199 bytes (1 switches on core 0)
Oct 30 01:16:34.557956 n-d-master-1 devstack@placement-api.service[106541]: DEBUG placement.objects.research_context [req-3fa2a312-9e9f-404f-b990-652fab143722 req-871ddf74-5b5a-4ce4-ab68-ad270379195c service placement] getting providers with 1 VCPU {{(pid=106541) __init__ /opt/stack/placement/placement/objects/research_context.py:136}}
Oct 30 01:16:34.579787 n-d-master-1 devstack@placement-api.service[106541]: DEBUG placement.objects.research_context [req-3fa2a312-9e9f-404f-b990-652fab143722 req-871ddf74-5b5a-4ce4-ab68-ad270379195c service placement] found 2 providers with available 1 DISK_GB {{(pid=106541) get_provider_ids_matching /opt/stack/placement/placement/objects/research_context.py:563}}
Oct 30 01:16:34.580805 n-d-master-1 devstack@placement-api.service[106541]: DEBUG placement.objects.research_context [req-3fa2a312-9e9f-404f-b990-652fab143722 req-871ddf74-5b5a-4ce4-ab68-ad270379195c service placement] found 2 providers with available 1024 MEMORY_MB {{(pid=106541) get_provider_ids_matching /opt/stack/placement/placement/objects/research_context.py:563}}
Oct 30 01:16:34.589655 n-d-master-1 devstack@placement-api.service[106541]: DEBUG placement.objects.research_context [req-3fa2a312-9e9f-404f-b990-652fab143722 req-871ddf74-5b5a-4ce4-ab68-ad270379195c service placement] found 2 providers after filtering by previous result {{(pid=106541) get_provider_ids_matching /opt/stack/placement/placement/objects/research_context.py:594}}
Oct 30 01:16:34.589655 n-d-master-1 devstack@placement-api.service[106541]: DEBUG placement.objects.research_context [req-3fa2a312-9e9f-404f-b990-652fab143722 req-871ddf74-5b5a-4ce4-ab68-ad270379195c service placement] found 2 providers with available 1 VCPU {{(pid=106541) get_provider_ids_matching /opt/stack/placement/placement/objects/research_context.py:563}}
Oct 30 01:16:34.589871 n-d-master-1 devstack@placement-api.service[106541]: DEBUG placement.objects.research_context [req-3fa2a312-9e9f-404f-b990-652fab143722 req-871ddf74-5b5a-4ce4-ab68-ad270379195c service placement] found 2 providers after filtering by previous result {{(pid=106541) get_provider_ids_matching /opt/stack/placement/placement/objects/research_context.py:594}}
Oct 30 01:16:34.610244 n-d-master-1 devstack@placement-api.service[106541]: DEBUG placement.objects.allocation_candidate [req-3fa2a312-9e9f-404f-b990-652fab143722 req-871ddf74-5b5a-4ce4-ab68-ad270379195c service placement] RequestGroup(use_same_provider=False, resources={DISK_GB:1, MEMORY_MB:1024, VCPU:1}, traits=(), aggregates=[]) (suffix '') returned 2 matches {{(pid=106541) _get_by_requests /opt/stack/placement/placement/objects/allocation_candidate.py:156}}
Oct 30 01:16:34.613425 n-d-master-1 devstack@placement-api.service[106541]: DEBUG placement.objects.allocation_candidate [req-3fa2a312-9e9f-404f-b990-652fab143722 req-871ddf74-5b5a-4ce4-ab68-ad270379195c service placement] Merging candidates yields 2 allocation requests and 2 provider summaries {{(pid=106541) _merge_candidates /opt/stack/placement/placement/objects/allocation_candidate.py:809}}
Oct 30 01:16:34.625144 n-d-master-1 devstack@placement-api.service[106541]: INFO placement.requestlog [req-3fa2a312-9e9f-404f-b990-652fab143722 req-871ddf74-5b5a-4ce4-ab68-ad270379195c service placement] 10.222.0.13 "GET /placement/allocation_candidates?limit=1000&resources=DISK_GB%3A1%2CMEMORY_MB%3A1024%2CVCPU%3A1&root_required=%21COMPUTE_STATUS_DISABLED" status: 200 len: 1309 microversion: 1.36
Oct 30 01:16:34.626075 n-d-master-1 devstack@placement-api.service[106541]: [pid: 106541|app: 0|req: 244/502] 10.222.0.13 () {60 vars in 1506 bytes} [Sun Oct 30 01:16:34 2022] GET /placement/allocation_candidates?limit=1000&resources=DISK_GB%3A1%2CMEMORY_MB%3A1024%2CVCPU%3A1&root_required=%21COMPUTE_STATUS_DISABLED => generated 1309 bytes in 254 msecs (HTTP/1.1 200) 8 headers in 297 bytes (2 switches on core 0)
Oct 30 01:16:34.820937 n-d-master-1 devstack@placement-api.service[106542]: DEBUG placement.requestlog [req-3fa2a312-9e9f-404f-b990-652fab143722 req-466b9b19-6851-4254-8bff-f74db1b954a1 None None] Starting request: 10.222.0.13 "GET /placement/allocations/76c32172-798a-49f6-8247-6f86860dbdc5" {{(pid=106542) __call__ /opt/stack/placement/placement/requestlog.py:55}}
Oct 30 01:16:34.848953 n-d-master-1 devstack@placement-api.service[106542]: INFO placement.requestlog [req-3fa2a312-9e9f-404f-b990-652fab143722 req-466b9b19-6851-4254-8bff-f74db1b954a1 service placement] 10.222.0.13 "GET /placement/allocations/76c32172-798a-49f6-8247-6f86860dbdc5" status: 200 len: 19 microversion: 1.28
Oct 30 01:16:34.849400 n-d-master-1 devstack@placement-api.service[106542]: [pid: 106542|app: 0|req: 259/503] 10.222.0.13 () {60 vars in 1380 bytes} [Sun Oct 30 01:16:34 2022] GET /placement/allocations/76c32172-798a-49f6-8247-6f86860dbdc5 => generated 19 bytes in 29 msecs (HTTP/1.1 200) 8 headers in 295 bytes (1 switches on core 0)
Oct 30 01:16:34.859927 n-d-master-1 devstack@placement-api.service[106541]: DEBUG placement.requestlog [req-3fa2a312-9e9f-404f-b990-652fab143722 req-4996237a-ecae-48f2-9459-a9cb4ad2a7a4 None None] Starting request: 10.222.0.13 "PUT /placement/allocations/76c32172-798a-49f6-8247-6f86860dbdc5" {{(pid=106541) __call__ /opt/stack/placement/placement/requestlog.py:55}}
Oct 30 01:16:34.920587 n-d-master-1 devstack@placement-api.service[106541]: DEBUG dbcounter [-] [106541] Writing DB stats placement:SELECT=100 {{(pid=106541) stat_writer /usr/local/lib/python3.8/dist-packages/dbcounter.py:114}}
Oct 30 01:16:35.097660 n-d-master-1 devstack@placement-api.service[106541]: DEBUG placement.handlers.allocation [req-3fa2a312-9e9f-404f-b990-652fab143722 req-4996237a-ecae-48f2-9459-a9cb4ad2a7a4 service placement] Successfully wrote allocations [, , ] {{(pid=106541) _update_consumers_and_create_allocations /opt/stack/placement/placement/handlers/allocation.py:462}}
Oct 30 01:16:35.165735 n-d-master-1 devstack@placement-api.service[106541]: INFO placement.requestlog [req-3fa2a312-9e9f-404f-b990-652fab143722 req-4996237a-ecae-48f2-9459-a9cb4ad2a7a4 service placement] 10.222.0.13 "PUT /placement/allocations/76c32172-798a-49f6-8247-6f86860dbdc5" status: 204 len: 0 microversion: 1.36
Oct 30 01:16:35.166660 n-d-master-1 devstack@placement-api.service[106541]: [pid: 106541|app: 0|req: 245/504] 10.222.0.13 () {64 vars in 1433 bytes} [Sun Oct 30 01:16:34 2022] PUT /placement/allocations/76c32172-798a-49f6-8247-6f86860dbdc5 => generated 0 bytes in 310 msecs (HTTP/1.1 204) 5 headers in 199 bytes (1 switches on core 0)
Oct 30 01:16:35.995899 n-d-master-1 devstack@placement-api.service[106542]: DEBUG placement.requestlog [req-84b63b06-2b91-4a49-b29e-c9c6476a0ed5 req-58a100b6-27bc-42c7-b8e2-b5e532056067 None None] Starting request: 10.222.0.46 "GET /placement/allocations/16620e75-9ac1-4f76-97eb-d4281e2f0d88" {{(pid=106542) __call__ /opt/stack/placement/placement/requestlog.py:55}}
Oct 30 01:16:36.042151 n-d-master-1 devstack@placement-api.service[106542]: INFO placement.requestlog [req-84b63b06-2b91-4a49-b29e-c9c6476a0ed5 req-58a100b6-27bc-42c7-b8e2-b5e532056067 service placement] 10.222.0.46 "GET /placement/allocations/16620e75-9ac1-4f76-97eb-d4281e2f0d88" status: 200 len: 259 microversion: 1.28
Oct 30 01:16:36.044145 n-d-master-1 devstack@placement-api.service[106542]: [pid: 106542|app: 0|req: 260/505] 10.222.0.46 () {60 vars in 1377 bytes} [Sun Oct 30 01:16:35 2022] GET /placement/allocations/16620e75-9ac1-4f76-97eb-d4281e2f0d88 => generated 259 bytes in 48 msecs (HTTP/1.1 200) 8 headers in 296 bytes (1 switches on core 0)
Oct 30 01:16:36.443351 n-d-master-1 devstack@placement-api.service[106541]: DEBUG placement.requestlog [req-84b63b06-2b91-4a49-b29e-c9c6476a0ed5 req-06e53f5b-273a-4535-b051-5c1981a7db09 None None] Starting request: 10.222.0.50 "GET /placement/allocations/d1fee870-9d6d-4086-9138-4a9709e2d26c" {{(pid=106541) __call__ /opt/stack/placement/placement/requestlog.py:55}}
Oct 30 01:16:36.556932 n-d-master-1 devstack@placement-api.service[106541]: INFO placement.requestlog [req-84b63b06-2b91-4a49-b29e-c9c6476a0ed5 req-06e53f5b-273a-4535-b051-5c1981a7db09 service placement] 10.222.0.50 "GET /placement/allocations/d1fee870-9d6d-4086-9138-4a9709e2d26c" status: 200 len: 259 microversion: 1.28
Oct 30 01:16:36.558916 n-d-master-1 devstack@placement-api.service[106541]: [pid: 106541|app: 0|req: 246/506] 10.222.0.50 () {60 vars in 1377 bytes} [Sun Oct 30 01:16:36 2022] GET /placement/allocations/d1fee870-9d6d-4086-9138-4a9709e2d26c => generated 259 bytes in 116 msecs (HTTP/1.1 200) 8 headers in 296 bytes (1 switches on core 0)
Oct 30 01:16:36.610116 n-d-master-1 devstack@placement-api.service[106542]: DEBUG placement.requestlog [None req-47122454-19d7-4e04-ae2d-714de352aad3 None None] Starting request: 10.222.0.13 "GET /placement/resource_providers/40628eac-06c7-42b5-aa3c-19329f6ef6df/aggregates" {{(pid=106542) __call__ /opt/stack/placement/placement/requestlog.py:55}}
Oct 30 01:16:36.707150 n-d-master-1 devstack@placement-api.service[106541]: DEBUG placement.requestlog [req-84b63b06-2b91-4a49-b29e-c9c6476a0ed5 req-2323adc7-c175-4638-8b6f-0d8407b1373a None None] Starting request: 10.222.0.46 "GET /placement/resource_providers?in_tree=18db4346-f719-47e0-9fa3-2ff8ca274990" {{(pid=106541) __call__ /opt/stack/placement/placement/requestlog.py:55}}
Oct 30 01:16:36.802060 n-d-master-1 devstack@placement-api.service[106541]: INFO placement.requestlog [req-84b63b06-2b91-4a49-b29e-c9c6476a0ed5 req-2323adc7-c175-4638-8b6f-0d8407b1373a service placement] 10.222.0.46 "GET /placement/resource_providers?in_tree=18db4346-f719-47e0-9fa3-2ff8ca274990" status: 200 len: 863 microversion: 1.14
Oct 30 01:16:36.803440 n-d-master-1 devstack@placement-api.service[106542]: INFO placement.requestlog [None req-47122454-19d7-4e04-ae2d-714de352aad3 service placement] 10.222.0.13 "GET /placement/resource_providers/40628eac-06c7-42b5-aa3c-19329f6ef6df/aggregates" status: 404 len: 235 microversion: 1.1
Oct 30 01:16:36.807057 n-d-master-1 devstack@placement-api.service[106542]: [pid: 106542|app: 0|req: 261/508] 10.222.0.13 () {58 vars in 1362 bytes} [Sun Oct 30 01:16:36 2022] GET /placement/resource_providers/40628eac-06c7-42b5-aa3c-19329f6ef6df/aggregates => generated 235 bytes in 197 msecs (HTTP/1.1 404) 5 headers in 202 bytes (1 switches on core 0)
Oct 30 01:16:36.807748 n-d-master-1 devstack@placement-api.service[106541]: [pid: 106541|app: 0|req: 247/508] 10.222.0.46 () {60 vars in 1376 bytes} [Sun Oct 30 01:16:36 2022] GET /placement/resource_providers?in_tree=18db4346-f719-47e0-9fa3-2ff8ca274990 => generated 863 bytes in 100 msecs (HTTP/1.1 200) 6 headers in 225 bytes (1 switches on core 0)
Oct 30 01:16:36.808764 n-d-master-1 devstack@placement-api.service[106542]: DEBUG placement.requestlog [req-3fa2a312-9e9f-404f-b990-652fab143722 req-1b763df3-5d61-4e71-9812-557dcf2f328b None None] Starting request: 10.222.0.46 "GET /placement/allocations/76c32172-798a-49f6-8247-6f86860dbdc5" {{(pid=106542) __call__ /opt/stack/placement/placement/requestlog.py:55}}
Oct 30 01:16:36.830286 n-d-master-1 devstack@placement-api.service[106541]: DEBUG placement.requestlog [req-84b63b06-2b91-4a49-b29e-c9c6476a0ed5 req-bce6103a-f09d-4b06-bff0-91ee5571237a None None] Starting request: 10.222.0.46 "GET /placement/resource_providers/18db4346-f719-47e0-9fa3-2ff8ca274990/inventories" {{(pid=106541) __call__ /opt/stack/placement/placement/requestlog.py:55}}
Oct 30 01:16:36.850975 n-d-master-1 devstack@placement-api.service[106542]: INFO placement.requestlog [req-3fa2a312-9e9f-404f-b990-652fab143722 req-1b763df3-5d61-4e71-9812-557dcf2f328b service placement] 10.222.0.46 "GET /placement/allocations/76c32172-798a-49f6-8247-6f86860dbdc5" status: 200 len: 259 microversion: 1.28
Oct 30 01:16:36.857489 n-d-master-1 devstack@placement-api.service[106542]: [pid: 106542|app: 0|req: 262/509] 10.222.0.46 () {60 vars in 1377 bytes} [Sun Oct 30 01:16:36 2022] GET /placement/allocations/76c32172-798a-49f6-8247-6f86860dbdc5 => generated 259 bytes in 48 msecs (HTTP/1.1 200) 8 headers in 296 bytes (1 switches on core 0)
Oct 30 01:16:36.862234 n-d-master-1 devstack@placement-api.service[106541]: INFO placement.requestlog [req-84b63b06-2b91-4a49-b29e-c9c6476a0ed5 req-bce6103a-f09d-4b06-bff0-91ee5571237a service placement] 10.222.0.46 "GET /placement/resource_providers/18db4346-f719-47e0-9fa3-2ff8ca274990/inventories" status: 200 len: 397 microversion: 1.0
Oct 30 01:16:36.863154 n-d-master-1 devstack@placement-api.service[106541]: [pid: 106541|app: 0|req: 248/510] 10.222.0.46 () {58 vars in 1390 bytes} [Sun Oct 30 01:16:36 2022] GET /placement/resource_providers/18db4346-f719-47e0-9fa3-2ff8ca274990/inventories => generated 397 bytes in 33 msecs (HTTP/1.1 200) 6 headers in 224 bytes (2 switches on core 0)
Oct 30 01:16:36.903753 n-d-master-1 devstack@placement-api.service[106542]: DEBUG placement.requestlog [req-84b63b06-2b91-4a49-b29e-c9c6476a0ed5 req-6b2b3a00-2f7f-4183-8951-6e6318b03d52 None None] Starting request: 10.222.0.46 "GET /placement/resource_providers/18db4346-f719-47e0-9fa3-2ff8ca274990/aggregates" {{(pid=106542) __call__ /opt/stack/placement/placement/requestlog.py:55}}
Oct 30 01:16:36.913019 n-d-master-1 devstack@placement-api.service[106541]: DEBUG placement.requestlog [None req-e584d3ab-b29a-4bad-84d3-8552e8ac3302 None None] Starting request: 10.222.0.13 "DELETE /placement/resource_providers/40628eac-06c7-42b5-aa3c-19329f6ef6df" {{(pid=106541) __call__ /opt/stack/placement/placement/requestlog.py:55}}
Oct 30 01:16:36.967583 n-d-master-1 devstack@placement-api.service[106542]: INFO placement.requestlog [req-84b63b06-2b91-4a49-b29e-c9c6476a0ed5 req-6b2b3a00-2f7f-4183-8951-6e6318b03d52 service placement] 10.222.0.46 "GET /placement/resource_providers/18db4346-f719-47e0-9fa3-2ff8ca274990/aggregates" status: 200 len: 54 microversion: 1.19
Oct 30 01:16:36.968060 n-d-master-1 devstack@placement-api.service[106542]: [pid: 106542|app: 0|req: 263/511] 10.222.0.46 () {60 vars in 1431 bytes} [Sun Oct 30 01:16:36 2022] GET /placement/resource_providers/18db4346-f719-47e0-9fa3-2ff8ca274990/aggregates => generated 54 bytes in 66 msecs (HTTP/1.1 200) 8 headers in 295 bytes (1 switches on core 0)
Oct 30 01:16:36.969863 n-d-master-1 devstack@placement-api.service[106541]: DEBUG placement.wsgi_wrapper [None req-e584d3ab-b29a-4bad-84d3-8552e8ac3302 service placement] Placement API returning an error response: No resource provider with uuid 40628eac-06c7-42b5-aa3c-19329f6ef6df found for delete {{(pid=106541) call_func /opt/stack/placement/placement/wsgi_wrapper.py:31}}
Oct 30 01:16:36.970923 n-d-master-1 devstack@placement-api.service[106541]: INFO placement.requestlog [None req-e584d3ab-b29a-4bad-84d3-8552e8ac3302 service placement] 10.222.0.13 "DELETE /placement/resource_providers/40628eac-06c7-42b5-aa3c-19329f6ef6df" status: 404 len: 246 microversion: 1.1
Oct 30 01:16:36.971753 n-d-master-1 devstack@placement-api.service[106541]: [pid: 106541|app: 0|req: 249/512] 10.222.0.13 () {60 vars in 1351 bytes} [Sun Oct 30 01:16:36 2022] DELETE /placement/resource_providers/40628eac-06c7-42b5-aa3c-19329f6ef6df => generated 246 bytes in 59 msecs (HTTP/1.1 404) 6 headers in 231 bytes (1 switches on core 0)
Oct 30 01:16:36.997594 n-d-master-1 devstack@placement-api.service[106542]: DEBUG placement.requestlog [req-84b63b06-2b91-4a49-b29e-c9c6476a0ed5 req-9d8b21f9-ee62-4021-a771-95b8f2aadec2 None None] Starting request: 10.222.0.46 "GET /placement/resource_providers/18db4346-f719-47e0-9fa3-2ff8ca274990/traits" {{(pid=106542) __call__ /opt/stack/placement/placement/requestlog.py:55}}
Oct 30 01:16:37.060292 n-d-master-1 devstack@placement-api.service[106542]: INFO placement.requestlog [req-84b63b06-2b91-4a49-b29e-c9c6476a0ed5 req-9d8b21f9-ee62-4021-a771-95b8f2aadec2 service placement] 10.222.0.46 "GET /placement/resource_providers/18db4346-f719-47e0-9fa3-2ff8ca274990/traits" status: 200 len: 212 microversion: 1.6
Oct 30 01:16:37.062431 n-d-master-1 devstack@placement-api.service[106542]: [pid: 106542|app: 0|req: 264/513] 10.222.0.46 () {60 vars in 1418 bytes} [Sun Oct 30 01:16:36 2022] GET /placement/resource_providers/18db4346-f719-47e0-9fa3-2ff8ca274990/traits => generated 212 bytes in 65 msecs (HTTP/1.1 200) 6 headers in 224 bytes (1 switches on core 0)
Oct 30 01:16:37.068323 n-d-master-1 devstack@placement-api.service[106541]: DEBUG placement.requestlog [req-84b63b06-2b91-4a49-b29e-c9c6476a0ed5 req-b4c4dcd6-ad08-4332-bcb7-7a60968a023d None None] Starting request: 10.222.0.50 "GET /placement/resource_providers?in_tree=9d5c0bd9-5fbd-474b-8fc8-ead5eec5e800" {{(pid=106541) __call__ /opt/stack/placement/placement/requestlog.py:55}}
Oct 30 01:16:37.090023 n-d-master-1 devstack@placement-api.service[106542]: DEBUG placement.requestlog [req-84b63b06-2b91-4a49-b29e-c9c6476a0ed5 req-bc84dea7-1b93-48b5-857a-a64f389506cf None None] Starting request: 10.222.0.46 "GET /placement/resource_providers/18db4346-f719-47e0-9fa3-2ff8ca274990/allocations" {{(pid=106542) __call__ /opt/stack/placement/placement/requestlog.py:55}}
Oct 30 01:16:37.133692 n-d-master-1 devstack@placement-api.service[106541]: INFO placement.requestlog [req-84b63b06-2b91-4a49-b29e-c9c6476a0ed5 req-b4c4dcd6-ad08-4332-bcb7-7a60968a023d service placement] 10.222.0.50 "GET /placement/resource_providers?in_tree=9d5c0bd9-5fbd-474b-8fc8-ead5eec5e800" status: 200 len: 863 microversion: 1.14
Oct 30 01:16:37.134625 n-d-master-1 devstack@placement-api.service[106541]: [pid: 106541|app: 0|req: 250/514] 10.222.0.50 () {60 vars in 1376 bytes} [Sun Oct 30 01:16:37 2022] GET /placement/resource_providers?in_tree=9d5c0bd9-5fbd-474b-8fc8-ead5eec5e800 => generated 863 bytes in 66 msecs (HTTP/1.1 200) 6 headers in 225 bytes (1 switches on core 0)
Oct 30 01:16:37.145948 n-d-master-1 devstack@placement-api.service[106542]: INFO placement.requestlog [req-84b63b06-2b91-4a49-b29e-c9c6476a0ed5 req-bc84dea7-1b93-48b5-857a-a64f389506cf service placement] 10.222.0.46 "GET /placement/resource_providers/18db4346-f719-47e0-9fa3-2ff8ca274990/allocations" status: 200 len: 861 microversion: 1.0
Oct 30 01:16:37.146924 n-d-master-1 devstack@placement-api.service[106542]: [pid: 106542|app: 0|req: 265/515] 10.222.0.46 () {58 vars in 1390 bytes} [Sun Oct 30 01:16:37 2022] GET /placement/resource_providers/18db4346-f719-47e0-9fa3-2ff8ca274990/allocations => generated 861 bytes in 57 msecs (HTTP/1.1 200) 6 headers in 224 bytes (1 switches on core 0)
Oct 30 01:16:37.153820 n-d-master-1 devstack@placement-api.service[106541]: DEBUG placement.requestlog [req-84b63b06-2b91-4a49-b29e-c9c6476a0ed5 req-26d72855-f4f1-4bdb-be74-009d2e8aa9d1 None None] Starting request: 10.222.0.50 "GET /placement/resource_providers/9d5c0bd9-5fbd-474b-8fc8-ead5eec5e800/inventories" {{(pid=106541) __call__ /opt/stack/placement/placement/requestlog.py:55}}
Oct 30 01:16:37.156918 n-d-master-1 devstack@placement-api.service[106542]: DEBUG placement.requestlog [req-84b63b06-2b91-4a49-b29e-c9c6476a0ed5 req-6d56f3fd-45cd-43f2-837a-65f358d3c80d None None] Starting request: 10.222.0.46 "GET /placement/allocations/16620e75-9ac1-4f76-97eb-d4281e2f0d88" {{(pid=106542) __call__ /opt/stack/placement/placement/requestlog.py:55}}
Oct 30 01:16:37.206678 n-d-master-1 devstack@placement-api.service[106542]: INFO placement.requestlog [req-84b63b06-2b91-4a49-b29e-c9c6476a0ed5 req-6d56f3fd-45cd-43f2-837a-65f358d3c80d service placement] 10.222.0.46 "GET /placement/allocations/16620e75-9ac1-4f76-97eb-d4281e2f0d88" status: 200 len: 259 microversion: 1.28
Oct 30 01:16:37.207583 n-d-master-1 devstack@placement-api.service[106542]: [pid: 106542|app: 0|req: 266/516] 10.222.0.46 () {60 vars in 1377 bytes} [Sun Oct 30 01:16:37 2022] GET /placement/allocations/16620e75-9ac1-4f76-97eb-d4281e2f0d88 => generated 259 bytes in 51 msecs (HTTP/1.1 200) 8 headers in 296 bytes (1 switches on core 0)
Oct 30 01:16:37.209894 n-d-master-1 devstack@placement-api.service[106541]: INFO placement.requestlog [req-84b63b06-2b91-4a49-b29e-c9c6476a0ed5 req-26d72855-f4f1-4bdb-be74-009d2e8aa9d1 service placement] 10.222.0.50 "GET /placement/resource_providers/9d5c0bd9-5fbd-474b-8fc8-ead5eec5e800/inventories" status: 200 len: 397 microversion: 1.0
Oct 30 01:16:37.210751 n-d-master-1 devstack@placement-api.service[106541]: [pid: 106541|app: 0|req: 251/517] 10.222.0.50 () {58 vars in 1390 bytes} [Sun Oct 30 01:16:37 2022] GET /placement/resource_providers/9d5c0bd9-5fbd-474b-8fc8-ead5eec5e800/inventories => generated 397 bytes in 57 msecs (HTTP/1.1 200) 6 headers in 224 bytes (1 switches on core 0)
Oct 30 01:16:37.238004 n-d-master-1 devstack@placement-api.service[106541]: DEBUG placement.requestlog [req-84b63b06-2b91-4a49-b29e-c9c6476a0ed5 req-277e3009-bde0-4bf9-8a48-06864f50e4c7 None None] Starting request: 10.222.0.50 "GET /placement/resource_providers/9d5c0bd9-5fbd-474b-8fc8-ead5eec5e800/aggregates" {{(pid=106541) __call__ /opt/stack/placement/placement/requestlog.py:55}}
Oct 30 01:16:37.238166 n-d-master-1 devstack@placement-api.service[106542]: DEBUG placement.requestlog [req-84b63b06-2b91-4a49-b29e-c9c6476a0ed5 req-9a669a83-3ec4-47f1-af66-4599932b128f None None] Starting request: 10.222.0.46 "GET /placement/allocations/6c20ab8e-0b0a-4946-9c34-08ab3efb1ac3" {{(pid=106542) __call__ /opt/stack/placement/placement/requestlog.py:55}}
Oct 30 01:16:37.278193 n-d-master-1 devstack@placement-api.service[106542]: INFO placement.requestlog [req-84b63b06-2b91-4a49-b29e-c9c6476a0ed5 req-9a669a83-3ec4-47f1-af66-4599932b128f service placement] 10.222.0.46 "GET /placement/allocations/6c20ab8e-0b0a-4946-9c34-08ab3efb1ac3" status: 200 len: 259 microversion: 1.28
Oct 30 01:16:37.279324 n-d-master-1 devstack@placement-api.service[106542]: [pid: 106542|app: 0|req: 267/518] 10.222.0.46 () {60 vars in 1377 bytes} [Sun Oct 30 01:16:37 2022] GET /placement/allocations/6c20ab8e-0b0a-4946-9c34-08ab3efb1ac3 => generated 259 bytes in 46 msecs (HTTP/1.1 200) 8 headers in 296 bytes (1 switches on core 0)
Oct 30 01:16:37.294205 n-d-master-1 devstack@placement-api.service[106542]: DEBUG placement.requestlog [req-84b63b06-2b91-4a49-b29e-c9c6476a0ed5 req-dce11f60-5aab-4114-ac91-ab0e8db6bb68 None None] Starting request: 10.222.0.46 "GET /placement/allocations/76c32172-798a-49f6-8247-6f86860dbdc5" {{(pid=106542) __call__ /opt/stack/placement/placement/requestlog.py:55}}
Oct 30 01:16:37.294849 n-d-master-1 devstack@placement-api.service[106541]: INFO placement.requestlog [req-84b63b06-2b91-4a49-b29e-c9c6476a0ed5 req-277e3009-bde0-4bf9-8a48-06864f50e4c7 service placement] 10.222.0.50 "GET /placement/resource_providers/9d5c0bd9-5fbd-474b-8fc8-ead5eec5e800/aggregates" status: 200 len: 54 microversion: 1.19
Oct 30 01:16:37.295753 n-d-master-1 devstack@placement-api.service[106541]: [pid: 106541|app: 0|req: 252/519] 10.222.0.50 () {60 vars in 1431 bytes} [Sun Oct 30 01:16:37 2022] GET /placement/resource_providers/9d5c0bd9-5fbd-474b-8fc8-ead5eec5e800/aggregates => generated 54 bytes in 61 msecs (HTTP/1.1 200) 8 headers in 295 bytes (1 switches on core 0)
Oct 30 01:16:37.315349 n-d-master-1 devstack@placement-api.service[106541]: DEBUG placement.requestlog [req-84b63b06-2b91-4a49-b29e-c9c6476a0ed5 req-8a9154b5-d5c8-4a91-a1c3-5e3ec2885d98 None None] Starting request: 10.222.0.50 "GET /placement/resource_providers/9d5c0bd9-5fbd-474b-8fc8-ead5eec5e800/traits" {{(pid=106541) __call__ /opt/stack/placement/placement/requestlog.py:55}}
Oct 30 01:16:37.335961 n-d-master-1 devstack@placement-api.service[106542]: INFO placement.requestlog [req-84b63b06-2b91-4a49-b29e-c9c6476a0ed5 req-dce11f60-5aab-4114-ac91-ab0e8db6bb68 service placement] 10.222.0.46 "GET /placement/allocations/76c32172-798a-49f6-8247-6f86860dbdc5" status: 200 len: 259 microversion: 1.28
Oct 30 01:16:37.336975 n-d-master-1 devstack@placement-api.service[106542]: [pid: 106542|app: 0|req: 268/520] 10.222.0.46 () {60 vars in 1377 bytes} [Sun Oct 30 01:16:37 2022] GET /placement/allocations/76c32172-798a-49f6-8247-6f86860dbdc5 => generated 259 bytes in 43 msecs (HTTP/1.1 200) 8 headers in 296 bytes (1 switches on core 0)
Oct 30 01:16:37.371439 n-d-master-1 devstack@placement-api.service[106542]: DEBUG placement.requestlog [req-84b63b06-2b91-4a49-b29e-c9c6476a0ed5 req-5645caa1-2c99-439f-84f1-bd995022bc25 None None] Starting request: 10.222.0.46 "GET /placement/allocations/d19d848f-99bc-4f10-b837-d66aaa5258a6" {{(pid=106542) __call__ /opt/stack/placement/placement/requestlog.py:55}}
Oct 30 01:16:37.411046 n-d-master-1 devstack@placement-api.service[106542]: INFO placement.requestlog [req-84b63b06-2b91-4a49-b29e-c9c6476a0ed5 req-5645caa1-2c99-439f-84f1-bd995022bc25 service placement] 10.222.0.46 "GET /placement/allocations/d19d848f-99bc-4f10-b837-d66aaa5258a6" status: 200 len: 259 microversion: 1.28
Oct 30 01:16:37.417975 n-d-master-1 devstack@placement-api.service[106542]: [pid: 106542|app: 0|req: 269/521] 10.222.0.46 () {60 vars in 1377 bytes} [Sun Oct 30 01:16:37 2022] GET /placement/allocations/d19d848f-99bc-4f10-b837-d66aaa5258a6 => generated 259 bytes in 42 msecs (HTTP/1.1 200) 8 headers in 296 bytes (1 switches on core 0)
Oct 30 01:16:37.422702 n-d-master-1 devstack@placement-api.service[106542]: DEBUG placement.requestlog [req-84b63b06-2b91-4a49-b29e-c9c6476a0ed5 req-6f9621a2-7173-4bf9-afa6-c4ace3de7e9e None None] Starting request: 10.222.0.46 "GET /placement/allocations/6b368660-effb-411d-b713-455fc7fd44cd" {{(pid=106542) __call__ /opt/stack/placement/placement/requestlog.py:55}}
Oct 30 01:16:37.453607 n-d-master-1 devstack@placement-api.service[106542]: INFO placement.requestlog [req-84b63b06-2b91-4a49-b29e-c9c6476a0ed5 req-6f9621a2-7173-4bf9-afa6-c4ace3de7e9e service placement] 10.222.0.46 "GET /placement/allocations/6b368660-effb-411d-b713-455fc7fd44cd" status: 200 len: 259 microversion: 1.28
Oct 30 01:16:37.455079 n-d-master-1 devstack@placement-api.service[106542]: [pid: 106542|app: 0|req: 270/522] 10.222.0.46 () {60 vars in 1377 bytes} [Sun Oct 30 01:16:37 2022] GET /placement/allocations/6b368660-effb-411d-b713-455fc7fd44cd => generated 259 bytes in 33 msecs (HTTP/1.1 200) 8 headers in 296 bytes (2 switches on core 0)
Oct 30 01:16:37.479590 n-d-master-1 devstack@placement-api.service[106541]: INFO placement.requestlog [req-84b63b06-2b91-4a49-b29e-c9c6476a0ed5 req-8a9154b5-d5c8-4a91-a1c3-5e3ec2885d98 service placement] 10.222.0.50 "GET /placement/resource_providers/9d5c0bd9-5fbd-474b-8fc8-ead5eec5e800/traits" status: 200 len: 212 microversion: 1.6
Oct 30 01:16:37.482247 n-d-master-1 devstack@placement-api.service[106541]: [pid: 106541|app: 0|req: 253/523] 10.222.0.50 () {60 vars in 1418 bytes} [Sun Oct 30 01:16:37 2022] GET /placement/resource_providers/9d5c0bd9-5fbd-474b-8fc8-ead5eec5e800/traits => generated 212 bytes in 167 msecs (HTTP/1.1 200) 6 headers in 224 bytes (1 switches on core 0)
Oct 30 01:16:37.484877 n-d-master-1 devstack@placement-api.service[106542]: DEBUG placement.requestlog [req-84b63b06-2b91-4a49-b29e-c9c6476a0ed5 req-ec5182a8-5ede-4e32-9b02-66e1c250dfd4 None None] Starting request: 10.222.0.46 "GET /placement/allocations/f86d0786-3c99-494f-aa6b-47adf07fca7c" {{(pid=106542) __call__ /opt/stack/placement/placement/requestlog.py:55}}
Oct 30 01:16:37.503235 n-d-master-1 devstack@placement-api.service[106541]: DEBUG placement.requestlog [req-84b63b06-2b91-4a49-b29e-c9c6476a0ed5 req-be47d77c-d8a4-4a81-878c-c714d32ebf3e None None] Starting request: 10.222.0.50 "GET /placement/resource_providers/9d5c0bd9-5fbd-474b-8fc8-ead5eec5e800/allocations" {{(pid=106541) __call__ /opt/stack/placement/placement/requestlog.py:55}}
Oct 30 01:16:37.514537 n-d-master-1 devstack@placement-api.service[106542]: INFO placement.requestlog [req-84b63b06-2b91-4a49-b29e-c9c6476a0ed5 req-ec5182a8-5ede-4e32-9b02-66e1c250dfd4 service placement] 10.222.0.46 "GET /placement/allocations/f86d0786-3c99-494f-aa6b-47adf07fca7c" status: 200 len: 259 microversion: 1.28
Oct 30 01:16:37.515768 n-d-master-1 devstack@placement-api.service[106542]: [pid: 106542|app: 0|req: 271/524] 10.222.0.46 () {60 vars in 1377 bytes} [Sun Oct 30 01:16:37 2022] GET /placement/allocations/f86d0786-3c99-494f-aa6b-47adf07fca7c => generated 259 bytes in 31 msecs (HTTP/1.1 200) 8 headers in 296 bytes (2 switches on core 0)
Oct 30 01:16:37.521415 n-d-master-1 devstack@placement-api.service[106542]: DEBUG placement.requestlog [req-23871bb8-b1b9-442f-b57a-5a86871f0f72 req-6ac3b735-9f35-4e34-83d9-c75c147b936e None None] Starting request: 10.222.0.13 "GET /placement/allocation_candidates?limit=1000&resources=DISK_GB%3A1%2CMEMORY_MB%3A1024%2CVCPU%3A1&root_required=%21COMPUTE_STATUS_DISABLED" {{(pid=106542) __call__ /opt/stack/placement/placement/requestlog.py:55}}
Oct 30 01:16:37.602191 n-d-master-1 devstack@placement-api.service[106541]: INFO placement.requestlog [req-84b63b06-2b91-4a49-b29e-c9c6476a0ed5 req-be47d77c-d8a4-4a81-878c-c714d32ebf3e service placement] 10.222.0.50 "GET /placement/resource_providers/9d5c0bd9-5fbd-474b-8fc8-ead5eec5e800/allocations" status: 200 len: 861 microversion: 1.0
Oct 30 01:16:37.603272 n-d-master-1 devstack@placement-api.service[106541]: [pid: 106541|app: 0|req: 254/525] 10.222.0.50 () {58 vars in 1390 bytes} [Sun Oct 30 01:16:37 2022] GET /placement/resource_providers/9d5c0bd9-5fbd-474b-8fc8-ead5eec5e800/allocations => generated 861 bytes in 101 msecs (HTTP/1.1 200) 6 headers in 224 bytes (1 switches on core 0)
Oct 30 01:16:37.604547 n-d-master-1 devstack@placement-api.service[106541]: DEBUG placement.requestlog [req-84b63b06-2b91-4a49-b29e-c9c6476a0ed5 req-d9a549e4-6478-4a06-aa85-18166c1d2e09 None None] Starting request: 10.222.0.46 "GET /placement/allocations/a294dd33-efb1-4d8b-a83c-817b50cdc138" {{(pid=106541) __call__ /opt/stack/placement/placement/requestlog.py:55}}
Oct 30 01:16:37.680527 n-d-master-1 devstack@placement-api.service[106541]: INFO placement.requestlog [req-84b63b06-2b91-4a49-b29e-c9c6476a0ed5 req-d9a549e4-6478-4a06-aa85-18166c1d2e09 service placement] 10.222.0.46 "GET /placement/allocations/a294dd33-efb1-4d8b-a83c-817b50cdc138" status: 200 len: 259 microversion: 1.28
Oct 30 01:16:37.682158 n-d-master-1 devstack@placement-api.service[106541]: [pid: 106541|app: 0|req: 255/526] 10.222.0.46 () {60 vars in 1377 bytes} [Sun Oct 30 01:16:37 2022] GET /placement/allocations/a294dd33-efb1-4d8b-a83c-817b50cdc138 => generated 259 bytes in 78 msecs (HTTP/1.1 200) 8 headers in 296 bytes (1 switches on core 0)
Oct 30 01:16:37.685649 n-d-master-1 devstack@placement-api.service[106541]: DEBUG placement.requestlog [req-84b63b06-2b91-4a49-b29e-c9c6476a0ed5 req-c5fc1040-e4bf-4111-8ece-91362a49366b None None] Starting request: 10.222.0.50 "GET /placement/allocations/3f60e45a-0e20-4280-be86-275d598fd552" {{(pid=106541) __call__ /opt/stack/placement/placement/requestlog.py:55}}
Oct 30 01:16:37.697699 n-d-master-1 devstack@placement-api.service[106542]: DEBUG placement.objects.research_context [req-23871bb8-b1b9-442f-b57a-5a86871f0f72 req-6ac3b735-9f35-4e34-83d9-c75c147b936e service placement] getting providers with 1 DISK_GB {{(pid=106542) __init__ /opt/stack/placement/placement/objects/research_context.py:136}}
Oct 30 01:16:37.722035 n-d-master-1 devstack@placement-api.service[106542]: DEBUG placement.objects.research_context [req-23871bb8-b1b9-442f-b57a-5a86871f0f72 req-6ac3b735-9f35-4e34-83d9-c75c147b936e service placement] getting providers with 1024 MEMORY_MB {{(pid=106542) __init__ /opt/stack/placement/placement/objects/research_context.py:136}}
Oct 30 01:16:37.747855 n-d-master-1 devstack@placement-api.service[106542]: DEBUG placement.objects.research_context [req-23871bb8-b1b9-442f-b57a-5a86871f0f72 req-6ac3b735-9f35-4e34-83d9-c75c147b936e service placement] getting providers with 1 VCPU {{(pid=106542) __init__ /opt/stack/placement/placement/objects/research_context.py:136}}
Oct 30 01:16:37.763426 n-d-master-1 devstack@placement-api.service[106542]: DEBUG placement.objects.research_context [req-23871bb8-b1b9-442f-b57a-5a86871f0f72 req-6ac3b735-9f35-4e34-83d9-c75c147b936e service placement] found 2 providers with available 1 DISK_GB {{(pid=106542) get_provider_ids_matching /opt/stack/placement/placement/objects/research_context.py:563}}
Oct 30 01:16:37.764996 n-d-master-1 devstack@placement-api.service[106542]: DEBUG placement.objects.research_context [req-23871bb8-b1b9-442f-b57a-5a86871f0f72 req-6ac3b735-9f35-4e34-83d9-c75c147b936e service placement] found 2 providers with available 1024 MEMORY_MB {{(pid=106542) get_provider_ids_matching /opt/stack/placement/placement/objects/research_context.py:563}}
Oct 30 01:16:37.765474 n-d-master-1 devstack@placement-api.service[106542]: DEBUG placement.objects.research_context [req-23871bb8-b1b9-442f-b57a-5a86871f0f72 req-6ac3b735-9f35-4e34-83d9-c75c147b936e service placement] found 2 providers after filtering by previous result {{(pid=106542) get_provider_ids_matching /opt/stack/placement/placement/objects/research_context.py:594}}
Oct 30 01:16:37.766076 n-d-master-1 devstack@placement-api.service[106542]: DEBUG placement.objects.research_context [req-23871bb8-b1b9-442f-b57a-5a86871f0f72 req-6ac3b735-9f35-4e34-83d9-c75c147b936e service placement] found 2 providers with available 1 VCPU {{(pid=106542) get_provider_ids_matching /opt/stack/placement/placement/objects/research_context.py:563}}
Oct 30 01:16:37.766813 n-d-master-1 devstack@placement-api.service[106542]: DEBUG placement.objects.research_context [req-23871bb8-b1b9-442f-b57a-5a86871f0f72 req-6ac3b735-9f35-4e34-83d9-c75c147b936e service placement] found 2 providers after filtering by previous result {{(pid=106542) get_provider_ids_matching /opt/stack/placement/placement/objects/research_context.py:594}}
