Oct 23 01:14:19.518209 n-d-master-1 devstack@placement-api.service[106432]: DEBUG placement.objects.research_context [req-79b308ba-18c6-4b90-a2a9-c1673e604d9b req-119e6d42-5d7e-4735-b4ee-b7e6186b1e4d service placement] getting providers with 1 DISK_GB {{(pid=106432) __init__ /opt/stack/placement/placement/objects/research_context.py:136}}
Oct 23 01:14:19.525630 n-d-master-1 devstack@placement-api.service[106432]: DEBUG placement.objects.research_context [req-79b308ba-18c6-4b90-a2a9-c1673e604d9b req-119e6d42-5d7e-4735-b4ee-b7e6186b1e4d service placement] getting providers with 1024 MEMORY_MB {{(pid=106432) __init__ /opt/stack/placement/placement/objects/research_context.py:136}}
Oct 23 01:14:19.531599 n-d-master-1 devstack@placement-api.service[106432]: DEBUG placement.objects.research_context [req-79b308ba-18c6-4b90-a2a9-c1673e604d9b req-119e6d42-5d7e-4735-b4ee-b7e6186b1e4d service placement] getting providers with 1 VCPU {{(pid=106432) __init__ /opt/stack/placement/placement/objects/research_context.py:136}}
Oct 23 01:14:19.541112 n-d-master-1 devstack@placement-api.service[106432]: DEBUG placement.objects.research_context [req-79b308ba-18c6-4b90-a2a9-c1673e604d9b req-119e6d42-5d7e-4735-b4ee-b7e6186b1e4d service placement] found 1 providers with available 1 DISK_GB {{(pid=106432) get_provider_ids_matching /opt/stack/placement/placement/objects/research_context.py:563}}
Oct 23 01:14:19.541112 n-d-master-1 devstack@placement-api.service[106432]: DEBUG placement.objects.research_context [req-79b308ba-18c6-4b90-a2a9-c1673e604d9b req-119e6d42-5d7e-4735-b4ee-b7e6186b1e4d service placement] found 1 providers with available 1024 MEMORY_MB {{(pid=106432) get_provider_ids_matching /opt/stack/placement/placement/objects/research_context.py:563}}
Oct 23 01:14:19.541112 n-d-master-1 devstack@placement-api.service[106432]: DEBUG placement.objects.research_context [req-79b308ba-18c6-4b90-a2a9-c1673e604d9b req-119e6d42-5d7e-4735-b4ee-b7e6186b1e4d service placement] found 1 providers after filtering by previous result {{(pid=106432) get_provider_ids_matching /opt/stack/placement/placement/objects/research_context.py:594}}
Oct 23 01:14:19.541112 n-d-master-1 devstack@placement-api.service[106432]: DEBUG placement.objects.research_context [req-79b308ba-18c6-4b90-a2a9-c1673e604d9b req-119e6d42-5d7e-4735-b4ee-b7e6186b1e4d service placement] found 1 providers with available 1 VCPU {{(pid=106432) get_provider_ids_matching /opt/stack/placement/placement/objects/research_context.py:563}}
Oct 23 01:14:19.541112 n-d-master-1 devstack@placement-api.service[106432]: DEBUG placement.objects.research_context [req-79b308ba-18c6-4b90-a2a9-c1673e604d9b req-119e6d42-5d7e-4735-b4ee-b7e6186b1e4d service placement] found 1 providers after filtering by previous result {{(pid=106432) get_provider_ids_matching /opt/stack/placement/placement/objects/research_context.py:594}}
Oct 23 01:14:19.549756 n-d-master-1 devstack@placement-api.service[106432]: DEBUG placement.objects.allocation_candidate [req-79b308ba-18c6-4b90-a2a9-c1673e604d9b req-119e6d42-5d7e-4735-b4ee-b7e6186b1e4d service placement] RequestGroup(use_same_provider=False, resources={DISK_GB:1, MEMORY_MB:1024, VCPU:1}, traits=(), aggregates=[]) (suffix '') returned 1 matches {{(pid=106432) _get_by_requests /opt/stack/placement/placement/objects/allocation_candidate.py:156}}
Oct 23 01:14:19.550153 n-d-master-1 devstack@placement-api.service[106432]: DEBUG placement.objects.allocation_candidate [req-79b308ba-18c6-4b90-a2a9-c1673e604d9b req-119e6d42-5d7e-4735-b4ee-b7e6186b1e4d service placement] Merging candidates yields 1 allocation requests and 1 provider summaries {{(pid=106432) _merge_candidates /opt/stack/placement/placement/objects/allocation_candidate.py:809}}
Oct 23 01:14:19.551696 n-d-master-1 devstack@placement-api.service[106432]: INFO placement.requestlog [req-79b308ba-18c6-4b90-a2a9-c1673e604d9b req-119e6d42-5d7e-4735-b4ee-b7e6186b1e4d service placement] 10.222.0.42 "GET /placement/allocation_candidates?in_tree=ba5ae510-485d-4cea-80eb-4f6af4b48498&limit=1000&resources=DISK_GB%3A1%2CMEMORY_MB%3A1024%2CVCPU%3A1&root_required=%21COMPUTE_STATUS_DISABLED" status: 200 len: 679 microversion: 1.36
Oct 23 01:14:19.557852 n-d-master-1 devstack@placement-api.service[106432]: [pid: 106432|app: 0|req: 242/485] 10.222.0.42 () {60 vars in 1596 bytes} [Sun Oct 23 01:14:19 2022] GET /placement/allocation_candidates?in_tree=ba5ae510-485d-4cea-80eb-4f6af4b48498&limit=1000&resources=DISK_GB%3A1%2CMEMORY_MB%3A1024%2CVCPU%3A1&root_required=%21COMPUTE_STATUS_DISABLED => generated 679 bytes in 143 msecs (HTTP/1.1 200) 8 headers in 296 bytes (1 switches on core 0)
Oct 23 01:14:19.636052 n-d-master-1 devstack@placement-api.service[106431]: DEBUG placement.requestlog [req-79b308ba-18c6-4b90-a2a9-c1673e604d9b req-b10b82a5-cd48-4f72-9c68-df5cfe589e30 None None] Starting request: 10.222.0.42 "GET /placement/allocations/12bc6f90-1421-4c4f-b651-ee7d941c725b" {{(pid=106431) __call__ /opt/stack/placement/placement/requestlog.py:55}}
Oct 23 01:14:19.655255 n-d-master-1 devstack@placement-api.service[106431]: INFO placement.requestlog [req-79b308ba-18c6-4b90-a2a9-c1673e604d9b req-b10b82a5-cd48-4f72-9c68-df5cfe589e30 service placement] 10.222.0.42 "GET /placement/allocations/12bc6f90-1421-4c4f-b651-ee7d941c725b" status: 200 len: 19 microversion: 1.28
Oct 23 01:14:19.661755 n-d-master-1 devstack@placement-api.service[106431]: [pid: 106431|app: 0|req: 244/486] 10.222.0.42 () {60 vars in 1380 bytes} [Sun Oct 23 01:14:19 2022] GET /placement/allocations/12bc6f90-1421-4c4f-b651-ee7d941c725b => generated 19 bytes in 25 msecs (HTTP/1.1 200) 8 headers in 295 bytes (1 switches on core 0)
Oct 23 01:14:19.662108 n-d-master-1 devstack@placement-api.service[106432]: DEBUG placement.requestlog [req-79b308ba-18c6-4b90-a2a9-c1673e604d9b req-e8eb01f7-5b29-4281-bb80-a42a24b90039 None None] Starting request: 10.222.0.42 "PUT /placement/allocations/12bc6f90-1421-4c4f-b651-ee7d941c725b" {{(pid=106432) __call__ /opt/stack/placement/placement/requestlog.py:55}}
Oct 23 01:14:19.748670 n-d-master-1 devstack@placement-api.service[106431]: DEBUG placement.requestlog [req-565438c9-1c68-41a2-a550-684847a731c8 req-8003eb92-5c80-4464-91cb-56e3bb124f7c None None] Starting request: 10.222.0.46 "GET /placement/resource_providers/ba5ae510-485d-4cea-80eb-4f6af4b48498/allocations" {{(pid=106431) __call__ /opt/stack/placement/placement/requestlog.py:55}}
Oct 23 01:14:19.822545 n-d-master-1 devstack@placement-api.service[106431]: INFO placement.requestlog [req-565438c9-1c68-41a2-a550-684847a731c8 req-8003eb92-5c80-4464-91cb-56e3bb124f7c service placement] 10.222.0.46 "GET /placement/resource_providers/ba5ae510-485d-4cea-80eb-4f6af4b48498/allocations" status: 200 len: 456 microversion: 1.0
Oct 23 01:14:19.825553 n-d-master-1 devstack@placement-api.service[106431]: [pid: 106431|app: 0|req: 245/487] 10.222.0.46 () {58 vars in 1390 bytes} [Sun Oct 23 01:14:19 2022] GET /placement/resource_providers/ba5ae510-485d-4cea-80eb-4f6af4b48498/allocations => generated 456 bytes in 77 msecs (HTTP/1.1 200) 6 headers in 224 bytes (2 switches on core 0)
Oct 23 01:14:19.843277 n-d-master-1 devstack@placement-api.service[106431]: DEBUG placement.requestlog [req-565438c9-1c68-41a2-a550-684847a731c8 req-3c9e62a5-4cf0-4acc-b929-4ebfecf0bff2 None None] Starting request: 10.222.0.46 "GET /placement/allocations/4ae2878c-23a6-4e78-bd92-69fb03fc27b2" {{(pid=106431) __call__ /opt/stack/placement/placement/requestlog.py:55}}
Oct 23 01:14:19.874591 n-d-master-1 devstack@placement-api.service[106431]: INFO placement.requestlog [req-565438c9-1c68-41a2-a550-684847a731c8 req-3c9e62a5-4cf0-4acc-b929-4ebfecf0bff2 service placement] 10.222.0.46 "GET /placement/allocations/4ae2878c-23a6-4e78-bd92-69fb03fc27b2" status: 200 len: 259 microversion: 1.28
Oct 23 01:14:19.875541 n-d-master-1 devstack@placement-api.service[106431]: [pid: 106431|app: 0|req: 246/488] 10.222.0.46 () {60 vars in 1377 bytes} [Sun Oct 23 01:14:19 2022] GET /placement/allocations/4ae2878c-23a6-4e78-bd92-69fb03fc27b2 => generated 259 bytes in 32 msecs (HTTP/1.1 200) 8 headers in 296 bytes (2 switches on core 0)
Oct 23 01:14:19.893842 n-d-master-1 devstack@placement-api.service[106431]: DEBUG placement.requestlog [req-565438c9-1c68-41a2-a550-684847a731c8 req-5f4a47fc-c98f-4d08-b9da-5cc8ebc00994 None None] Starting request: 10.222.0.46 "GET /placement/allocations/283de315-fdcb-4c89-91e3-96aa3e822b21" {{(pid=106431) __call__ /opt/stack/placement/placement/requestlog.py:55}}
Oct 23 01:14:19.916078 n-d-master-1 devstack@placement-api.service[106431]: INFO placement.requestlog [req-565438c9-1c68-41a2-a550-684847a731c8 req-5f4a47fc-c98f-4d08-b9da-5cc8ebc00994 service placement] 10.222.0.46 "GET /placement/allocations/283de315-fdcb-4c89-91e3-96aa3e822b21" status: 200 len: 259 microversion: 1.28
Oct 23 01:14:19.917124 n-d-master-1 devstack@placement-api.service[106431]: [pid: 106431|app: 0|req: 247/489] 10.222.0.46 () {60 vars in 1377 bytes} [Sun Oct 23 01:14:19 2022] GET /placement/allocations/283de315-fdcb-4c89-91e3-96aa3e822b21 => generated 259 bytes in 24 msecs (HTTP/1.1 200) 8 headers in 296 bytes (1 switches on core 0)
Oct 23 01:14:19.918314 n-d-master-1 devstack@placement-api.service[106432]: DEBUG placement.handlers.allocation [req-79b308ba-18c6-4b90-a2a9-c1673e604d9b req-e8eb01f7-5b29-4281-bb80-a42a24b90039 service placement] Successfully wrote allocations [, , ] {{(pid=106432) _update_consumers_and_create_allocations /opt/stack/placement/placement/handlers/allocation.py:462}}
Oct 23 01:14:19.924694 n-d-master-1 devstack@placement-api.service[106431]: DEBUG placement.requestlog [req-565438c9-1c68-41a2-a550-684847a731c8 req-8f451482-d054-4242-a268-256d7c8b5a5e None None] Starting request: 10.222.0.46 "GET /placement/allocations/9f9d86ab-a89b-4088-a56a-749ee131bbef" {{(pid=106431) __call__ /opt/stack/placement/placement/requestlog.py:55}}
Oct 23 01:14:19.957035 n-d-master-1 devstack@placement-api.service[106431]: INFO placement.requestlog [req-565438c9-1c68-41a2-a550-684847a731c8 req-8f451482-d054-4242-a268-256d7c8b5a5e service placement] 10.222.0.46 "GET /placement/allocations/9f9d86ab-a89b-4088-a56a-749ee131bbef" status: 200 len: 259 microversion: 1.28
Oct 23 01:14:19.958067 n-d-master-1 devstack@placement-api.service[106431]: [pid: 106431|app: 0|req: 248/490] 10.222.0.46 () {60 vars in 1377 bytes} [Sun Oct 23 01:14:19 2022] GET /placement/allocations/9f9d86ab-a89b-4088-a56a-749ee131bbef => generated 259 bytes in 33 msecs (HTTP/1.1 200) 8 headers in 296 bytes (1 switches on core 0)
Oct 23 01:14:19.966590 n-d-master-1 devstack@placement-api.service[106431]: DEBUG placement.requestlog [req-565438c9-1c68-41a2-a550-684847a731c8 req-795c782e-b5ea-446f-89ef-00a20768b775 None None] Starting request: 10.222.0.46 "GET /placement/allocations/edb35c7d-9adc-4b53-9bef-147aadbeae5d" {{(pid=106431) __call__ /opt/stack/placement/placement/requestlog.py:55}}
Oct 23 01:14:19.995117 n-d-master-1 devstack@placement-api.service[106432]: INFO placement.requestlog [req-79b308ba-18c6-4b90-a2a9-c1673e604d9b req-e8eb01f7-5b29-4281-bb80-a42a24b90039 service placement] 10.222.0.42 "PUT /placement/allocations/12bc6f90-1421-4c4f-b651-ee7d941c725b" status: 204 len: 0 microversion: 1.36
Oct 23 01:14:19.995526 n-d-master-1 devstack@placement-api.service[106432]: [pid: 106432|app: 0|req: 243/491] 10.222.0.42 () {64 vars in 1433 bytes} [Sun Oct 23 01:14:19 2022] PUT /placement/allocations/12bc6f90-1421-4c4f-b651-ee7d941c725b => generated 0 bytes in 334 msecs (HTTP/1.1 204) 5 headers in 199 bytes (2 switches on core 0)
Oct 23 01:14:20.012041 n-d-master-1 devstack@placement-api.service[106431]: INFO placement.requestlog [req-565438c9-1c68-41a2-a550-684847a731c8 req-795c782e-b5ea-446f-89ef-00a20768b775 service placement] 10.222.0.46 "GET /placement/allocations/edb35c7d-9adc-4b53-9bef-147aadbeae5d" status: 200 len: 258 microversion: 1.28
Oct 23 01:14:20.012997 n-d-master-1 devstack@placement-api.service[106431]: [pid: 106431|app: 0|req: 249/492] 10.222.0.46 () {60 vars in 1377 bytes} [Sun Oct 23 01:14:19 2022] GET /placement/allocations/edb35c7d-9adc-4b53-9bef-147aadbeae5d => generated 258 bytes in 46 msecs (HTTP/1.1 200) 8 headers in 296 bytes (2 switches on core 0)
Oct 23 01:14:20.171680 n-d-master-1 devstack@placement-api.service[106432]: DEBUG placement.requestlog [None req-7b12aecf-b632-40b3-b0e2-cc01028ffc81 None None] Starting request: 10.222.0.42 "GET /placement/resource_providers/f38260f3-d0eb-4cb0-876b-526f4f25b259/aggregates" {{(pid=106432) __call__ /opt/stack/placement/placement/requestlog.py:55}}
Oct 23 01:14:20.186465 n-d-master-1 devstack@placement-api.service[106432]: INFO placement.requestlog [None req-7b12aecf-b632-40b3-b0e2-cc01028ffc81 service placement] 10.222.0.42 "GET /placement/resource_providers/f38260f3-d0eb-4cb0-876b-526f4f25b259/aggregates" status: 404 len: 235 microversion: 1.1
Oct 23 01:14:20.187226 n-d-master-1 devstack@placement-api.service[106432]: [pid: 106432|app: 0|req: 244/493] 10.222.0.42 () {58 vars in 1362 bytes} [Sun Oct 23 01:14:20 2022] GET /placement/resource_providers/f38260f3-d0eb-4cb0-876b-526f4f25b259/aggregates => generated 235 bytes in 16 msecs (HTTP/1.1 404) 5 headers in 202 bytes (1 switches on core 0)
Oct 23 01:14:20.194982 n-d-master-1 devstack@placement-api.service[106431]: DEBUG placement.requestlog [None req-d0d802da-a6f4-4df5-9a7c-d503ae0545ee None None] Starting request: 10.222.0.42 "DELETE /placement/resource_providers/f38260f3-d0eb-4cb0-876b-526f4f25b259" {{(pid=106431) __call__ /opt/stack/placement/placement/requestlog.py:55}}
Oct 23 01:14:20.211254 n-d-master-1 devstack@placement-api.service[106431]: DEBUG placement.wsgi_wrapper [None req-d0d802da-a6f4-4df5-9a7c-d503ae0545ee service placement] Placement API returning an error response: No resource provider with uuid f38260f3-d0eb-4cb0-876b-526f4f25b259 found for delete {{(pid=106431) call_func /opt/stack/placement/placement/wsgi_wrapper.py:31}}
Oct 23 01:14:20.212383 n-d-master-1 devstack@placement-api.service[106431]: INFO placement.requestlog [None req-d0d802da-a6f4-4df5-9a7c-d503ae0545ee service placement] 10.222.0.42 "DELETE /placement/resource_providers/f38260f3-d0eb-4cb0-876b-526f4f25b259" status: 404 len: 246 microversion: 1.1
Oct 23 01:14:20.216666 n-d-master-1 devstack@placement-api.service[106431]: [pid: 106431|app: 0|req: 250/494] 10.222.0.42 () {60 vars in 1351 bytes} [Sun Oct 23 01:14:20 2022] DELETE /placement/resource_providers/f38260f3-d0eb-4cb0-876b-526f4f25b259 => generated 246 bytes in 22 msecs (HTTP/1.1 404) 6 headers in 231 bytes (1 switches on core 0)
Oct 23 01:14:20.680373 n-d-master-1 devstack@placement-api.service[106432]: DEBUG placement.requestlog [req-79b308ba-18c6-4b90-a2a9-c1673e604d9b req-e5191454-1022-4567-996b-ea7ebe56c559 None None] Starting request: 10.222.0.46 "GET /placement/allocations/12bc6f90-1421-4c4f-b651-ee7d941c725b" {{(pid=106432) __call__ /opt/stack/placement/placement/requestlog.py:55}}
Oct 23 01:14:20.731062 n-d-master-1 devstack@placement-api.service[106432]: INFO placement.requestlog [req-79b308ba-18c6-4b90-a2a9-c1673e604d9b req-e5191454-1022-4567-996b-ea7ebe56c559 service placement] 10.222.0.46 "GET /placement/allocations/12bc6f90-1421-4c4f-b651-ee7d941c725b" status: 200 len: 259 microversion: 1.28
Oct 23 01:14:20.734240 n-d-master-1 devstack@placement-api.service[106432]: [pid: 106432|app: 0|req: 245/495] 10.222.0.46 () {60 vars in 1377 bytes} [Sun Oct 23 01:14:20 2022] GET /placement/allocations/12bc6f90-1421-4c4f-b651-ee7d941c725b => generated 259 bytes in 54 msecs (HTTP/1.1 200) 8 headers in 296 bytes (1 switches on core 0)
Oct 23 01:14:20.765011 n-d-master-1 devstack@placement-api.service[106431]: DEBUG placement.requestlog [req-565438c9-1c68-41a2-a550-684847a731c8 req-716a2a8b-afca-4418-a19c-46965d48149d None None] Starting request: 10.222.0.46 "GET /placement/allocations/9f9d86ab-a89b-4088-a56a-749ee131bbef" {{(pid=106431) __call__ /opt/stack/placement/placement/requestlog.py:55}}
Oct 23 01:14:20.791012 n-d-master-1 devstack@placement-api.service[106431]: INFO placement.requestlog [req-565438c9-1c68-41a2-a550-684847a731c8 req-716a2a8b-afca-4418-a19c-46965d48149d service placement] 10.222.0.46 "GET /placement/allocations/9f9d86ab-a89b-4088-a56a-749ee131bbef" status: 200 len: 259 microversion: 1.28
Oct 23 01:14:20.793187 n-d-master-1 devstack@placement-api.service[106431]: [pid: 106431|app: 0|req: 251/496] 10.222.0.46 () {60 vars in 1377 bytes} [Sun Oct 23 01:14:20 2022] GET /placement/allocations/9f9d86ab-a89b-4088-a56a-749ee131bbef => generated 259 bytes in 28 msecs (HTTP/1.1 200) 8 headers in 296 bytes (1 switches on core 0)
Oct 23 01:14:20.822228 n-d-master-1 devstack@placement-api.service[106432]: DEBUG placement.requestlog [req-565438c9-1c68-41a2-a550-684847a731c8 req-02457ce1-2452-4e3c-86d3-0a98aa930660 None None] Starting request: 10.222.0.46 "PUT /placement/allocations/9f9d86ab-a89b-4088-a56a-749ee131bbef" {{(pid=106432) __call__ /opt/stack/placement/placement/requestlog.py:55}}
Oct 23 01:14:20.914373 n-d-master-1 devstack@placement-api.service[106432]: DEBUG placement.handlers.allocation [req-565438c9-1c68-41a2-a550-684847a731c8 req-02457ce1-2452-4e3c-86d3-0a98aa930660 service placement] Successfully wrote allocations [, , ] {{(pid=106432) _update_consumers_and_create_allocations /opt/stack/placement/placement/handlers/allocation.py:462}}
Oct 23 01:14:20.999289 n-d-master-1 devstack@placement-api.service[106432]: INFO placement.requestlog [req-565438c9-1c68-41a2-a550-684847a731c8 req-02457ce1-2452-4e3c-86d3-0a98aa930660 service placement] 10.222.0.46 "PUT /placement/allocations/9f9d86ab-a89b-4088-a56a-749ee131bbef" status: 204 len: 0 microversion: 1.28
Oct 23 01:14:20.999950 n-d-master-1 devstack@placement-api.service[106432]: [pid: 106432|app: 0|req: 246/497] 10.222.0.46 () {64 vars in 1430 bytes} [Sun Oct 23 01:14:20 2022] PUT /placement/allocations/9f9d86ab-a89b-4088-a56a-749ee131bbef => generated 0 bytes in 178 msecs (HTTP/1.1 204) 5 headers in 199 bytes (1 switches on core 0)
Oct 23 01:14:21.304965 n-d-master-1 devstack@placement-api.service[106431]: DEBUG placement.requestlog [req-79b308ba-18c6-4b90-a2a9-c1673e604d9b req-d377a49d-64a9-4d99-9215-85680f11e462 None None] Starting request: 10.222.0.46 "GET /placement/resource_providers/ba5ae510-485d-4cea-80eb-4f6af4b48498/allocations" {{(pid=106431) __call__ /opt/stack/placement/placement/requestlog.py:55}}
Oct 23 01:14:21.355819 n-d-master-1 devstack@placement-api.service[106431]: INFO placement.requestlog [req-79b308ba-18c6-4b90-a2a9-c1673e604d9b req-d377a49d-64a9-4d99-9215-85680f11e462 service placement] 10.222.0.46 "GET /placement/resource_providers/ba5ae510-485d-4cea-80eb-4f6af4b48498/allocations" status: 200 len: 456 microversion: 1.0
Oct 23 01:14:21.356492 n-d-master-1 devstack@placement-api.service[106431]: [pid: 106431|app: 0|req: 252/498] 10.222.0.46 () {58 vars in 1390 bytes} [Sun Oct 23 01:14:21 2022] GET /placement/resource_providers/ba5ae510-485d-4cea-80eb-4f6af4b48498/allocations => generated 456 bytes in 54 msecs (HTTP/1.1 200) 6 headers in 224 bytes (1 switches on core 0)
Oct 23 01:14:21.365786 n-d-master-1 devstack@placement-api.service[106432]: DEBUG placement.requestlog [req-79b308ba-18c6-4b90-a2a9-c1673e604d9b req-aea0a588-ae32-40a8-b3d4-6c8b5bea9114 None None] Starting request: 10.222.0.46 "GET /placement/allocations/4ae2878c-23a6-4e78-bd92-69fb03fc27b2" {{(pid=106432) __call__ /opt/stack/placement/placement/requestlog.py:55}}
Oct 23 01:14:21.388021 n-d-master-1 devstack@placement-api.service[106432]: INFO placement.requestlog [req-79b308ba-18c6-4b90-a2a9-c1673e604d9b req-aea0a588-ae32-40a8-b3d4-6c8b5bea9114 service placement] 10.222.0.46 "GET /placement/allocations/4ae2878c-23a6-4e78-bd92-69fb03fc27b2" status: 200 len: 259 microversion: 1.28
Oct 23 01:14:21.393060 n-d-master-1 devstack@placement-api.service[106432]: [pid: 106432|app: 0|req: 247/499] 10.222.0.46 () {60 vars in 1377 bytes} [Sun Oct 23 01:14:21 2022] GET /placement/allocations/4ae2878c-23a6-4e78-bd92-69fb03fc27b2 => generated 259 bytes in 25 msecs (HTTP/1.1 200) 8 headers in 296 bytes (1 switches on core 0)
Oct 23 01:14:21.396472 n-d-master-1 devstack@placement-api.service[106431]: DEBUG placement.requestlog [req-79b308ba-18c6-4b90-a2a9-c1673e604d9b req-670b8ea7-2c20-4b14-b438-b8e8083b2942 None None] Starting request: 10.222.0.46 "GET /placement/allocations/283de315-fdcb-4c89-91e3-96aa3e822b21" {{(pid=106431) __call__ /opt/stack/placement/placement/requestlog.py:55}}
Oct 23 01:14:21.424869 n-d-master-1 devstack@placement-api.service[106431]: INFO placement.requestlog [req-79b308ba-18c6-4b90-a2a9-c1673e604d9b req-670b8ea7-2c20-4b14-b438-b8e8083b2942 service placement] 10.222.0.46 "GET /placement/allocations/283de315-fdcb-4c89-91e3-96aa3e822b21" status: 200 len: 259 microversion: 1.28
Oct 23 01:14:21.425258 n-d-master-1 devstack@placement-api.service[106431]: [pid: 106431|app: 0|req: 253/500] 10.222.0.46 () {60 vars in 1377 bytes} [Sun Oct 23 01:14:21 2022] GET /placement/allocations/283de315-fdcb-4c89-91e3-96aa3e822b21 => generated 259 bytes in 29 msecs (HTTP/1.1 200) 8 headers in 296 bytes (1 switches on core 0)
Oct 23 01:14:21.434515 n-d-master-1 devstack@placement-api.service[106432]: DEBUG placement.requestlog [req-79b308ba-18c6-4b90-a2a9-c1673e604d9b req-60cd6c06-b7a0-49d1-808e-90170515dd9c None None] Starting request: 10.222.0.46 "GET /placement/allocations/12bc6f90-1421-4c4f-b651-ee7d941c725b" {{(pid=106432) __call__ /opt/stack/placement/placement/requestlog.py:55}}
Oct 23 01:14:21.462026 n-d-master-1 devstack@placement-api.service[106432]: INFO placement.requestlog [req-79b308ba-18c6-4b90-a2a9-c1673e604d9b req-60cd6c06-b7a0-49d1-808e-90170515dd9c service placement] 10.222.0.46 "GET /placement/allocations/12bc6f90-1421-4c4f-b651-ee7d941c725b" status: 200 len: 259 microversion: 1.28
Oct 23 01:14:21.463198 n-d-master-1 devstack@placement-api.service[106432]: [pid: 106432|app: 0|req: 248/501] 10.222.0.46 () {60 vars in 1377 bytes} [Sun Oct 23 01:14:21 2022] GET /placement/allocations/12bc6f90-1421-4c4f-b651-ee7d941c725b => generated 259 bytes in 29 msecs (HTTP/1.1 200) 8 headers in 296 bytes (1 switches on core 0)
Oct 23 01:14:21.500646 n-d-master-1 devstack@placement-api.service[106431]: DEBUG placement.requestlog [req-79b308ba-18c6-4b90-a2a9-c1673e604d9b req-136eec54-0474-4203-a43b-b87c2e1e764a None None] Starting request: 10.222.0.46 "GET /placement/allocations/edb35c7d-9adc-4b53-9bef-147aadbeae5d" {{(pid=106431) __call__ /opt/stack/placement/placement/requestlog.py:55}}
Oct 23 01:14:21.522838 n-d-master-1 devstack@placement-api.service[106431]: INFO placement.requestlog [req-79b308ba-18c6-4b90-a2a9-c1673e604d9b req-136eec54-0474-4203-a43b-b87c2e1e764a service placement] 10.222.0.46 "GET /placement/allocations/edb35c7d-9adc-4b53-9bef-147aadbeae5d" status: 200 len: 258 microversion: 1.28
Oct 23 01:14:21.523846 n-d-master-1 devstack@placement-api.service[106431]: [pid: 106431|app: 0|req: 254/502] 10.222.0.46 () {60 vars in 1377 bytes} [Sun Oct 23 01:14:21 2022] GET /placement/allocations/edb35c7d-9adc-4b53-9bef-147aadbeae5d => generated 258 bytes in 24 msecs (HTTP/1.1 200) 8 headers in 296 bytes (1 switches on core 0)
Oct 23 01:14:21.697678 n-d-master-1 devstack@placement-api.service[106432]: DEBUG placement.requestlog [req-6f6795be-5ecb-4bde-a0ca-6db871c9bac6 req-92af39f5-b5f3-4254-96a4-b6e6729330fd None None] Starting request: 10.222.0.42 "GET /placement/allocation_candidates?limit=1000&resources=DISK_GB%3A1%2CMEMORY_MB%3A1024%2CVCPU%3A1&root_required=%21COMPUTE_STATUS_DISABLED" {{(pid=106432) __call__ /opt/stack/placement/placement/requestlog.py:55}}
Oct 23 01:14:21.747067 n-d-master-1 devstack@placement-api.service[106432]: DEBUG dbcounter [-] [106432] Writing DB stats placement:SELECT=86,placement:DELETE=6,placement:INSERT=4,placement:UPDATE=4 {{(pid=106432) stat_writer /usr/local/lib/python3.8/dist-packages/dbcounter.py:114}}
Oct 23 01:14:21.851029 n-d-master-1 devstack@placement-api.service[106432]: DEBUG placement.objects.research_context [req-6f6795be-5ecb-4bde-a0ca-6db871c9bac6 req-92af39f5-b5f3-4254-96a4-b6e6729330fd service placement] getting providers with 1 DISK_GB {{(pid=106432) __init__ /opt/stack/placement/placement/objects/research_context.py:136}}
Oct 23 01:14:21.861958 n-d-master-1 devstack@placement-api.service[106432]: DEBUG placement.objects.research_context [req-6f6795be-5ecb-4bde-a0ca-6db871c9bac6 req-92af39f5-b5f3-4254-96a4-b6e6729330fd service placement] getting providers with 1024 MEMORY_MB {{(pid=106432) __init__ /opt/stack/placement/placement/objects/research_context.py:136}}
Oct 23 01:14:21.870881 n-d-master-1 devstack@placement-api.service[106432]: DEBUG placement.objects.research_context [req-6f6795be-5ecb-4bde-a0ca-6db871c9bac6 req-92af39f5-b5f3-4254-96a4-b6e6729330fd service placement] getting providers with 1 VCPU {{(pid=106432) __init__ /opt/stack/placement/placement/objects/research_context.py:136}}
Oct 23 01:14:21.880167 n-d-master-1 devstack@placement-api.service[106432]: DEBUG placement.objects.research_context [req-6f6795be-5ecb-4bde-a0ca-6db871c9bac6 req-92af39f5-b5f3-4254-96a4-b6e6729330fd service placement] found 2 providers with available 1 DISK_GB {{(pid=106432) get_provider_ids_matching /opt/stack/placement/placement/objects/research_context.py:563}}
Oct 23 01:14:21.880167 n-d-master-1 devstack@placement-api.service[106432]: DEBUG placement.objects.research_context [req-6f6795be-5ecb-4bde-a0ca-6db871c9bac6 req-92af39f5-b5f3-4254-96a4-b6e6729330fd service placement] found 2 providers with available 1024 MEMORY_MB {{(pid=106432) get_provider_ids_matching /opt/stack/placement/placement/objects/research_context.py:563}}
Oct 23 01:14:21.880167 n-d-master-1 devstack@placement-api.service[106432]: DEBUG placement.objects.research_context [req-6f6795be-5ecb-4bde-a0ca-6db871c9bac6 req-92af39f5-b5f3-4254-96a4-b6e6729330fd service placement] found 2 providers after filtering by previous result {{(pid=106432) get_provider_ids_matching /opt/stack/placement/placement/objects/research_context.py:594}}
Oct 23 01:14:21.880167 n-d-master-1 devstack@placement-api.service[106432]: DEBUG placement.objects.research_context [req-6f6795be-5ecb-4bde-a0ca-6db871c9bac6 req-92af39f5-b5f3-4254-96a4-b6e6729330fd service placement] found 2 providers with available 1 VCPU {{(pid=106432) get_provider_ids_matching /opt/stack/placement/placement/objects/research_context.py:563}}
Oct 23 01:14:21.880573 n-d-master-1 devstack@placement-api.service[106432]: DEBUG placement.objects.research_context [req-6f6795be-5ecb-4bde-a0ca-6db871c9bac6 req-92af39f5-b5f3-4254-96a4-b6e6729330fd service placement] found 2 providers after filtering by previous result {{(pid=106432) get_provider_ids_matching /opt/stack/placement/placement/objects/research_context.py:594}}
Oct 23 01:14:21.895991 n-d-master-1 devstack@placement-api.service[106432]: DEBUG placement.objects.allocation_candidate [req-6f6795be-5ecb-4bde-a0ca-6db871c9bac6 req-92af39f5-b5f3-4254-96a4-b6e6729330fd service placement] RequestGroup(use_same_provider=False, resources={DISK_GB:1, MEMORY_MB:1024, VCPU:1}, traits=(), aggregates=[]) (suffix '') returned 2 matches {{(pid=106432) _get_by_requests /opt/stack/placement/placement/objects/allocation_candidate.py:156}}
Oct 23 01:14:21.896424 n-d-master-1 devstack@placement-api.service[106432]: DEBUG placement.objects.allocation_candidate [req-6f6795be-5ecb-4bde-a0ca-6db871c9bac6 req-92af39f5-b5f3-4254-96a4-b6e6729330fd service placement] Merging candidates yields 2 allocation requests and 2 provider summaries {{(pid=106432) _merge_candidates /opt/stack/placement/placement/objects/allocation_candidate.py:809}}
Oct 23 01:14:21.898691 n-d-master-1 devstack@placement-api.service[106432]: INFO placement.requestlog [req-6f6795be-5ecb-4bde-a0ca-6db871c9bac6 req-92af39f5-b5f3-4254-96a4-b6e6729330fd service placement] 10.222.0.42 "GET /placement/allocation_candidates?limit=1000&resources=DISK_GB%3A1%2CMEMORY_MB%3A1024%2CVCPU%3A1&root_required=%21COMPUTE_STATUS_DISABLED" status: 200 len: 1309 microversion: 1.36
Oct 23 01:14:21.899386 n-d-master-1 devstack@placement-api.service[106432]: [pid: 106432|app: 0|req: 249/503] 10.222.0.42 () {60 vars in 1506 bytes} [Sun Oct 23 01:14:21 2022] GET /placement/allocation_candidates?limit=1000&resources=DISK_GB%3A1%2CMEMORY_MB%3A1024%2CVCPU%3A1&root_required=%21COMPUTE_STATUS_DISABLED => generated 1309 bytes in 202 msecs (HTTP/1.1 200) 8 headers in 297 bytes (1 switches on core 0)
Oct 23 01:14:21.992390 n-d-master-1 devstack@placement-api.service[106431]: DEBUG placement.requestlog [req-6f6795be-5ecb-4bde-a0ca-6db871c9bac6 req-39b144c0-bcc7-474b-8932-a7653e1aea64 None None] Starting request: 10.222.0.42 "GET /placement/allocations/1cd3fd39-6d38-4c30-9dda-dd9b5530c294" {{(pid=106431) __call__ /opt/stack/placement/placement/requestlog.py:55}}
Oct 23 01:14:22.003997 n-d-master-1 devstack@placement-api.service[106431]: INFO placement.requestlog [req-6f6795be-5ecb-4bde-a0ca-6db871c9bac6 req-39b144c0-bcc7-474b-8932-a7653e1aea64 service placement] 10.222.0.42 "GET /placement/allocations/1cd3fd39-6d38-4c30-9dda-dd9b5530c294" status: 200 len: 19 microversion: 1.28
Oct 23 01:14:22.009636 n-d-master-1 devstack@placement-api.service[106431]: [pid: 106431|app: 0|req: 255/504] 10.222.0.42 () {60 vars in 1380 bytes} [Sun Oct 23 01:14:21 2022] GET /placement/allocations/1cd3fd39-6d38-4c30-9dda-dd9b5530c294 => generated 19 bytes in 17 msecs (HTTP/1.1 200) 8 headers in 295 bytes (1 switches on core 0)
Oct 23 01:14:22.011723 n-d-master-1 devstack@placement-api.service[106432]: DEBUG placement.requestlog [req-6f6795be-5ecb-4bde-a0ca-6db871c9bac6 req-91a82ec5-d6ba-48ce-a4f9-8442bd13579c None None] Starting request: 10.222.0.42 "PUT /placement/allocations/1cd3fd39-6d38-4c30-9dda-dd9b5530c294" {{(pid=106432) __call__ /opt/stack/placement/placement/requestlog.py:55}}
Oct 23 01:14:22.036435 n-d-master-1 devstack@placement-api.service[106431]: DEBUG placement.requestlog [req-ad6e3659-f692-402f-aa81-9dad64b23c43 req-497818d4-a14b-4c59-9538-95f791bfe58e None None] Starting request: 10.222.0.42 "GET /placement/allocation_candidates?limit=1000&resources=DISK_GB%3A1%2CMEMORY_MB%3A1024%2CVCPU%3A1&root_required=%21COMPUTE_STATUS_DISABLED" {{(pid=106431) __call__ /opt/stack/placement/placement/requestlog.py:55}}
Oct 23 01:14:22.125358 n-d-master-1 devstack@placement-api.service[106431]: DEBUG placement.objects.research_context [req-ad6e3659-f692-402f-aa81-9dad64b23c43 req-497818d4-a14b-4c59-9538-95f791bfe58e service placement] getting providers with 1 DISK_GB {{(pid=106431) __init__ /opt/stack/placement/placement/objects/research_context.py:136}}
Oct 23 01:14:22.149360 n-d-master-1 devstack@placement-api.service[106431]: DEBUG placement.objects.research_context [req-ad6e3659-f692-402f-aa81-9dad64b23c43 req-497818d4-a14b-4c59-9538-95f791bfe58e service placement] getting providers with 1024 MEMORY_MB {{(pid=106431) __init__ /opt/stack/placement/placement/objects/research_context.py:136}}
Oct 23 01:14:22.159160 n-d-master-1 devstack@placement-api.service[106431]: DEBUG placement.objects.research_context [req-ad6e3659-f692-402f-aa81-9dad64b23c43 req-497818d4-a14b-4c59-9538-95f791bfe58e service placement] getting providers with 1 VCPU {{(pid=106431) __init__ /opt/stack/placement/placement/objects/research_context.py:136}}
Oct 23 01:14:22.165954 n-d-master-1 devstack@placement-api.service[106431]: DEBUG placement.objects.research_context [req-ad6e3659-f692-402f-aa81-9dad64b23c43 req-497818d4-a14b-4c59-9538-95f791bfe58e service placement] found 2 providers with available 1 DISK_GB {{(pid=106431) get_provider_ids_matching /opt/stack/placement/placement/objects/research_context.py:563}}
Oct 23 01:14:22.166456 n-d-master-1 devstack@placement-api.service[106431]: DEBUG placement.objects.research_context [req-ad6e3659-f692-402f-aa81-9dad64b23c43 req-497818d4-a14b-4c59-9538-95f791bfe58e service placement] found 2 providers with available 1024 MEMORY_MB {{(pid=106431) get_provider_ids_matching /opt/stack/placement/placement/objects/research_context.py:563}}
Oct 23 01:14:22.167931 n-d-master-1 devstack@placement-api.service[106431]: DEBUG placement.objects.research_context [req-ad6e3659-f692-402f-aa81-9dad64b23c43 req-497818d4-a14b-4c59-9538-95f791bfe58e service placement] found 2 providers after filtering by previous result {{(pid=106431) get_provider_ids_matching /opt/stack/placement/placement/objects/research_context.py:594}}
Oct 23 01:14:22.167931 n-d-master-1 devstack@placement-api.service[106431]: DEBUG placement.objects.research_context [req-ad6e3659-f692-402f-aa81-9dad64b23c43 req-497818d4-a14b-4c59-9538-95f791bfe58e service placement] found 2 providers with available 1 VCPU {{(pid=106431) get_provider_ids_matching /opt/stack/placement/placement/objects/research_context.py:563}}
Oct 23 01:14:22.167931 n-d-master-1 devstack@placement-api.service[106431]: DEBUG placement.objects.research_context [req-ad6e3659-f692-402f-aa81-9dad64b23c43 req-497818d4-a14b-4c59-9538-95f791bfe58e service placement] found 2 providers after filtering by previous result {{(pid=106431) get_provider_ids_matching /opt/stack/placement/placement/objects/research_context.py:594}}
Oct 23 01:14:22.235362 n-d-master-1 devstack@placement-api.service[106431]: DEBUG placement.objects.allocation_candidate [req-ad6e3659-f692-402f-aa81-9dad64b23c43 req-497818d4-a14b-4c59-9538-95f791bfe58e service placement] RequestGroup(use_same_provider=False, resources={DISK_GB:1, MEMORY_MB:1024, VCPU:1}, traits=(), aggregates=[]) (suffix '') returned 2 matches {{(pid=106431) _get_by_requests /opt/stack/placement/placement/objects/allocation_candidate.py:156}}
Oct 23 01:14:22.235362 n-d-master-1 devstack@placement-api.service[106431]: DEBUG placement.objects.allocation_candidate [req-ad6e3659-f692-402f-aa81-9dad64b23c43 req-497818d4-a14b-4c59-9538-95f791bfe58e service placement] Merging candidates yields 2 allocation requests and 2 provider summaries {{(pid=106431) _merge_candidates /opt/stack/placement/placement/objects/allocation_candidate.py:809}}
Oct 23 01:14:22.235362 n-d-master-1 devstack@placement-api.service[106431]: INFO placement.requestlog [req-ad6e3659-f692-402f-aa81-9dad64b23c43 req-497818d4-a14b-4c59-9538-95f791bfe58e service placement] 10.222.0.42 "GET /placement/allocation_candidates?limit=1000&resources=DISK_GB%3A1%2CMEMORY_MB%3A1024%2CVCPU%3A1&root_required=%21COMPUTE_STATUS_DISABLED" status: 200 len: 1309 microversion: 1.36
Oct 23 01:14:22.235362 n-d-master-1 devstack@placement-api.service[106431]: [pid: 106431|app: 0|req: 256/505] 10.222.0.42 () {60 vars in 1506 bytes} [Sun Oct 23 01:14:22 2022] GET /placement/allocation_candidates?limit=1000&resources=DISK_GB%3A1%2CMEMORY_MB%3A1024%2CVCPU%3A1&root_required=%21COMPUTE_STATUS_DISABLED => generated 1309 bytes in 195 msecs (HTTP/1.1 200) 8 headers in 297 bytes (1 switches on core 0)
Oct 23 01:14:22.394993 n-d-master-1 devstack@placement-api.service[106431]: DEBUG placement.requestlog [None req-fbf24ad9-7c5f-40e0-a896-d859e7842a98 None None] Starting request: 10.222.0.42 "GET /placement/resource_providers/fabd1cd4-86c2-4067-ade1-f57bbadc2e91/aggregates" {{(pid=106431) __call__ /opt/stack/placement/placement/requestlog.py:55}}
Oct 23 01:14:22.407477 n-d-master-1 devstack@placement-api.service[106431]: INFO placement.requestlog [None req-fbf24ad9-7c5f-40e0-a896-d859e7842a98 service placement] 10.222.0.42 "GET /placement/resource_providers/fabd1cd4-86c2-4067-ade1-f57bbadc2e91/aggregates" status: 404 len: 235 microversion: 1.1
Oct 23 01:14:22.412097 n-d-master-1 devstack@placement-api.service[106431]: [pid: 106431|app: 0|req: 257/506] 10.222.0.42 () {58 vars in 1362 bytes} [Sun Oct 23 01:14:22 2022] GET /placement/resource_providers/fabd1cd4-86c2-4067-ade1-f57bbadc2e91/aggregates => generated 235 bytes in 20 msecs (HTTP/1.1 404) 5 headers in 202 bytes (2 switches on core 0)
Oct 23 01:14:22.414888 n-d-master-1 devstack@placement-api.service[106431]: DEBUG placement.requestlog [req-ad6e3659-f692-402f-aa81-9dad64b23c43 req-832f9641-c00b-4411-84b1-762d00fcbef7 None None] Starting request: 10.222.0.42 "GET /placement/allocations/e0769a09-da3a-422f-a7a8-27edf4a2e209" {{(pid=106431) __call__ /opt/stack/placement/placement/requestlog.py:55}}
Oct 23 01:14:22.446348 n-d-master-1 devstack@placement-api.service[106431]: INFO placement.requestlog [req-ad6e3659-f692-402f-aa81-9dad64b23c43 req-832f9641-c00b-4411-84b1-762d00fcbef7 service placement] 10.222.0.42 "GET /placement/allocations/e0769a09-da3a-422f-a7a8-27edf4a2e209" status: 200 len: 19 microversion: 1.28
Oct 23 01:14:22.446903 n-d-master-1 devstack@placement-api.service[106431]: [pid: 106431|app: 0|req: 258/507] 10.222.0.42 () {60 vars in 1380 bytes} [Sun Oct 23 01:14:22 2022] GET /placement/allocations/e0769a09-da3a-422f-a7a8-27edf4a2e209 => generated 19 bytes in 32 msecs (HTTP/1.1 200) 8 headers in 295 bytes (1 switches on core 0)
Oct 23 01:14:22.457344 n-d-master-1 devstack@placement-api.service[106431]: DEBUG placement.requestlog [req-ad6e3659-f692-402f-aa81-9dad64b23c43 req-7051d77d-f6d5-4c34-85fb-d4692b1d6fba None None] Starting request: 10.222.0.42 "PUT /placement/allocations/e0769a09-da3a-422f-a7a8-27edf4a2e209" {{(pid=106431) __call__ /opt/stack/placement/placement/requestlog.py:55}}
Oct 23 01:14:22.472672 n-d-master-1 devstack@placement-api.service[106432]: DEBUG placement.handlers.allocation [req-6f6795be-5ecb-4bde-a0ca-6db871c9bac6 req-91a82ec5-d6ba-48ce-a4f9-8442bd13579c service placement] Successfully wrote allocations [, , ] {{(pid=106432) _update_consumers_and_create_allocations /opt/stack/placement/placement/handlers/allocation.py:462}}
Oct 23 01:14:22.572155 n-d-master-1 devstack@placement-api.service[106432]: INFO placement.requestlog [req-6f6795be-5ecb-4bde-a0ca-6db871c9bac6 req-91a82ec5-d6ba-48ce-a4f9-8442bd13579c service placement] 10.222.0.42 "PUT /placement/allocations/1cd3fd39-6d38-4c30-9dda-dd9b5530c294" status: 204 len: 0 microversion: 1.36
Oct 23 01:14:22.572958 n-d-master-1 devstack@placement-api.service[106432]: [pid: 106432|app: 0|req: 250/508] 10.222.0.42 () {64 vars in 1433 bytes} [Sun Oct 23 01:14:22 2022] PUT /placement/allocations/1cd3fd39-6d38-4c30-9dda-dd9b5530c294 => generated 0 bytes in 562 msecs (HTTP/1.1 204) 5 headers in 199 bytes (1 switches on core 0)
Oct 23 01:14:22.735720 n-d-master-1 devstack@placement-api.service[106432]: DEBUG placement.requestlog [None req-ba666134-7500-4314-8a90-c6fad60ed64c None None] Starting request: 10.222.0.42 "DELETE /placement/resource_providers/fabd1cd4-86c2-4067-ade1-f57bbadc2e91" {{(pid=106432) __call__ /opt/stack/placement/placement/requestlog.py:55}}
Oct 23 01:14:22.771818 n-d-master-1 devstack@placement-api.service[106432]: DEBUG placement.wsgi_wrapper [None req-ba666134-7500-4314-8a90-c6fad60ed64c service placement] Placement API returning an error response: No resource provider with uuid fabd1cd4-86c2-4067-ade1-f57bbadc2e91 found for delete {{(pid=106432) call_func /opt/stack/placement/placement/wsgi_wrapper.py:31}}
Oct 23 01:14:22.772759 n-d-master-1 devstack@placement-api.service[106432]: INFO placement.requestlog [None req-ba666134-7500-4314-8a90-c6fad60ed64c service placement] 10.222.0.42 "DELETE /placement/resource_providers/fabd1cd4-86c2-4067-ade1-f57bbadc2e91" status: 404 len: 246 microversion: 1.1
Oct 23 01:14:22.776247 n-d-master-1 devstack@placement-api.service[106432]: [pid: 106432|app: 0|req: 251/509] 10.222.0.42 () {60 vars in 1351 bytes} [Sun Oct 23 01:14:22 2022] DELETE /placement/resource_providers/fabd1cd4-86c2-4067-ade1-f57bbadc2e91 => generated 246 bytes in 41 msecs (HTTP/1.1 404) 6 headers in 231 bytes (1 switches on core 0)
Oct 23 01:14:22.862128 n-d-master-1 devstack@placement-api.service[106431]: DEBUG dbcounter [-] [106431] Writing DB stats placement:SELECT=92,placement:INSERT=6,placement:DELETE=1,placement:UPDATE=1 {{(pid=106431) stat_writer /usr/local/lib/python3.8/dist-packages/dbcounter.py:114}}
Oct 23 01:14:22.870691 n-d-master-1 devstack@placement-api.service[106431]: DEBUG placement.handlers.allocation [req-ad6e3659-f692-402f-aa81-9dad64b23c43 req-7051d77d-f6d5-4c34-85fb-d4692b1d6fba service placement] Successfully wrote allocations [, , ] {{(pid=106431) _update_consumers_and_create_allocations /opt/stack/placement/placement/handlers/allocation.py:462}}
Oct 23 01:14:22.955927 n-d-master-1 devstack@placement-api.service[106431]: INFO placement.requestlog [req-ad6e3659-f692-402f-aa81-9dad64b23c43 req-7051d77d-f6d5-4c34-85fb-d4692b1d6fba service placement] 10.222.0.42 "PUT /placement/allocations/e0769a09-da3a-422f-a7a8-27edf4a2e209" status: 204 len: 0 microversion: 1.36
Oct 23 01:14:22.957163 n-d-master-1 devstack@placement-api.service[106431]: [pid: 106431|app: 0|req: 259/510] 10.222.0.42 () {64 vars in 1433 bytes} [Sun Oct 23 01:14:22 2022] PUT /placement/allocations/e0769a09-da3a-422f-a7a8-27edf4a2e209 => generated 0 bytes in 500 msecs (HTTP/1.1 204) 5 headers in 199 bytes (1 switches on core 0)
Oct 23 01:14:24.017027 n-d-master-1 devstack@placement-api.service[106432]: DEBUG placement.requestlog [req-6f6795be-5ecb-4bde-a0ca-6db871c9bac6 req-fa517783-27ab-4fc4-ae95-9e2309a4c8bd None None] Starting request: 10.222.0.46 "GET /placement/allocations/1cd3fd39-6d38-4c30-9dda-dd9b5530c294" {{(pid=106432) __call__ /opt/stack/placement/placement/requestlog.py:55}}
Oct 23 01:14:24.060869 n-d-master-1 devstack@placement-api.service[106432]: INFO placement.requestlog [req-6f6795be-5ecb-4bde-a0ca-6db871c9bac6 req-fa517783-27ab-4fc4-ae95-9e2309a4c8bd service placement] 10.222.0.46 "GET /placement/allocations/1cd3fd39-6d38-4c30-9dda-dd9b5530c294" status: 200 len: 259 microversion: 1.28
Oct 23 01:14:24.061254 n-d-master-1 devstack@placement-api.service[106432]: [pid: 106432|app: 0|req: 252/511] 10.222.0.46 () {60 vars in 1377 bytes} [Sun Oct 23 01:14:24 2022] GET /placement/allocations/1cd3fd39-6d38-4c30-9dda-dd9b5530c294 => generated 259 bytes in 45 msecs (HTTP/1.1 200) 8 headers in 296 bytes (1 switches on core 0)
Oct 23 01:14:24.573213 n-d-master-1 devstack@placement-api.service[106431]: DEBUG placement.requestlog [req-ad6e3659-f692-402f-aa81-9dad64b23c43 req-27a37e7a-67ba-48ea-80b3-52f0ac3d5e9c None None] Starting request: 10.222.0.46 "GET /placement/allocations/e0769a09-da3a-422f-a7a8-27edf4a2e209" {{(pid=106431) __call__ /opt/stack/placement/placement/requestlog.py:55}}
Oct 23 01:14:24.613883 n-d-master-1 devstack@placement-api.service[106432]: DEBUG placement.requestlog [req-6f6795be-5ecb-4bde-a0ca-6db871c9bac6 req-aa9efe49-3907-4826-9bd9-9a081cb47049 None None] Starting request: 10.222.0.46 "GET /placement/resource_providers/ba5ae510-485d-4cea-80eb-4f6af4b48498/allocations" {{(pid=106432) __call__ /opt/stack/placement/placement/requestlog.py:55}}
Oct 23 01:14:24.671068 n-d-master-1 devstack@placement-api.service[106431]: INFO placement.requestlog [req-ad6e3659-f692-402f-aa81-9dad64b23c43 req-27a37e7a-67ba-48ea-80b3-52f0ac3d5e9c service placement] 10.222.0.46 "GET /placement/allocations/e0769a09-da3a-422f-a7a8-27edf4a2e209" status: 200 len: 259 microversion: 1.28
Oct 23 01:14:24.673190 n-d-master-1 devstack@placement-api.service[106431]: [pid: 106431|app: 0|req: 260/512] 10.222.0.46 () {60 vars in 1377 bytes} [Sun Oct 23 01:14:24 2022] GET /placement/allocations/e0769a09-da3a-422f-a7a8-27edf4a2e209 => generated 259 bytes in 104 msecs (HTTP/1.1 200) 8 headers in 296 bytes (1 switches on core 0)
Oct 23 01:14:24.700628 n-d-master-1 devstack@placement-api.service[106432]: INFO placement.requestlog [req-6f6795be-5ecb-4bde-a0ca-6db871c9bac6 req-aa9efe49-3907-4826-9bd9-9a081cb47049 service placement] 10.222.0.46 "GET /placement/resource_providers/ba5ae510-485d-4cea-80eb-4f6af4b48498/allocations" status: 200 len: 658 microversion: 1.0
Oct 23 01:14:24.701925 n-d-master-1 devstack@placement-api.service[106432]: [pid: 106432|app: 0|req: 253/513] 10.222.0.46 () {58 vars in 1390 bytes} [Sun Oct 23 01:14:24 2022] GET /placement/resource_providers/ba5ae510-485d-4cea-80eb-4f6af4b48498/allocations => generated 658 bytes in 88 msecs (HTTP/1.1 200) 6 headers in 224 bytes (1 switches on core 0)
Oct 23 01:14:24.727381 n-d-master-1 devstack@placement-api.service[106431]: DEBUG placement.requestlog [req-6f6795be-5ecb-4bde-a0ca-6db871c9bac6 req-5cbeef0b-86ce-4e5b-baae-fd0d36606046 None None] Starting request: 10.222.0.46 "GET /placement/allocations/4ae2878c-23a6-4e78-bd92-69fb03fc27b2" {{(pid=106431) __call__ /opt/stack/placement/placement/requestlog.py:55}}
Oct 23 01:14:24.764989 n-d-master-1 devstack@placement-api.service[106431]: INFO placement.requestlog [req-6f6795be-5ecb-4bde-a0ca-6db871c9bac6 req-5cbeef0b-86ce-4e5b-baae-fd0d36606046 service placement] 10.222.0.46 "GET /placement/allocations/4ae2878c-23a6-4e78-bd92-69fb03fc27b2" status: 200 len: 259 microversion: 1.28
Oct 23 01:14:24.765905 n-d-master-1 devstack@placement-api.service[106431]: [pid: 106431|app: 0|req: 261/514] 10.222.0.46 () {60 vars in 1377 bytes} [Sun Oct 23 01:14:24 2022] GET /placement/allocations/4ae2878c-23a6-4e78-bd92-69fb03fc27b2 => generated 259 bytes in 39 msecs (HTTP/1.1 200) 8 headers in 296 bytes (1 switches on core 0)
Oct 23 01:14:24.776431 n-d-master-1 devstack@placement-api.service[106432]: DEBUG placement.requestlog [req-6f6795be-5ecb-4bde-a0ca-6db871c9bac6 req-ddefc651-67d5-4400-b0e3-221f763cca3e None None] Starting request: 10.222.0.46 "GET /placement/allocations/283de315-fdcb-4c89-91e3-96aa3e822b21" {{(pid=106432) __call__ /opt/stack/placement/placement/requestlog.py:55}}
Oct 23 01:14:24.828897 n-d-master-1 devstack@placement-api.service[106432]: INFO placement.requestlog [req-6f6795be-5ecb-4bde-a0ca-6db871c9bac6 req-ddefc651-67d5-4400-b0e3-221f763cca3e service placement] 10.222.0.46 "GET /placement/allocations/283de315-fdcb-4c89-91e3-96aa3e822b21" status: 200 len: 259 microversion: 1.28
Oct 23 01:14:24.831814 n-d-master-1 devstack@placement-api.service[106432]: [pid: 106432|app: 0|req: 254/515] 10.222.0.46 () {60 vars in 1377 bytes} [Sun Oct 23 01:14:24 2022] GET /placement/allocations/283de315-fdcb-4c89-91e3-96aa3e822b21 => generated 259 bytes in 56 msecs (HTTP/1.1 200) 8 headers in 296 bytes (1 switches on core 0)
Oct 23 01:14:24.845359 n-d-master-1 devstack@placement-api.service[106431]: DEBUG placement.requestlog [req-6f6795be-5ecb-4bde-a0ca-6db871c9bac6 req-1be93dc7-be23-4b5e-985e-fbf70ba976eb None None] Starting request: 10.222.0.46 "GET /placement/allocations/edb35c7d-9adc-4b53-9bef-147aadbeae5d" {{(pid=106431) __call__ /opt/stack/placement/placement/requestlog.py:55}}
Oct 23 01:14:24.894797 n-d-master-1 devstack@placement-api.service[106431]: INFO placement.requestlog [req-6f6795be-5ecb-4bde-a0ca-6db871c9bac6 req-1be93dc7-be23-4b5e-985e-fbf70ba976eb service placement] 10.222.0.46 "GET /placement/allocations/edb35c7d-9adc-4b53-9bef-147aadbeae5d" status: 200 len: 258 microversion: 1.28
Oct 23 01:14:24.895756 n-d-master-1 devstack@placement-api.service[106431]: [pid: 106431|app: 0|req: 262/516] 10.222.0.46 () {60 vars in 1377 bytes} [Sun Oct 23 01:14:24 2022] GET /placement/allocations/edb35c7d-9adc-4b53-9bef-147aadbeae5d => generated 258 bytes in 51 msecs (HTTP/1.1 200) 8 headers in 296 bytes (1 switches on core 0)
Oct 23 01:14:24.911904 n-d-master-1 devstack@placement-api.service[106432]: DEBUG placement.requestlog [req-6f6795be-5ecb-4bde-a0ca-6db871c9bac6 req-0e057fbb-a1a5-4001-927d-eb849823a770 None None] Starting request: 10.222.0.46 "GET /placement/allocations/e0769a09-da3a-422f-a7a8-27edf4a2e209" {{(pid=106432) __call__ /opt/stack/placement/placement/requestlog.py:55}}
Oct 23 01:14:24.963250 n-d-master-1 devstack@placement-api.service[106432]: INFO placement.requestlog [req-6f6795be-5ecb-4bde-a0ca-6db871c9bac6 req-0e057fbb-a1a5-4001-927d-eb849823a770 service placement] 10.222.0.46 "GET /placement/allocations/e0769a09-da3a-422f-a7a8-27edf4a2e209" status: 200 len: 259 microversion: 1.28
Oct 23 01:14:24.965356 n-d-master-1 devstack@placement-api.service[106432]: [pid: 106432|app: 0|req: 255/517] 10.222.0.46 () {60 vars in 1377 bytes} [Sun Oct 23 01:14:24 2022] GET /placement/allocations/e0769a09-da3a-422f-a7a8-27edf4a2e209 => generated 259 bytes in 53 msecs (HTTP/1.1 200) 8 headers in 296 bytes (1 switches on core 0)
Oct 23 01:14:24.998644 n-d-master-1 devstack@placement-api.service[106431]: DEBUG placement.requestlog [req-6f6795be-5ecb-4bde-a0ca-6db871c9bac6 req-c1dc219c-b5d5-444b-a657-be3deeef611f None None] Starting request: 10.222.0.46 "GET /placement/allocations/12bc6f90-1421-4c4f-b651-ee7d941c725b" {{(pid=106431) __call__ /opt/stack/placement/placement/requestlog.py:55}}
Oct 23 01:14:25.084495 n-d-master-1 devstack@placement-api.service[106431]: INFO placement.requestlog [req-6f6795be-5ecb-4bde-a0ca-6db871c9bac6 req-c1dc219c-b5d5-444b-a657-be3deeef611f service placement] 10.222.0.46 "GET /placement/allocations/12bc6f90-1421-4c4f-b651-ee7d941c725b" status: 200 len: 259 microversion: 1.28
Oct 23 01:14:25.085550 n-d-master-1 devstack@placement-api.service[106431]: [pid: 106431|app: 0|req: 263/518] 10.222.0.46 () {60 vars in 1377 bytes} [Sun Oct 23 01:14:24 2022] GET /placement/allocations/12bc6f90-1421-4c4f-b651-ee7d941c725b => generated 259 bytes in 87 msecs (HTTP/1.1 200) 8 headers in 296 bytes (1 switches on core 0)
Oct 23 01:14:25.143563 n-d-master-1 devstack@placement-api.service[106432]: DEBUG placement.requestlog [req-6f6795be-5ecb-4bde-a0ca-6db871c9bac6 req-0bd17783-2f31-4f93-b003-223adc965fd0 None None] Starting request: 10.222.0.46 "GET /placement/allocations/1cd3fd39-6d38-4c30-9dda-dd9b5530c294" {{(pid=106432) __call__ /opt/stack/placement/placement/requestlog.py:55}}
Oct 23 01:14:25.193476 n-d-master-1 devstack@placement-api.service[106432]: INFO placement.requestlog [req-6f6795be-5ecb-4bde-a0ca-6db871c9bac6 req-0bd17783-2f31-4f93-b003-223adc965fd0 service placement] 10.222.0.46 "GET /placement/allocations/1cd3fd39-6d38-4c30-9dda-dd9b5530c294" status: 200 len: 259 microversion: 1.28
