Oct 19 00:45:15.962131 n-d-master-1 devstack@placement-api.service[116933]: DEBUG placement.requestlog [req-975d4158-1859-49a4-9c44-44ff0996e0f1 req-b79268ce-275d-4a05-84e3-65eebebb0d07 None None] Starting request: 10.222.0.27 "GET /placement/allocation_candidates?limit=1000&resources=DISK_GB%3A1%2CMEMORY_MB%3A1024%2CVCPU%3A1&root_required=%21COMPUTE_STATUS_DISABLED" {{(pid=116933) __call__ /opt/stack/placement/placement/requestlog.py:55}}
Oct 19 00:45:16.043018 n-d-master-1 devstack@placement-api.service[116933]: DEBUG placement.objects.research_context [req-975d4158-1859-49a4-9c44-44ff0996e0f1 req-b79268ce-275d-4a05-84e3-65eebebb0d07 service placement] getting providers with 1 DISK_GB {{(pid=116933) __init__ /opt/stack/placement/placement/objects/research_context.py:136}}
Oct 19 00:45:16.049565 n-d-master-1 devstack@placement-api.service[116933]: DEBUG placement.objects.research_context [req-975d4158-1859-49a4-9c44-44ff0996e0f1 req-b79268ce-275d-4a05-84e3-65eebebb0d07 service placement] getting providers with 1024 MEMORY_MB {{(pid=116933) __init__ /opt/stack/placement/placement/objects/research_context.py:136}}
Oct 19 00:45:16.057567 n-d-master-1 devstack@placement-api.service[116933]: DEBUG placement.objects.research_context [req-975d4158-1859-49a4-9c44-44ff0996e0f1 req-b79268ce-275d-4a05-84e3-65eebebb0d07 service placement] getting providers with 1 VCPU {{(pid=116933) __init__ /opt/stack/placement/placement/objects/research_context.py:136}}
Oct 19 00:45:16.064280 n-d-master-1 devstack@placement-api.service[116933]: DEBUG placement.objects.research_context [req-975d4158-1859-49a4-9c44-44ff0996e0f1 req-b79268ce-275d-4a05-84e3-65eebebb0d07 service placement] found 2 providers with available 1 DISK_GB {{(pid=116933) get_provider_ids_matching /opt/stack/placement/placement/objects/research_context.py:563}}
Oct 19 00:45:16.064935 n-d-master-1 devstack@placement-api.service[116933]: DEBUG placement.objects.research_context [req-975d4158-1859-49a4-9c44-44ff0996e0f1 req-b79268ce-275d-4a05-84e3-65eebebb0d07 service placement] found 2 providers with available 1024 MEMORY_MB {{(pid=116933) get_provider_ids_matching /opt/stack/placement/placement/objects/research_context.py:563}}
Oct 19 00:45:16.065492 n-d-master-1 devstack@placement-api.service[116933]: DEBUG placement.objects.research_context [req-975d4158-1859-49a4-9c44-44ff0996e0f1 req-b79268ce-275d-4a05-84e3-65eebebb0d07 service placement] found 2 providers after filtering by previous result {{(pid=116933) get_provider_ids_matching /opt/stack/placement/placement/objects/research_context.py:594}}
Oct 19 00:45:16.065952 n-d-master-1 devstack@placement-api.service[116933]: DEBUG placement.objects.research_context [req-975d4158-1859-49a4-9c44-44ff0996e0f1 req-b79268ce-275d-4a05-84e3-65eebebb0d07 service placement] found 2 providers with available 1 VCPU {{(pid=116933) get_provider_ids_matching /opt/stack/placement/placement/objects/research_context.py:563}}
Oct 19 00:45:16.066600 n-d-master-1 devstack@placement-api.service[116933]: DEBUG placement.objects.research_context [req-975d4158-1859-49a4-9c44-44ff0996e0f1 req-b79268ce-275d-4a05-84e3-65eebebb0d07 service placement] found 2 providers after filtering by previous result {{(pid=116933) get_provider_ids_matching /opt/stack/placement/placement/objects/research_context.py:594}}
Oct 19 00:45:16.084369 n-d-master-1 devstack@placement-api.service[116933]: DEBUG placement.objects.allocation_candidate [req-975d4158-1859-49a4-9c44-44ff0996e0f1 req-b79268ce-275d-4a05-84e3-65eebebb0d07 service placement] RequestGroup(use_same_provider=False, resources={DISK_GB:1, MEMORY_MB:1024, VCPU:1}, traits=(), aggregates=[]) (suffix '') returned 2 matches {{(pid=116933) _get_by_requests /opt/stack/placement/placement/objects/allocation_candidate.py:156}}
Oct 19 00:45:16.084777 n-d-master-1 devstack@placement-api.service[116933]: DEBUG placement.objects.allocation_candidate [req-975d4158-1859-49a4-9c44-44ff0996e0f1 req-b79268ce-275d-4a05-84e3-65eebebb0d07 service placement] Merging candidates yields 2 allocation requests and 2 provider summaries {{(pid=116933) _merge_candidates /opt/stack/placement/placement/objects/allocation_candidate.py:809}}
Oct 19 00:45:16.094470 n-d-master-1 devstack@placement-api.service[116933]: INFO placement.requestlog [req-975d4158-1859-49a4-9c44-44ff0996e0f1 req-b79268ce-275d-4a05-84e3-65eebebb0d07 service placement] 10.222.0.27 "GET /placement/allocation_candidates?limit=1000&resources=DISK_GB%3A1%2CMEMORY_MB%3A1024%2CVCPU%3A1&root_required=%21COMPUTE_STATUS_DISABLED" status: 200 len: 1309 microversion: 1.36
Oct 19 00:45:16.103065 n-d-master-1 devstack@placement-api.service[116933]: [pid: 116933|app: 0|req: 81/167] 10.222.0.27 () {60 vars in 1506 bytes} [Wed Oct 19 00:45:15 2022] GET /placement/allocation_candidates?limit=1000&resources=DISK_GB%3A1%2CMEMORY_MB%3A1024%2CVCPU%3A1&root_required=%21COMPUTE_STATUS_DISABLED => generated 1309 bytes in 141 msecs (HTTP/1.1 200) 8 headers in 297 bytes (1 switches on core 0)
Oct 19 00:45:16.158563 n-d-master-1 devstack@placement-api.service[116934]: DEBUG placement.requestlog [req-c0ca789d-f412-4ee7-9e24-b55c6c625574 req-7b740f3c-4a2a-4447-ad1d-b59579872b55 None None] Starting request: 10.222.0.36 "GET /placement/allocations/4fed03f7-ab7e-4114-b63d-fbefb0d37ff6" {{(pid=116934) __call__ /opt/stack/placement/placement/requestlog.py:55}}
Oct 19 00:45:16.184451 n-d-master-1 devstack@placement-api.service[116934]: INFO placement.requestlog [req-c0ca789d-f412-4ee7-9e24-b55c6c625574 req-7b740f3c-4a2a-4447-ad1d-b59579872b55 service placement] 10.222.0.36 "GET /placement/allocations/4fed03f7-ab7e-4114-b63d-fbefb0d37ff6" status: 200 len: 259 microversion: 1.28
Oct 19 00:45:16.184883 n-d-master-1 devstack@placement-api.service[116934]: [pid: 116934|app: 0|req: 87/168] 10.222.0.36 () {60 vars in 1377 bytes} [Wed Oct 19 00:45:16 2022] GET /placement/allocations/4fed03f7-ab7e-4114-b63d-fbefb0d37ff6 => generated 259 bytes in 27 msecs (HTTP/1.1 200) 8 headers in 296 bytes (1 switches on core 0)
Oct 19 00:45:16.249651 n-d-master-1 devstack@placement-api.service[116933]: DEBUG placement.requestlog [req-12f472b1-6e43-47d6-b7b9-9af7933cae2a req-62b3a877-1ec9-48d8-90ea-bc46c01ec939 None None] Starting request: 10.222.0.27 "GET /placement/allocations/505afe68-f76e-4a63-9e4a-ee2de533db5a" {{(pid=116933) __call__ /opt/stack/placement/placement/requestlog.py:55}}
Oct 19 00:45:16.250064 n-d-master-1 devstack@placement-api.service[116934]: DEBUG placement.requestlog [req-975d4158-1859-49a4-9c44-44ff0996e0f1 req-69958ec2-1c2b-411f-be5d-93f0de5deab6 None None] Starting request: 10.222.0.27 "GET /placement/allocations/c7778fd5-a769-4bce-aff6-64b397710901" {{(pid=116934) __call__ /opt/stack/placement/placement/requestlog.py:55}}
Oct 19 00:45:16.270848 n-d-master-1 devstack@placement-api.service[116934]: INFO placement.requestlog [req-975d4158-1859-49a4-9c44-44ff0996e0f1 req-69958ec2-1c2b-411f-be5d-93f0de5deab6 service placement] 10.222.0.27 "GET /placement/allocations/c7778fd5-a769-4bce-aff6-64b397710901" status: 200 len: 19 microversion: 1.28
Oct 19 00:45:16.281061 n-d-master-1 devstack@placement-api.service[116933]: INFO placement.requestlog [req-12f472b1-6e43-47d6-b7b9-9af7933cae2a req-62b3a877-1ec9-48d8-90ea-bc46c01ec939 service placement] 10.222.0.27 "GET /placement/allocations/505afe68-f76e-4a63-9e4a-ee2de533db5a" status: 200 len: 258 microversion: 1.28
Oct 19 00:45:16.282528 n-d-master-1 devstack@placement-api.service[116934]: [pid: 116934|app: 0|req: 88/169] 10.222.0.27 () {60 vars in 1380 bytes} [Wed Oct 19 00:45:16 2022] GET /placement/allocations/c7778fd5-a769-4bce-aff6-64b397710901 => generated 19 bytes in 33 msecs (HTTP/1.1 200) 8 headers in 295 bytes (1 switches on core 0)
Oct 19 00:45:16.284179 n-d-master-1 devstack@placement-api.service[116934]: DEBUG placement.requestlog [req-975d4158-1859-49a4-9c44-44ff0996e0f1 req-286f3239-cc18-4ac2-8aec-d4cd4a5d1a68 None None] Starting request: 10.222.0.27 "PUT /placement/allocations/c7778fd5-a769-4bce-aff6-64b397710901" {{(pid=116934) __call__ /opt/stack/placement/placement/requestlog.py:55}}
Oct 19 00:45:16.290083 n-d-master-1 devstack@placement-api.service[116933]: [pid: 116933|app: 0|req: 82/170] 10.222.0.27 () {60 vars in 1380 bytes} [Wed Oct 19 00:45:16 2022] GET /placement/allocations/505afe68-f76e-4a63-9e4a-ee2de533db5a => generated 258 bytes in 40 msecs (HTTP/1.1 200) 8 headers in 296 bytes (1 switches on core 0)
Oct 19 00:45:16.290858 n-d-master-1 devstack@placement-api.service[116933]: DEBUG placement.requestlog [req-12f472b1-6e43-47d6-b7b9-9af7933cae2a req-47c97bb6-8466-4817-a055-f5948f863c83 None None] Starting request: 10.222.0.27 "GET /placement/allocations/505afe68-f76e-4a63-9e4a-ee2de533db5a" {{(pid=116933) __call__ /opt/stack/placement/placement/requestlog.py:55}}
Oct 19 00:45:16.332521 n-d-master-1 devstack@placement-api.service[116933]: INFO placement.requestlog [req-12f472b1-6e43-47d6-b7b9-9af7933cae2a req-47c97bb6-8466-4817-a055-f5948f863c83 service placement] 10.222.0.27 "GET /placement/allocations/505afe68-f76e-4a63-9e4a-ee2de533db5a" status: 200 len: 258 microversion: 1.28
Oct 19 00:45:16.334291 n-d-master-1 devstack@placement-api.service[116933]: [pid: 116933|app: 0|req: 83/171] 10.222.0.27 () {60 vars in 1380 bytes} [Wed Oct 19 00:45:16 2022] GET /placement/allocations/505afe68-f76e-4a63-9e4a-ee2de533db5a => generated 258 bytes in 43 msecs (HTTP/1.1 200) 8 headers in 296 bytes (1 switches on core 0)
Oct 19 00:45:16.339959 n-d-master-1 devstack@placement-api.service[116933]: DEBUG placement.requestlog [req-12f472b1-6e43-47d6-b7b9-9af7933cae2a req-aeb6e1fe-f643-4d3a-943e-184756e3162d None None] Starting request: 10.222.0.27 "GET /placement/allocations/20b54962-13de-4c00-8c1c-714323b6999a" {{(pid=116933) __call__ /opt/stack/placement/placement/requestlog.py:55}}
Oct 19 00:45:16.358425 n-d-master-1 devstack@placement-api.service[116933]: INFO placement.requestlog [req-12f472b1-6e43-47d6-b7b9-9af7933cae2a req-aeb6e1fe-f643-4d3a-943e-184756e3162d service placement] 10.222.0.27 "GET /placement/allocations/20b54962-13de-4c00-8c1c-714323b6999a" status: 200 len: 19 microversion: 1.28
Oct 19 00:45:16.358877 n-d-master-1 devstack@placement-api.service[116933]: [pid: 116933|app: 0|req: 84/172] 10.222.0.27 () {60 vars in 1380 bytes} [Wed Oct 19 00:45:16 2022] GET /placement/allocations/20b54962-13de-4c00-8c1c-714323b6999a => generated 19 bytes in 19 msecs (HTTP/1.1 200) 8 headers in 295 bytes (1 switches on core 0)
Oct 19 00:45:16.365112 n-d-master-1 devstack@placement-api.service[116933]: DEBUG placement.requestlog [req-12f472b1-6e43-47d6-b7b9-9af7933cae2a req-219eb38f-228d-495d-ab6d-8966e63cb2c2 None None] Starting request: 10.222.0.27 "POST /placement/allocations" {{(pid=116933) __call__ /opt/stack/placement/placement/requestlog.py:55}}
Oct 19 00:45:16.438815 n-d-master-1 devstack@placement-api.service[116934]: DEBUG placement.handlers.allocation [req-975d4158-1859-49a4-9c44-44ff0996e0f1 req-286f3239-cc18-4ac2-8aec-d4cd4a5d1a68 service placement] Successfully wrote allocations [, , ] {{(pid=116934) _update_consumers_and_create_allocations /opt/stack/placement/placement/handlers/allocation.py:462}}
Oct 19 00:45:16.448379 n-d-master-1 devstack@placement-api.service[116934]: INFO placement.requestlog [req-975d4158-1859-49a4-9c44-44ff0996e0f1 req-286f3239-cc18-4ac2-8aec-d4cd4a5d1a68 service placement] 10.222.0.27 "PUT /placement/allocations/c7778fd5-a769-4bce-aff6-64b397710901" status: 204 len: 0 microversion: 1.36
Oct 19 00:45:16.449147 n-d-master-1 devstack@placement-api.service[116934]: [pid: 116934|app: 0|req: 89/173] 10.222.0.27 () {64 vars in 1433 bytes} [Wed Oct 19 00:45:16 2022] PUT /placement/allocations/c7778fd5-a769-4bce-aff6-64b397710901 => generated 0 bytes in 165 msecs (HTTP/1.1 204) 5 headers in 199 bytes (1 switches on core 0)
Oct 19 00:45:16.489341 n-d-master-1 devstack@placement-api.service[116934]: DEBUG placement.requestlog [req-c0ca789d-f412-4ee7-9e24-b55c6c625574 req-d0425ba8-7780-4a38-82a6-314ea1d399c5 None None] Starting request: 10.222.0.36 "GET /placement/resource_providers/2a4218a3-7dc8-4456-8712-48d6dca541d5/allocations" {{(pid=116934) __call__ /opt/stack/placement/placement/requestlog.py:55}}
Oct 19 00:45:16.535580 n-d-master-1 devstack@placement-api.service[116933]: DEBUG placement.handlers.allocation [req-12f472b1-6e43-47d6-b7b9-9af7933cae2a req-219eb38f-228d-495d-ab6d-8966e63cb2c2 service placement] Successfully wrote allocations [, , , , , ] {{(pid=116933) _update_consumers_and_create_allocations /opt/stack/placement/placement/handlers/allocation.py:572}}
Oct 19 00:45:16.545796 n-d-master-1 devstack@placement-api.service[116933]: INFO placement.requestlog [req-12f472b1-6e43-47d6-b7b9-9af7933cae2a req-219eb38f-228d-495d-ab6d-8966e63cb2c2 service placement] 10.222.0.27 "POST /placement/allocations" status: 204 len: 0 microversion: 1.28
Oct 19 00:45:16.546813 n-d-master-1 devstack@placement-api.service[116933]: [pid: 116933|app: 0|req: 85/174] 10.222.0.27 () {64 vars in 1323 bytes} [Wed Oct 19 00:45:16 2022] POST /placement/allocations => generated 0 bytes in 182 msecs (HTTP/1.1 204) 5 headers in 199 bytes (1 switches on core 0)
Oct 19 00:45:16.547261 n-d-master-1 devstack@placement-api.service[116934]: INFO placement.requestlog [req-c0ca789d-f412-4ee7-9e24-b55c6c625574 req-d0425ba8-7780-4a38-82a6-314ea1d399c5 service placement] 10.222.0.36 "GET /placement/resource_providers/2a4218a3-7dc8-4456-8712-48d6dca541d5/allocations" status: 200 len: 558 microversion: 1.0
Oct 19 00:45:16.556799 n-d-master-1 devstack@placement-api.service[116934]: [pid: 116934|app: 0|req: 90/175] 10.222.0.36 () {58 vars in 1390 bytes} [Wed Oct 19 00:45:16 2022] GET /placement/resource_providers/2a4218a3-7dc8-4456-8712-48d6dca541d5/allocations => generated 558 bytes in 66 msecs (HTTP/1.1 200) 6 headers in 224 bytes (2 switches on core 0)
Oct 19 00:45:16.590133 n-d-master-1 devstack@placement-api.service[116933]: DEBUG placement.requestlog [req-c0ca789d-f412-4ee7-9e24-b55c6c625574 req-417321ad-5db9-481e-9dd6-ecfd90871a69 None None] Starting request: 10.222.0.36 "GET /placement/allocations/30950612-d79c-473d-97eb-6827289302bd" {{(pid=116933) __call__ /opt/stack/placement/placement/requestlog.py:55}}
Oct 19 00:45:16.616810 n-d-master-1 devstack@placement-api.service[116934]: DEBUG placement.requestlog [req-12f472b1-6e43-47d6-b7b9-9af7933cae2a req-1e3dc89b-67a8-46d2-9577-180a15a99a35 None None] Starting request: 10.222.0.27 "GET /placement/allocations/505afe68-f76e-4a63-9e4a-ee2de533db5a" {{(pid=116934) __call__ /opt/stack/placement/placement/requestlog.py:55}}
Oct 19 00:45:16.621365 n-d-master-1 devstack@placement-api.service[116933]: INFO placement.requestlog [req-c0ca789d-f412-4ee7-9e24-b55c6c625574 req-417321ad-5db9-481e-9dd6-ecfd90871a69 service placement] 10.222.0.36 "GET /placement/allocations/30950612-d79c-473d-97eb-6827289302bd" status: 200 len: 259 microversion: 1.28
Oct 19 00:45:16.624475 n-d-master-1 devstack@placement-api.service[116933]: [pid: 116933|app: 0|req: 86/176] 10.222.0.36 () {60 vars in 1377 bytes} [Wed Oct 19 00:45:16 2022] GET /placement/allocations/30950612-d79c-473d-97eb-6827289302bd => generated 259 bytes in 35 msecs (HTTP/1.1 200) 8 headers in 296 bytes (2 switches on core 0)
Oct 19 00:45:16.631875 n-d-master-1 devstack@placement-api.service[116933]: DEBUG placement.requestlog [req-c0ca789d-f412-4ee7-9e24-b55c6c625574 req-f326f9ca-7bfd-4d1d-82a8-d24700852fe4 None None] Starting request: 10.222.0.36 "GET /placement/allocations/c7778fd5-a769-4bce-aff6-64b397710901" {{(pid=116933) __call__ /opt/stack/placement/placement/requestlog.py:55}}
Oct 19 00:45:16.656602 n-d-master-1 devstack@placement-api.service[116934]: INFO placement.requestlog [req-12f472b1-6e43-47d6-b7b9-9af7933cae2a req-1e3dc89b-67a8-46d2-9577-180a15a99a35 service placement] 10.222.0.27 "GET /placement/allocations/505afe68-f76e-4a63-9e4a-ee2de533db5a" status: 200 len: 19 microversion: 1.28
Oct 19 00:45:16.656981 n-d-master-1 devstack@placement-api.service[116933]: INFO placement.requestlog [req-c0ca789d-f412-4ee7-9e24-b55c6c625574 req-f326f9ca-7bfd-4d1d-82a8-d24700852fe4 service placement] 10.222.0.36 "GET /placement/allocations/c7778fd5-a769-4bce-aff6-64b397710901" status: 200 len: 259 microversion: 1.28
Oct 19 00:45:16.658008 n-d-master-1 devstack@placement-api.service[116933]: [pid: 116933|app: 0|req: 87/177] 10.222.0.36 () {60 vars in 1377 bytes} [Wed Oct 19 00:45:16 2022] GET /placement/allocations/c7778fd5-a769-4bce-aff6-64b397710901 => generated 259 bytes in 26 msecs (HTTP/1.1 200) 8 headers in 296 bytes (1 switches on core 0)
Oct 19 00:45:16.666528 n-d-master-1 devstack@placement-api.service[116933]: DEBUG placement.requestlog [req-c0ca789d-f412-4ee7-9e24-b55c6c625574 req-00611b26-83c0-4e01-a1b5-40026ad110fc None None] Starting request: 10.222.0.36 "GET /placement/allocations/730e86a4-449e-46d6-9954-4aa482150258" {{(pid=116933) __call__ /opt/stack/placement/placement/requestlog.py:55}}
Oct 19 00:45:16.667054 n-d-master-1 devstack@placement-api.service[116934]: [pid: 116934|app: 0|req: 91/178] 10.222.0.27 () {60 vars in 1380 bytes} [Wed Oct 19 00:45:16 2022] GET /placement/allocations/505afe68-f76e-4a63-9e4a-ee2de533db5a => generated 19 bytes in 51 msecs (HTTP/1.1 200) 8 headers in 295 bytes (2 switches on core 0)
Oct 19 00:45:16.668507 n-d-master-1 devstack@placement-api.service[116934]: DEBUG placement.requestlog [req-12f472b1-6e43-47d6-b7b9-9af7933cae2a req-a8ecf64b-1ccd-424b-85fd-a1db84c65426 None None] Starting request: 10.222.0.27 "PUT /placement/allocations/505afe68-f76e-4a63-9e4a-ee2de533db5a" {{(pid=116934) __call__ /opt/stack/placement/placement/requestlog.py:55}}
Oct 19 00:45:16.693323 n-d-master-1 devstack@placement-api.service[116933]: INFO placement.requestlog [req-c0ca789d-f412-4ee7-9e24-b55c6c625574 req-00611b26-83c0-4e01-a1b5-40026ad110fc service placement] 10.222.0.36 "GET /placement/allocations/730e86a4-449e-46d6-9954-4aa482150258" status: 200 len: 259 microversion: 1.28
Oct 19 00:45:16.693826 n-d-master-1 devstack@placement-api.service[116933]: [pid: 116933|app: 0|req: 88/179] 10.222.0.36 () {60 vars in 1377 bytes} [Wed Oct 19 00:45:16 2022] GET /placement/allocations/730e86a4-449e-46d6-9954-4aa482150258 => generated 259 bytes in 29 msecs (HTTP/1.1 200) 8 headers in 296 bytes (2 switches on core 0)
Oct 19 00:45:16.700914 n-d-master-1 devstack@placement-api.service[116933]: DEBUG placement.requestlog [req-c0ca789d-f412-4ee7-9e24-b55c6c625574 req-4c238fc6-388d-4b8f-bade-a694f104ac1c None None] Starting request: 10.222.0.36 "GET /placement/allocations/4fed03f7-ab7e-4114-b63d-fbefb0d37ff6" {{(pid=116933) __call__ /opt/stack/placement/placement/requestlog.py:55}}
Oct 19 00:45:16.729680 n-d-master-1 devstack@placement-api.service[116933]: INFO placement.requestlog [req-c0ca789d-f412-4ee7-9e24-b55c6c625574 req-4c238fc6-388d-4b8f-bade-a694f104ac1c service placement] 10.222.0.36 "GET /placement/allocations/4fed03f7-ab7e-4114-b63d-fbefb0d37ff6" status: 200 len: 259 microversion: 1.28
Oct 19 00:45:16.730461 n-d-master-1 devstack@placement-api.service[116933]: [pid: 116933|app: 0|req: 89/180] 10.222.0.36 () {60 vars in 1377 bytes} [Wed Oct 19 00:45:16 2022] GET /placement/allocations/4fed03f7-ab7e-4114-b63d-fbefb0d37ff6 => generated 259 bytes in 30 msecs (HTTP/1.1 200) 8 headers in 296 bytes (2 switches on core 0)
Oct 19 00:45:16.737803 n-d-master-1 devstack@placement-api.service[116933]: DEBUG placement.requestlog [req-c0ca789d-f412-4ee7-9e24-b55c6c625574 req-f4d84a7e-a084-40ae-9f59-f16c230dbf96 None None] Starting request: 10.222.0.36 "GET /placement/allocations/c6586352-0a39-4899-96f3-8d10855a64fc" {{(pid=116933) __call__ /opt/stack/placement/placement/requestlog.py:55}}
Oct 19 00:45:16.759721 n-d-master-1 devstack@placement-api.service[116933]: INFO placement.requestlog [req-c0ca789d-f412-4ee7-9e24-b55c6c625574 req-f4d84a7e-a084-40ae-9f59-f16c230dbf96 service placement] 10.222.0.36 "GET /placement/allocations/c6586352-0a39-4899-96f3-8d10855a64fc" status: 200 len: 259 microversion: 1.28
Oct 19 00:45:16.760356 n-d-master-1 devstack@placement-api.service[116933]: [pid: 116933|app: 0|req: 90/181] 10.222.0.36 () {60 vars in 1377 bytes} [Wed Oct 19 00:45:16 2022] GET /placement/allocations/c6586352-0a39-4899-96f3-8d10855a64fc => generated 259 bytes in 23 msecs (HTTP/1.1 200) 8 headers in 296 bytes (2 switches on core 0)
Oct 19 00:45:16.783889 n-d-master-1 devstack@placement-api.service[116934]: DEBUG placement.handlers.allocation [req-12f472b1-6e43-47d6-b7b9-9af7933cae2a req-a8ecf64b-1ccd-424b-85fd-a1db84c65426 service placement] Successfully wrote allocations [, , ] {{(pid=116934) _update_consumers_and_create_allocations /opt/stack/placement/placement/handlers/allocation.py:462}}
Oct 19 00:45:16.789141 n-d-master-1 devstack@placement-api.service[116934]: INFO placement.requestlog [req-12f472b1-6e43-47d6-b7b9-9af7933cae2a req-a8ecf64b-1ccd-424b-85fd-a1db84c65426 service placement] 10.222.0.27 "PUT /placement/allocations/505afe68-f76e-4a63-9e4a-ee2de533db5a" status: 204 len: 0 microversion: 1.28
Oct 19 00:45:16.791094 n-d-master-1 devstack@placement-api.service[116934]: [pid: 116934|app: 0|req: 92/182] 10.222.0.27 () {64 vars in 1433 bytes} [Wed Oct 19 00:45:16 2022] PUT /placement/allocations/505afe68-f76e-4a63-9e4a-ee2de533db5a => generated 0 bytes in 124 msecs (HTTP/1.1 204) 5 headers in 199 bytes (1 switches on core 0)
Oct 19 00:45:17.172295 n-d-master-1 devstack@placement-api.service[116933]: DEBUG placement.requestlog [req-975d4158-1859-49a4-9c44-44ff0996e0f1 req-dced887f-18ea-44a8-865a-c70d6058f9b8 None None] Starting request: 10.222.0.36 "GET /placement/allocations/c7778fd5-a769-4bce-aff6-64b397710901" {{(pid=116933) __call__ /opt/stack/placement/placement/requestlog.py:55}}
Oct 19 00:45:17.205810 n-d-master-1 devstack@placement-api.service[116933]: INFO placement.requestlog [req-975d4158-1859-49a4-9c44-44ff0996e0f1 req-dced887f-18ea-44a8-865a-c70d6058f9b8 service placement] 10.222.0.36 "GET /placement/allocations/c7778fd5-a769-4bce-aff6-64b397710901" status: 200 len: 259 microversion: 1.28
Oct 19 00:45:17.206231 n-d-master-1 devstack@placement-api.service[116933]: [pid: 116933|app: 0|req: 91/183] 10.222.0.36 () {60 vars in 1377 bytes} [Wed Oct 19 00:45:17 2022] GET /placement/allocations/c7778fd5-a769-4bce-aff6-64b397710901 => generated 259 bytes in 35 msecs (HTTP/1.1 200) 8 headers in 296 bytes (1 switches on core 0)
Oct 19 00:45:17.312788 n-d-master-1 devstack@placement-api.service[116934]: DEBUG placement.requestlog [req-12f472b1-6e43-47d6-b7b9-9af7933cae2a req-838bfd4f-f036-4779-952b-d2bbb0c13165 None None] Starting request: 10.222.0.36 "GET /placement/allocations/505afe68-f76e-4a63-9e4a-ee2de533db5a" {{(pid=116934) __call__ /opt/stack/placement/placement/requestlog.py:55}}
Oct 19 00:45:17.364240 n-d-master-1 devstack@placement-api.service[116934]: INFO placement.requestlog [req-12f472b1-6e43-47d6-b7b9-9af7933cae2a req-838bfd4f-f036-4779-952b-d2bbb0c13165 service placement] 10.222.0.36 "GET /placement/allocations/505afe68-f76e-4a63-9e4a-ee2de533db5a" status: 200 len: 259 microversion: 1.28
Oct 19 00:45:17.366203 n-d-master-1 devstack@placement-api.service[116934]: [pid: 116934|app: 0|req: 93/184] 10.222.0.36 () {60 vars in 1377 bytes} [Wed Oct 19 00:45:17 2022] GET /placement/allocations/505afe68-f76e-4a63-9e4a-ee2de533db5a => generated 259 bytes in 55 msecs (HTTP/1.1 200) 8 headers in 296 bytes (1 switches on core 0)
Oct 19 00:45:17.469197 n-d-master-1 devstack@placement-api.service[116933]: DEBUG placement.requestlog [req-975d4158-1859-49a4-9c44-44ff0996e0f1 req-884c3922-5741-4e5e-9e84-ca844d6c7851 None None] Starting request: 10.222.0.36 "GET /placement/resource_providers/2a4218a3-7dc8-4456-8712-48d6dca541d5/allocations" {{(pid=116933) __call__ /opt/stack/placement/placement/requestlog.py:55}}
Oct 19 00:45:17.506112 n-d-master-1 devstack@placement-api.service[116933]: INFO placement.requestlog [req-975d4158-1859-49a4-9c44-44ff0996e0f1 req-884c3922-5741-4e5e-9e84-ca844d6c7851 service placement] 10.222.0.36 "GET /placement/resource_providers/2a4218a3-7dc8-4456-8712-48d6dca541d5/allocations" status: 200 len: 659 microversion: 1.0
Oct 19 00:45:17.507615 n-d-master-1 devstack@placement-api.service[116933]: [pid: 116933|app: 0|req: 92/185] 10.222.0.36 () {58 vars in 1390 bytes} [Wed Oct 19 00:45:17 2022] GET /placement/resource_providers/2a4218a3-7dc8-4456-8712-48d6dca541d5/allocations => generated 659 bytes in 38 msecs (HTTP/1.1 200) 6 headers in 224 bytes (1 switches on core 0)
Oct 19 00:45:17.705776 n-d-master-1 devstack@placement-api.service[116934]: DEBUG placement.requestlog [req-975d4158-1859-49a4-9c44-44ff0996e0f1 req-0e87ad8b-8391-4183-bcbb-7e6e6599f06b None None] Starting request: 10.222.0.36 "GET /placement/allocations/30950612-d79c-473d-97eb-6827289302bd" {{(pid=116934) __call__ /opt/stack/placement/placement/requestlog.py:55}}
Oct 19 00:45:17.728859 n-d-master-1 devstack@placement-api.service[116934]: INFO placement.requestlog [req-975d4158-1859-49a4-9c44-44ff0996e0f1 req-0e87ad8b-8391-4183-bcbb-7e6e6599f06b service placement] 10.222.0.36 "GET /placement/allocations/30950612-d79c-473d-97eb-6827289302bd" status: 200 len: 259 microversion: 1.28
Oct 19 00:45:17.729386 n-d-master-1 devstack@placement-api.service[116934]: [pid: 116934|app: 0|req: 94/186] 10.222.0.36 () {60 vars in 1377 bytes} [Wed Oct 19 00:45:17 2022] GET /placement/allocations/30950612-d79c-473d-97eb-6827289302bd => generated 259 bytes in 24 msecs (HTTP/1.1 200) 8 headers in 296 bytes (1 switches on core 0)
Oct 19 00:45:17.740477 n-d-master-1 devstack@placement-api.service[116933]: DEBUG placement.requestlog [req-975d4158-1859-49a4-9c44-44ff0996e0f1 req-0dbd55a8-010a-4f66-91c1-bb7c00712910 None None] Starting request: 10.222.0.36 "GET /placement/allocations/c7778fd5-a769-4bce-aff6-64b397710901" {{(pid=116933) __call__ /opt/stack/placement/placement/requestlog.py:55}}
Oct 19 00:45:17.757356 n-d-master-1 devstack@placement-api.service[116933]: INFO placement.requestlog [req-975d4158-1859-49a4-9c44-44ff0996e0f1 req-0dbd55a8-010a-4f66-91c1-bb7c00712910 service placement] 10.222.0.36 "GET /placement/allocations/c7778fd5-a769-4bce-aff6-64b397710901" status: 200 len: 259 microversion: 1.28
Oct 19 00:45:17.758879 n-d-master-1 devstack@placement-api.service[116933]: [pid: 116933|app: 0|req: 93/187] 10.222.0.36 () {60 vars in 1377 bytes} [Wed Oct 19 00:45:17 2022] GET /placement/allocations/c7778fd5-a769-4bce-aff6-64b397710901 => generated 259 bytes in 18 msecs (HTTP/1.1 200) 8 headers in 296 bytes (1 switches on core 0)
Oct 19 00:45:17.772599 n-d-master-1 devstack@placement-api.service[116934]: DEBUG placement.requestlog [req-975d4158-1859-49a4-9c44-44ff0996e0f1 req-c242461b-455d-41b8-a494-51ab489237ca None None] Starting request: 10.222.0.36 "GET /placement/allocations/505afe68-f76e-4a63-9e4a-ee2de533db5a" {{(pid=116934) __call__ /opt/stack/placement/placement/requestlog.py:55}}
Oct 19 00:45:17.792469 n-d-master-1 devstack@placement-api.service[116934]: INFO placement.requestlog [req-975d4158-1859-49a4-9c44-44ff0996e0f1 req-c242461b-455d-41b8-a494-51ab489237ca service placement] 10.222.0.36 "GET /placement/allocations/505afe68-f76e-4a63-9e4a-ee2de533db5a" status: 200 len: 259 microversion: 1.28
Oct 19 00:45:17.793209 n-d-master-1 devstack@placement-api.service[116934]: [pid: 116934|app: 0|req: 95/188] 10.222.0.36 () {60 vars in 1377 bytes} [Wed Oct 19 00:45:17 2022] GET /placement/allocations/505afe68-f76e-4a63-9e4a-ee2de533db5a => generated 259 bytes in 21 msecs (HTTP/1.1 200) 8 headers in 296 bytes (1 switches on core 0)
Oct 19 00:45:17.802775 n-d-master-1 devstack@placement-api.service[116933]: DEBUG placement.requestlog [req-975d4158-1859-49a4-9c44-44ff0996e0f1 req-cfa5da89-3234-422f-afea-8c61c2c25171 None None] Starting request: 10.222.0.36 "GET /placement/allocations/730e86a4-449e-46d6-9954-4aa482150258" {{(pid=116933) __call__ /opt/stack/placement/placement/requestlog.py:55}}
Oct 19 00:45:17.831318 n-d-master-1 devstack@placement-api.service[116933]: INFO placement.requestlog [req-975d4158-1859-49a4-9c44-44ff0996e0f1 req-cfa5da89-3234-422f-afea-8c61c2c25171 service placement] 10.222.0.36 "GET /placement/allocations/730e86a4-449e-46d6-9954-4aa482150258" status: 200 len: 259 microversion: 1.28
Oct 19 00:45:17.832207 n-d-master-1 devstack@placement-api.service[116933]: [pid: 116933|app: 0|req: 94/189] 10.222.0.36 () {60 vars in 1377 bytes} [Wed Oct 19 00:45:17 2022] GET /placement/allocations/730e86a4-449e-46d6-9954-4aa482150258 => generated 259 bytes in 30 msecs (HTTP/1.1 200) 8 headers in 296 bytes (1 switches on core 0)
Oct 19 00:45:17.855840 n-d-master-1 devstack@placement-api.service[116934]: DEBUG placement.requestlog [req-975d4158-1859-49a4-9c44-44ff0996e0f1 req-7bfc2946-7b2e-4dc3-b42a-7a7542cb4e08 None None] Starting request: 10.222.0.36 "GET /placement/allocations/4fed03f7-ab7e-4114-b63d-fbefb0d37ff6" {{(pid=116934) __call__ /opt/stack/placement/placement/requestlog.py:55}}
Oct 19 00:45:17.876249 n-d-master-1 devstack@placement-api.service[116934]: INFO placement.requestlog [req-975d4158-1859-49a4-9c44-44ff0996e0f1 req-7bfc2946-7b2e-4dc3-b42a-7a7542cb4e08 service placement] 10.222.0.36 "GET /placement/allocations/4fed03f7-ab7e-4114-b63d-fbefb0d37ff6" status: 200 len: 259 microversion: 1.28
Oct 19 00:45:17.877847 n-d-master-1 devstack@placement-api.service[116934]: [pid: 116934|app: 0|req: 96/190] 10.222.0.36 () {60 vars in 1377 bytes} [Wed Oct 19 00:45:17 2022] GET /placement/allocations/4fed03f7-ab7e-4114-b63d-fbefb0d37ff6 => generated 259 bytes in 23 msecs (HTTP/1.1 200) 8 headers in 296 bytes (1 switches on core 0)
Oct 19 00:45:17.892804 n-d-master-1 devstack@placement-api.service[116933]: DEBUG placement.requestlog [req-975d4158-1859-49a4-9c44-44ff0996e0f1 req-3f17ece4-3375-468a-b9ba-236e81a72352 None None] Starting request: 10.222.0.36 "GET /placement/allocations/c6586352-0a39-4899-96f3-8d10855a64fc" {{(pid=116933) __call__ /opt/stack/placement/placement/requestlog.py:55}}
Oct 19 00:45:17.911597 n-d-master-1 devstack@placement-api.service[116933]: INFO placement.requestlog [req-975d4158-1859-49a4-9c44-44ff0996e0f1 req-3f17ece4-3375-468a-b9ba-236e81a72352 service placement] 10.222.0.36 "GET /placement/allocations/c6586352-0a39-4899-96f3-8d10855a64fc" status: 200 len: 259 microversion: 1.28
Oct 19 00:45:17.912254 n-d-master-1 devstack@placement-api.service[116933]: [pid: 116933|app: 0|req: 95/191] 10.222.0.36 () {60 vars in 1377 bytes} [Wed Oct 19 00:45:17 2022] GET /placement/allocations/c6586352-0a39-4899-96f3-8d10855a64fc => generated 259 bytes in 20 msecs (HTTP/1.1 200) 8 headers in 296 bytes (1 switches on core 0)
Oct 19 00:45:20.795254 n-d-master-1 devstack@placement-api.service[116934]: DEBUG placement.requestlog [req-afae5778-9169-4fa9-b0b2-75d95bdbfeb6 req-0b0dfe43-9db1-44f6-b285-fb8910bdccab None None] Starting request: 10.222.0.36 "GET /placement/allocations/c6586352-0a39-4899-96f3-8d10855a64fc" {{(pid=116934) __call__ /opt/stack/placement/placement/requestlog.py:55}}
Oct 19 00:45:20.813781 n-d-master-1 devstack@placement-api.service[116934]: INFO placement.requestlog [req-afae5778-9169-4fa9-b0b2-75d95bdbfeb6 req-0b0dfe43-9db1-44f6-b285-fb8910bdccab service placement] 10.222.0.36 "GET /placement/allocations/c6586352-0a39-4899-96f3-8d10855a64fc" status: 200 len: 259 microversion: 1.28
Oct 19 00:45:20.815371 n-d-master-1 devstack@placement-api.service[116934]: [pid: 116934|app: 0|req: 97/192] 10.222.0.36 () {60 vars in 1377 bytes} [Wed Oct 19 00:45:20 2022] GET /placement/allocations/c6586352-0a39-4899-96f3-8d10855a64fc => generated 259 bytes in 20 msecs (HTTP/1.1 200) 8 headers in 296 bytes (1 switches on core 0)
Oct 19 00:45:21.575119 n-d-master-1 devstack@placement-api.service[116933]: DEBUG placement.requestlog [req-ffd442c2-1772-4809-9743-16aaaa7f39e0 req-11c81ff3-101c-46aa-af37-30a36db55941 None None] Starting request: 10.222.0.27 "GET /placement/allocation_candidates?limit=1000&resources=DISK_GB%3A1%2CMEMORY_MB%3A1024%2CVCPU%3A1&root_required=%21COMPUTE_STATUS_DISABLED" {{(pid=116933) __call__ /opt/stack/placement/placement/requestlog.py:55}}
Oct 19 00:45:21.616166 n-d-master-1 devstack@placement-api.service[116933]: DEBUG dbcounter [-] [116933] Writing DB stats placement:SELECT=90,placement:INSERT=4,placement:DELETE=3,placement:UPDATE=3 {{(pid=116933) stat_writer /usr/local/lib/python3.8/dist-packages/dbcounter.py:114}}
Oct 19 00:45:21.673249 n-d-master-1 devstack@placement-api.service[116933]: DEBUG placement.objects.research_context [req-ffd442c2-1772-4809-9743-16aaaa7f39e0 req-11c81ff3-101c-46aa-af37-30a36db55941 service placement] getting providers with 1 DISK_GB {{(pid=116933) __init__ /opt/stack/placement/placement/objects/research_context.py:136}}
Oct 19 00:45:21.685452 n-d-master-1 devstack@placement-api.service[116933]: DEBUG placement.objects.research_context [req-ffd442c2-1772-4809-9743-16aaaa7f39e0 req-11c81ff3-101c-46aa-af37-30a36db55941 service placement] getting providers with 1024 MEMORY_MB {{(pid=116933) __init__ /opt/stack/placement/placement/objects/research_context.py:136}}
Oct 19 00:45:21.698109 n-d-master-1 devstack@placement-api.service[116933]: DEBUG placement.objects.research_context [req-ffd442c2-1772-4809-9743-16aaaa7f39e0 req-11c81ff3-101c-46aa-af37-30a36db55941 service placement] getting providers with 1 VCPU {{(pid=116933) __init__ /opt/stack/placement/placement/objects/research_context.py:136}}
Oct 19 00:45:21.710215 n-d-master-1 devstack@placement-api.service[116933]: DEBUG placement.objects.research_context [req-ffd442c2-1772-4809-9743-16aaaa7f39e0 req-11c81ff3-101c-46aa-af37-30a36db55941 service placement] found 2 providers with available 1 DISK_GB {{(pid=116933) get_provider_ids_matching /opt/stack/placement/placement/objects/research_context.py:563}}
Oct 19 00:45:21.710853 n-d-master-1 devstack@placement-api.service[116933]: DEBUG placement.objects.research_context [req-ffd442c2-1772-4809-9743-16aaaa7f39e0 req-11c81ff3-101c-46aa-af37-30a36db55941 service placement] found 2 providers with available 1024 MEMORY_MB {{(pid=116933) get_provider_ids_matching /opt/stack/placement/placement/objects/research_context.py:563}}
Oct 19 00:45:21.712063 n-d-master-1 devstack@placement-api.service[116933]: DEBUG placement.objects.research_context [req-ffd442c2-1772-4809-9743-16aaaa7f39e0 req-11c81ff3-101c-46aa-af37-30a36db55941 service placement] found 2 providers after filtering by previous result {{(pid=116933) get_provider_ids_matching /opt/stack/placement/placement/objects/research_context.py:594}}
Oct 19 00:45:21.713048 n-d-master-1 devstack@placement-api.service[116933]: DEBUG placement.objects.research_context [req-ffd442c2-1772-4809-9743-16aaaa7f39e0 req-11c81ff3-101c-46aa-af37-30a36db55941 service placement] found 2 providers with available 1 VCPU {{(pid=116933) get_provider_ids_matching /opt/stack/placement/placement/objects/research_context.py:563}}
Oct 19 00:45:21.713594 n-d-master-1 devstack@placement-api.service[116933]: DEBUG placement.objects.research_context [req-ffd442c2-1772-4809-9743-16aaaa7f39e0 req-11c81ff3-101c-46aa-af37-30a36db55941 service placement] found 2 providers after filtering by previous result {{(pid=116933) get_provider_ids_matching /opt/stack/placement/placement/objects/research_context.py:594}}
Oct 19 00:45:21.728983 n-d-master-1 devstack@placement-api.service[116933]: DEBUG placement.objects.allocation_candidate [req-ffd442c2-1772-4809-9743-16aaaa7f39e0 req-11c81ff3-101c-46aa-af37-30a36db55941 service placement] RequestGroup(use_same_provider=False, resources={DISK_GB:1, MEMORY_MB:1024, VCPU:1}, traits=(), aggregates=[]) (suffix '') returned 2 matches {{(pid=116933) _get_by_requests /opt/stack/placement/placement/objects/allocation_candidate.py:156}}
Oct 19 00:45:21.729827 n-d-master-1 devstack@placement-api.service[116933]: DEBUG placement.objects.allocation_candidate [req-ffd442c2-1772-4809-9743-16aaaa7f39e0 req-11c81ff3-101c-46aa-af37-30a36db55941 service placement] Merging candidates yields 2 allocation requests and 2 provider summaries {{(pid=116933) _merge_candidates /opt/stack/placement/placement/objects/allocation_candidate.py:809}}
Oct 19 00:45:21.732743 n-d-master-1 devstack@placement-api.service[116933]: INFO placement.requestlog [req-ffd442c2-1772-4809-9743-16aaaa7f39e0 req-11c81ff3-101c-46aa-af37-30a36db55941 service placement] 10.222.0.27 "GET /placement/allocation_candidates?limit=1000&resources=DISK_GB%3A1%2CMEMORY_MB%3A1024%2CVCPU%3A1&root_required=%21COMPUTE_STATUS_DISABLED" status: 200 len: 1309 microversion: 1.36
Oct 19 00:45:21.734095 n-d-master-1 devstack@placement-api.service[116933]: [pid: 116933|app: 0|req: 96/193] 10.222.0.27 () {60 vars in 1506 bytes} [Wed Oct 19 00:45:21 2022] GET /placement/allocation_candidates?limit=1000&resources=DISK_GB%3A1%2CMEMORY_MB%3A1024%2CVCPU%3A1&root_required=%21COMPUTE_STATUS_DISABLED => generated 1309 bytes in 159 msecs (HTTP/1.1 200) 8 headers in 297 bytes (1 switches on core 0)
Oct 19 00:45:21.818565 n-d-master-1 devstack@placement-api.service[116934]: DEBUG placement.requestlog [req-ffd442c2-1772-4809-9743-16aaaa7f39e0 req-da492c1d-829e-497a-b580-9e383d615aa0 None None] Starting request: 10.222.0.27 "GET /placement/allocations/b4ac136e-a80e-408b-a0d1-4afeea2d689a" {{(pid=116934) __call__ /opt/stack/placement/placement/requestlog.py:55}}
Oct 19 00:45:21.829947 n-d-master-1 devstack@placement-api.service[116934]: DEBUG dbcounter [-] [116934] Writing DB stats placement:SELECT=74,placement:INSERT=14,placement:DELETE=6,placement:UPDATE=6 {{(pid=116934) stat_writer /usr/local/lib/python3.8/dist-packages/dbcounter.py:114}}
Oct 19 00:45:21.837613 n-d-master-1 devstack@placement-api.service[116934]: INFO placement.requestlog [req-ffd442c2-1772-4809-9743-16aaaa7f39e0 req-da492c1d-829e-497a-b580-9e383d615aa0 service placement] 10.222.0.27 "GET /placement/allocations/b4ac136e-a80e-408b-a0d1-4afeea2d689a" status: 200 len: 19 microversion: 1.28
Oct 19 00:45:21.838364 n-d-master-1 devstack@placement-api.service[116934]: [pid: 116934|app: 0|req: 98/194] 10.222.0.27 () {60 vars in 1380 bytes} [Wed Oct 19 00:45:21 2022] GET /placement/allocations/b4ac136e-a80e-408b-a0d1-4afeea2d689a => generated 19 bytes in 20 msecs (HTTP/1.1 200) 8 headers in 295 bytes (1 switches on core 0)
Oct 19 00:45:21.844499 n-d-master-1 devstack@placement-api.service[116933]: DEBUG placement.requestlog [req-ffd442c2-1772-4809-9743-16aaaa7f39e0 req-d310ee4c-23f9-4986-8dbf-b04d783700c6 None None] Starting request: 10.222.0.27 "PUT /placement/allocations/b4ac136e-a80e-408b-a0d1-4afeea2d689a" {{(pid=116933) __call__ /opt/stack/placement/placement/requestlog.py:55}}
Oct 19 00:45:21.938043 n-d-master-1 devstack@placement-api.service[116933]: DEBUG placement.handlers.allocation [req-ffd442c2-1772-4809-9743-16aaaa7f39e0 req-d310ee4c-23f9-4986-8dbf-b04d783700c6 service placement] Successfully wrote allocations [, , ] {{(pid=116933) _update_consumers_and_create_allocations /opt/stack/placement/placement/handlers/allocation.py:462}}
Oct 19 00:45:21.943007 n-d-master-1 devstack@placement-api.service[116933]: INFO placement.requestlog [req-ffd442c2-1772-4809-9743-16aaaa7f39e0 req-d310ee4c-23f9-4986-8dbf-b04d783700c6 service placement] 10.222.0.27 "PUT /placement/allocations/b4ac136e-a80e-408b-a0d1-4afeea2d689a" status: 204 len: 0 microversion: 1.36
Oct 19 00:45:21.943838 n-d-master-1 devstack@placement-api.service[116933]: [pid: 116933|app: 0|req: 97/195] 10.222.0.27 () {64 vars in 1433 bytes} [Wed Oct 19 00:45:21 2022] PUT /placement/allocations/b4ac136e-a80e-408b-a0d1-4afeea2d689a => generated 0 bytes in 100 msecs (HTTP/1.1 204) 5 headers in 199 bytes (1 switches on core 0)
Oct 19 00:45:22.325787 n-d-master-1 devstack@placement-api.service[116934]: DEBUG placement.requestlog [req-ffd442c2-1772-4809-9743-16aaaa7f39e0 req-e88b65d3-aa30-456b-a695-b95ebd1afc5b None None] Starting request: 10.222.0.45 "GET /placement/allocations/b4ac136e-a80e-408b-a0d1-4afeea2d689a" {{(pid=116934) __call__ /opt/stack/placement/placement/requestlog.py:55}}
Oct 19 00:45:22.339743 n-d-master-1 devstack@placement-api.service[116933]: DEBUG placement.requestlog [req-4593a5ab-c4b3-42cf-89fb-85da10ba11db req-b42be8d3-126f-416a-b188-faf21c81cce1 None None] Starting request: 10.222.0.27 "GET /placement/allocation_candidates?limit=1000&resources=DISK_GB%3A1%2CMEMORY_MB%3A1024%2CVCPU%3A1&root_required=%21COMPUTE_STATUS_DISABLED" {{(pid=116933) __call__ /opt/stack/placement/placement/requestlog.py:55}}
Oct 19 00:45:22.348930 n-d-master-1 devstack@placement-api.service[116934]: INFO placement.requestlog [req-ffd442c2-1772-4809-9743-16aaaa7f39e0 req-e88b65d3-aa30-456b-a695-b95ebd1afc5b service placement] 10.222.0.45 "GET /placement/allocations/b4ac136e-a80e-408b-a0d1-4afeea2d689a" status: 200 len: 258 microversion: 1.28
Oct 19 00:45:22.349932 n-d-master-1 devstack@placement-api.service[116934]: [pid: 116934|app: 0|req: 99/196] 10.222.0.45 () {60 vars in 1377 bytes} [Wed Oct 19 00:45:22 2022] GET /placement/allocations/b4ac136e-a80e-408b-a0d1-4afeea2d689a => generated 258 bytes in 25 msecs (HTTP/1.1 200) 8 headers in 296 bytes (1 switches on core 0)
Oct 19 00:45:22.401797 n-d-master-1 devstack@placement-api.service[116933]: DEBUG placement.objects.research_context [req-4593a5ab-c4b3-42cf-89fb-85da10ba11db req-b42be8d3-126f-416a-b188-faf21c81cce1 service placement] getting providers with 1 DISK_GB {{(pid=116933) __init__ /opt/stack/placement/placement/objects/research_context.py:136}}
Oct 19 00:45:22.413652 n-d-master-1 devstack@placement-api.service[116933]: DEBUG placement.objects.research_context [req-4593a5ab-c4b3-42cf-89fb-85da10ba11db req-b42be8d3-126f-416a-b188-faf21c81cce1 service placement] getting providers with 1024 MEMORY_MB {{(pid=116933) __init__ /opt/stack/placement/placement/objects/research_context.py:136}}
Oct 19 00:45:22.420843 n-d-master-1 devstack@placement-api.service[116933]: DEBUG placement.objects.research_context [req-4593a5ab-c4b3-42cf-89fb-85da10ba11db req-b42be8d3-126f-416a-b188-faf21c81cce1 service placement] getting providers with 1 VCPU {{(pid=116933) __init__ /opt/stack/placement/placement/objects/research_context.py:136}}
Oct 19 00:45:22.431044 n-d-master-1 devstack@placement-api.service[116933]: DEBUG placement.objects.research_context [req-4593a5ab-c4b3-42cf-89fb-85da10ba11db req-b42be8d3-126f-416a-b188-faf21c81cce1 service placement] found 2 providers with available 1 DISK_GB {{(pid=116933) get_provider_ids_matching /opt/stack/placement/placement/objects/research_context.py:563}}
Oct 19 00:45:22.431570 n-d-master-1 devstack@placement-api.service[116933]: DEBUG placement.objects.research_context [req-4593a5ab-c4b3-42cf-89fb-85da10ba11db req-b42be8d3-126f-416a-b188-faf21c81cce1 service placement] found 2 providers with available 1024 MEMORY_MB {{(pid=116933) get_provider_ids_matching /opt/stack/placement/placement/objects/research_context.py:563}}
Oct 19 00:45:22.432272 n-d-master-1 devstack@placement-api.service[116933]: DEBUG placement.objects.research_context [req-4593a5ab-c4b3-42cf-89fb-85da10ba11db req-b42be8d3-126f-416a-b188-faf21c81cce1 service placement] found 2 providers after filtering by previous result {{(pid=116933) get_provider_ids_matching /opt/stack/placement/placement/objects/research_context.py:594}}
Oct 19 00:45:22.432873 n-d-master-1 devstack@placement-api.service[116933]: DEBUG placement.objects.research_context [req-4593a5ab-c4b3-42cf-89fb-85da10ba11db req-b42be8d3-126f-416a-b188-faf21c81cce1 service placement] found 2 providers with available 1 VCPU {{(pid=116933) get_provider_ids_matching /opt/stack/placement/placement/objects/research_context.py:563}}
Oct 19 00:45:22.433356 n-d-master-1 devstack@placement-api.service[116933]: DEBUG placement.objects.research_context [req-4593a5ab-c4b3-42cf-89fb-85da10ba11db req-b42be8d3-126f-416a-b188-faf21c81cce1 service placement] found 2 providers after filtering by previous result {{(pid=116933) get_provider_ids_matching /opt/stack/placement/placement/objects/research_context.py:594}}
Oct 19 00:45:22.452728 n-d-master-1 devstack@placement-api.service[116933]: DEBUG placement.objects.allocation_candidate [req-4593a5ab-c4b3-42cf-89fb-85da10ba11db req-b42be8d3-126f-416a-b188-faf21c81cce1 service placement] RequestGroup(use_same_provider=False, resources={DISK_GB:1, MEMORY_MB:1024, VCPU:1}, traits=(), aggregates=[]) (suffix '') returned 2 matches {{(pid=116933) _get_by_requests /opt/stack/placement/placement/objects/allocation_candidate.py:156}}
Oct 19 00:45:22.453443 n-d-master-1 devstack@placement-api.service[116933]: DEBUG placement.objects.allocation_candidate [req-4593a5ab-c4b3-42cf-89fb-85da10ba11db req-b42be8d3-126f-416a-b188-faf21c81cce1 service placement] Merging candidates yields 2 allocation requests and 2 provider summaries {{(pid=116933) _merge_candidates /opt/stack/placement/placement/objects/allocation_candidate.py:809}}
Oct 19 00:45:22.457882 n-d-master-1 devstack@placement-api.service[116933]: INFO placement.requestlog [req-4593a5ab-c4b3-42cf-89fb-85da10ba11db req-b42be8d3-126f-416a-b188-faf21c81cce1 service placement] 10.222.0.27 "GET /placement/allocation_candidates?limit=1000&resources=DISK_GB%3A1%2CMEMORY_MB%3A1024%2CVCPU%3A1&root_required=%21COMPUTE_STATUS_DISABLED" status: 200 len: 1309 microversion: 1.36
Oct 19 00:45:22.458928 n-d-master-1 devstack@placement-api.service[116933]: [pid: 116933|app: 0|req: 98/197] 10.222.0.27 () {60 vars in 1506 bytes} [Wed Oct 19 00:45:22 2022] GET /placement/allocation_candidates?limit=1000&resources=DISK_GB%3A1%2CMEMORY_MB%3A1024%2CVCPU%3A1&root_required=%21COMPUTE_STATUS_DISABLED => generated 1309 bytes in 120 msecs (HTTP/1.1 200) 8 headers in 297 bytes (2 switches on core 0)
Oct 19 00:45:22.594747 n-d-master-1 devstack@placement-api.service[116934]: DEBUG placement.requestlog [req-ffd442c2-1772-4809-9743-16aaaa7f39e0 req-d3fb78b6-5a82-4c9b-b30a-5c1799d8e309 None None] Starting request: 10.222.0.45 "GET /placement/resource_providers/f019b7a9-8597-4244-a430-ae6abf6ff0d4/allocations" {{(pid=116934) __call__ /opt/stack/placement/placement/requestlog.py:55}}
Oct 19 00:45:22.640579 n-d-master-1 devstack@placement-api.service[116933]: DEBUG placement.requestlog [req-4593a5ab-c4b3-42cf-89fb-85da10ba11db req-874d0eba-a73a-43a6-8d1f-043c5b6824d2 None None] Starting request: 10.222.0.27 "GET /placement/allocations/ababd2f6-d89b-4f7e-ac35-d5af5e1eafa0" {{(pid=116933) __call__ /opt/stack/placement/placement/requestlog.py:55}}
Oct 19 00:45:22.643392 n-d-master-1 devstack@placement-api.service[116934]: INFO placement.requestlog [req-ffd442c2-1772-4809-9743-16aaaa7f39e0 req-d3fb78b6-5a82-4c9b-b30a-5c1799d8e309 service placement] 10.222.0.45 "GET /placement/resource_providers/f019b7a9-8597-4244-a430-ae6abf6ff0d4/allocations" status: 200 len: 557 microversion: 1.0
Oct 19 00:45:22.643976 n-d-master-1 devstack@placement-api.service[116934]: [pid: 116934|app: 0|req: 100/198] 10.222.0.45 () {58 vars in 1390 bytes} [Wed Oct 19 00:45:22 2022] GET /placement/resource_providers/f019b7a9-8597-4244-a430-ae6abf6ff0d4/allocations => generated 557 bytes in 49 msecs (HTTP/1.1 200) 6 headers in 224 bytes (1 switches on core 0)
Oct 19 00:45:22.656798 n-d-master-1 devstack@placement-api.service[116934]: DEBUG placement.requestlog [req-ffd442c2-1772-4809-9743-16aaaa7f39e0 req-05694965-abe1-4365-a189-a7360bb031e0 None None] Starting request: 10.222.0.45 "GET /placement/allocations/20b54962-13de-4c00-8c1c-714323b6999a" {{(pid=116934) __call__ /opt/stack/placement/placement/requestlog.py:55}}
Oct 19 00:45:22.661862 n-d-master-1 devstack@placement-api.service[116933]: INFO placement.requestlog [req-4593a5ab-c4b3-42cf-89fb-85da10ba11db req-874d0eba-a73a-43a6-8d1f-043c5b6824d2 service placement] 10.222.0.27 "GET /placement/allocations/ababd2f6-d89b-4f7e-ac35-d5af5e1eafa0" status: 200 len: 19 microversion: 1.28
Oct 19 00:45:22.663035 n-d-master-1 devstack@placement-api.service[116933]: [pid: 116933|app: 0|req: 99/199] 10.222.0.27 () {60 vars in 1380 bytes} [Wed Oct 19 00:45:22 2022] GET /placement/allocations/ababd2f6-d89b-4f7e-ac35-d5af5e1eafa0 => generated 19 bytes in 23 msecs (HTTP/1.1 200) 8 headers in 295 bytes (1 switches on core 0)
Oct 19 00:45:22.671492 n-d-master-1 devstack@placement-api.service[116933]: DEBUG placement.requestlog [req-4593a5ab-c4b3-42cf-89fb-85da10ba11db req-df0215d3-5d7b-4968-b65c-3ffd83ac805f None None] Starting request: 10.222.0.27 "PUT /placement/allocations/ababd2f6-d89b-4f7e-ac35-d5af5e1eafa0" {{(pid=116933) __call__ /opt/stack/placement/placement/requestlog.py:55}}
Oct 19 00:45:22.683605 n-d-master-1 devstack@placement-api.service[116934]: INFO placement.requestlog [req-ffd442c2-1772-4809-9743-16aaaa7f39e0 req-05694965-abe1-4365-a189-a7360bb031e0 service placement] 10.222.0.45 "GET /placement/allocations/20b54962-13de-4c00-8c1c-714323b6999a" status: 200 len: 258 microversion: 1.28
Oct 19 00:45:22.684499 n-d-master-1 devstack@placement-api.service[116934]: [pid: 116934|app: 0|req: 101/200] 10.222.0.45 () {60 vars in 1377 bytes} [Wed Oct 19 00:45:22 2022] GET /placement/allocations/20b54962-13de-4c00-8c1c-714323b6999a => generated 258 bytes in 28 msecs (HTTP/1.1 200) 8 headers in 296 bytes (1 switches on core 0)
Oct 19 00:45:22.693260 n-d-master-1 devstack@placement-api.service[116934]: DEBUG placement.requestlog [req-ffd442c2-1772-4809-9743-16aaaa7f39e0 req-da45e21d-9ce4-4e1f-8e19-409da020f86f None None] Starting request: 10.222.0.45 "GET /placement/allocations/78a6caca-ed7d-43c7-98c6-3f3ae3ac38c2" {{(pid=116934) __call__ /opt/stack/placement/placement/requestlog.py:55}}
Oct 19 00:45:22.723216 n-d-master-1 devstack@placement-api.service[116934]: INFO placement.requestlog [req-ffd442c2-1772-4809-9743-16aaaa7f39e0 req-da45e21d-9ce4-4e1f-8e19-409da020f86f service placement] 10.222.0.45 "GET /placement/allocations/78a6caca-ed7d-43c7-98c6-3f3ae3ac38c2" status: 200 len: 258 microversion: 1.28
