Sep 25 01:05:28.362566 n-d-master-1 devstack@placement-api.service[107654]: DEBUG placement.requestlog [req-83b914a0-3419-42f2-81f2-07e935eb0082 req-654ac2be-8c99-4607-86e2-1139242537e5 None None] Starting request: 10.222.0.55 "GET /placement/allocations/a6231ebb-d141-4aa8-89f5-86e652654348" {{(pid=107654) __call__ /opt/stack/placement/placement/requestlog.py:55}}
Sep 25 01:05:28.385565 n-d-master-1 devstack@placement-api.service[107654]: INFO placement.requestlog [req-83b914a0-3419-42f2-81f2-07e935eb0082 req-654ac2be-8c99-4607-86e2-1139242537e5 service placement] 10.222.0.55 "GET /placement/allocations/a6231ebb-d141-4aa8-89f5-86e652654348" status: 200 len: 259 microversion: 1.28
Sep 25 01:05:28.386521 n-d-master-1 devstack@placement-api.service[107654]: [pid: 107654|app: 0|req: 287/569] 10.222.0.55 () {60 vars in 1377 bytes} [Sun Sep 25 01:05:28 2022] GET /placement/allocations/a6231ebb-d141-4aa8-89f5-86e652654348 => generated 259 bytes in 25 msecs (HTTP/1.1 200) 8 headers in 296 bytes (2 switches on core 0)
Sep 25 01:05:28.396190 n-d-master-1 devstack@placement-api.service[107654]: DEBUG placement.requestlog [req-83b914a0-3419-42f2-81f2-07e935eb0082 req-401c7d3c-9388-4361-8ebf-35124dda9f4d None None] Starting request: 10.222.0.55 "GET /placement/allocations/c6481325-caf4-4ae4-ba40-51557ae152c1" {{(pid=107654) __call__ /opt/stack/placement/placement/requestlog.py:55}}
Sep 25 01:05:28.412290 n-d-master-1 devstack@placement-api.service[107655]: DEBUG placement.handlers.allocation [req-c09f2f2a-5d74-43c9-8334-8e4d17f5c59e req-796d8df0-7230-408a-b9c7-4478f0b09390 service placement] Successfully wrote allocations [, , ] {{(pid=107655) _update_consumers_and_create_allocations /opt/stack/placement/placement/handlers/allocation.py:462}}
Sep 25 01:05:28.419788 n-d-master-1 devstack@placement-api.service[107655]: INFO placement.requestlog [req-c09f2f2a-5d74-43c9-8334-8e4d17f5c59e req-796d8df0-7230-408a-b9c7-4478f0b09390 service placement] 10.222.0.55 "PUT /placement/allocations/0f6aaf2b-0ca6-4536-832f-253e5076c5a7" status: 204 len: 0 microversion: 1.28
Sep 25 01:05:28.420891 n-d-master-1 devstack@placement-api.service[107655]: [pid: 107655|app: 0|req: 283/570] 10.222.0.55 () {64 vars in 1430 bytes} [Sun Sep 25 01:05:28 2022] PUT /placement/allocations/0f6aaf2b-0ca6-4536-832f-253e5076c5a7 => generated 0 bytes in 126 msecs (HTTP/1.1 204) 5 headers in 199 bytes (1 switches on core 0)
Sep 25 01:05:28.429321 n-d-master-1 devstack@placement-api.service[107654]: INFO placement.requestlog [req-83b914a0-3419-42f2-81f2-07e935eb0082 req-401c7d3c-9388-4361-8ebf-35124dda9f4d service placement] 10.222.0.55 "GET /placement/allocations/c6481325-caf4-4ae4-ba40-51557ae152c1" status: 200 len: 259 microversion: 1.28
Sep 25 01:05:28.430458 n-d-master-1 devstack@placement-api.service[107654]: [pid: 107654|app: 0|req: 288/571] 10.222.0.55 () {60 vars in 1377 bytes} [Sun Sep 25 01:05:28 2022] GET /placement/allocations/c6481325-caf4-4ae4-ba40-51557ae152c1 => generated 259 bytes in 35 msecs (HTTP/1.1 200) 8 headers in 296 bytes (1 switches on core 0)
Sep 25 01:05:28.441081 n-d-master-1 devstack@placement-api.service[107655]: DEBUG placement.requestlog [req-83b914a0-3419-42f2-81f2-07e935eb0082 req-d8554f6a-e629-4a51-a1cc-43bdb8a4419d None None] Starting request: 10.222.0.55 "GET /placement/allocations/0f6aaf2b-0ca6-4536-832f-253e5076c5a7" {{(pid=107655) __call__ /opt/stack/placement/placement/requestlog.py:55}}
Sep 25 01:05:28.456238 n-d-master-1 devstack@placement-api.service[107655]: INFO placement.requestlog [req-83b914a0-3419-42f2-81f2-07e935eb0082 req-d8554f6a-e629-4a51-a1cc-43bdb8a4419d service placement] 10.222.0.55 "GET /placement/allocations/0f6aaf2b-0ca6-4536-832f-253e5076c5a7" status: 200 len: 19 microversion: 1.28
Sep 25 01:05:28.456615 n-d-master-1 devstack@placement-api.service[107655]: [pid: 107655|app: 0|req: 284/572] 10.222.0.55 () {60 vars in 1377 bytes} [Sun Sep 25 01:05:28 2022] GET /placement/allocations/0f6aaf2b-0ca6-4536-832f-253e5076c5a7 => generated 19 bytes in 16 msecs (HTTP/1.1 200) 8 headers in 295 bytes (1 switches on core 0)
Sep 25 01:05:28.464962 n-d-master-1 devstack@placement-api.service[107654]: DEBUG placement.requestlog [req-83b914a0-3419-42f2-81f2-07e935eb0082 req-98c71a8d-dd27-4a6c-99c8-97f3174dc65a None None] Starting request: 10.222.0.55 "GET /placement/allocations/cadbb54f-1cbd-40d7-948d-a9a2f14f7a73" {{(pid=107654) __call__ /opt/stack/placement/placement/requestlog.py:55}}
Sep 25 01:05:28.504161 n-d-master-1 devstack@placement-api.service[107654]: INFO placement.requestlog [req-83b914a0-3419-42f2-81f2-07e935eb0082 req-98c71a8d-dd27-4a6c-99c8-97f3174dc65a service placement] 10.222.0.55 "GET /placement/allocations/cadbb54f-1cbd-40d7-948d-a9a2f14f7a73" status: 200 len: 259 microversion: 1.28
Sep 25 01:05:28.505113 n-d-master-1 devstack@placement-api.service[107654]: [pid: 107654|app: 0|req: 289/573] 10.222.0.55 () {60 vars in 1377 bytes} [Sun Sep 25 01:05:28 2022] GET /placement/allocations/cadbb54f-1cbd-40d7-948d-a9a2f14f7a73 => generated 259 bytes in 41 msecs (HTTP/1.1 200) 8 headers in 296 bytes (2 switches on core 0)
Sep 25 01:05:28.512749 n-d-master-1 devstack@placement-api.service[107655]: DEBUG placement.requestlog [req-83b914a0-3419-42f2-81f2-07e935eb0082 req-ebe75222-4f7d-4901-ad16-ccfce4aa37fa None None] Starting request: 10.222.0.55 "GET /placement/allocations/bd08d518-6437-4fe3-9f18-80806e39a499" {{(pid=107655) __call__ /opt/stack/placement/placement/requestlog.py:55}}
Sep 25 01:05:28.533589 n-d-master-1 devstack@placement-api.service[107655]: INFO placement.requestlog [req-83b914a0-3419-42f2-81f2-07e935eb0082 req-ebe75222-4f7d-4901-ad16-ccfce4aa37fa service placement] 10.222.0.55 "GET /placement/allocations/bd08d518-6437-4fe3-9f18-80806e39a499" status: 200 len: 259 microversion: 1.28
Sep 25 01:05:28.534470 n-d-master-1 devstack@placement-api.service[107655]: [pid: 107655|app: 0|req: 285/574] 10.222.0.55 () {60 vars in 1377 bytes} [Sun Sep 25 01:05:28 2022] GET /placement/allocations/bd08d518-6437-4fe3-9f18-80806e39a499 => generated 259 bytes in 22 msecs (HTTP/1.1 200) 8 headers in 296 bytes (1 switches on core 0)
Sep 25 01:05:28.542172 n-d-master-1 devstack@placement-api.service[107654]: DEBUG placement.requestlog [req-83b914a0-3419-42f2-81f2-07e935eb0082 req-83a48162-47d4-4f79-af75-de3189e43642 None None] Starting request: 10.222.0.55 "GET /placement/allocations/77d2f0eb-1f9b-4fd7-ab64-370a440914bf" {{(pid=107654) __call__ /opt/stack/placement/placement/requestlog.py:55}}
Sep 25 01:05:28.575025 n-d-master-1 devstack@placement-api.service[107654]: INFO placement.requestlog [req-83b914a0-3419-42f2-81f2-07e935eb0082 req-83a48162-47d4-4f79-af75-de3189e43642 service placement] 10.222.0.55 "GET /placement/allocations/77d2f0eb-1f9b-4fd7-ab64-370a440914bf" status: 200 len: 259 microversion: 1.28
Sep 25 01:05:28.576046 n-d-master-1 devstack@placement-api.service[107654]: [pid: 107654|app: 0|req: 290/575] 10.222.0.55 () {60 vars in 1377 bytes} [Sun Sep 25 01:05:28 2022] GET /placement/allocations/77d2f0eb-1f9b-4fd7-ab64-370a440914bf => generated 259 bytes in 34 msecs (HTTP/1.1 200) 8 headers in 296 bytes (1 switches on core 0)
Sep 25 01:05:28.582731 n-d-master-1 devstack@placement-api.service[107655]: DEBUG placement.requestlog [req-83b914a0-3419-42f2-81f2-07e935eb0082 req-07d445df-1fd2-4f67-822c-42d87b3b5ef4 None None] Starting request: 10.222.0.55 "GET /placement/allocations/f940cae7-5120-4682-a8a1-e640a8a37aec" {{(pid=107655) __call__ /opt/stack/placement/placement/requestlog.py:55}}
Sep 25 01:05:28.610737 n-d-master-1 devstack@placement-api.service[107655]: INFO placement.requestlog [req-83b914a0-3419-42f2-81f2-07e935eb0082 req-07d445df-1fd2-4f67-822c-42d87b3b5ef4 service placement] 10.222.0.55 "GET /placement/allocations/f940cae7-5120-4682-a8a1-e640a8a37aec" status: 200 len: 259 microversion: 1.28
Sep 25 01:05:28.611529 n-d-master-1 devstack@placement-api.service[107655]: [pid: 107655|app: 0|req: 286/576] 10.222.0.55 () {60 vars in 1377 bytes} [Sun Sep 25 01:05:28 2022] GET /placement/allocations/f940cae7-5120-4682-a8a1-e640a8a37aec => generated 259 bytes in 29 msecs (HTTP/1.1 200) 8 headers in 296 bytes (1 switches on core 0)
Sep 25 01:05:28.904346 n-d-master-1 devstack@placement-api.service[107654]: DEBUG placement.requestlog [req-83b914a0-3419-42f2-81f2-07e935eb0082 req-b570e197-fddd-4139-948e-ea5374c722e9 None None] Starting request: 10.222.0.55 "DELETE /placement/allocations/bd08d518-6437-4fe3-9f18-80806e39a499" {{(pid=107654) __call__ /opt/stack/placement/placement/requestlog.py:55}}
Sep 25 01:05:28.972951 n-d-master-1 devstack@placement-api.service[107654]: DEBUG placement.handlers.allocation [req-83b914a0-3419-42f2-81f2-07e935eb0082 req-b570e197-fddd-4139-948e-ea5374c722e9 service placement] Successfully deleted allocations [, , ] {{(pid=107654) delete_allocations /opt/stack/placement/placement/handlers/allocation.py:627}}
Sep 25 01:05:28.973493 n-d-master-1 devstack@placement-api.service[107654]: INFO placement.requestlog [req-83b914a0-3419-42f2-81f2-07e935eb0082 req-b570e197-fddd-4139-948e-ea5374c722e9 service placement] 10.222.0.55 "DELETE /placement/allocations/bd08d518-6437-4fe3-9f18-80806e39a499" status: 204 len: 0 microversion: 1.0
Sep 25 01:05:28.974145 n-d-master-1 devstack@placement-api.service[107654]: [pid: 107654|app: 0|req: 291/577] 10.222.0.55 () {60 vars in 1355 bytes} [Sun Sep 25 01:05:28 2022] DELETE /placement/allocations/bd08d518-6437-4fe3-9f18-80806e39a499 => generated 0 bytes in 70 msecs (HTTP/1.1 204) 5 headers in 198 bytes (1 switches on core 0)
Sep 25 01:05:32.106475 n-d-master-1 devstack@placement-api.service[107655]: DEBUG placement.requestlog [req-070eada3-fcc5-46ae-96c0-5aef3936fb12 req-b82c0479-b812-4eb6-b819-b15606589f47 None None] Starting request: 10.222.0.16 "GET /placement/allocation_candidates?resources=DISK_GB%3A1%2CMEMORY_MB%3A1024%2CVCPU%3A1&root_required=%21COMPUTE_STATUS_DISABLED" {{(pid=107655) __call__ /opt/stack/placement/placement/requestlog.py:55}}
Sep 25 01:05:32.153329 n-d-master-1 devstack@placement-api.service[107655]: DEBUG placement.objects.research_context [req-070eada3-fcc5-46ae-96c0-5aef3936fb12 req-b82c0479-b812-4eb6-b819-b15606589f47 service placement] getting providers with 1 DISK_GB {{(pid=107655) __init__ /opt/stack/placement/placement/objects/research_context.py:136}}
Sep 25 01:05:32.162303 n-d-master-1 devstack@placement-api.service[107655]: DEBUG placement.objects.research_context [req-070eada3-fcc5-46ae-96c0-5aef3936fb12 req-b82c0479-b812-4eb6-b819-b15606589f47 service placement] getting providers with 1024 MEMORY_MB {{(pid=107655) __init__ /opt/stack/placement/placement/objects/research_context.py:136}}
Sep 25 01:05:32.167937 n-d-master-1 devstack@placement-api.service[107655]: DEBUG placement.objects.research_context [req-070eada3-fcc5-46ae-96c0-5aef3936fb12 req-b82c0479-b812-4eb6-b819-b15606589f47 service placement] getting providers with 1 VCPU {{(pid=107655) __init__ /opt/stack/placement/placement/objects/research_context.py:136}}
Sep 25 01:05:32.174435 n-d-master-1 devstack@placement-api.service[107655]: DEBUG placement.objects.research_context [req-070eada3-fcc5-46ae-96c0-5aef3936fb12 req-b82c0479-b812-4eb6-b819-b15606589f47 service placement] found 2 providers with available 1 DISK_GB {{(pid=107655) get_provider_ids_matching /opt/stack/placement/placement/objects/research_context.py:563}}
Sep 25 01:05:32.174716 n-d-master-1 devstack@placement-api.service[107655]: DEBUG placement.objects.research_context [req-070eada3-fcc5-46ae-96c0-5aef3936fb12 req-b82c0479-b812-4eb6-b819-b15606589f47 service placement] found 2 providers with available 1024 MEMORY_MB {{(pid=107655) get_provider_ids_matching /opt/stack/placement/placement/objects/research_context.py:563}}
Sep 25 01:05:32.174987 n-d-master-1 devstack@placement-api.service[107655]: DEBUG placement.objects.research_context [req-070eada3-fcc5-46ae-96c0-5aef3936fb12 req-b82c0479-b812-4eb6-b819-b15606589f47 service placement] found 2 providers after filtering by previous result {{(pid=107655) get_provider_ids_matching /opt/stack/placement/placement/objects/research_context.py:594}}
Sep 25 01:05:32.175448 n-d-master-1 devstack@placement-api.service[107655]: DEBUG placement.objects.research_context [req-070eada3-fcc5-46ae-96c0-5aef3936fb12 req-b82c0479-b812-4eb6-b819-b15606589f47 service placement] found 2 providers with available 1 VCPU {{(pid=107655) get_provider_ids_matching /opt/stack/placement/placement/objects/research_context.py:563}}
Sep 25 01:05:32.175723 n-d-master-1 devstack@placement-api.service[107655]: DEBUG placement.objects.research_context [req-070eada3-fcc5-46ae-96c0-5aef3936fb12 req-b82c0479-b812-4eb6-b819-b15606589f47 service placement] found 2 providers after filtering by previous result {{(pid=107655) get_provider_ids_matching /opt/stack/placement/placement/objects/research_context.py:594}}
Sep 25 01:05:32.190297 n-d-master-1 devstack@placement-api.service[107655]: DEBUG placement.objects.allocation_candidate [req-070eada3-fcc5-46ae-96c0-5aef3936fb12 req-b82c0479-b812-4eb6-b819-b15606589f47 service placement] RequestGroup(use_same_provider=False, resources={DISK_GB:1, MEMORY_MB:1024, VCPU:1}, traits=(), aggregates=[]) (suffix '') returned 2 matches {{(pid=107655) _get_by_requests /opt/stack/placement/placement/objects/allocation_candidate.py:156}}
Sep 25 01:05:32.191310 n-d-master-1 devstack@placement-api.service[107655]: DEBUG placement.objects.allocation_candidate [req-070eada3-fcc5-46ae-96c0-5aef3936fb12 req-b82c0479-b812-4eb6-b819-b15606589f47 service placement] Merging candidates yields 2 allocation requests and 2 provider summaries {{(pid=107655) _merge_candidates /opt/stack/placement/placement/objects/allocation_candidate.py:809}}
Sep 25 01:05:32.193127 n-d-master-1 devstack@placement-api.service[107655]: INFO placement.requestlog [req-070eada3-fcc5-46ae-96c0-5aef3936fb12 req-b82c0479-b812-4eb6-b819-b15606589f47 service placement] 10.222.0.16 "GET /placement/allocation_candidates?resources=DISK_GB%3A1%2CMEMORY_MB%3A1024%2CVCPU%3A1&root_required=%21COMPUTE_STATUS_DISABLED" status: 200 len: 1311 microversion: 1.36
Sep 25 01:05:32.194083 n-d-master-1 devstack@placement-api.service[107655]: [pid: 107655|app: 0|req: 287/578] 10.222.0.16 () {60 vars in 1484 bytes} [Sun Sep 25 01:05:32 2022] GET /placement/allocation_candidates?resources=DISK_GB%3A1%2CMEMORY_MB%3A1024%2CVCPU%3A1&root_required=%21COMPUTE_STATUS_DISABLED => generated 1311 bytes in 89 msecs (HTTP/1.1 200) 8 headers in 297 bytes (1 switches on core 0)
Sep 25 01:05:32.246983 n-d-master-1 devstack@placement-api.service[107654]: DEBUG placement.requestlog [req-070eada3-fcc5-46ae-96c0-5aef3936fb12 req-a980b998-0e19-4ffe-b9ef-04769894f056 None None] Starting request: 10.222.0.16 "GET /placement/allocations/96ca2ae1-139b-4c09-a2b6-43c3ecbbd4fa" {{(pid=107654) __call__ /opt/stack/placement/placement/requestlog.py:55}}
Sep 25 01:05:32.265620 n-d-master-1 devstack@placement-api.service[107654]: INFO placement.requestlog [req-070eada3-fcc5-46ae-96c0-5aef3936fb12 req-a980b998-0e19-4ffe-b9ef-04769894f056 service placement] 10.222.0.16 "GET /placement/allocations/96ca2ae1-139b-4c09-a2b6-43c3ecbbd4fa" status: 200 len: 19 microversion: 1.28
Sep 25 01:05:32.271042 n-d-master-1 devstack@placement-api.service[107654]: [pid: 107654|app: 0|req: 292/579] 10.222.0.16 () {60 vars in 1380 bytes} [Sun Sep 25 01:05:32 2022] GET /placement/allocations/96ca2ae1-139b-4c09-a2b6-43c3ecbbd4fa => generated 19 bytes in 24 msecs (HTTP/1.1 200) 8 headers in 295 bytes (1 switches on core 0)
Sep 25 01:05:32.273670 n-d-master-1 devstack@placement-api.service[107655]: DEBUG placement.requestlog [req-070eada3-fcc5-46ae-96c0-5aef3936fb12 req-6006a86a-1da0-4e84-998d-e876d14c66a9 None None] Starting request: 10.222.0.16 "PUT /placement/allocations/96ca2ae1-139b-4c09-a2b6-43c3ecbbd4fa" {{(pid=107655) __call__ /opt/stack/placement/placement/requestlog.py:55}}
Sep 25 01:05:32.340504 n-d-master-1 devstack@placement-api.service[107655]: DEBUG dbcounter [-] [107655] Writing DB stats placement:DELETE=4,placement:SELECT=93,placement:UPDATE=2,placement:INSERT=1 {{(pid=107655) stat_writer /usr/local/lib/python3.8/dist-packages/dbcounter.py:114}}
Sep 25 01:05:32.356877 n-d-master-1 devstack@placement-api.service[107655]: DEBUG placement.handlers.allocation [req-070eada3-fcc5-46ae-96c0-5aef3936fb12 req-6006a86a-1da0-4e84-998d-e876d14c66a9 service placement] Successfully wrote allocations [, , ] {{(pid=107655) _update_consumers_and_create_allocations /opt/stack/placement/placement/handlers/allocation.py:462}}
Sep 25 01:05:32.362617 n-d-master-1 devstack@placement-api.service[107655]: INFO placement.requestlog [req-070eada3-fcc5-46ae-96c0-5aef3936fb12 req-6006a86a-1da0-4e84-998d-e876d14c66a9 service placement] 10.222.0.16 "PUT /placement/allocations/96ca2ae1-139b-4c09-a2b6-43c3ecbbd4fa" status: 204 len: 0 microversion: 1.36
Sep 25 01:05:32.363472 n-d-master-1 devstack@placement-api.service[107655]: [pid: 107655|app: 0|req: 288/580] 10.222.0.16 () {64 vars in 1433 bytes} [Sun Sep 25 01:05:32 2022] PUT /placement/allocations/96ca2ae1-139b-4c09-a2b6-43c3ecbbd4fa => generated 0 bytes in 90 msecs (HTTP/1.1 204) 5 headers in 199 bytes (1 switches on core 0)
Sep 25 01:05:34.088505 n-d-master-1 devstack@placement-api.service[107654]: DEBUG placement.requestlog [req-070eada3-fcc5-46ae-96c0-5aef3936fb12 req-fb78ab63-ce1d-443d-961f-7cdae2ff8e56 None None] Starting request: 10.222.0.55 "GET /placement/allocations/96ca2ae1-139b-4c09-a2b6-43c3ecbbd4fa" {{(pid=107654) __call__ /opt/stack/placement/placement/requestlog.py:55}}
Sep 25 01:05:34.113185 n-d-master-1 devstack@placement-api.service[107654]: INFO placement.requestlog [req-070eada3-fcc5-46ae-96c0-5aef3936fb12 req-fb78ab63-ce1d-443d-961f-7cdae2ff8e56 service placement] 10.222.0.55 "GET /placement/allocations/96ca2ae1-139b-4c09-a2b6-43c3ecbbd4fa" status: 200 len: 259 microversion: 1.28
Sep 25 01:05:34.113454 n-d-master-1 devstack@placement-api.service[107654]: [pid: 107654|app: 0|req: 293/581] 10.222.0.55 () {60 vars in 1377 bytes} [Sun Sep 25 01:05:34 2022] GET /placement/allocations/96ca2ae1-139b-4c09-a2b6-43c3ecbbd4fa => generated 259 bytes in 26 msecs (HTTP/1.1 200) 8 headers in 296 bytes (1 switches on core 0)
Sep 25 01:05:34.346603 n-d-master-1 devstack@placement-api.service[107655]: DEBUG placement.requestlog [req-070eada3-fcc5-46ae-96c0-5aef3936fb12 req-5f2a3100-d14b-46ea-82b6-762140cce72b None None] Starting request: 10.222.0.55 "GET /placement/resource_providers/7c01c20a-e78e-4df9-a47a-90382faa866d/allocations" {{(pid=107655) __call__ /opt/stack/placement/placement/requestlog.py:55}}
Sep 25 01:05:34.376208 n-d-master-1 devstack@placement-api.service[107655]: INFO placement.requestlog [req-070eada3-fcc5-46ae-96c0-5aef3936fb12 req-5f2a3100-d14b-46ea-82b6-762140cce72b service placement] 10.222.0.55 "GET /placement/resource_providers/7c01c20a-e78e-4df9-a47a-90382faa866d/allocations" status: 200 len: 760 microversion: 1.0
Sep 25 01:05:34.376882 n-d-master-1 devstack@placement-api.service[107655]: [pid: 107655|app: 0|req: 289/582] 10.222.0.55 () {58 vars in 1390 bytes} [Sun Sep 25 01:05:34 2022] GET /placement/resource_providers/7c01c20a-e78e-4df9-a47a-90382faa866d/allocations => generated 760 bytes in 31 msecs (HTTP/1.1 200) 6 headers in 224 bytes (2 switches on core 0)
Sep 25 01:05:34.385842 n-d-master-1 devstack@placement-api.service[107654]: DEBUG placement.requestlog [req-070eada3-fcc5-46ae-96c0-5aef3936fb12 req-e21af9ad-5567-4ed9-9d6b-f765d6940d76 None None] Starting request: 10.222.0.55 "GET /placement/allocations/90ee4a8d-4967-43af-9593-6c2313fbfa31" {{(pid=107654) __call__ /opt/stack/placement/placement/requestlog.py:55}}
Sep 25 01:05:34.406768 n-d-master-1 devstack@placement-api.service[107654]: INFO placement.requestlog [req-070eada3-fcc5-46ae-96c0-5aef3936fb12 req-e21af9ad-5567-4ed9-9d6b-f765d6940d76 service placement] 10.222.0.55 "GET /placement/allocations/90ee4a8d-4967-43af-9593-6c2313fbfa31" status: 200 len: 259 microversion: 1.28
Sep 25 01:05:34.407152 n-d-master-1 devstack@placement-api.service[107654]: [pid: 107654|app: 0|req: 294/583] 10.222.0.55 () {60 vars in 1377 bytes} [Sun Sep 25 01:05:34 2022] GET /placement/allocations/90ee4a8d-4967-43af-9593-6c2313fbfa31 => generated 259 bytes in 22 msecs (HTTP/1.1 200) 8 headers in 296 bytes (2 switches on core 0)
Sep 25 01:05:34.420644 n-d-master-1 devstack@placement-api.service[107655]: DEBUG placement.requestlog [req-070eada3-fcc5-46ae-96c0-5aef3936fb12 req-f322242f-74a5-4eaf-a9ad-0974b5354c4b None None] Starting request: 10.222.0.55 "GET /placement/allocations/96ca2ae1-139b-4c09-a2b6-43c3ecbbd4fa" {{(pid=107655) __call__ /opt/stack/placement/placement/requestlog.py:55}}
Sep 25 01:05:34.441300 n-d-master-1 devstack@placement-api.service[107655]: INFO placement.requestlog [req-070eada3-fcc5-46ae-96c0-5aef3936fb12 req-f322242f-74a5-4eaf-a9ad-0974b5354c4b service placement] 10.222.0.55 "GET /placement/allocations/96ca2ae1-139b-4c09-a2b6-43c3ecbbd4fa" status: 200 len: 259 microversion: 1.28
Sep 25 01:05:34.442279 n-d-master-1 devstack@placement-api.service[107655]: [pid: 107655|app: 0|req: 290/584] 10.222.0.55 () {60 vars in 1377 bytes} [Sun Sep 25 01:05:34 2022] GET /placement/allocations/96ca2ae1-139b-4c09-a2b6-43c3ecbbd4fa => generated 259 bytes in 22 msecs (HTTP/1.1 200) 8 headers in 296 bytes (2 switches on core 0)
Sep 25 01:05:34.450600 n-d-master-1 devstack@placement-api.service[107654]: DEBUG placement.requestlog [req-070eada3-fcc5-46ae-96c0-5aef3936fb12 req-32a088d4-4141-4282-8309-f36643683d92 None None] Starting request: 10.222.0.55 "GET /placement/allocations/a6231ebb-d141-4aa8-89f5-86e652654348" {{(pid=107654) __call__ /opt/stack/placement/placement/requestlog.py:55}}
Sep 25 01:05:34.509643 n-d-master-1 devstack@placement-api.service[107654]: INFO placement.requestlog [req-070eada3-fcc5-46ae-96c0-5aef3936fb12 req-32a088d4-4141-4282-8309-f36643683d92 service placement] 10.222.0.55 "GET /placement/allocations/a6231ebb-d141-4aa8-89f5-86e652654348" status: 200 len: 259 microversion: 1.28
Sep 25 01:05:34.511020 n-d-master-1 devstack@placement-api.service[107654]: [pid: 107654|app: 0|req: 295/585] 10.222.0.55 () {60 vars in 1377 bytes} [Sun Sep 25 01:05:34 2022] GET /placement/allocations/a6231ebb-d141-4aa8-89f5-86e652654348 => generated 259 bytes in 61 msecs (HTTP/1.1 200) 8 headers in 296 bytes (1 switches on core 0)
Sep 25 01:05:34.532527 n-d-master-1 devstack@placement-api.service[107655]: DEBUG placement.requestlog [req-070eada3-fcc5-46ae-96c0-5aef3936fb12 req-26f8fe53-2ad5-40c8-af63-907de3dea6aa None None] Starting request: 10.222.0.55 "GET /placement/allocations/77d2f0eb-1f9b-4fd7-ab64-370a440914bf" {{(pid=107655) __call__ /opt/stack/placement/placement/requestlog.py:55}}
Sep 25 01:05:34.550223 n-d-master-1 devstack@placement-api.service[107655]: INFO placement.requestlog [req-070eada3-fcc5-46ae-96c0-5aef3936fb12 req-26f8fe53-2ad5-40c8-af63-907de3dea6aa service placement] 10.222.0.55 "GET /placement/allocations/77d2f0eb-1f9b-4fd7-ab64-370a440914bf" status: 200 len: 259 microversion: 1.28
Sep 25 01:05:34.551009 n-d-master-1 devstack@placement-api.service[107655]: [pid: 107655|app: 0|req: 291/586] 10.222.0.55 () {60 vars in 1377 bytes} [Sun Sep 25 01:05:34 2022] GET /placement/allocations/77d2f0eb-1f9b-4fd7-ab64-370a440914bf => generated 259 bytes in 19 msecs (HTTP/1.1 200) 8 headers in 296 bytes (1 switches on core 0)
Sep 25 01:05:34.573047 n-d-master-1 devstack@placement-api.service[107654]: DEBUG placement.requestlog [req-070eada3-fcc5-46ae-96c0-5aef3936fb12 req-84025305-c590-4f74-90fe-ccba082df00a None None] Starting request: 10.222.0.55 "GET /placement/allocations/c6481325-caf4-4ae4-ba40-51557ae152c1" {{(pid=107654) __call__ /opt/stack/placement/placement/requestlog.py:55}}
Sep 25 01:05:34.598868 n-d-master-1 devstack@placement-api.service[107654]: INFO placement.requestlog [req-070eada3-fcc5-46ae-96c0-5aef3936fb12 req-84025305-c590-4f74-90fe-ccba082df00a service placement] 10.222.0.55 "GET /placement/allocations/c6481325-caf4-4ae4-ba40-51557ae152c1" status: 200 len: 259 microversion: 1.28
Sep 25 01:05:34.599250 n-d-master-1 devstack@placement-api.service[107654]: [pid: 107654|app: 0|req: 296/587] 10.222.0.55 () {60 vars in 1377 bytes} [Sun Sep 25 01:05:34 2022] GET /placement/allocations/c6481325-caf4-4ae4-ba40-51557ae152c1 => generated 259 bytes in 27 msecs (HTTP/1.1 200) 8 headers in 296 bytes (1 switches on core 0)
Sep 25 01:05:34.612610 n-d-master-1 devstack@placement-api.service[107655]: DEBUG placement.requestlog [req-070eada3-fcc5-46ae-96c0-5aef3936fb12 req-9cf586f8-09b9-4231-8c06-72a6341c5cdc None None] Starting request: 10.222.0.55 "GET /placement/allocations/f940cae7-5120-4682-a8a1-e640a8a37aec" {{(pid=107655) __call__ /opt/stack/placement/placement/requestlog.py:55}}
Sep 25 01:05:34.635951 n-d-master-1 devstack@placement-api.service[107655]: INFO placement.requestlog [req-070eada3-fcc5-46ae-96c0-5aef3936fb12 req-9cf586f8-09b9-4231-8c06-72a6341c5cdc service placement] 10.222.0.55 "GET /placement/allocations/f940cae7-5120-4682-a8a1-e640a8a37aec" status: 200 len: 259 microversion: 1.28
Sep 25 01:05:34.636823 n-d-master-1 devstack@placement-api.service[107655]: [pid: 107655|app: 0|req: 292/588] 10.222.0.55 () {60 vars in 1377 bytes} [Sun Sep 25 01:05:34 2022] GET /placement/allocations/f940cae7-5120-4682-a8a1-e640a8a37aec => generated 259 bytes in 24 msecs (HTTP/1.1 200) 8 headers in 296 bytes (1 switches on core 0)
Sep 25 01:05:34.645368 n-d-master-1 devstack@placement-api.service[107654]: DEBUG placement.requestlog [req-070eada3-fcc5-46ae-96c0-5aef3936fb12 req-0ab7393b-daab-47f3-a935-7d1c91da4416 None None] Starting request: 10.222.0.55 "GET /placement/allocations/cadbb54f-1cbd-40d7-948d-a9a2f14f7a73" {{(pid=107654) __call__ /opt/stack/placement/placement/requestlog.py:55}}
Sep 25 01:05:34.665384 n-d-master-1 devstack@placement-api.service[107654]: INFO placement.requestlog [req-070eada3-fcc5-46ae-96c0-5aef3936fb12 req-0ab7393b-daab-47f3-a935-7d1c91da4416 service placement] 10.222.0.55 "GET /placement/allocations/cadbb54f-1cbd-40d7-948d-a9a2f14f7a73" status: 200 len: 259 microversion: 1.28
Sep 25 01:05:34.666404 n-d-master-1 devstack@placement-api.service[107654]: [pid: 107654|app: 0|req: 297/589] 10.222.0.55 () {60 vars in 1377 bytes} [Sun Sep 25 01:05:34 2022] GET /placement/allocations/cadbb54f-1cbd-40d7-948d-a9a2f14f7a73 => generated 259 bytes in 21 msecs (HTTP/1.1 200) 8 headers in 296 bytes (1 switches on core 0)
Sep 25 01:05:37.722273 n-d-master-1 devstack@placement-api.service[107655]: DEBUG placement.requestlog [req-9ec8ad63-6a23-4630-bf89-688e7315fbec req-b7864341-38d4-4549-87ca-1f77add98701 None None] Starting request: 10.222.0.55 "GET /placement/resource_providers/7c01c20a-e78e-4df9-a47a-90382faa866d/allocations" {{(pid=107655) __call__ /opt/stack/placement/placement/requestlog.py:55}}
Sep 25 01:05:37.778666 n-d-master-1 devstack@placement-api.service[107655]: INFO placement.requestlog [req-9ec8ad63-6a23-4630-bf89-688e7315fbec req-b7864341-38d4-4549-87ca-1f77add98701 service placement] 10.222.0.55 "GET /placement/resource_providers/7c01c20a-e78e-4df9-a47a-90382faa866d/allocations" status: 200 len: 760 microversion: 1.0
Sep 25 01:05:37.779676 n-d-master-1 devstack@placement-api.service[107655]: [pid: 107655|app: 0|req: 293/590] 10.222.0.55 () {58 vars in 1390 bytes} [Sun Sep 25 01:05:37 2022] GET /placement/resource_providers/7c01c20a-e78e-4df9-a47a-90382faa866d/allocations => generated 760 bytes in 58 msecs (HTTP/1.1 200) 6 headers in 224 bytes (1 switches on core 0)
Sep 25 01:05:37.790819 n-d-master-1 devstack@placement-api.service[107654]: DEBUG placement.requestlog [req-9ec8ad63-6a23-4630-bf89-688e7315fbec req-538e28a8-b1f8-4249-807e-1a84b6913541 None None] Starting request: 10.222.0.55 "GET /placement/allocations/90ee4a8d-4967-43af-9593-6c2313fbfa31" {{(pid=107654) __call__ /opt/stack/placement/placement/requestlog.py:55}}
Sep 25 01:05:37.817642 n-d-master-1 devstack@placement-api.service[107654]: INFO placement.requestlog [req-9ec8ad63-6a23-4630-bf89-688e7315fbec req-538e28a8-b1f8-4249-807e-1a84b6913541 service placement] 10.222.0.55 "GET /placement/allocations/90ee4a8d-4967-43af-9593-6c2313fbfa31" status: 200 len: 259 microversion: 1.28
Sep 25 01:05:37.819775 n-d-master-1 devstack@placement-api.service[107654]: [pid: 107654|app: 0|req: 298/591] 10.222.0.55 () {60 vars in 1377 bytes} [Sun Sep 25 01:05:37 2022] GET /placement/allocations/90ee4a8d-4967-43af-9593-6c2313fbfa31 => generated 259 bytes in 29 msecs (HTTP/1.1 200) 8 headers in 296 bytes (1 switches on core 0)
Sep 25 01:05:37.827163 n-d-master-1 devstack@placement-api.service[107655]: DEBUG placement.requestlog [req-9ec8ad63-6a23-4630-bf89-688e7315fbec req-792ffc1f-f88f-4c20-ac74-fd1637dcc09b None None] Starting request: 10.222.0.55 "GET /placement/allocations/96ca2ae1-139b-4c09-a2b6-43c3ecbbd4fa" {{(pid=107655) __call__ /opt/stack/placement/placement/requestlog.py:55}}
Sep 25 01:05:37.879975 n-d-master-1 devstack@placement-api.service[107655]: INFO placement.requestlog [req-9ec8ad63-6a23-4630-bf89-688e7315fbec req-792ffc1f-f88f-4c20-ac74-fd1637dcc09b service placement] 10.222.0.55 "GET /placement/allocations/96ca2ae1-139b-4c09-a2b6-43c3ecbbd4fa" status: 200 len: 259 microversion: 1.28
Sep 25 01:05:37.881242 n-d-master-1 devstack@placement-api.service[107655]: [pid: 107655|app: 0|req: 294/592] 10.222.0.55 () {60 vars in 1377 bytes} [Sun Sep 25 01:05:37 2022] GET /placement/allocations/96ca2ae1-139b-4c09-a2b6-43c3ecbbd4fa => generated 259 bytes in 54 msecs (HTTP/1.1 200) 8 headers in 296 bytes (1 switches on core 0)
Sep 25 01:05:37.887942 n-d-master-1 devstack@placement-api.service[107654]: DEBUG placement.requestlog [req-9ec8ad63-6a23-4630-bf89-688e7315fbec req-0e299f97-471c-4b00-b1fa-0ac38051af40 None None] Starting request: 10.222.0.55 "GET /placement/allocations/a6231ebb-d141-4aa8-89f5-86e652654348" {{(pid=107654) __call__ /opt/stack/placement/placement/requestlog.py:55}}
Sep 25 01:05:37.931505 n-d-master-1 devstack@placement-api.service[107654]: INFO placement.requestlog [req-9ec8ad63-6a23-4630-bf89-688e7315fbec req-0e299f97-471c-4b00-b1fa-0ac38051af40 service placement] 10.222.0.55 "GET /placement/allocations/a6231ebb-d141-4aa8-89f5-86e652654348" status: 200 len: 259 microversion: 1.28
Sep 25 01:05:37.937501 n-d-master-1 devstack@placement-api.service[107654]: [pid: 107654|app: 0|req: 299/593] 10.222.0.55 () {60 vars in 1377 bytes} [Sun Sep 25 01:05:37 2022] GET /placement/allocations/a6231ebb-d141-4aa8-89f5-86e652654348 => generated 259 bytes in 49 msecs (HTTP/1.1 200) 8 headers in 296 bytes (1 switches on core 0)
Sep 25 01:05:37.944462 n-d-master-1 devstack@placement-api.service[107655]: DEBUG placement.requestlog [req-9ec8ad63-6a23-4630-bf89-688e7315fbec req-7c38628e-f134-410f-bb7d-46b1858e179d None None] Starting request: 10.222.0.55 "GET /placement/allocations/77d2f0eb-1f9b-4fd7-ab64-370a440914bf" {{(pid=107655) __call__ /opt/stack/placement/placement/requestlog.py:55}}
Sep 25 01:05:37.979307 n-d-master-1 devstack@placement-api.service[107655]: INFO placement.requestlog [req-9ec8ad63-6a23-4630-bf89-688e7315fbec req-7c38628e-f134-410f-bb7d-46b1858e179d service placement] 10.222.0.55 "GET /placement/allocations/77d2f0eb-1f9b-4fd7-ab64-370a440914bf" status: 200 len: 259 microversion: 1.28
Sep 25 01:05:37.980248 n-d-master-1 devstack@placement-api.service[107655]: [pid: 107655|app: 0|req: 295/594] 10.222.0.55 () {60 vars in 1377 bytes} [Sun Sep 25 01:05:37 2022] GET /placement/allocations/77d2f0eb-1f9b-4fd7-ab64-370a440914bf => generated 259 bytes in 36 msecs (HTTP/1.1 200) 8 headers in 296 bytes (1 switches on core 0)
Sep 25 01:05:37.987742 n-d-master-1 devstack@placement-api.service[107654]: DEBUG placement.requestlog [req-9ec8ad63-6a23-4630-bf89-688e7315fbec req-b6b0c853-9dbb-4516-a6ff-7da486b1bf92 None None] Starting request: 10.222.0.55 "GET /placement/allocations/c6481325-caf4-4ae4-ba40-51557ae152c1" {{(pid=107654) __call__ /opt/stack/placement/placement/requestlog.py:55}}
Sep 25 01:05:38.018543 n-d-master-1 devstack@placement-api.service[107654]: INFO placement.requestlog [req-9ec8ad63-6a23-4630-bf89-688e7315fbec req-b6b0c853-9dbb-4516-a6ff-7da486b1bf92 service placement] 10.222.0.55 "GET /placement/allocations/c6481325-caf4-4ae4-ba40-51557ae152c1" status: 200 len: 259 microversion: 1.28
Sep 25 01:05:38.019222 n-d-master-1 devstack@placement-api.service[107654]: [pid: 107654|app: 0|req: 300/595] 10.222.0.55 () {60 vars in 1377 bytes} [Sun Sep 25 01:05:37 2022] GET /placement/allocations/c6481325-caf4-4ae4-ba40-51557ae152c1 => generated 259 bytes in 32 msecs (HTTP/1.1 200) 8 headers in 296 bytes (1 switches on core 0)
Sep 25 01:05:38.027300 n-d-master-1 devstack@placement-api.service[107655]: DEBUG placement.requestlog [req-9ec8ad63-6a23-4630-bf89-688e7315fbec req-3be9c85a-a433-4b77-a6b8-cf68330d1b2c None None] Starting request: 10.222.0.55 "GET /placement/allocations/f940cae7-5120-4682-a8a1-e640a8a37aec" {{(pid=107655) __call__ /opt/stack/placement/placement/requestlog.py:55}}
Sep 25 01:05:38.062541 n-d-master-1 devstack@placement-api.service[107655]: INFO placement.requestlog [req-9ec8ad63-6a23-4630-bf89-688e7315fbec req-3be9c85a-a433-4b77-a6b8-cf68330d1b2c service placement] 10.222.0.55 "GET /placement/allocations/f940cae7-5120-4682-a8a1-e640a8a37aec" status: 200 len: 259 microversion: 1.28
Sep 25 01:05:38.062975 n-d-master-1 devstack@placement-api.service[107655]: [pid: 107655|app: 0|req: 296/596] 10.222.0.55 () {60 vars in 1377 bytes} [Sun Sep 25 01:05:38 2022] GET /placement/allocations/f940cae7-5120-4682-a8a1-e640a8a37aec => generated 259 bytes in 36 msecs (HTTP/1.1 200) 8 headers in 296 bytes (1 switches on core 0)
Sep 25 01:05:38.074459 n-d-master-1 devstack@placement-api.service[107654]: DEBUG placement.requestlog [req-9ec8ad63-6a23-4630-bf89-688e7315fbec req-8f562bc6-eed7-492a-9a2d-e0399b36490e None None] Starting request: 10.222.0.55 "GET /placement/allocations/cadbb54f-1cbd-40d7-948d-a9a2f14f7a73" {{(pid=107654) __call__ /opt/stack/placement/placement/requestlog.py:55}}
Sep 25 01:05:38.085057 n-d-master-1 devstack@placement-api.service[107654]: DEBUG dbcounter [-] [107654] Writing DB stats placement:SELECT=98,placement:DELETE=2 {{(pid=107654) stat_writer /usr/local/lib/python3.8/dist-packages/dbcounter.py:114}}
Sep 25 01:05:38.104371 n-d-master-1 devstack@placement-api.service[107654]: INFO placement.requestlog [req-9ec8ad63-6a23-4630-bf89-688e7315fbec req-8f562bc6-eed7-492a-9a2d-e0399b36490e service placement] 10.222.0.55 "GET /placement/allocations/cadbb54f-1cbd-40d7-948d-a9a2f14f7a73" status: 200 len: 259 microversion: 1.28
Sep 25 01:05:38.105074 n-d-master-1 devstack@placement-api.service[107654]: [pid: 107654|app: 0|req: 301/597] 10.222.0.55 () {60 vars in 1377 bytes} [Sun Sep 25 01:05:38 2022] GET /placement/allocations/cadbb54f-1cbd-40d7-948d-a9a2f14f7a73 => generated 259 bytes in 31 msecs (HTTP/1.1 200) 8 headers in 296 bytes (1 switches on core 0)
Sep 25 01:05:38.434943 n-d-master-1 devstack@placement-api.service[107655]: DEBUG placement.requestlog [req-9ec8ad63-6a23-4630-bf89-688e7315fbec req-d5e47e74-3532-4266-89be-cd1edb44fe3c None None] Starting request: 10.222.0.55 "DELETE /placement/allocations/c6481325-caf4-4ae4-ba40-51557ae152c1" {{(pid=107655) __call__ /opt/stack/placement/placement/requestlog.py:55}}
Sep 25 01:05:38.487249 n-d-master-1 devstack@placement-api.service[107655]: DEBUG placement.handlers.allocation [req-9ec8ad63-6a23-4630-bf89-688e7315fbec req-d5e47e74-3532-4266-89be-cd1edb44fe3c service placement] Successfully deleted allocations [, , ] {{(pid=107655) delete_allocations /opt/stack/placement/placement/handlers/allocation.py:627}}
Sep 25 01:05:38.487668 n-d-master-1 devstack@placement-api.service[107655]: INFO placement.requestlog [req-9ec8ad63-6a23-4630-bf89-688e7315fbec req-d5e47e74-3532-4266-89be-cd1edb44fe3c service placement] 10.222.0.55 "DELETE /placement/allocations/c6481325-caf4-4ae4-ba40-51557ae152c1" status: 204 len: 0 microversion: 1.0
Sep 25 01:05:38.489209 n-d-master-1 devstack@placement-api.service[107655]: [pid: 107655|app: 0|req: 297/598] 10.222.0.55 () {60 vars in 1355 bytes} [Sun Sep 25 01:05:38 2022] DELETE /placement/allocations/c6481325-caf4-4ae4-ba40-51557ae152c1 => generated 0 bytes in 54 msecs (HTTP/1.1 204) 5 headers in 198 bytes (1 switches on core 0)
Sep 25 01:05:41.138900 n-d-master-1 devstack@placement-api.service[107654]: DEBUG placement.requestlog [req-6bbd407e-a403-4643-989e-22ff7412b3c9 req-a5f9951e-b87b-4f51-aa02-73c1480d9b8f None None] Starting request: 10.222.0.16 "GET /placement/allocation_candidates?limit=1000&resources=DISK_GB%3A1%2CMEMORY_MB%3A1024%2CVCPU%3A1&root_required=%21COMPUTE_STATUS_DISABLED" {{(pid=107654) __call__ /opt/stack/placement/placement/requestlog.py:55}}
Sep 25 01:05:41.352905 n-d-master-1 devstack@placement-api.service[107654]: DEBUG placement.objects.research_context [req-6bbd407e-a403-4643-989e-22ff7412b3c9 req-a5f9951e-b87b-4f51-aa02-73c1480d9b8f service placement] getting providers with 1 DISK_GB {{(pid=107654) __init__ /opt/stack/placement/placement/objects/research_context.py:136}}
Sep 25 01:05:41.355848 n-d-master-1 devstack@placement-api.service[107655]: DEBUG placement.requestlog [req-8740b74a-0960-4aa4-8a3e-df50a8d27940 req-90cc695f-a8e4-4e77-afc3-6e71b9081f5e None None] Starting request: 10.222.0.55 "GET /placement/resource_providers/7c01c20a-e78e-4df9-a47a-90382faa866d/allocations" {{(pid=107655) __call__ /opt/stack/placement/placement/requestlog.py:55}}
Sep 25 01:05:41.363839 n-d-master-1 devstack@placement-api.service[107654]: DEBUG placement.objects.research_context [req-6bbd407e-a403-4643-989e-22ff7412b3c9 req-a5f9951e-b87b-4f51-aa02-73c1480d9b8f service placement] getting providers with 1024 MEMORY_MB {{(pid=107654) __init__ /opt/stack/placement/placement/objects/research_context.py:136}}
Sep 25 01:05:41.375319 n-d-master-1 devstack@placement-api.service[107654]: DEBUG placement.objects.research_context [req-6bbd407e-a403-4643-989e-22ff7412b3c9 req-a5f9951e-b87b-4f51-aa02-73c1480d9b8f service placement] getting providers with 1 VCPU {{(pid=107654) __init__ /opt/stack/placement/placement/objects/research_context.py:136}}
Sep 25 01:05:41.383275 n-d-master-1 devstack@placement-api.service[107655]: INFO placement.requestlog [req-8740b74a-0960-4aa4-8a3e-df50a8d27940 req-90cc695f-a8e4-4e77-afc3-6e71b9081f5e service placement] 10.222.0.55 "GET /placement/resource_providers/7c01c20a-e78e-4df9-a47a-90382faa866d/allocations" status: 200 len: 659 microversion: 1.0
Sep 25 01:05:41.383704 n-d-master-1 devstack@placement-api.service[107654]: DEBUG placement.objects.research_context [req-6bbd407e-a403-4643-989e-22ff7412b3c9 req-a5f9951e-b87b-4f51-aa02-73c1480d9b8f service placement] found 2 providers with available 1 DISK_GB {{(pid=107654) get_provider_ids_matching /opt/stack/placement/placement/objects/research_context.py:563}}
Sep 25 01:05:41.384226 n-d-master-1 devstack@placement-api.service[107655]: [pid: 107655|app: 0|req: 298/599] 10.222.0.55 () {58 vars in 1390 bytes} [Sun Sep 25 01:05:41 2022] GET /placement/resource_providers/7c01c20a-e78e-4df9-a47a-90382faa866d/allocations => generated 659 bytes in 29 msecs (HTTP/1.1 200) 6 headers in 224 bytes (2 switches on core 0)
Sep 25 01:05:41.385110 n-d-master-1 devstack@placement-api.service[107654]: DEBUG placement.objects.research_context [req-6bbd407e-a403-4643-989e-22ff7412b3c9 req-a5f9951e-b87b-4f51-aa02-73c1480d9b8f service placement] found 2 providers with available 1024 MEMORY_MB {{(pid=107654) get_provider_ids_matching /opt/stack/placement/placement/objects/research_context.py:563}}
Sep 25 01:05:41.385420 n-d-master-1 devstack@placement-api.service[107654]: DEBUG placement.objects.research_context [req-6bbd407e-a403-4643-989e-22ff7412b3c9 req-a5f9951e-b87b-4f51-aa02-73c1480d9b8f service placement] found 2 providers after filtering by previous result {{(pid=107654) get_provider_ids_matching /opt/stack/placement/placement/objects/research_context.py:594}}
Sep 25 01:05:41.385691 n-d-master-1 devstack@placement-api.service[107654]: DEBUG placement.objects.research_context [req-6bbd407e-a403-4643-989e-22ff7412b3c9 req-a5f9951e-b87b-4f51-aa02-73c1480d9b8f service placement] found 2 providers with available 1 VCPU {{(pid=107654) get_provider_ids_matching /opt/stack/placement/placement/objects/research_context.py:563}}
Sep 25 01:05:41.385960 n-d-master-1 devstack@placement-api.service[107654]: DEBUG placement.objects.research_context [req-6bbd407e-a403-4643-989e-22ff7412b3c9 req-a5f9951e-b87b-4f51-aa02-73c1480d9b8f service placement] found 2 providers after filtering by previous result {{(pid=107654) get_provider_ids_matching /opt/stack/placement/placement/objects/research_context.py:594}}
Sep 25 01:05:41.403246 n-d-master-1 devstack@placement-api.service[107654]: DEBUG placement.objects.allocation_candidate [req-6bbd407e-a403-4643-989e-22ff7412b3c9 req-a5f9951e-b87b-4f51-aa02-73c1480d9b8f service placement] RequestGroup(use_same_provider=False, resources={DISK_GB:1, MEMORY_MB:1024, VCPU:1}, traits=(), aggregates=[]) (suffix '') returned 2 matches {{(pid=107654) _get_by_requests /opt/stack/placement/placement/objects/allocation_candidate.py:156}}
Sep 25 01:05:41.403246 n-d-master-1 devstack@placement-api.service[107654]: DEBUG placement.objects.allocation_candidate [req-6bbd407e-a403-4643-989e-22ff7412b3c9 req-a5f9951e-b87b-4f51-aa02-73c1480d9b8f service placement] Merging candidates yields 2 allocation requests and 2 provider summaries {{(pid=107654) _merge_candidates /opt/stack/placement/placement/objects/allocation_candidate.py:809}}
Sep 25 01:05:41.405054 n-d-master-1 devstack@placement-api.service[107654]: INFO placement.requestlog [req-6bbd407e-a403-4643-989e-22ff7412b3c9 req-a5f9951e-b87b-4f51-aa02-73c1480d9b8f service placement] 10.222.0.16 "GET /placement/allocation_candidates?limit=1000&resources=DISK_GB%3A1%2CMEMORY_MB%3A1024%2CVCPU%3A1&root_required=%21COMPUTE_STATUS_DISABLED" status: 200 len: 1311 microversion: 1.36
Sep 25 01:05:41.409562 n-d-master-1 devstack@placement-api.service[107654]: [pid: 107654|app: 0|req: 302/600] 10.222.0.16 () {60 vars in 1506 bytes} [Sun Sep 25 01:05:41 2022] GET /placement/allocation_candidates?limit=1000&resources=DISK_GB%3A1%2CMEMORY_MB%3A1024%2CVCPU%3A1&root_required=%21COMPUTE_STATUS_DISABLED => generated 1311 bytes in 271 msecs (HTTP/1.1 200) 8 headers in 297 bytes (1 switches on core 0)
Sep 25 01:05:41.484225 n-d-master-1 devstack@placement-api.service[107655]: DEBUG placement.requestlog [req-8740b74a-0960-4aa4-8a3e-df50a8d27940 req-b23bf86c-cab9-4755-92be-bb060e5b5171 None None] Starting request: 10.222.0.55 "GET /placement/resource_providers/7c01c20a-e78e-4df9-a47a-90382faa866d/allocations" {{(pid=107655) __call__ /opt/stack/placement/placement/requestlog.py:55}}
Sep 25 01:05:41.497491 n-d-master-1 devstack@placement-api.service[107654]: DEBUG placement.requestlog [req-6bbd407e-a403-4643-989e-22ff7412b3c9 req-a92c5ef4-c946-4052-8538-0bb11b48eeed None None] Starting request: 10.222.0.16 "GET /placement/allocations/606c6b18-fed9-4c35-a893-073e837e900e" {{(pid=107654) __call__ /opt/stack/placement/placement/requestlog.py:55}}
Sep 25 01:05:41.511530 n-d-master-1 devstack@placement-api.service[107654]: INFO placement.requestlog [req-6bbd407e-a403-4643-989e-22ff7412b3c9 req-a92c5ef4-c946-4052-8538-0bb11b48eeed service placement] 10.222.0.16 "GET /placement/allocations/606c6b18-fed9-4c35-a893-073e837e900e" status: 200 len: 19 microversion: 1.28
Sep 25 01:05:41.513594 n-d-master-1 devstack@placement-api.service[107655]: INFO placement.requestlog [req-8740b74a-0960-4aa4-8a3e-df50a8d27940 req-b23bf86c-cab9-4755-92be-bb060e5b5171 service placement] 10.222.0.55 "GET /placement/resource_providers/7c01c20a-e78e-4df9-a47a-90382faa866d/allocations" status: 200 len: 659 microversion: 1.0
Sep 25 01:05:41.514287 n-d-master-1 devstack@placement-api.service[107655]: [pid: 107655|app: 0|req: 299/601] 10.222.0.55 () {58 vars in 1390 bytes} [Sun Sep 25 01:05:41 2022] GET /placement/resource_providers/7c01c20a-e78e-4df9-a47a-90382faa866d/allocations => generated 659 bytes in 31 msecs (HTTP/1.1 200) 6 headers in 224 bytes (1 switches on core 0)
Sep 25 01:05:41.518716 n-d-master-1 devstack@placement-api.service[107654]: [pid: 107654|app: 0|req: 303/602] 10.222.0.16 () {60 vars in 1380 bytes} [Sun Sep 25 01:05:41 2022] GET /placement/allocations/606c6b18-fed9-4c35-a893-073e837e900e => generated 19 bytes in 21 msecs (HTTP/1.1 200) 8 headers in 295 bytes (2 switches on core 0)
Sep 25 01:05:41.521959 n-d-master-1 devstack@placement-api.service[107655]: DEBUG placement.requestlog [req-6bbd407e-a403-4643-989e-22ff7412b3c9 req-3961d985-0022-4bbc-b72a-be2ae57afc85 None None] Starting request: 10.222.0.16 "PUT /placement/allocations/606c6b18-fed9-4c35-a893-073e837e900e" {{(pid=107655) __call__ /opt/stack/placement/placement/requestlog.py:55}}
Sep 25 01:05:41.532482 n-d-master-1 devstack@placement-api.service[107654]: DEBUG placement.requestlog [req-8740b74a-0960-4aa4-8a3e-df50a8d27940 req-cd3822fb-fb71-46f5-ba30-5023eb29a875 None None] Starting request: 10.222.0.55 "GET /placement/allocations/90ee4a8d-4967-43af-9593-6c2313fbfa31" {{(pid=107654) __call__ /opt/stack/placement/placement/requestlog.py:55}}
Sep 25 01:05:41.559407 n-d-master-1 devstack@placement-api.service[107654]: INFO placement.requestlog [req-8740b74a-0960-4aa4-8a3e-df50a8d27940 req-cd3822fb-fb71-46f5-ba30-5023eb29a875 service placement] 10.222.0.55 "GET /placement/allocations/90ee4a8d-4967-43af-9593-6c2313fbfa31" status: 200 len: 259 microversion: 1.28
Sep 25 01:05:41.560507 n-d-master-1 devstack@placement-api.service[107654]: [pid: 107654|app: 0|req: 304/603] 10.222.0.55 () {60 vars in 1377 bytes} [Sun Sep 25 01:05:41 2022] GET /placement/allocations/90ee4a8d-4967-43af-9593-6c2313fbfa31 => generated 259 bytes in 28 msecs (HTTP/1.1 200) 8 headers in 296 bytes (1 switches on core 0)
Sep 25 01:05:41.574137 n-d-master-1 devstack@placement-api.service[107654]: DEBUG placement.requestlog [req-8740b74a-0960-4aa4-8a3e-df50a8d27940 req-32019639-5737-4090-b6eb-55c94ae058d4 None None] Starting request: 10.222.0.55 "GET /placement/allocations/96ca2ae1-139b-4c09-a2b6-43c3ecbbd4fa" {{(pid=107654) __call__ /opt/stack/placement/placement/requestlog.py:55}}
Sep 25 01:05:41.616478 n-d-master-1 devstack@placement-api.service[107655]: DEBUG placement.handlers.allocation [req-6bbd407e-a403-4643-989e-22ff7412b3c9 req-3961d985-0022-4bbc-b72a-be2ae57afc85 service placement] Successfully wrote allocations [, , ] {{(pid=107655) _update_consumers_and_create_allocations /opt/stack/placement/placement/handlers/allocation.py:462}}
Sep 25 01:05:41.620490 n-d-master-1 devstack@placement-api.service[107655]: INFO placement.requestlog [req-6bbd407e-a403-4643-989e-22ff7412b3c9 req-3961d985-0022-4bbc-b72a-be2ae57afc85 service placement] 10.222.0.16 "PUT /placement/allocations/606c6b18-fed9-4c35-a893-073e837e900e" status: 204 len: 0 microversion: 1.36
Sep 25 01:05:41.623414 n-d-master-1 devstack@placement-api.service[107654]: INFO placement.requestlog [req-8740b74a-0960-4aa4-8a3e-df50a8d27940 req-32019639-5737-4090-b6eb-55c94ae058d4 service placement] 10.222.0.55 "GET /placement/allocations/96ca2ae1-139b-4c09-a2b6-43c3ecbbd4fa" status: 200 len: 259 microversion: 1.28
Sep 25 01:05:41.625115 n-d-master-1 devstack@placement-api.service[107654]: [pid: 107654|app: 0|req: 305/605] 10.222.0.55 () {60 vars in 1377 bytes} [Sun Sep 25 01:05:41 2022] GET /placement/allocations/96ca2ae1-139b-4c09-a2b6-43c3ecbbd4fa => generated 259 bytes in 53 msecs (HTTP/1.1 200) 8 headers in 296 bytes (1 switches on core 0)
Sep 25 01:05:41.630361 n-d-master-1 devstack@placement-api.service[107655]: [pid: 107655|app: 0|req: 300/605] 10.222.0.16 () {64 vars in 1433 bytes} [Sun Sep 25 01:05:41 2022] PUT /placement/allocations/606c6b18-fed9-4c35-a893-073e837e900e => generated 0 bytes in 100 msecs (HTTP/1.1 204) 5 headers in 199 bytes (1 switches on core 0)
Sep 25 01:05:41.632601 n-d-master-1 devstack@placement-api.service[107654]: DEBUG placement.requestlog [req-8740b74a-0960-4aa4-8a3e-df50a8d27940 req-a0aaddc2-1c25-42e5-9c35-33e297afe9e8 None None] Starting request: 10.222.0.55 "GET /placement/allocations/a6231ebb-d141-4aa8-89f5-86e652654348" {{(pid=107654) __call__ /opt/stack/placement/placement/requestlog.py:55}}
Sep 25 01:05:41.673105 n-d-master-1 devstack@placement-api.service[107654]: INFO placement.requestlog [req-8740b74a-0960-4aa4-8a3e-df50a8d27940 req-a0aaddc2-1c25-42e5-9c35-33e297afe9e8 service placement] 10.222.0.55 "GET /placement/allocations/a6231ebb-d141-4aa8-89f5-86e652654348" status: 200 len: 259 microversion: 1.28
Sep 25 01:05:41.673703 n-d-master-1 devstack@placement-api.service[107654]: [pid: 107654|app: 0|req: 306/606] 10.222.0.55 () {60 vars in 1377 bytes} [Sun Sep 25 01:05:41 2022] GET /placement/allocations/a6231ebb-d141-4aa8-89f5-86e652654348 => generated 259 bytes in 41 msecs (HTTP/1.1 200) 8 headers in 296 bytes (1 switches on core 0)
Sep 25 01:05:41.685804 n-d-master-1 devstack@placement-api.service[107655]: DEBUG placement.requestlog [req-8740b74a-0960-4aa4-8a3e-df50a8d27940 req-5f0827c0-0d33-465f-aefb-277ef96df691 None None] Starting request: 10.222.0.55 "GET /placement/allocations/77d2f0eb-1f9b-4fd7-ab64-370a440914bf" {{(pid=107655) __call__ /opt/stack/placement/placement/requestlog.py:55}}
Sep 25 01:05:41.706825 n-d-master-1 devstack@placement-api.service[107655]: INFO placement.requestlog [req-8740b74a-0960-4aa4-8a3e-df50a8d27940 req-5f0827c0-0d33-465f-aefb-277ef96df691 service placement] 10.222.0.55 "GET /placement/allocations/77d2f0eb-1f9b-4fd7-ab64-370a440914bf" status: 200 len: 259 microversion: 1.28
