Jul 24 01:08:51.937790 n-d-master-1 devstack@n-api.service[119561]: [pid: 119561|app: 0|req: 40/104] 10.222.0.27 () {58 vars in 1235 bytes} [Sun Jul 24 01:08:50 2022] GET /compute/v2.1/servers/8c3fd965-0867-487a-b713-84476aaeb577 => generated 1339 bytes in 1922 msecs (HTTP/1.1 200) 9 headers in 358 bytes (1 switches on core 0)
Jul 24 01:08:52.610424 n-d-master-1 devstack@n-api.service[119561]: DEBUG nova.api.openstack.wsgi [None req-6b4ffeb4-b400-4577-9987-3b8c973bb505 tempest-ServersWithSpecificFlavorTestJSON-627309449 tempest-ServersWithSpecificFlavorTestJSON-627309449-project] Calling method '>' {{(pid=119561) _process_stack /opt/stack/nova/nova/api/openstack/wsgi.py:513}}
Jul 24 01:08:52.611154 n-d-master-1 devstack@n-api.service[119561]: DEBUG nova.compute.api [None req-6b4ffeb4-b400-4577-9987-3b8c973bb505 tempest-ServersWithSpecificFlavorTestJSON-627309449 tempest-ServersWithSpecificFlavorTestJSON-627309449-project] [instance: c7321071-81d5-42f4-b1ec-3e089a82ff19] Fetching instance by UUID {{(pid=119561) get /opt/stack/nova/nova/compute/api.py:2920}}
Jul 24 01:08:52.619615 n-d-master-1 devstack@n-api.service[119562]: DEBUG nova.api.openstack.wsgi [None req-b3382c90-54c8-4efe-9850-20ea250a2a4c tempest-LiveMigrationTest-1771055910 tempest-LiveMigrationTest-1771055910-project] Action: 'create', calling method: >, body: {"server": {"name": "tempest-LiveMigrationTest-server-1602586401", "imageRef": "9fcc346b-5e09-42b6-9557-a6eb28d96f08", "flavorRef": "452", "networks": [{"uuid": "0b0a25ed-fae4-4f81-a013-333d811349fa"}]}} {{(pid=119562) _process_stack /opt/stack/nova/nova/api/openstack/wsgi.py:511}}
Jul 24 01:08:52.630287 n-d-master-1 devstack@n-api.service[119561]: DEBUG oslo_concurrency.lockutils [None req-6b4ffeb4-b400-4577-9987-3b8c973bb505 tempest-ServersWithSpecificFlavorTestJSON-627309449 tempest-ServersWithSpecificFlavorTestJSON-627309449-project] Lock "0cd8cbf6-89a9-4578-8b79-4f13f771e70c" acquired by "nova.context.set_target_cell..get_or_set_cached_cell_and_set_connections" :: waited 0.000s {{(pid=119561) inner /usr/local/lib/python3.8/dist-packages/oslo_concurrency/lockutils.py:386}}
Jul 24 01:08:52.630287 n-d-master-1 devstack@n-api.service[119561]: DEBUG oslo_concurrency.lockutils [None req-6b4ffeb4-b400-4577-9987-3b8c973bb505 tempest-ServersWithSpecificFlavorTestJSON-627309449 tempest-ServersWithSpecificFlavorTestJSON-627309449-project] Lock "0cd8cbf6-89a9-4578-8b79-4f13f771e70c" "released" by "nova.context.set_target_cell..get_or_set_cached_cell_and_set_connections" :: held 0.001s {{(pid=119561) inner /usr/local/lib/python3.8/dist-packages/oslo_concurrency/lockutils.py:400}}
Jul 24 01:08:52.631351 n-d-master-1 devstack@n-api.service[119561]: DEBUG oslo_concurrency.lockutils [None req-6b4ffeb4-b400-4577-9987-3b8c973bb505 tempest-ServersWithSpecificFlavorTestJSON-627309449 tempest-ServersWithSpecificFlavorTestJSON-627309449-project] Lock "0cd8cbf6-89a9-4578-8b79-4f13f771e70c" acquired by "nova.context.set_target_cell..get_or_set_cached_cell_and_set_connections" :: waited 0.000s {{(pid=119561) inner /usr/local/lib/python3.8/dist-packages/oslo_concurrency/lockutils.py:386}}
Jul 24 01:08:52.631792 n-d-master-1 devstack@n-api.service[119561]: DEBUG oslo_concurrency.lockutils [None req-6b4ffeb4-b400-4577-9987-3b8c973bb505 tempest-ServersWithSpecificFlavorTestJSON-627309449 tempest-ServersWithSpecificFlavorTestJSON-627309449-project] Lock "0cd8cbf6-89a9-4578-8b79-4f13f771e70c" "released" by "nova.context.set_target_cell..get_or_set_cached_cell_and_set_connections" :: held 0.000s {{(pid=119561) inner /usr/local/lib/python3.8/dist-packages/oslo_concurrency/lockutils.py:400}}
Jul 24 01:08:52.700375 n-d-master-1 devstack@n-api.service[119562]: DEBUG nova.network.neutron [None req-b3382c90-54c8-4efe-9850-20ea250a2a4c tempest-LiveMigrationTest-1771055910 tempest-LiveMigrationTest-1771055910-project] validate_networks() for [('0b0a25ed-fae4-4f81-a013-333d811349fa', None, None, None, None, None)] {{(pid=119562) validate_networks /opt/stack/nova/nova/network/neutron.py:2626}}
Jul 24 01:08:52.880791 n-d-master-1 devstack@n-api.service[119561]: DEBUG nova.policy [None req-6b4ffeb4-b400-4577-9987-3b8c973bb505 tempest-ServersWithSpecificFlavorTestJSON-627309449 tempest-ServersWithSpecificFlavorTestJSON-627309449-project] Policy check for os_compute_api:os-extended-server-attributes failed with credentials {'is_admin': False, 'user_id': 'b3861659794d4aa699ca3e984999a1fe', 'user_domain_id': 'default', 'system_scope': None, 'domain_id': None, 'project_id': '913058bc11904339a05f4784fee6f1a1', 'project_domain_id': 'default', 'roles': ['reader', 'member'], 'is_admin_project': True, 'service_user_id': None, 'service_user_domain_id': None, 'service_project_id': None, 'service_project_domain_id': None, 'service_roles': []} {{(pid=119561) authorize /opt/stack/nova/nova/policy.py:199}}
Jul 24 01:08:52.897199 n-d-master-1 devstack@n-api.service[119561]: INFO nova.api.openstack.requestlog [None req-6b4ffeb4-b400-4577-9987-3b8c973bb505 tempest-ServersWithSpecificFlavorTestJSON-627309449 tempest-ServersWithSpecificFlavorTestJSON-627309449-project] 10.222.0.27 "GET /compute/v2.1/servers/c7321071-81d5-42f4-b1ec-3e089a82ff19" status: 200 len: 1321 microversion: 2.1 time: 0.286077
Jul 24 01:08:52.898173 n-d-master-1 devstack@n-api.service[119561]: [pid: 119561|app: 0|req: 41/105] 10.222.0.27 () {58 vars in 1235 bytes} [Sun Jul 24 01:08:52 2022] GET /compute/v2.1/servers/c7321071-81d5-42f4-b1ec-3e089a82ff19 => generated 1321 bytes in 293 msecs (HTTP/1.1 200) 9 headers in 358 bytes (1 switches on core 0)
Jul 24 01:08:52.955908 n-d-master-1 devstack@n-api.service[119561]: DEBUG nova.api.openstack.wsgi [None req-87436863-7944-43bb-bc96-95693523157a tempest-AggregatesAdminTestJSON-1609986828 tempest-AggregatesAdminTestJSON-1609986828-project] Calling method '>' {{(pid=119561) _process_stack /opt/stack/nova/nova/api/openstack/wsgi.py:513}}
Jul 24 01:08:52.956722 n-d-master-1 devstack@n-api.service[119561]: DEBUG nova.compute.api [None req-87436863-7944-43bb-bc96-95693523157a tempest-AggregatesAdminTestJSON-1609986828 tempest-AggregatesAdminTestJSON-1609986828-project] [instance: 8c3fd965-0867-487a-b713-84476aaeb577] Fetching instance by UUID {{(pid=119561) get /opt/stack/nova/nova/compute/api.py:2920}}
Jul 24 01:08:52.968255 n-d-master-1 devstack@n-api.service[119561]: DEBUG oslo_concurrency.lockutils [None req-87436863-7944-43bb-bc96-95693523157a tempest-AggregatesAdminTestJSON-1609986828 tempest-AggregatesAdminTestJSON-1609986828-project] Lock "0cd8cbf6-89a9-4578-8b79-4f13f771e70c" acquired by "nova.context.set_target_cell..get_or_set_cached_cell_and_set_connections" :: waited 0.000s {{(pid=119561) inner /usr/local/lib/python3.8/dist-packages/oslo_concurrency/lockutils.py:386}}
Jul 24 01:08:52.968255 n-d-master-1 devstack@n-api.service[119561]: DEBUG oslo_concurrency.lockutils [None req-87436863-7944-43bb-bc96-95693523157a tempest-AggregatesAdminTestJSON-1609986828 tempest-AggregatesAdminTestJSON-1609986828-project] Lock "0cd8cbf6-89a9-4578-8b79-4f13f771e70c" "released" by "nova.context.set_target_cell..get_or_set_cached_cell_and_set_connections" :: held 0.001s {{(pid=119561) inner /usr/local/lib/python3.8/dist-packages/oslo_concurrency/lockutils.py:400}}
Jul 24 01:08:52.971804 n-d-master-1 devstack@n-api.service[119561]: DEBUG oslo_concurrency.lockutils [None req-87436863-7944-43bb-bc96-95693523157a tempest-AggregatesAdminTestJSON-1609986828 tempest-AggregatesAdminTestJSON-1609986828-project] Lock "0cd8cbf6-89a9-4578-8b79-4f13f771e70c" acquired by "nova.context.set_target_cell..get_or_set_cached_cell_and_set_connections" :: waited 0.000s {{(pid=119561) inner /usr/local/lib/python3.8/dist-packages/oslo_concurrency/lockutils.py:386}}
Jul 24 01:08:52.972337 n-d-master-1 devstack@n-api.service[119561]: DEBUG oslo_concurrency.lockutils [None req-87436863-7944-43bb-bc96-95693523157a tempest-AggregatesAdminTestJSON-1609986828 tempest-AggregatesAdminTestJSON-1609986828-project] Lock "0cd8cbf6-89a9-4578-8b79-4f13f771e70c" "released" by "nova.context.set_target_cell..get_or_set_cached_cell_and_set_connections" :: held 0.001s {{(pid=119561) inner /usr/local/lib/python3.8/dist-packages/oslo_concurrency/lockutils.py:400}}
Jul 24 01:08:53.484482 n-d-master-1 devstack@n-api.service[119561]: DEBUG nova.policy [None req-87436863-7944-43bb-bc96-95693523157a tempest-AggregatesAdminTestJSON-1609986828 tempest-AggregatesAdminTestJSON-1609986828-project] Policy check for os_compute_api:os-extended-server-attributes failed with credentials {'is_admin': False, 'user_id': '1416426260704ceca5211082c2399bca', 'user_domain_id': 'default', 'system_scope': None, 'domain_id': None, 'project_id': '3d121ab923474b2ca0c274a943530dd2', 'project_domain_id': 'default', 'roles': ['reader', 'member'], 'is_admin_project': True, 'service_user_id': None, 'service_user_domain_id': None, 'service_project_id': None, 'service_project_domain_id': None, 'service_roles': []} {{(pid=119561) authorize /opt/stack/nova/nova/policy.py:199}}
Jul 24 01:08:53.517391 n-d-master-1 devstack@n-api.service[119561]: INFO nova.api.openstack.requestlog [None req-87436863-7944-43bb-bc96-95693523157a tempest-AggregatesAdminTestJSON-1609986828 tempest-AggregatesAdminTestJSON-1609986828-project] 10.222.0.27 "GET /compute/v2.1/servers/8c3fd965-0867-487a-b713-84476aaeb577" status: 200 len: 1339 microversion: 2.1 time: 0.564259
Jul 24 01:08:53.520367 n-d-master-1 devstack@n-api.service[119561]: [pid: 119561|app: 0|req: 42/106] 10.222.0.27 () {58 vars in 1235 bytes} [Sun Jul 24 01:08:52 2022] GET /compute/v2.1/servers/8c3fd965-0867-487a-b713-84476aaeb577 => generated 1339 bytes in 570 msecs (HTTP/1.1 200) 9 headers in 358 bytes (1 switches on core 0)
Jul 24 01:08:53.772442 n-d-master-1 devstack@n-api.service[119561]: DEBUG nova.api.openstack.wsgi [None req-a902fa0a-4263-4ce5-8707-39e133f1a12b tempest-HypervisorAdminV253TestBase-370305129 tempest-HypervisorAdminV253TestBase-370305129-project-admin] Calling method '.version_select at 0x7f05ebe89dc0>' {{(pid=119561) _process_stack /opt/stack/nova/nova/api/openstack/wsgi.py:513}}
Jul 24 01:08:53.774154 n-d-master-1 devstack@n-api.service[119561]: /usr/local/lib/python3.8/dist-packages/oslo_policy/policy.py:1129: UserWarning: Policy "os_compute_api:os-hypervisors:list-detail": "rule:context_is_admin" failed scope check. The token used to make the request was project scoped but the policy requires ['system'] scope. This behavior may change in the future where using the intended scope is required
Jul 24 01:08:53.774154 n-d-master-1 devstack@n-api.service[119561]: warnings.warn(msg)
Jul 24 01:08:53.775666 n-d-master-1 devstack@n-api.service[119561]: DEBUG oslo_concurrency.lockutils [None req-a902fa0a-4263-4ce5-8707-39e133f1a12b tempest-HypervisorAdminV253TestBase-370305129 tempest-HypervisorAdminV253TestBase-370305129-project-admin] Lock "0cd8cbf6-89a9-4578-8b79-4f13f771e70c" acquired by "nova.context.set_target_cell..get_or_set_cached_cell_and_set_connections" :: waited 0.000s {{(pid=119561) inner /usr/local/lib/python3.8/dist-packages/oslo_concurrency/lockutils.py:386}}
Jul 24 01:08:53.776306 n-d-master-1 devstack@n-api.service[119561]: DEBUG oslo_concurrency.lockutils [None req-a902fa0a-4263-4ce5-8707-39e133f1a12b tempest-HypervisorAdminV253TestBase-370305129 tempest-HypervisorAdminV253TestBase-370305129-project-admin] Lock "0cd8cbf6-89a9-4578-8b79-4f13f771e70c" "released" by "nova.context.set_target_cell..get_or_set_cached_cell_and_set_connections" :: held 0.001s {{(pid=119561) inner /usr/local/lib/python3.8/dist-packages/oslo_concurrency/lockutils.py:400}}
Jul 24 01:08:53.831996 n-d-master-1 devstack@n-api.service[119561]: DEBUG oslo_concurrency.lockutils [None req-a902fa0a-4263-4ce5-8707-39e133f1a12b tempest-HypervisorAdminV253TestBase-370305129 tempest-HypervisorAdminV253TestBase-370305129-project-admin] Lock "0cd8cbf6-89a9-4578-8b79-4f13f771e70c" acquired by "nova.context.set_target_cell..get_or_set_cached_cell_and_set_connections" :: waited 0.000s {{(pid=119561) inner /usr/local/lib/python3.8/dist-packages/oslo_concurrency/lockutils.py:386}}
Jul 24 01:08:53.837219 n-d-master-1 devstack@n-api.service[119561]: DEBUG oslo_concurrency.lockutils [None req-a902fa0a-4263-4ce5-8707-39e133f1a12b tempest-HypervisorAdminV253TestBase-370305129 tempest-HypervisorAdminV253TestBase-370305129-project-admin] Lock "0cd8cbf6-89a9-4578-8b79-4f13f771e70c" "released" by "nova.context.set_target_cell..get_or_set_cached_cell_and_set_connections" :: held 0.014s {{(pid=119561) inner /usr/local/lib/python3.8/dist-packages/oslo_concurrency/lockutils.py:400}}
Jul 24 01:08:53.884343 n-d-master-1 devstack@n-api.service[119561]: DEBUG oslo_concurrency.lockutils [None req-a902fa0a-4263-4ce5-8707-39e133f1a12b tempest-HypervisorAdminV253TestBase-370305129 tempest-HypervisorAdminV253TestBase-370305129-project-admin] Lock "0cd8cbf6-89a9-4578-8b79-4f13f771e70c" acquired by "nova.context.set_target_cell..get_or_set_cached_cell_and_set_connections" :: waited 0.000s {{(pid=119561) inner /usr/local/lib/python3.8/dist-packages/oslo_concurrency/lockutils.py:386}}
Jul 24 01:08:53.885041 n-d-master-1 devstack@n-api.service[119561]: DEBUG oslo_concurrency.lockutils [None req-a902fa0a-4263-4ce5-8707-39e133f1a12b tempest-HypervisorAdminV253TestBase-370305129 tempest-HypervisorAdminV253TestBase-370305129-project-admin] Lock "0cd8cbf6-89a9-4578-8b79-4f13f771e70c" "released" by "nova.context.set_target_cell..get_or_set_cached_cell_and_set_connections" :: held 0.001s {{(pid=119561) inner /usr/local/lib/python3.8/dist-packages/oslo_concurrency/lockutils.py:400}}
Jul 24 01:08:53.898617 n-d-master-1 devstack@n-api.service[119561]: DEBUG oslo_concurrency.lockutils [None req-a902fa0a-4263-4ce5-8707-39e133f1a12b tempest-HypervisorAdminV253TestBase-370305129 tempest-HypervisorAdminV253TestBase-370305129-project-admin] Lock "0cd8cbf6-89a9-4578-8b79-4f13f771e70c" acquired by "nova.context.set_target_cell..get_or_set_cached_cell_and_set_connections" :: waited 0.000s {{(pid=119561) inner /usr/local/lib/python3.8/dist-packages/oslo_concurrency/lockutils.py:386}}
Jul 24 01:08:53.899213 n-d-master-1 devstack@n-api.service[119561]: DEBUG oslo_concurrency.lockutils [None req-a902fa0a-4263-4ce5-8707-39e133f1a12b tempest-HypervisorAdminV253TestBase-370305129 tempest-HypervisorAdminV253TestBase-370305129-project-admin] Lock "0cd8cbf6-89a9-4578-8b79-4f13f771e70c" "released" by "nova.context.set_target_cell..get_or_set_cached_cell_and_set_connections" :: held 0.001s {{(pid=119561) inner /usr/local/lib/python3.8/dist-packages/oslo_concurrency/lockutils.py:400}}
Jul 24 01:08:53.929260 n-d-master-1 devstack@n-api.service[119561]: DEBUG oslo_concurrency.lockutils [None req-a902fa0a-4263-4ce5-8707-39e133f1a12b tempest-HypervisorAdminV253TestBase-370305129 tempest-HypervisorAdminV253TestBase-370305129-project-admin] Lock "0cd8cbf6-89a9-4578-8b79-4f13f771e70c" acquired by "nova.context.set_target_cell..get_or_set_cached_cell_and_set_connections" :: waited 0.000s {{(pid=119561) inner /usr/local/lib/python3.8/dist-packages/oslo_concurrency/lockutils.py:386}}
Jul 24 01:08:53.930069 n-d-master-1 devstack@n-api.service[119561]: DEBUG oslo_concurrency.lockutils [None req-a902fa0a-4263-4ce5-8707-39e133f1a12b tempest-HypervisorAdminV253TestBase-370305129 tempest-HypervisorAdminV253TestBase-370305129-project-admin] Lock "0cd8cbf6-89a9-4578-8b79-4f13f771e70c" "released" by "nova.context.set_target_cell..get_or_set_cached_cell_and_set_connections" :: held 0.001s {{(pid=119561) inner /usr/local/lib/python3.8/dist-packages/oslo_concurrency/lockutils.py:400}}
Jul 24 01:08:53.939657 n-d-master-1 devstack@n-api.service[119561]: INFO nova.api.openstack.requestlog [None req-a902fa0a-4263-4ce5-8707-39e133f1a12b tempest-HypervisorAdminV253TestBase-370305129 tempest-HypervisorAdminV253TestBase-370305129-project-admin] 10.222.0.27 "GET /compute/v2.1/os-hypervisors/detail?with_servers=True" status: 200 len: 1757 microversion: 2.53 time: 0.417577
Jul 24 01:08:53.940835 n-d-master-1 devstack@n-api.service[119561]: [pid: 119561|app: 0|req: 43/107] 10.222.0.27 () {60 vars in 1242 bytes} [Sun Jul 24 01:08:53 2022] GET /compute/v2.1/os-hypervisors/detail?with_servers=True => generated 1757 bytes in 419 msecs (HTTP/1.1 200) 9 headers in 360 bytes (1 switches on core 0)
Jul 24 01:08:53.953853 n-d-master-1 devstack@n-api.service[119561]: DEBUG nova.api.openstack.wsgi [None req-7efd014c-0d57-4566-aeb3-28c39e60a4f0 tempest-ServersWithSpecificFlavorTestJSON-627309449 tempest-ServersWithSpecificFlavorTestJSON-627309449-project] Calling method '>' {{(pid=119561) _process_stack /opt/stack/nova/nova/api/openstack/wsgi.py:513}}
Jul 24 01:08:53.954731 n-d-master-1 devstack@n-api.service[119561]: DEBUG nova.compute.api [None req-7efd014c-0d57-4566-aeb3-28c39e60a4f0 tempest-ServersWithSpecificFlavorTestJSON-627309449 tempest-ServersWithSpecificFlavorTestJSON-627309449-project] [instance: c7321071-81d5-42f4-b1ec-3e089a82ff19] Fetching instance by UUID {{(pid=119561) get /opt/stack/nova/nova/compute/api.py:2920}}
Jul 24 01:08:53.962263 n-d-master-1 devstack@n-api.service[119561]: DEBUG oslo_concurrency.lockutils [None req-7efd014c-0d57-4566-aeb3-28c39e60a4f0 tempest-ServersWithSpecificFlavorTestJSON-627309449 tempest-ServersWithSpecificFlavorTestJSON-627309449-project] Lock "0cd8cbf6-89a9-4578-8b79-4f13f771e70c" acquired by "nova.context.set_target_cell..get_or_set_cached_cell_and_set_connections" :: waited 0.000s {{(pid=119561) inner /usr/local/lib/python3.8/dist-packages/oslo_concurrency/lockutils.py:386}}
Jul 24 01:08:53.963378 n-d-master-1 devstack@n-api.service[119561]: DEBUG oslo_concurrency.lockutils [None req-7efd014c-0d57-4566-aeb3-28c39e60a4f0 tempest-ServersWithSpecificFlavorTestJSON-627309449 tempest-ServersWithSpecificFlavorTestJSON-627309449-project] Lock "0cd8cbf6-89a9-4578-8b79-4f13f771e70c" "released" by "nova.context.set_target_cell..get_or_set_cached_cell_and_set_connections" :: held 0.002s {{(pid=119561) inner /usr/local/lib/python3.8/dist-packages/oslo_concurrency/lockutils.py:400}}
Jul 24 01:08:53.964958 n-d-master-1 devstack@n-api.service[119561]: DEBUG oslo_concurrency.lockutils [None req-7efd014c-0d57-4566-aeb3-28c39e60a4f0 tempest-ServersWithSpecificFlavorTestJSON-627309449 tempest-ServersWithSpecificFlavorTestJSON-627309449-project] Lock "0cd8cbf6-89a9-4578-8b79-4f13f771e70c" acquired by "nova.context.set_target_cell..get_or_set_cached_cell_and_set_connections" :: waited 0.000s {{(pid=119561) inner /usr/local/lib/python3.8/dist-packages/oslo_concurrency/lockutils.py:386}}
Jul 24 01:08:53.965883 n-d-master-1 devstack@n-api.service[119561]: DEBUG oslo_concurrency.lockutils [None req-7efd014c-0d57-4566-aeb3-28c39e60a4f0 tempest-ServersWithSpecificFlavorTestJSON-627309449 tempest-ServersWithSpecificFlavorTestJSON-627309449-project] Lock "0cd8cbf6-89a9-4578-8b79-4f13f771e70c" "released" by "nova.context.set_target_cell..get_or_set_cached_cell_and_set_connections" :: held 0.001s {{(pid=119561) inner /usr/local/lib/python3.8/dist-packages/oslo_concurrency/lockutils.py:400}}
Jul 24 01:08:54.102968 n-d-master-1 devstack@n-api.service[119561]: DEBUG nova.policy [None req-7efd014c-0d57-4566-aeb3-28c39e60a4f0 tempest-ServersWithSpecificFlavorTestJSON-627309449 tempest-ServersWithSpecificFlavorTestJSON-627309449-project] Policy check for os_compute_api:os-extended-server-attributes failed with credentials {'is_admin': False, 'user_id': 'b3861659794d4aa699ca3e984999a1fe', 'user_domain_id': 'default', 'system_scope': None, 'domain_id': None, 'project_id': '913058bc11904339a05f4784fee6f1a1', 'project_domain_id': 'default', 'roles': ['reader', 'member'], 'is_admin_project': True, 'service_user_id': None, 'service_user_domain_id': None, 'service_project_id': None, 'service_project_domain_id': None, 'service_roles': []} {{(pid=119561) authorize /opt/stack/nova/nova/policy.py:199}}
Jul 24 01:08:54.116518 n-d-master-1 devstack@n-api.service[119561]: INFO nova.api.openstack.requestlog [None req-7efd014c-0d57-4566-aeb3-28c39e60a4f0 tempest-ServersWithSpecificFlavorTestJSON-627309449 tempest-ServersWithSpecificFlavorTestJSON-627309449-project] 10.222.0.27 "GET /compute/v2.1/servers/c7321071-81d5-42f4-b1ec-3e089a82ff19" status: 200 len: 1321 microversion: 2.1 time: 0.174268
Jul 24 01:08:54.125802 n-d-master-1 devstack@n-api.service[119561]: [pid: 119561|app: 0|req: 44/108] 10.222.0.27 () {58 vars in 1235 bytes} [Sun Jul 24 01:08:53 2022] GET /compute/v2.1/servers/c7321071-81d5-42f4-b1ec-3e089a82ff19 => generated 1321 bytes in 177 msecs (HTTP/1.1 200) 9 headers in 358 bytes (1 switches on core 0)
Jul 24 01:08:54.139143 n-d-master-1 devstack@n-api.service[119561]: DEBUG nova.api.openstack.wsgi [None req-7a9200e6-8372-4c7e-bc09-b511754042af tempest-HypervisorAdminV253TestBase-370305129 tempest-HypervisorAdminV253TestBase-370305129-project-admin] Calling method '.version_select at 0x7f05ebebb940>' {{(pid=119561) _process_stack /opt/stack/nova/nova/api/openstack/wsgi.py:513}}
Jul 24 01:08:54.140943 n-d-master-1 devstack@n-api.service[119561]: /usr/local/lib/python3.8/dist-packages/oslo_policy/policy.py:1129: UserWarning: Policy "os_compute_api:os-hypervisors:list": "rule:context_is_admin" failed scope check. The token used to make the request was project scoped but the policy requires ['system'] scope. This behavior may change in the future where using the intended scope is required
Jul 24 01:08:54.140943 n-d-master-1 devstack@n-api.service[119561]: warnings.warn(msg)
Jul 24 01:08:54.148193 n-d-master-1 devstack@n-api.service[119561]: DEBUG oslo_concurrency.lockutils [None req-7a9200e6-8372-4c7e-bc09-b511754042af tempest-HypervisorAdminV253TestBase-370305129 tempest-HypervisorAdminV253TestBase-370305129-project-admin] Lock "0cd8cbf6-89a9-4578-8b79-4f13f771e70c" acquired by "nova.context.set_target_cell..get_or_set_cached_cell_and_set_connections" :: waited 0.000s {{(pid=119561) inner /usr/local/lib/python3.8/dist-packages/oslo_concurrency/lockutils.py:386}}
Jul 24 01:08:54.149132 n-d-master-1 devstack@n-api.service[119561]: DEBUG oslo_concurrency.lockutils [None req-7a9200e6-8372-4c7e-bc09-b511754042af tempest-HypervisorAdminV253TestBase-370305129 tempest-HypervisorAdminV253TestBase-370305129-project-admin] Lock "0cd8cbf6-89a9-4578-8b79-4f13f771e70c" "released" by "nova.context.set_target_cell..get_or_set_cached_cell_and_set_connections" :: held 0.005s {{(pid=119561) inner /usr/local/lib/python3.8/dist-packages/oslo_concurrency/lockutils.py:400}}
Jul 24 01:08:54.171418 n-d-master-1 devstack@n-api.service[119562]: DEBUG nova.virt.hardware [None req-b3382c90-54c8-4efe-9850-20ea250a2a4c tempest-LiveMigrationTest-1771055910 tempest-LiveMigrationTest-1771055910-project] Flavor limits 0:0:0 {{(pid=119562) get_cpu_topology_constraints /opt/stack/nova/nova/virt/hardware.py:343}}
Jul 24 01:08:54.171975 n-d-master-1 devstack@n-api.service[119562]: DEBUG nova.virt.hardware [None req-b3382c90-54c8-4efe-9850-20ea250a2a4c tempest-LiveMigrationTest-1771055910 tempest-LiveMigrationTest-1771055910-project] Image limits 0:0:0 {{(pid=119562) get_cpu_topology_constraints /opt/stack/nova/nova/virt/hardware.py:347}}
Jul 24 01:08:54.172877 n-d-master-1 devstack@n-api.service[119562]: DEBUG nova.virt.hardware [None req-b3382c90-54c8-4efe-9850-20ea250a2a4c tempest-LiveMigrationTest-1771055910 tempest-LiveMigrationTest-1771055910-project] Flavor pref 0:0:0 {{(pid=119562) get_cpu_topology_constraints /opt/stack/nova/nova/virt/hardware.py:383}}
Jul 24 01:08:54.173509 n-d-master-1 devstack@n-api.service[119562]: DEBUG nova.virt.hardware [None req-b3382c90-54c8-4efe-9850-20ea250a2a4c tempest-LiveMigrationTest-1771055910 tempest-LiveMigrationTest-1771055910-project] Image pref 0:0:0 {{(pid=119562) get_cpu_topology_constraints /opt/stack/nova/nova/virt/hardware.py:387}}
Jul 24 01:08:54.174095 n-d-master-1 devstack@n-api.service[119562]: DEBUG nova.virt.hardware [None req-b3382c90-54c8-4efe-9850-20ea250a2a4c tempest-LiveMigrationTest-1771055910 tempest-LiveMigrationTest-1771055910-project] Chose sockets=0, cores=0, threads=0; limits were sockets=65536, cores=65536, threads=65536 {{(pid=119562) get_cpu_topology_constraints /opt/stack/nova/nova/virt/hardware.py:425}}
Jul 24 01:08:54.178056 n-d-master-1 devstack@n-api.service[119561]: DEBUG oslo_concurrency.lockutils [None req-7a9200e6-8372-4c7e-bc09-b511754042af tempest-HypervisorAdminV253TestBase-370305129 tempest-HypervisorAdminV253TestBase-370305129-project-admin] Lock "0cd8cbf6-89a9-4578-8b79-4f13f771e70c" acquired by "nova.context.set_target_cell..get_or_set_cached_cell_and_set_connections" :: waited 0.000s {{(pid=119561) inner /usr/local/lib/python3.8/dist-packages/oslo_concurrency/lockutils.py:386}}
Jul 24 01:08:54.178988 n-d-master-1 devstack@n-api.service[119561]: DEBUG oslo_concurrency.lockutils [None req-7a9200e6-8372-4c7e-bc09-b511754042af tempest-HypervisorAdminV253TestBase-370305129 tempest-HypervisorAdminV253TestBase-370305129-project-admin] Lock "0cd8cbf6-89a9-4578-8b79-4f13f771e70c" "released" by "nova.context.set_target_cell..get_or_set_cached_cell_and_set_connections" :: held 0.001s {{(pid=119561) inner /usr/local/lib/python3.8/dist-packages/oslo_concurrency/lockutils.py:400}}
Jul 24 01:08:54.195257 n-d-master-1 devstack@n-api.service[119562]: DEBUG oslo_concurrency.lockutils [None req-b3382c90-54c8-4efe-9850-20ea250a2a4c tempest-LiveMigrationTest-1771055910 tempest-LiveMigrationTest-1771055910-project] Lock "00000000-0000-0000-0000-000000000000" acquired by "nova.context.set_target_cell..get_or_set_cached_cell_and_set_connections" :: waited 0.000s {{(pid=119562) inner /usr/local/lib/python3.8/dist-packages/oslo_concurrency/lockutils.py:386}}
Jul 24 01:08:54.195711 n-d-master-1 devstack@n-api.service[119562]: DEBUG oslo_concurrency.lockutils [None req-b3382c90-54c8-4efe-9850-20ea250a2a4c tempest-LiveMigrationTest-1771055910 tempest-LiveMigrationTest-1771055910-project] Lock "00000000-0000-0000-0000-000000000000" "released" by "nova.context.set_target_cell..get_or_set_cached_cell_and_set_connections" :: held 0.001s {{(pid=119562) inner /usr/local/lib/python3.8/dist-packages/oslo_concurrency/lockutils.py:400}}
Jul 24 01:08:54.196524 n-d-master-1 devstack@n-api.service[119562]: DEBUG oslo_concurrency.lockutils [None req-b3382c90-54c8-4efe-9850-20ea250a2a4c tempest-LiveMigrationTest-1771055910 tempest-LiveMigrationTest-1771055910-project] Lock "0cd8cbf6-89a9-4578-8b79-4f13f771e70c" acquired by "nova.context.set_target_cell..get_or_set_cached_cell_and_set_connections" :: waited 0.000s {{(pid=119562) inner /usr/local/lib/python3.8/dist-packages/oslo_concurrency/lockutils.py:386}}
Jul 24 01:08:54.196963 n-d-master-1 devstack@n-api.service[119562]: DEBUG oslo_concurrency.lockutils [None req-b3382c90-54c8-4efe-9850-20ea250a2a4c tempest-LiveMigrationTest-1771055910 tempest-LiveMigrationTest-1771055910-project] Lock "0cd8cbf6-89a9-4578-8b79-4f13f771e70c" "released" by "nova.context.set_target_cell..get_or_set_cached_cell_and_set_connections" :: held 0.000s {{(pid=119562) inner /usr/local/lib/python3.8/dist-packages/oslo_concurrency/lockutils.py:400}}
Jul 24 01:08:54.202654 n-d-master-1 devstack@n-api.service[119561]: DEBUG oslo_concurrency.lockutils [None req-7a9200e6-8372-4c7e-bc09-b511754042af tempest-HypervisorAdminV253TestBase-370305129 tempest-HypervisorAdminV253TestBase-370305129-project-admin] Lock "0cd8cbf6-89a9-4578-8b79-4f13f771e70c" acquired by "nova.context.set_target_cell..get_or_set_cached_cell_and_set_connections" :: waited 0.000s {{(pid=119561) inner /usr/local/lib/python3.8/dist-packages/oslo_concurrency/lockutils.py:386}}
Jul 24 01:08:54.203344 n-d-master-1 devstack@n-api.service[119561]: DEBUG oslo_concurrency.lockutils [None req-7a9200e6-8372-4c7e-bc09-b511754042af tempest-HypervisorAdminV253TestBase-370305129 tempest-HypervisorAdminV253TestBase-370305129-project-admin] Lock "0cd8cbf6-89a9-4578-8b79-4f13f771e70c" "released" by "nova.context.set_target_cell..get_or_set_cached_cell_and_set_connections" :: held 0.001s {{(pid=119561) inner /usr/local/lib/python3.8/dist-packages/oslo_concurrency/lockutils.py:400}}
Jul 24 01:08:54.216798 n-d-master-1 devstack@n-api.service[119561]: DEBUG oslo_concurrency.lockutils [None req-7a9200e6-8372-4c7e-bc09-b511754042af tempest-HypervisorAdminV253TestBase-370305129 tempest-HypervisorAdminV253TestBase-370305129-project-admin] Lock "0cd8cbf6-89a9-4578-8b79-4f13f771e70c" acquired by "nova.context.set_target_cell..get_or_set_cached_cell_and_set_connections" :: waited 0.000s {{(pid=119561) inner /usr/local/lib/python3.8/dist-packages/oslo_concurrency/lockutils.py:386}}
Jul 24 01:08:54.217488 n-d-master-1 devstack@n-api.service[119561]: DEBUG oslo_concurrency.lockutils [None req-7a9200e6-8372-4c7e-bc09-b511754042af tempest-HypervisorAdminV253TestBase-370305129 tempest-HypervisorAdminV253TestBase-370305129-project-admin] Lock "0cd8cbf6-89a9-4578-8b79-4f13f771e70c" "released" by "nova.context.set_target_cell..get_or_set_cached_cell_and_set_connections" :: held 0.001s {{(pid=119561) inner /usr/local/lib/python3.8/dist-packages/oslo_concurrency/lockutils.py:400}}
Jul 24 01:08:54.251396 n-d-master-1 devstack@n-api.service[119562]: DEBUG nova.quota [None req-b3382c90-54c8-4efe-9850-20ea250a2a4c tempest-LiveMigrationTest-1771055910 tempest-LiveMigrationTest-1771055910-project] Getting quotas for project 58e5e52270c14573b0d4c868cb9fa69c. Resources: {'instances', 'ram', 'cores'} {{(pid=119562) _get_quotas /opt/stack/nova/nova/quota.py:393}}
Jul 24 01:08:54.256597 n-d-master-1 devstack@n-api.service[119562]: DEBUG nova.quota [None req-b3382c90-54c8-4efe-9850-20ea250a2a4c tempest-LiveMigrationTest-1771055910 tempest-LiveMigrationTest-1771055910-project] Getting quotas for user 40b5fc3b4b6d43ab9342da568567140d and project 58e5e52270c14573b0d4c868cb9fa69c. Resources: {'instances', 'ram', 'cores'} {{(pid=119562) _get_quotas /opt/stack/nova/nova/quota.py:383}}
Jul 24 01:08:54.269114 n-d-master-1 devstack@n-api.service[119561]: DEBUG oslo_concurrency.lockutils [None req-7a9200e6-8372-4c7e-bc09-b511754042af tempest-HypervisorAdminV253TestBase-370305129 tempest-HypervisorAdminV253TestBase-370305129-project-admin] Lock "0cd8cbf6-89a9-4578-8b79-4f13f771e70c" acquired by "nova.context.set_target_cell..get_or_set_cached_cell_and_set_connections" :: waited 0.000s {{(pid=119561) inner /usr/local/lib/python3.8/dist-packages/oslo_concurrency/lockutils.py:386}}
Jul 24 01:08:54.269618 n-d-master-1 devstack@n-api.service[119561]: DEBUG oslo_concurrency.lockutils [None req-7a9200e6-8372-4c7e-bc09-b511754042af tempest-HypervisorAdminV253TestBase-370305129 tempest-HypervisorAdminV253TestBase-370305129-project-admin] Lock "0cd8cbf6-89a9-4578-8b79-4f13f771e70c" "released" by "nova.context.set_target_cell..get_or_set_cached_cell_and_set_connections" :: held 0.001s {{(pid=119561) inner /usr/local/lib/python3.8/dist-packages/oslo_concurrency/lockutils.py:400}}
Jul 24 01:08:54.273920 n-d-master-1 devstack@n-api.service[119562]: DEBUG nova.compute.api [None req-b3382c90-54c8-4efe-9850-20ea250a2a4c tempest-LiveMigrationTest-1771055910 tempest-LiveMigrationTest-1771055910-project] Going to run 1 instances... {{(pid=119562) _provision_instances /opt/stack/nova/nova/compute/api.py:1389}}
Jul 24 01:08:54.276744 n-d-master-1 devstack@n-api.service[119562]: DEBUG nova.compute.api [None req-b3382c90-54c8-4efe-9850-20ea250a2a4c tempest-LiveMigrationTest-1771055910 tempest-LiveMigrationTest-1771055910-project] [instance: 975740f0-20a6-4d5b-8e57-766c11d09594] block_device_mapping [BlockDeviceMapping(attachment_id=,boot_index=0,connection_info=None,created_at=,delete_on_termination=True,deleted=,deleted_at=,destination_type='local',device_name=None,device_type='disk',disk_bus=None,guest_format=None,id=,image_id='9fcc346b-5e09-42b6-9557-a6eb28d96f08',instance=,instance_uuid=,no_device=False,snapshot_id=None,source_type='image',tag=None,updated_at=,uuid=,volume_id=None,volume_size=None,volume_type=None)] {{(pid=119562) _bdm_validate_set_size_and_instance /opt/stack/nova/nova/compute/api.py:1807}}
Jul 24 01:08:54.291441 n-d-master-1 devstack@n-api.service[119561]: INFO nova.api.openstack.requestlog [None req-7a9200e6-8372-4c7e-bc09-b511754042af tempest-HypervisorAdminV253TestBase-370305129 tempest-HypervisorAdminV253TestBase-370305129-project-admin] 10.222.0.27 "GET /compute/v2.1/os-hypervisors?with_servers=True" status: 200 len: 449 microversion: 2.53 time: 0.164372
Jul 24 01:08:54.292037 n-d-master-1 devstack@n-api.service[119561]: [pid: 119561|app: 0|req: 45/109] 10.222.0.27 () {60 vars in 1221 bytes} [Sun Jul 24 01:08:54 2022] GET /compute/v2.1/os-hypervisors?with_servers=True => generated 449 bytes in 166 msecs (HTTP/1.1 200) 9 headers in 359 bytes (1 switches on core 0)
Jul 24 01:08:54.305433 n-d-master-1 devstack@n-api.service[119561]: DEBUG nova.api.openstack.wsgi [None req-3e9b546f-1d9d-472a-aafa-dabcf79b12c4 tempest-HypervisorAdminV253TestBase-370305129 tempest-HypervisorAdminV253TestBase-370305129-project-admin] Calling method '.version_select at 0x7f05ebe68af0>' {{(pid=119561) _process_stack /opt/stack/nova/nova/api/openstack/wsgi.py:513}}
Jul 24 01:08:54.312746 n-d-master-1 devstack@n-api.service[119561]: /usr/local/lib/python3.8/dist-packages/oslo_policy/policy.py:1129: UserWarning: Policy "os_compute_api:os-hypervisors:show": "rule:context_is_admin" failed scope check. The token used to make the request was project scoped but the policy requires ['system'] scope. This behavior may change in the future where using the intended scope is required
Jul 24 01:08:54.312746 n-d-master-1 devstack@n-api.service[119561]: warnings.warn(msg)
Jul 24 01:08:54.315513 n-d-master-1 devstack@n-api.service[119561]: DEBUG oslo_concurrency.lockutils [None req-3e9b546f-1d9d-472a-aafa-dabcf79b12c4 tempest-HypervisorAdminV253TestBase-370305129 tempest-HypervisorAdminV253TestBase-370305129-project-admin] Lock "0cd8cbf6-89a9-4578-8b79-4f13f771e70c" acquired by "nova.context.set_target_cell..get_or_set_cached_cell_and_set_connections" :: waited 0.000s {{(pid=119561) inner /usr/local/lib/python3.8/dist-packages/oslo_concurrency/lockutils.py:386}}
Jul 24 01:08:54.318087 n-d-master-1 devstack@n-api.service[119561]: DEBUG oslo_concurrency.lockutils [None req-3e9b546f-1d9d-472a-aafa-dabcf79b12c4 tempest-HypervisorAdminV253TestBase-370305129 tempest-HypervisorAdminV253TestBase-370305129-project-admin] Lock "0cd8cbf6-89a9-4578-8b79-4f13f771e70c" "released" by "nova.context.set_target_cell..get_or_set_cached_cell_and_set_connections" :: held 0.001s {{(pid=119561) inner /usr/local/lib/python3.8/dist-packages/oslo_concurrency/lockutils.py:400}}
Jul 24 01:08:54.358048 n-d-master-1 devstack@n-api.service[119561]: DEBUG oslo_concurrency.lockutils [None req-3e9b546f-1d9d-472a-aafa-dabcf79b12c4 tempest-HypervisorAdminV253TestBase-370305129 tempest-HypervisorAdminV253TestBase-370305129-project-admin] Lock "0cd8cbf6-89a9-4578-8b79-4f13f771e70c" acquired by "nova.context.set_target_cell..get_or_set_cached_cell_and_set_connections" :: waited 0.000s {{(pid=119561) inner /usr/local/lib/python3.8/dist-packages/oslo_concurrency/lockutils.py:386}}
Jul 24 01:08:54.358509 n-d-master-1 devstack@n-api.service[119561]: DEBUG oslo_concurrency.lockutils [None req-3e9b546f-1d9d-472a-aafa-dabcf79b12c4 tempest-HypervisorAdminV253TestBase-370305129 tempest-HypervisorAdminV253TestBase-370305129-project-admin] Lock "0cd8cbf6-89a9-4578-8b79-4f13f771e70c" "released" by "nova.context.set_target_cell..get_or_set_cached_cell_and_set_connections" :: held 0.001s {{(pid=119561) inner /usr/local/lib/python3.8/dist-packages/oslo_concurrency/lockutils.py:400}}
Jul 24 01:08:54.377456 n-d-master-1 devstack@n-api.service[119561]: INFO nova.api.openstack.requestlog [None req-3e9b546f-1d9d-472a-aafa-dabcf79b12c4 tempest-HypervisorAdminV253TestBase-370305129 tempest-HypervisorAdminV253TestBase-370305129-project-admin] 10.222.0.27 "GET /compute/v2.1/os-hypervisors/71ea3c69-8e99-469c-9484-2ff549cff944" status: 200 len: 792 microversion: 2.53 time: 0.077699
Jul 24 01:08:54.386201 n-d-master-1 devstack@n-api.service[119561]: [pid: 119561|app: 0|req: 46/110] 10.222.0.27 () {60 vars in 1297 bytes} [Sun Jul 24 01:08:54 2022] GET /compute/v2.1/os-hypervisors/71ea3c69-8e99-469c-9484-2ff549cff944 => generated 792 bytes in 87 msecs (HTTP/1.1 200) 9 headers in 359 bytes (1 switches on core 0)
Jul 24 01:08:54.425192 n-d-master-1 devstack@n-api.service[119562]: INFO nova.api.openstack.requestlog [None req-b3382c90-54c8-4efe-9850-20ea250a2a4c tempest-LiveMigrationTest-1771055910 tempest-LiveMigrationTest-1771055910-project] 10.222.0.27 "POST /compute/v2.1/servers" status: 202 len: 380 microversion: 2.1 time: 2.058537
Jul 24 01:08:54.432484 n-d-master-1 devstack@n-api.service[119562]: [pid: 119562|app: 0|req: 65/111] 10.222.0.27 () {60 vars in 1146 bytes} [Sun Jul 24 01:08:52 2022] POST /compute/v2.1/servers => generated 380 bytes in 2080 msecs (HTTP/1.1 202) 10 headers in 451 bytes (1 switches on core 0)
Jul 24 01:08:54.438930 n-d-master-1 devstack@n-api.service[119561]: DEBUG nova.api.openstack.wsgi [None req-8493021d-6312-4f1c-a8bc-72b1e341fd54 tempest-LiveMigrationTest-1771055910 tempest-LiveMigrationTest-1771055910-project] Calling method '>' {{(pid=119561) _process_stack /opt/stack/nova/nova/api/openstack/wsgi.py:513}}
Jul 24 01:08:54.439615 n-d-master-1 devstack@n-api.service[119561]: DEBUG nova.compute.api [None req-8493021d-6312-4f1c-a8bc-72b1e341fd54 tempest-LiveMigrationTest-1771055910 tempest-LiveMigrationTest-1771055910-project] [instance: 975740f0-20a6-4d5b-8e57-766c11d09594] Fetching instance by UUID {{(pid=119561) get /opt/stack/nova/nova/compute/api.py:2920}}
Jul 24 01:08:54.536778 n-d-master-1 devstack@n-api.service[119562]: DEBUG nova.api.openstack.wsgi [None req-93cde7be-ea6f-4c33-ab8a-d129f893a8e3 tempest-AggregatesAdminTestJSON-1609986828 tempest-AggregatesAdminTestJSON-1609986828-project] Calling method '>' {{(pid=119562) _process_stack /opt/stack/nova/nova/api/openstack/wsgi.py:513}}
Jul 24 01:08:54.540862 n-d-master-1 devstack@n-api.service[119562]: DEBUG nova.compute.api [None req-93cde7be-ea6f-4c33-ab8a-d129f893a8e3 tempest-AggregatesAdminTestJSON-1609986828 tempest-AggregatesAdminTestJSON-1609986828-project] [instance: 8c3fd965-0867-487a-b713-84476aaeb577] Fetching instance by UUID {{(pid=119562) get /opt/stack/nova/nova/compute/api.py:2920}}
Jul 24 01:08:54.554844 n-d-master-1 devstack@n-api.service[119562]: DEBUG oslo_concurrency.lockutils [None req-93cde7be-ea6f-4c33-ab8a-d129f893a8e3 tempest-AggregatesAdminTestJSON-1609986828 tempest-AggregatesAdminTestJSON-1609986828-project] Lock "0cd8cbf6-89a9-4578-8b79-4f13f771e70c" acquired by "nova.context.set_target_cell..get_or_set_cached_cell_and_set_connections" :: waited 0.000s {{(pid=119562) inner /usr/local/lib/python3.8/dist-packages/oslo_concurrency/lockutils.py:386}}
Jul 24 01:08:54.558265 n-d-master-1 devstack@n-api.service[119562]: DEBUG oslo_concurrency.lockutils [None req-93cde7be-ea6f-4c33-ab8a-d129f893a8e3 tempest-AggregatesAdminTestJSON-1609986828 tempest-AggregatesAdminTestJSON-1609986828-project] Lock "0cd8cbf6-89a9-4578-8b79-4f13f771e70c" "released" by "nova.context.set_target_cell..get_or_set_cached_cell_and_set_connections" :: held 0.003s {{(pid=119562) inner /usr/local/lib/python3.8/dist-packages/oslo_concurrency/lockutils.py:400}}
Jul 24 01:08:54.561016 n-d-master-1 devstack@n-api.service[119562]: DEBUG oslo_concurrency.lockutils [None req-93cde7be-ea6f-4c33-ab8a-d129f893a8e3 tempest-AggregatesAdminTestJSON-1609986828 tempest-AggregatesAdminTestJSON-1609986828-project] Lock "0cd8cbf6-89a9-4578-8b79-4f13f771e70c" acquired by "nova.context.set_target_cell..get_or_set_cached_cell_and_set_connections" :: waited 0.000s {{(pid=119562) inner /usr/local/lib/python3.8/dist-packages/oslo_concurrency/lockutils.py:386}}
Jul 24 01:08:54.562427 n-d-master-1 devstack@n-api.service[119562]: DEBUG oslo_concurrency.lockutils [None req-93cde7be-ea6f-4c33-ab8a-d129f893a8e3 tempest-AggregatesAdminTestJSON-1609986828 tempest-AggregatesAdminTestJSON-1609986828-project] Lock "0cd8cbf6-89a9-4578-8b79-4f13f771e70c" "released" by "nova.context.set_target_cell..get_or_set_cached_cell_and_set_connections" :: held 0.001s {{(pid=119562) inner /usr/local/lib/python3.8/dist-packages/oslo_concurrency/lockutils.py:400}}
Jul 24 01:08:54.767969 n-d-master-1 devstack@n-api.service[119561]: DEBUG nova.policy [None req-8493021d-6312-4f1c-a8bc-72b1e341fd54 tempest-LiveMigrationTest-1771055910 tempest-LiveMigrationTest-1771055910-project] Policy check for os_compute_api:os-extended-server-attributes failed with credentials {'is_admin': False, 'user_id': '40b5fc3b4b6d43ab9342da568567140d', 'user_domain_id': 'default', 'system_scope': None, 'domain_id': None, 'project_id': '58e5e52270c14573b0d4c868cb9fa69c', 'project_domain_id': 'default', 'roles': ['reader', 'member'], 'is_admin_project': True, 'service_user_id': None, 'service_user_domain_id': None, 'service_project_id': None, 'service_project_domain_id': None, 'service_roles': []} {{(pid=119561) authorize /opt/stack/nova/nova/policy.py:199}}
Jul 24 01:08:54.796547 n-d-master-1 devstack@n-api.service[119561]: INFO nova.api.openstack.requestlog [None req-8493021d-6312-4f1c-a8bc-72b1e341fd54 tempest-LiveMigrationTest-1771055910 tempest-LiveMigrationTest-1771055910-project] 10.222.0.27 "GET /compute/v2.1/servers/975740f0-20a6-4d5b-8e57-766c11d09594" status: 200 len: 1211 microversion: 2.1 time: 0.361029
Jul 24 01:08:54.803304 n-d-master-1 devstack@n-api.service[119561]: [pid: 119561|app: 0|req: 47/112] 10.222.0.27 () {58 vars in 1235 bytes} [Sun Jul 24 01:08:54 2022] GET /compute/v2.1/servers/975740f0-20a6-4d5b-8e57-766c11d09594 => generated 1211 bytes in 371 msecs (HTTP/1.1 200) 9 headers in 358 bytes (1 switches on core 0)
Jul 24 01:08:55.139250 n-d-master-1 devstack@n-api.service[119561]: DEBUG nova.api.openstack.wsgi [None req-a5b6b2ae-7c7e-4908-8206-84d9786522d7 tempest-ServersWithSpecificFlavorTestJSON-627309449 tempest-ServersWithSpecificFlavorTestJSON-627309449-project] Calling method '>' {{(pid=119561) _process_stack /opt/stack/nova/nova/api/openstack/wsgi.py:513}}
Jul 24 01:08:55.139992 n-d-master-1 devstack@n-api.service[119561]: DEBUG nova.compute.api [None req-a5b6b2ae-7c7e-4908-8206-84d9786522d7 tempest-ServersWithSpecificFlavorTestJSON-627309449 tempest-ServersWithSpecificFlavorTestJSON-627309449-project] [instance: c7321071-81d5-42f4-b1ec-3e089a82ff19] Fetching instance by UUID {{(pid=119561) get /opt/stack/nova/nova/compute/api.py:2920}}
Jul 24 01:08:55.151070 n-d-master-1 devstack@n-api.service[119561]: DEBUG oslo_concurrency.lockutils [None req-a5b6b2ae-7c7e-4908-8206-84d9786522d7 tempest-ServersWithSpecificFlavorTestJSON-627309449 tempest-ServersWithSpecificFlavorTestJSON-627309449-project] Lock "0cd8cbf6-89a9-4578-8b79-4f13f771e70c" acquired by "nova.context.set_target_cell..get_or_set_cached_cell_and_set_connections" :: waited 0.000s {{(pid=119561) inner /usr/local/lib/python3.8/dist-packages/oslo_concurrency/lockutils.py:386}}
Jul 24 01:08:55.153912 n-d-master-1 devstack@n-api.service[119561]: DEBUG oslo_concurrency.lockutils [None req-a5b6b2ae-7c7e-4908-8206-84d9786522d7 tempest-ServersWithSpecificFlavorTestJSON-627309449 tempest-ServersWithSpecificFlavorTestJSON-627309449-project] Lock "0cd8cbf6-89a9-4578-8b79-4f13f771e70c" "released" by "nova.context.set_target_cell..get_or_set_cached_cell_and_set_connections" :: held 0.001s {{(pid=119561) inner /usr/local/lib/python3.8/dist-packages/oslo_concurrency/lockutils.py:400}}
Jul 24 01:08:55.155383 n-d-master-1 devstack@n-api.service[119561]: DEBUG oslo_concurrency.lockutils [None req-a5b6b2ae-7c7e-4908-8206-84d9786522d7 tempest-ServersWithSpecificFlavorTestJSON-627309449 tempest-ServersWithSpecificFlavorTestJSON-627309449-project] Lock "0cd8cbf6-89a9-4578-8b79-4f13f771e70c" acquired by "nova.context.set_target_cell..get_or_set_cached_cell_and_set_connections" :: waited 0.000s {{(pid=119561) inner /usr/local/lib/python3.8/dist-packages/oslo_concurrency/lockutils.py:386}}
Jul 24 01:08:55.158342 n-d-master-1 devstack@n-api.service[119561]: DEBUG oslo_concurrency.lockutils [None req-a5b6b2ae-7c7e-4908-8206-84d9786522d7 tempest-ServersWithSpecificFlavorTestJSON-627309449 tempest-ServersWithSpecificFlavorTestJSON-627309449-project] Lock "0cd8cbf6-89a9-4578-8b79-4f13f771e70c" "released" by "nova.context.set_target_cell..get_or_set_cached_cell_and_set_connections" :: held 0.003s {{(pid=119561) inner /usr/local/lib/python3.8/dist-packages/oslo_concurrency/lockutils.py:400}}
Jul 24 01:08:55.213634 n-d-master-1 devstack@n-api.service[119562]: DEBUG nova.policy [None req-93cde7be-ea6f-4c33-ab8a-d129f893a8e3 tempest-AggregatesAdminTestJSON-1609986828 tempest-AggregatesAdminTestJSON-1609986828-project] Policy check for os_compute_api:os-extended-server-attributes failed with credentials {'is_admin': False, 'user_id': '1416426260704ceca5211082c2399bca', 'user_domain_id': 'default', 'system_scope': None, 'domain_id': None, 'project_id': '3d121ab923474b2ca0c274a943530dd2', 'project_domain_id': 'default', 'roles': ['reader', 'member'], 'is_admin_project': True, 'service_user_id': None, 'service_user_domain_id': None, 'service_project_id': None, 'service_project_domain_id': None, 'service_roles': []} {{(pid=119562) authorize /opt/stack/nova/nova/policy.py:199}}
Jul 24 01:08:55.237421 n-d-master-1 devstack@n-api.service[119562]: INFO nova.api.openstack.requestlog [None req-93cde7be-ea6f-4c33-ab8a-d129f893a8e3 tempest-AggregatesAdminTestJSON-1609986828 tempest-AggregatesAdminTestJSON-1609986828-project] 10.222.0.27 "GET /compute/v2.1/servers/8c3fd965-0867-487a-b713-84476aaeb577" status: 200 len: 1488 microversion: 2.1 time: 0.695961
Jul 24 01:08:55.238923 n-d-master-1 devstack@n-api.service[119562]: [pid: 119562|app: 0|req: 66/113] 10.222.0.27 () {58 vars in 1235 bytes} [Sun Jul 24 01:08:54 2022] GET /compute/v2.1/servers/8c3fd965-0867-487a-b713-84476aaeb577 => generated 1488 bytes in 707 msecs (HTTP/1.1 200) 9 headers in 358 bytes (2 switches on core 0)
Jul 24 01:08:55.257081 n-d-master-1 devstack@n-api.service[119562]: DEBUG nova.api.openstack.wsgi [None req-be69001d-c62d-4e4b-8edd-0f9f5a4c2de9 tempest-AggregatesAdminTestJSON-525300773 tempest-AggregatesAdminTestJSON-525300773-project-admin] Calling method '>' {{(pid=119562) _process_stack /opt/stack/nova/nova/api/openstack/wsgi.py:513}}
Jul 24 01:08:55.257735 n-d-master-1 devstack@n-api.service[119562]: DEBUG nova.compute.api [None req-be69001d-c62d-4e4b-8edd-0f9f5a4c2de9 tempest-AggregatesAdminTestJSON-525300773 tempest-AggregatesAdminTestJSON-525300773-project-admin] [instance: 8c3fd965-0867-487a-b713-84476aaeb577] Fetching instance by UUID {{(pid=119562) get /opt/stack/nova/nova/compute/api.py:2920}}
Jul 24 01:08:55.292016 n-d-master-1 devstack@n-api.service[119562]: DEBUG oslo_concurrency.lockutils [None req-be69001d-c62d-4e4b-8edd-0f9f5a4c2de9 tempest-AggregatesAdminTestJSON-525300773 tempest-AggregatesAdminTestJSON-525300773-project-admin] Lock "0cd8cbf6-89a9-4578-8b79-4f13f771e70c" acquired by "nova.context.set_target_cell..get_or_set_cached_cell_and_set_connections" :: waited 0.000s {{(pid=119562) inner /usr/local/lib/python3.8/dist-packages/oslo_concurrency/lockutils.py:386}}
Jul 24 01:08:55.293055 n-d-master-1 devstack@n-api.service[119562]: DEBUG oslo_concurrency.lockutils [None req-be69001d-c62d-4e4b-8edd-0f9f5a4c2de9 tempest-AggregatesAdminTestJSON-525300773 tempest-AggregatesAdminTestJSON-525300773-project-admin] Lock "0cd8cbf6-89a9-4578-8b79-4f13f771e70c" "released" by "nova.context.set_target_cell..get_or_set_cached_cell_and_set_connections" :: held 0.001s {{(pid=119562) inner /usr/local/lib/python3.8/dist-packages/oslo_concurrency/lockutils.py:400}}
Jul 24 01:08:55.308751 n-d-master-1 devstack@n-api.service[119562]: DEBUG oslo_concurrency.lockutils [None req-be69001d-c62d-4e4b-8edd-0f9f5a4c2de9 tempest-AggregatesAdminTestJSON-525300773 tempest-AggregatesAdminTestJSON-525300773-project-admin] Lock "0cd8cbf6-89a9-4578-8b79-4f13f771e70c" acquired by "nova.context.set_target_cell..get_or_set_cached_cell_and_set_connections" :: waited 0.015s {{(pid=119562) inner /usr/local/lib/python3.8/dist-packages/oslo_concurrency/lockutils.py:386}}
Jul 24 01:08:55.309215 n-d-master-1 devstack@n-api.service[119562]: DEBUG oslo_concurrency.lockutils [None req-be69001d-c62d-4e4b-8edd-0f9f5a4c2de9 tempest-AggregatesAdminTestJSON-525300773 tempest-AggregatesAdminTestJSON-525300773-project-admin] Lock "0cd8cbf6-89a9-4578-8b79-4f13f771e70c" "released" by "nova.context.set_target_cell..get_or_set_cached_cell_and_set_connections" :: held 0.001s {{(pid=119562) inner /usr/local/lib/python3.8/dist-packages/oslo_concurrency/lockutils.py:400}}
Jul 24 01:08:55.473493 n-d-master-1 devstack@n-api.service[119561]: DEBUG nova.policy [None req-a5b6b2ae-7c7e-4908-8206-84d9786522d7 tempest-ServersWithSpecificFlavorTestJSON-627309449 tempest-ServersWithSpecificFlavorTestJSON-627309449-project] Policy check for os_compute_api:os-extended-server-attributes failed with credentials {'is_admin': False, 'user_id': 'b3861659794d4aa699ca3e984999a1fe', 'user_domain_id': 'default', 'system_scope': None, 'domain_id': None, 'project_id': '913058bc11904339a05f4784fee6f1a1', 'project_domain_id': 'default', 'roles': ['reader', 'member'], 'is_admin_project': True, 'service_user_id': None, 'service_user_domain_id': None, 'service_project_id': None, 'service_project_domain_id': None, 'service_roles': []} {{(pid=119561) authorize /opt/stack/nova/nova/policy.py:199}}
Jul 24 01:08:55.491380 n-d-master-1 devstack@n-api.service[119561]: INFO nova.api.openstack.requestlog [None req-a5b6b2ae-7c7e-4908-8206-84d9786522d7 tempest-ServersWithSpecificFlavorTestJSON-627309449 tempest-ServersWithSpecificFlavorTestJSON-627309449-project] 10.222.0.27 "GET /compute/v2.1/servers/c7321071-81d5-42f4-b1ec-3e089a82ff19" status: 200 len: 1321 microversion: 2.1 time: 0.357878
