Jul 19 10:52:08.080849 n-d-master-1 devstack@keystone.service[80580]: DEBUG keystone.server.flask.request_processing.middleware.auth_context [None req-625ba798-d9f7-49de-922a-54460ec3e381 None admin] Authenticating user token {{(pid=80580) process_request /usr/local/lib/python3.8/dist-packages/keystonemiddleware/auth_token/__init__.py:407}}
Jul 19 10:52:08.123140 n-d-master-1 devstack@keystone.service[80581]: DEBUG keystone.server.flask.request_processing.middleware.auth_context [None req-2d0077dc-0848-4058-b532-c4399f875e91 None admin] RBAC: auth_context: {'token': , 'domain_id': None, 'trust_id': None, 'trustor_id': None, 'trustee_id': None, 'domain_name': None, 'group_ids': [], 'user_id': '44cb4b6cf7e6461fb9360e3f317f41d2', 'user_domain_id': 'default', 'system_scope': 'all', 'project_id': None, 'project_domain_id': None, 'roles': ['admin', 'member', 'reader'], 'is_admin_project': True, 'service_user_id': None, 'service_user_domain_id': None, 'service_project_id': None, 'service_project_domain_id': None, 'service_roles': []} {{(pid=80581) fill_context /opt/stack/keystone/keystone/server/flask/request_processing/middleware/auth_context.py:478}}
Jul 19 10:52:08.125522 n-d-master-1 devstack@keystone.service[80581]: DEBUG keystone.server.flask.request_processing.req_logging [None req-2d0077dc-0848-4058-b532-c4399f875e91 None admin] REQUEST_METHOD: `GET` {{(pid=80581) log_request_info /opt/stack/keystone/keystone/server/flask/request_processing/req_logging.py:27}}
Jul 19 10:52:08.128566 n-d-master-1 devstack@keystone.service[80581]: DEBUG keystone.server.flask.request_processing.req_logging [None req-2d0077dc-0848-4058-b532-c4399f875e91 None admin] SCRIPT_NAME: `/identity` {{(pid=80581) log_request_info /opt/stack/keystone/keystone/server/flask/request_processing/req_logging.py:28}}
Jul 19 10:52:08.129106 n-d-master-1 devstack@keystone.service[80581]: DEBUG keystone.server.flask.request_processing.req_logging [None req-2d0077dc-0848-4058-b532-c4399f875e91 None admin] PATH_INFO: `/v3/projects/3cf690794a2b455785424e72c672b5a6` {{(pid=80581) log_request_info /opt/stack/keystone/keystone/server/flask/request_processing/req_logging.py:29}}
Jul 19 10:52:08.131998 n-d-master-1 devstack@keystone.service[80581]: DEBUG keystone.common.rbac_enforcer.enforcer [None req-2d0077dc-0848-4058-b532-c4399f875e91 None admin] RBAC: Authorizing `identity:get_project(project_id=3cf690794a2b455785424e72c672b5a6)` {{(pid=80581) enforce_call /opt/stack/keystone/keystone/common/rbac_enforcer/enforcer.py:449}}
Jul 19 10:52:08.135094 n-d-master-1 devstack@keystone.service[80581]: DEBUG keystone.common.rbac_enforcer.enforcer [None req-2d0077dc-0848-4058-b532-c4399f875e91 None admin] RBAC: Authorization granted {{(pid=80581) enforce_call /opt/stack/keystone/keystone/common/rbac_enforcer/enforcer.py:457}}
Jul 19 10:52:08.137825 n-d-master-1 devstack@keystone.service[80581]: [pid: 80581|app: 0|req: 69/137] 10.222.0.15 () {56 vars in 1186 bytes} [Tue Jul 19 10:52:07 2022] GET /identity/v3/projects/3cf690794a2b455785424e72c672b5a6 => generated 298 bytes in 494 msecs (HTTP/1.1 200) 5 headers in 177 bytes (1 switches on core 0)
Jul 19 10:52:08.138789 n-d-master-1 devstack@keystone.service[80581]: DEBUG keystone.server.flask.request_processing.middleware.auth_context [None req-2d0077dc-0848-4058-b532-c4399f875e91 None admin] Authenticating user token {{(pid=80581) process_request /usr/local/lib/python3.8/dist-packages/keystonemiddleware/auth_token/__init__.py:407}}
Jul 19 10:52:08.215643 n-d-master-1 devstack@keystone.service[80580]: DEBUG keystone.server.flask.request_processing.middleware.auth_context [None req-625ba798-d9f7-49de-922a-54460ec3e381 None admin] Validating token access rules against request {{(pid=80580) validate_allowed_request /usr/local/lib/python3.8/dist-packages/keystonemiddleware/auth_token/__init__.py:545}}
Jul 19 10:52:08.271382 n-d-master-1 devstack@keystone.service[80580]: DEBUG keystone.server.flask.request_processing.middleware.auth_context [None req-ca3db9bd-1168-40d6-9158-e6491f6a3693 None admin] RBAC: auth_context: {'token': , 'domain_id': None, 'trust_id': None, 'trustor_id': None, 'trustee_id': None, 'domain_name': None, 'group_ids': [], 'user_id': '44cb4b6cf7e6461fb9360e3f317f41d2', 'user_domain_id': 'default', 'system_scope': 'all', 'project_id': None, 'project_domain_id': None, 'roles': ['admin', 'member', 'reader'], 'is_admin_project': True, 'service_user_id': None, 'service_user_domain_id': None, 'service_project_id': None, 'service_project_domain_id': None, 'service_roles': []} {{(pid=80580) fill_context /opt/stack/keystone/keystone/server/flask/request_processing/middleware/auth_context.py:478}}
Jul 19 10:52:08.272471 n-d-master-1 devstack@keystone.service[80580]: DEBUG keystone.server.flask.request_processing.req_logging [None req-ca3db9bd-1168-40d6-9158-e6491f6a3693 None admin] REQUEST_METHOD: `POST` {{(pid=80580) log_request_info /opt/stack/keystone/keystone/server/flask/request_processing/req_logging.py:27}}
Jul 19 10:52:08.273051 n-d-master-1 devstack@keystone.service[80580]: DEBUG keystone.server.flask.request_processing.req_logging [None req-ca3db9bd-1168-40d6-9158-e6491f6a3693 None admin] SCRIPT_NAME: `/identity` {{(pid=80580) log_request_info /opt/stack/keystone/keystone/server/flask/request_processing/req_logging.py:28}}
Jul 19 10:52:08.273522 n-d-master-1 devstack@keystone.service[80580]: DEBUG keystone.server.flask.request_processing.req_logging [None req-ca3db9bd-1168-40d6-9158-e6491f6a3693 None admin] PATH_INFO: `/v3/users` {{(pid=80580) log_request_info /opt/stack/keystone/keystone/server/flask/request_processing/req_logging.py:29}}
Jul 19 10:52:08.274462 n-d-master-1 devstack@keystone.service[80580]: DEBUG keystone.common.rbac_enforcer.enforcer [None req-ca3db9bd-1168-40d6-9158-e6491f6a3693 None admin] RBAC: Authorizing `identity:create_user()` {{(pid=80580) enforce_call /opt/stack/keystone/keystone/common/rbac_enforcer/enforcer.py:449}}
Jul 19 10:52:08.276232 n-d-master-1 devstack@keystone.service[80580]: DEBUG keystone.common.rbac_enforcer.enforcer [None req-ca3db9bd-1168-40d6-9158-e6491f6a3693 None admin] RBAC: Authorization granted {{(pid=80580) enforce_call /opt/stack/keystone/keystone/common/rbac_enforcer/enforcer.py:457}}
Jul 19 10:52:08.282492 n-d-master-1 devstack@keystone.service[80581]: DEBUG dbcounter [-] [80581] Writing DB stats keystone:SELECT=100 {{(pid=80581) stat_writer /usr/local/lib/python3.8/dist-packages/dbcounter.py:114}}
Jul 19 10:52:08.303513 n-d-master-1 devstack@keystone.service[80580]: [pid: 80580|app: 0|req: 69/138] 10.222.0.15 () {60 vars in 1132 bytes} [Tue Jul 19 10:52:08 2022] POST /identity/v3/users => generated 283 bytes in 223 msecs (HTTP/1.1 201) 5 headers in 182 bytes (1 switches on core 0)
Jul 19 10:52:08.304887 n-d-master-1 devstack@keystone.service[80580]: DEBUG keystone.server.flask.request_processing.middleware.auth_context [None req-ca3db9bd-1168-40d6-9158-e6491f6a3693 None admin] Authenticating user token {{(pid=80580) process_request /usr/local/lib/python3.8/dist-packages/keystonemiddleware/auth_token/__init__.py:407}}
Jul 19 10:52:08.337062 n-d-master-1 devstack@keystone.service[80580]: DEBUG dbcounter [-] [80580] Writing DB stats keystone:SELECT=97,keystone:INSERT=3 {{(pid=80580) stat_writer /usr/local/lib/python3.8/dist-packages/dbcounter.py:114}}
Jul 19 10:52:08.388696 n-d-master-1 devstack@keystone.service[80581]: DEBUG keystone.server.flask.request_processing.middleware.auth_context [None req-2d0077dc-0848-4058-b532-c4399f875e91 None admin] Validating token access rules against request {{(pid=80581) validate_allowed_request /usr/local/lib/python3.8/dist-packages/keystonemiddleware/auth_token/__init__.py:545}}
Jul 19 10:52:08.431810 n-d-master-1 devstack@keystone.service[80580]: DEBUG keystone.server.flask.request_processing.middleware.auth_context [None req-ca3db9bd-1168-40d6-9158-e6491f6a3693 None admin] Validating token access rules against request {{(pid=80580) validate_allowed_request /usr/local/lib/python3.8/dist-packages/keystonemiddleware/auth_token/__init__.py:545}}
Jul 19 10:52:08.473259 n-d-master-1 devstack@keystone.service[80580]: DEBUG keystone.server.flask.request_processing.middleware.auth_context [None req-12f5daa2-e8eb-4db8-8c2c-07b51911dd0d None admin] RBAC: auth_context: {'token': , 'domain_id': None, 'trust_id': None, 'trustor_id': None, 'trustee_id': None, 'domain_name': None, 'group_ids': [], 'user_id': '44cb4b6cf7e6461fb9360e3f317f41d2', 'user_domain_id': 'default', 'system_scope': 'all', 'project_id': None, 'project_domain_id': None, 'roles': ['admin', 'member', 'reader'], 'is_admin_project': True, 'service_user_id': None, 'service_user_domain_id': None, 'service_project_id': None, 'service_project_domain_id': None, 'service_roles': []} {{(pid=80580) fill_context /opt/stack/keystone/keystone/server/flask/request_processing/middleware/auth_context.py:478}}
Jul 19 10:52:08.474773 n-d-master-1 devstack@keystone.service[80580]: DEBUG keystone.server.flask.request_processing.req_logging [None req-12f5daa2-e8eb-4db8-8c2c-07b51911dd0d None admin] REQUEST_METHOD: `PUT` {{(pid=80580) log_request_info /opt/stack/keystone/keystone/server/flask/request_processing/req_logging.py:27}}
Jul 19 10:52:08.475345 n-d-master-1 devstack@keystone.service[80580]: DEBUG keystone.server.flask.request_processing.req_logging [None req-12f5daa2-e8eb-4db8-8c2c-07b51911dd0d None admin] SCRIPT_NAME: `/identity` {{(pid=80580) log_request_info /opt/stack/keystone/keystone/server/flask/request_processing/req_logging.py:28}}
Jul 19 10:52:08.475821 n-d-master-1 devstack@keystone.service[80580]: DEBUG keystone.server.flask.request_processing.req_logging [None req-12f5daa2-e8eb-4db8-8c2c-07b51911dd0d None admin] PATH_INFO: `/v3/projects/3cf690794a2b455785424e72c672b5a6/users/44cb4b6cf7e6461fb9360e3f317f41d2/roles/c71870b3a21e455080504ab36dac896f` {{(pid=80580) log_request_info /opt/stack/keystone/keystone/server/flask/request_processing/req_logging.py:29}}
Jul 19 10:52:08.478274 n-d-master-1 devstack@keystone.service[80580]: DEBUG keystone.common.rbac_enforcer.enforcer [None req-12f5daa2-e8eb-4db8-8c2c-07b51911dd0d None admin] RBAC: Authorizing `identity:create_grant(project_id=3cf690794a2b455785424e72c672b5a6, user_id=44cb4b6cf7e6461fb9360e3f317f41d2, role_id=c71870b3a21e455080504ab36dac896f)` {{(pid=80580) enforce_call /opt/stack/keystone/keystone/common/rbac_enforcer/enforcer.py:449}}
Jul 19 10:52:08.480372 n-d-master-1 devstack@keystone.service[80580]: DEBUG keystone.common.rbac_enforcer.enforcer [None req-12f5daa2-e8eb-4db8-8c2c-07b51911dd0d None admin] RBAC: Authorization granted {{(pid=80580) enforce_call /opt/stack/keystone/keystone/common/rbac_enforcer/enforcer.py:457}}
Jul 19 10:52:08.483184 n-d-master-1 devstack@keystone.service[80581]: DEBUG keystone.server.flask.request_processing.middleware.auth_context [None req-71862b97-5879-406f-9571-5a04d3aff4cf None admin] RBAC: auth_context: {'token': , 'domain_id': None, 'trust_id': None, 'trustor_id': None, 'trustee_id': None, 'domain_name': None, 'group_ids': [], 'user_id': '44cb4b6cf7e6461fb9360e3f317f41d2', 'user_domain_id': 'default', 'system_scope': 'all', 'project_id': None, 'project_domain_id': None, 'roles': ['admin', 'member', 'reader'], 'is_admin_project': True, 'service_user_id': None, 'service_user_domain_id': None, 'service_project_id': None, 'service_project_domain_id': None, 'service_roles': []} {{(pid=80581) fill_context /opt/stack/keystone/keystone/server/flask/request_processing/middleware/auth_context.py:478}}
Jul 19 10:52:08.484184 n-d-master-1 devstack@keystone.service[80581]: DEBUG keystone.server.flask.request_processing.req_logging [None req-71862b97-5879-406f-9571-5a04d3aff4cf None admin] REQUEST_METHOD: `GET` {{(pid=80581) log_request_info /opt/stack/keystone/keystone/server/flask/request_processing/req_logging.py:27}}
Jul 19 10:52:08.484497 n-d-master-1 devstack@keystone.service[80581]: DEBUG keystone.server.flask.request_processing.req_logging [None req-71862b97-5879-406f-9571-5a04d3aff4cf None admin] SCRIPT_NAME: `/identity` {{(pid=80581) log_request_info /opt/stack/keystone/keystone/server/flask/request_processing/req_logging.py:28}}
Jul 19 10:52:08.484774 n-d-master-1 devstack@keystone.service[80581]: DEBUG keystone.server.flask.request_processing.req_logging [None req-71862b97-5879-406f-9571-5a04d3aff4cf None admin] PATH_INFO: `/v3/projects/3cf690794a2b455785424e72c672b5a6` {{(pid=80581) log_request_info /opt/stack/keystone/keystone/server/flask/request_processing/req_logging.py:29}}
Jul 19 10:52:08.489413 n-d-master-1 devstack@keystone.service[80581]: DEBUG keystone.common.rbac_enforcer.enforcer [None req-71862b97-5879-406f-9571-5a04d3aff4cf None admin] RBAC: Authorizing `identity:get_project(project_id=3cf690794a2b455785424e72c672b5a6)` {{(pid=80581) enforce_call /opt/stack/keystone/keystone/common/rbac_enforcer/enforcer.py:449}}
Jul 19 10:52:08.491358 n-d-master-1 devstack@keystone.service[80581]: DEBUG keystone.common.rbac_enforcer.enforcer [None req-71862b97-5879-406f-9571-5a04d3aff4cf None admin] RBAC: Authorization granted {{(pid=80581) enforce_call /opt/stack/keystone/keystone/common/rbac_enforcer/enforcer.py:457}}
Jul 19 10:52:08.493652 n-d-master-1 devstack@keystone.service[80581]: [pid: 80581|app: 0|req: 70/139] 10.222.0.15 () {56 vars in 1186 bytes} [Tue Jul 19 10:52:08 2022] GET /identity/v3/projects/3cf690794a2b455785424e72c672b5a6 => generated 298 bytes in 355 msecs (HTTP/1.1 200) 5 headers in 177 bytes (1 switches on core 0)
Jul 19 10:52:08.499341 n-d-master-1 devstack@keystone.service[80581]: DEBUG keystone.server.flask.request_processing.req_logging [None req-573a4042-a3a9-4bab-b5ee-f0aed9c26dd7 None None] REQUEST_METHOD: `GET` {{(pid=80581) log_request_info /opt/stack/keystone/keystone/server/flask/request_processing/req_logging.py:27}}
Jul 19 10:52:08.500148 n-d-master-1 devstack@keystone.service[80581]: DEBUG keystone.server.flask.request_processing.req_logging [None req-573a4042-a3a9-4bab-b5ee-f0aed9c26dd7 None None] SCRIPT_NAME: `/identity` {{(pid=80581) log_request_info /opt/stack/keystone/keystone/server/flask/request_processing/req_logging.py:28}}
Jul 19 10:52:08.503001 n-d-master-1 devstack@keystone.service[80580]: [pid: 80580|app: 0|req: 70/140] 10.222.0.15 () {58 vars in 1439 bytes} [Tue Jul 19 10:52:08 2022] PUT /identity/v3/projects/3cf690794a2b455785424e72c672b5a6/users/44cb4b6cf7e6461fb9360e3f317f41d2/roles/c71870b3a21e455080504ab36dac896f => generated 0 bytes in 199 msecs (HTTP/1.1 204) 3 headers in 132 bytes (0 switches on core 0)
Jul 19 10:52:08.504605 n-d-master-1 devstack@keystone.service[80581]: DEBUG keystone.server.flask.request_processing.req_logging [None req-573a4042-a3a9-4bab-b5ee-f0aed9c26dd7 None None] PATH_INFO: `/` {{(pid=80581) log_request_info /opt/stack/keystone/keystone/server/flask/request_processing/req_logging.py:29}}
Jul 19 10:52:08.505626 n-d-master-1 devstack@keystone.service[80580]: DEBUG keystone.server.flask.request_processing.middleware.auth_context [None req-12f5daa2-e8eb-4db8-8c2c-07b51911dd0d None admin] Authenticating user token {{(pid=80580) process_request /usr/local/lib/python3.8/dist-packages/keystonemiddleware/auth_token/__init__.py:407}}
Jul 19 10:52:08.508468 n-d-master-1 devstack@keystone.service[80581]: [pid: 80581|app: 0|req: 71/141] 10.222.0.15 () {54 vars in 926 bytes} [Tue Jul 19 10:52:08 2022] GET /identity => generated 270 bytes in 14 msecs (HTTP/1.1 300) 6 headers in 234 bytes (1 switches on core 0)
Jul 19 10:52:08.517207 n-d-master-1 devstack@keystone.service[80581]: DEBUG keystone.server.flask.request_processing.req_logging [None req-4c0c5b46-f1ea-405a-8110-4259ea24ccff None None] REQUEST_METHOD: `POST` {{(pid=80581) log_request_info /opt/stack/keystone/keystone/server/flask/request_processing/req_logging.py:27}}
Jul 19 10:52:08.517861 n-d-master-1 devstack@keystone.service[80581]: DEBUG keystone.server.flask.request_processing.req_logging [None req-4c0c5b46-f1ea-405a-8110-4259ea24ccff None None] SCRIPT_NAME: `/identity` {{(pid=80581) log_request_info /opt/stack/keystone/keystone/server/flask/request_processing/req_logging.py:28}}
Jul 19 10:52:08.518334 n-d-master-1 devstack@keystone.service[80581]: DEBUG keystone.server.flask.request_processing.req_logging [None req-4c0c5b46-f1ea-405a-8110-4259ea24ccff None None] PATH_INFO: `/v3/auth/tokens` {{(pid=80581) log_request_info /opt/stack/keystone/keystone/server/flask/request_processing/req_logging.py:29}}
Jul 19 10:52:08.551159 n-d-master-1 devstack@keystone.service[80581]: DEBUG keystone.auth.core [None req-4c0c5b46-f1ea-405a-8110-4259ea24ccff None None] MFA Rules not processed for user `44cb4b6cf7e6461fb9360e3f317f41d2`. Rule list: `[]` (Enabled: `True`). {{(pid=80581) check_auth_methods_against_rules /opt/stack/keystone/keystone/auth/core.py:438}}
Jul 19 10:52:08.556315 n-d-master-1 devstack@keystone.service[80581]: DEBUG keystone.common.fernet_utils [None req-4c0c5b46-f1ea-405a-8110-4259ea24ccff None None] Loaded 2 Fernet keys from /etc/keystone/fernet-keys/, but `[fernet_tokens] max_active_keys = 3`; perhaps there have not been enough key rotations to reach `max_active_keys` yet? {{(pid=80581) load_keys /opt/stack/keystone/keystone/common/fernet_utils.py:286}}
Jul 19 10:52:08.679393 n-d-master-1 devstack@keystone.service[80580]: DEBUG dbcounter [-] [80580] Writing DB stats keystone:SELECT=99,keystone:INSERT=1 {{(pid=80580) stat_writer /usr/local/lib/python3.8/dist-packages/dbcounter.py:114}}
Jul 19 10:52:08.703140 n-d-master-1 devstack@keystone.service[80580]: DEBUG keystone.server.flask.request_processing.middleware.auth_context [None req-12f5daa2-e8eb-4db8-8c2c-07b51911dd0d None admin] Validating token access rules against request {{(pid=80580) validate_allowed_request /usr/local/lib/python3.8/dist-packages/keystonemiddleware/auth_token/__init__.py:545}}
Jul 19 10:52:08.705633 n-d-master-1 devstack@keystone.service[80581]: [pid: 80581|app: 0|req: 72/142] 10.222.0.15 () {58 vars in 1023 bytes} [Tue Jul 19 10:52:08 2022] POST /identity/v3/auth/tokens => generated 799 bytes in 190 msecs (HTTP/1.1 201) 6 headers in 363 bytes (1 switches on core 0)
Jul 19 10:52:08.756960 n-d-master-1 devstack@keystone.service[80580]: DEBUG keystone.server.flask.request_processing.middleware.auth_context [None req-aafa5ac3-4a1c-4866-89f4-24056032492a None admin] RBAC: auth_context: {'token': , 'domain_id': None, 'trust_id': None, 'trustor_id': None, 'trustee_id': None, 'domain_name': None, 'group_ids': [], 'user_id': '44cb4b6cf7e6461fb9360e3f317f41d2', 'user_domain_id': 'default', 'system_scope': 'all', 'project_id': None, 'project_domain_id': None, 'roles': ['admin', 'member', 'reader'], 'is_admin_project': True, 'service_user_id': None, 'service_user_domain_id': None, 'service_project_id': None, 'service_project_domain_id': None, 'service_roles': []} {{(pid=80580) fill_context /opt/stack/keystone/keystone/server/flask/request_processing/middleware/auth_context.py:478}}
Jul 19 10:52:08.758443 n-d-master-1 devstack@keystone.service[80580]: DEBUG keystone.server.flask.request_processing.req_logging [None req-aafa5ac3-4a1c-4866-89f4-24056032492a None admin] REQUEST_METHOD: `PUT` {{(pid=80580) log_request_info /opt/stack/keystone/keystone/server/flask/request_processing/req_logging.py:27}}
Jul 19 10:52:08.758944 n-d-master-1 devstack@keystone.service[80580]: DEBUG keystone.server.flask.request_processing.req_logging [None req-aafa5ac3-4a1c-4866-89f4-24056032492a None admin] SCRIPT_NAME: `/identity` {{(pid=80580) log_request_info /opt/stack/keystone/keystone/server/flask/request_processing/req_logging.py:28}}
Jul 19 10:52:08.759437 n-d-master-1 devstack@keystone.service[80580]: DEBUG keystone.server.flask.request_processing.req_logging [None req-aafa5ac3-4a1c-4866-89f4-24056032492a None admin] PATH_INFO: `/v3/projects/3cf690794a2b455785424e72c672b5a6/users/50527b1e60e34ba8b7cd042824c4e1bc/roles/b44c20e022b0412bbd8fa1c0fe308c7a` {{(pid=80580) log_request_info /opt/stack/keystone/keystone/server/flask/request_processing/req_logging.py:29}}
Jul 19 10:52:08.763899 n-d-master-1 devstack@keystone.service[80580]: DEBUG keystone.common.rbac_enforcer.enforcer [None req-aafa5ac3-4a1c-4866-89f4-24056032492a None admin] RBAC: Authorizing `identity:create_grant(project_id=3cf690794a2b455785424e72c672b5a6, user_id=50527b1e60e34ba8b7cd042824c4e1bc, role_id=b44c20e022b0412bbd8fa1c0fe308c7a)` {{(pid=80580) enforce_call /opt/stack/keystone/keystone/common/rbac_enforcer/enforcer.py:449}}
Jul 19 10:52:08.766852 n-d-master-1 devstack@keystone.service[80580]: DEBUG keystone.common.rbac_enforcer.enforcer [None req-aafa5ac3-4a1c-4866-89f4-24056032492a None admin] RBAC: Authorization granted {{(pid=80580) enforce_call /opt/stack/keystone/keystone/common/rbac_enforcer/enforcer.py:457}}
Jul 19 10:52:08.779407 n-d-master-1 devstack@keystone.service[80581]: DEBUG keystone.server.flask.request_processing.middleware.auth_context [None req-4c0c5b46-f1ea-405a-8110-4259ea24ccff None None] Authenticating user token {{(pid=80581) process_request /usr/local/lib/python3.8/dist-packages/keystonemiddleware/auth_token/__init__.py:407}}
Jul 19 10:52:08.790036 n-d-master-1 devstack@keystone.service[80580]: [pid: 80580|app: 0|req: 71/143] 10.222.0.15 () {58 vars in 1439 bytes} [Tue Jul 19 10:52:08 2022] PUT /identity/v3/projects/3cf690794a2b455785424e72c672b5a6/users/50527b1e60e34ba8b7cd042824c4e1bc/roles/b44c20e022b0412bbd8fa1c0fe308c7a => generated 0 bytes in 286 msecs (HTTP/1.1 204) 3 headers in 132 bytes (0 switches on core 0)
Jul 19 10:52:08.858463 n-d-master-1 devstack@keystone.service[80581]: DEBUG dbcounter [-] [80581] Writing DB stats keystone:SELECT=100 {{(pid=80581) stat_writer /usr/local/lib/python3.8/dist-packages/dbcounter.py:114}}
Jul 19 10:52:08.912439 n-d-master-1 devstack@keystone.service[80581]: DEBUG keystone.server.flask.request_processing.middleware.auth_context [None req-4c0c5b46-f1ea-405a-8110-4259ea24ccff None None] Validating token access rules against request {{(pid=80581) validate_allowed_request /usr/local/lib/python3.8/dist-packages/keystonemiddleware/auth_token/__init__.py:545}}
Jul 19 10:52:09.010465 n-d-master-1 devstack@keystone.service[80581]: DEBUG keystone.server.flask.request_processing.middleware.auth_context [None req-9d248f2c-4c42-41d3-8962-18dcb2f9c826 None admin] RBAC: auth_context: {'token': , 'domain_id': None, 'trust_id': None, 'trustor_id': None, 'trustee_id': None, 'domain_name': None, 'group_ids': [], 'user_id': '44cb4b6cf7e6461fb9360e3f317f41d2', 'user_domain_id': 'default', 'system_scope': 'all', 'project_id': None, 'project_domain_id': None, 'roles': ['admin', 'member', 'reader'], 'is_admin_project': True, 'service_user_id': None, 'service_user_domain_id': None, 'service_project_id': None, 'service_project_domain_id': None, 'service_roles': []} {{(pid=80581) fill_context /opt/stack/keystone/keystone/server/flask/request_processing/middleware/auth_context.py:478}}
Jul 19 10:52:09.012075 n-d-master-1 devstack@keystone.service[80581]: DEBUG keystone.server.flask.request_processing.req_logging [None req-9d248f2c-4c42-41d3-8962-18dcb2f9c826 None admin] REQUEST_METHOD: `GET` {{(pid=80581) log_request_info /opt/stack/keystone/keystone/server/flask/request_processing/req_logging.py:27}}
Jul 19 10:52:09.012489 n-d-master-1 devstack@keystone.service[80581]: DEBUG keystone.server.flask.request_processing.req_logging [None req-9d248f2c-4c42-41d3-8962-18dcb2f9c826 None admin] SCRIPT_NAME: `/identity` {{(pid=80581) log_request_info /opt/stack/keystone/keystone/server/flask/request_processing/req_logging.py:28}}
Jul 19 10:52:09.012963 n-d-master-1 devstack@keystone.service[80581]: DEBUG keystone.server.flask.request_processing.req_logging [None req-9d248f2c-4c42-41d3-8962-18dcb2f9c826 None admin] PATH_INFO: `/v3/roles/reader` {{(pid=80581) log_request_info /opt/stack/keystone/keystone/server/flask/request_processing/req_logging.py:29}}
Jul 19 10:52:09.037012 n-d-master-1 devstack@keystone.service[80581]: DEBUG keystone.common.rbac_enforcer.enforcer [None req-9d248f2c-4c42-41d3-8962-18dcb2f9c826 None admin] Extracting inferred target data resulted in "NOT FOUND (404)". {{(pid=80581) enforce_call /opt/stack/keystone/keystone/common/rbac_enforcer/enforcer.py:409}}
Jul 19 10:52:09.049679 n-d-master-1 devstack@keystone.service[80581]: ERROR keystone.server.flask.application [None req-9d248f2c-4c42-41d3-8962-18dcb2f9c826 None admin] Could not find role: reader.: keystone.exception.RoleNotFound: Could not find role: reader.
Jul 19 10:52:09.049679 n-d-master-1 devstack@keystone.service[80581]: ERROR keystone.server.flask.application
Traceback (most recent call last):
Jul 19 10:52:09.049679 n-d-master-1 devstack@keystone.service[80581]: ERROR keystone.server.flask.application
File "/usr/local/lib/python3.8/dist-packages/flask/app.py", line 1523, in full_dispatch_request
Jul 19 10:52:09.049679 n-d-master-1 devstack@keystone.service[80581]: ERROR keystone.server.flask.application rv = self.dispatch_request()
Jul 19 10:52:09.049679 n-d-master-1 devstack@keystone.service[80581]: ERROR keystone.server.flask.application
File "/usr/local/lib/python3.8/dist-packages/flask/app.py", line 1509, in dispatch_request
Jul 19 10:52:09.049679 n-d-master-1 devstack@keystone.service[80581]: ERROR keystone.server.flask.application return self.ensure_sync(self.view_functions[rule.endpoint])(**req.view_args)
Jul 19 10:52:09.049679 n-d-master-1 devstack@keystone.service[80581]: ERROR keystone.server.flask.application
File "/usr/local/lib/python3.8/dist-packages/flask_restful/__init__.py", line 467, in wrapper
Jul 19 10:52:09.049679 n-d-master-1 devstack@keystone.service[80581]: ERROR keystone.server.flask.application resp = resource(*args, **kwargs)
Jul 19 10:52:09.049679 n-d-master-1 devstack@keystone.service[80581]: ERROR keystone.server.flask.application
File "/usr/local/lib/python3.8/dist-packages/flask/views.py", line 84, in view
Jul 19 10:52:09.049679 n-d-master-1 devstack@keystone.service[80581]: ERROR keystone.server.flask.application return current_app.ensure_sync(self.dispatch_request)(*args, **kwargs)
Jul 19 10:52:09.049679 n-d-master-1 devstack@keystone.service[80581]: ERROR keystone.server.flask.application
File "/usr/local/lib/python3.8/dist-packages/flask_restful/__init__.py", line 582, in dispatch_request
Jul 19 10:52:09.049679 n-d-master-1 devstack@keystone.service[80581]: ERROR keystone.server.flask.application resp = meth(*args, **kwargs)
Jul 19 10:52:09.049679 n-d-master-1 devstack@keystone.service[80581]: ERROR keystone.server.flask.application
File "/opt/stack/keystone/keystone/api/roles.py", line 50, in get
Jul 19 10:52:09.049679 n-d-master-1 devstack@keystone.service[80581]: ERROR keystone.server.flask.application return self._get_role(role_id)
Jul 19 10:52:09.049679 n-d-master-1 devstack@keystone.service[80581]: ERROR keystone.server.flask.application
File "/opt/stack/keystone/keystone/api/roles.py", line 70, in _get_role
Jul 19 10:52:09.049679 n-d-master-1 devstack@keystone.service[80581]: ERROR keystone.server.flask.application ENFORCER.enforce_call(action='identity:get_role')
Jul 19 10:52:09.050736 n-d-master-1 devstack@keystone.service[80581]: ERROR keystone.server.flask.application
File "/opt/stack/keystone/keystone/common/rbac_enforcer/enforcer.py", line 402, in enforce_call
Jul 19 10:52:09.050736 n-d-master-1 devstack@keystone.service[80581]: ERROR keystone.server.flask.application policy_dict.update(cls._extract_member_target_data(
Jul 19 10:52:09.050736 n-d-master-1 devstack@keystone.service[80581]: ERROR keystone.server.flask.application
File "/opt/stack/keystone/keystone/common/rbac_enforcer/enforcer.py", line 234, in _extract_member_target_data
Jul 19 10:52:09.050736 n-d-master-1 devstack@keystone.service[80581]: ERROR keystone.server.flask.application member_name: func(flask.request.view_args[key])
Jul 19 10:52:09.050736 n-d-master-1 devstack@keystone.service[80581]: ERROR keystone.server.flask.application
File "/opt/stack/keystone/keystone/common/manager.py", line 115, in wrapped
Jul 19 10:52:09.050736 n-d-master-1 devstack@keystone.service[80581]: ERROR keystone.server.flask.application __ret_val = __f(*args, **kwargs)
Jul 19 10:52:09.050736 n-d-master-1 devstack@keystone.service[80581]: ERROR keystone.server.flask.application
File "/usr/local/lib/python3.8/dist-packages/decorator.py", line 232, in fun
Jul 19 10:52:09.050736 n-d-master-1 devstack@keystone.service[80581]: ERROR keystone.server.flask.application return caller(func, *(extras + args), **kw)
Jul 19 10:52:09.050736 n-d-master-1 devstack@keystone.service[80581]: ERROR keystone.server.flask.application
File "/usr/local/lib/python3.8/dist-packages/dogpile/cache/region.py", line 1577, in get_or_create_for_user_func
Jul 19 10:52:09.050736 n-d-master-1 devstack@keystone.service[80581]: ERROR keystone.server.flask.application return self.get_or_create(
Jul 19 10:52:09.050736 n-d-master-1 devstack@keystone.service[80581]: ERROR keystone.server.flask.application
File "/usr/local/lib/python3.8/dist-packages/dogpile/cache/region.py", line 1042, in get_or_create
Jul 19 10:52:09.050736 n-d-master-1 devstack@keystone.service[80581]: ERROR keystone.server.flask.application with Lock(
Jul 19 10:52:09.050736 n-d-master-1 devstack@keystone.service[80581]: ERROR keystone.server.flask.application
File "/usr/local/lib/python3.8/dist-packages/dogpile/lock.py", line 185, in __enter__
Jul 19 10:52:09.050736 n-d-master-1 devstack@keystone.service[80581]: ERROR keystone.server.flask.application return self._enter()
Jul 19 10:52:09.050736 n-d-master-1 devstack@keystone.service[80581]: ERROR keystone.server.flask.application
File "/usr/local/lib/python3.8/dist-packages/dogpile/lock.py", line 94, in _enter
Jul 19 10:52:09.050736 n-d-master-1 devstack@keystone.service[80581]: ERROR keystone.server.flask.application generated = self._enter_create(value, createdtime)
Jul 19 10:52:09.051701 n-d-master-1 devstack@keystone.service[80581]: ERROR keystone.server.flask.application
File "/usr/local/lib/python3.8/dist-packages/dogpile/lock.py", line 178, in _enter_create
Jul 19 10:52:09.051701 n-d-master-1 devstack@keystone.service[80581]: ERROR keystone.server.flask.application return self.creator()
Jul 19 10:52:09.051701 n-d-master-1 devstack@keystone.service[80581]: ERROR keystone.server.flask.application
File "/usr/local/lib/python3.8/dist-packages/dogpile/cache/region.py", line 995, in gen_value
Jul 19 10:52:09.051701 n-d-master-1 devstack@keystone.service[80581]: ERROR keystone.server.flask.application created_value = creator(
Jul 19 10:52:09.051701 n-d-master-1 devstack@keystone.service[80581]: ERROR keystone.server.flask.application
File "/opt/stack/keystone/keystone/assignment/core.py", line 1276, in get_role
Jul 19 10:52:09.051701 n-d-master-1 devstack@keystone.service[80581]: ERROR keystone.server.flask.application return self.driver.get_role(role_id)
Jul 19 10:52:09.051701 n-d-master-1 devstack@keystone.service[80581]: ERROR keystone.server.flask.application
File "/opt/stack/keystone/keystone/assignment/role_backends/sql.py", line 70, in get_role
Jul 19 10:52:09.051701 n-d-master-1 devstack@keystone.service[80581]: ERROR keystone.server.flask.application return self._get_role(session, role_id).to_dict()
Jul 19 10:52:09.051701 n-d-master-1 devstack@keystone.service[80581]: ERROR keystone.server.flask.application
File "/opt/stack/keystone/keystone/assignment/role_backends/sql.py", line 65, in _get_role
Jul 19 10:52:09.051701 n-d-master-1 devstack@keystone.service[80581]: ERROR keystone.server.flask.application raise exception.RoleNotFound(role_id=role_id)
Jul 19 10:52:09.051701 n-d-master-1 devstack@keystone.service[80581]: ERROR keystone.server.flask.application keystone.exception.RoleNotFound: Could not find role: reader.
Jul 19 10:52:09.051701 n-d-master-1 devstack@keystone.service[80581]: ERROR keystone.server.flask.application
Jul 19 10:52:09.051701 n-d-master-1 devstack@keystone.service[80581]: [pid: 80581|app: 0|req: 73/144] 10.222.0.15 () {56 vars in 1099 bytes} [Tue Jul 19 10:52:08 2022] GET /identity/v3/roles/reader => generated 84 bytes in 273 msecs (HTTP/1.1 404) 5 headers in 183 bytes (2 switches on core 0)
Jul 19 10:52:09.060883 n-d-master-1 devstack@keystone.service[80580]: DEBUG keystone.server.flask.request_processing.middleware.auth_context [None req-aafa5ac3-4a1c-4866-89f4-24056032492a None admin] Authenticating user token {{(pid=80580) process_request /usr/local/lib/python3.8/dist-packages/keystonemiddleware/auth_token/__init__.py:407}}
Jul 19 10:52:09.216636 n-d-master-1 devstack@keystone.service[80580]: DEBUG keystone.server.flask.request_processing.middleware.auth_context [None req-aafa5ac3-4a1c-4866-89f4-24056032492a None admin] Validating token access rules against request {{(pid=80580) validate_allowed_request /usr/local/lib/python3.8/dist-packages/keystonemiddleware/auth_token/__init__.py:545}}
Jul 19 10:52:09.259495 n-d-master-1 devstack@keystone.service[80580]: DEBUG keystone.server.flask.request_processing.middleware.auth_context [None req-b2d2e147-784b-4c83-9d12-dd04478b910b None admin] RBAC: auth_context: {'token': , 'domain_id': None, 'trust_id': None, 'trustor_id': None, 'trustee_id': None, 'domain_name': None, 'group_ids': [], 'user_id': '44cb4b6cf7e6461fb9360e3f317f41d2', 'user_domain_id': 'default', 'system_scope': 'all', 'project_id': None, 'project_domain_id': None, 'roles': ['admin', 'member', 'reader'], 'is_admin_project': True, 'service_user_id': None, 'service_user_domain_id': None, 'service_project_id': None, 'service_project_domain_id': None, 'service_roles': []} {{(pid=80580) fill_context /opt/stack/keystone/keystone/server/flask/request_processing/middleware/auth_context.py:478}}
Jul 19 10:52:09.260307 n-d-master-1 devstack@keystone.service[80580]: DEBUG keystone.server.flask.request_processing.req_logging [None req-b2d2e147-784b-4c83-9d12-dd04478b910b None admin] REQUEST_METHOD: `GET` {{(pid=80580) log_request_info /opt/stack/keystone/keystone/server/flask/request_processing/req_logging.py:27}}
Jul 19 10:52:09.260678 n-d-master-1 devstack@keystone.service[80580]: DEBUG keystone.server.flask.request_processing.req_logging [None req-b2d2e147-784b-4c83-9d12-dd04478b910b None admin] SCRIPT_NAME: `/identity` {{(pid=80580) log_request_info /opt/stack/keystone/keystone/server/flask/request_processing/req_logging.py:28}}
Jul 19 10:52:09.260907 n-d-master-1 devstack@keystone.service[80580]: DEBUG keystone.server.flask.request_processing.req_logging [None req-b2d2e147-784b-4c83-9d12-dd04478b910b None admin] PATH_INFO: `/v3/roles` {{(pid=80580) log_request_info /opt/stack/keystone/keystone/server/flask/request_processing/req_logging.py:29}}
Jul 19 10:52:09.261998 n-d-master-1 devstack@keystone.service[80580]: DEBUG keystone.common.rbac_enforcer.enforcer [None req-b2d2e147-784b-4c83-9d12-dd04478b910b None admin] RBAC: Adding query filter params (name=reader) {{(pid=80580) _extract_filter_values /opt/stack/keystone/keystone/common/rbac_enforcer/enforcer.py:167}}
Jul 19 10:52:09.262303 n-d-master-1 devstack@keystone.service[80580]: DEBUG keystone.common.rbac_enforcer.enforcer [None req-b2d2e147-784b-4c83-9d12-dd04478b910b None admin] RBAC: Authorizing `identity:list_roles()` {{(pid=80580) enforce_call /opt/stack/keystone/keystone/common/rbac_enforcer/enforcer.py:449}}
Jul 19 10:52:09.263724 n-d-master-1 devstack@keystone.service[80580]: DEBUG keystone.common.rbac_enforcer.enforcer [None req-b2d2e147-784b-4c83-9d12-dd04478b910b None admin] RBAC: Authorization granted {{(pid=80580) enforce_call /opt/stack/keystone/keystone/common/rbac_enforcer/enforcer.py:457}}
Jul 19 10:52:09.273473 n-d-master-1 devstack@keystone.service[80580]: [pid: 80580|app: 0|req: 72/145] 10.222.0.15 () {56 vars in 1101 bytes} [Tue Jul 19 10:52:09 2022] GET /identity/v3/roles?name=reader => generated 341 bytes in 213 msecs (HTTP/1.1 200) 5 headers in 177 bytes (1 switches on core 0)
Jul 19 10:52:09.279882 n-d-master-1 devstack@keystone.service[80581]: DEBUG keystone.server.flask.request_processing.middleware.auth_context [None req-9d248f2c-4c42-41d3-8962-18dcb2f9c826 None admin] Authenticating user token {{(pid=80581) process_request /usr/local/lib/python3.8/dist-packages/keystonemiddleware/auth_token/__init__.py:407}}
Jul 19 10:52:09.431704 n-d-master-1 devstack@keystone.service[80581]: DEBUG keystone.server.flask.request_processing.middleware.auth_context [None req-9d248f2c-4c42-41d3-8962-18dcb2f9c826 None admin] Validating token access rules against request {{(pid=80581) validate_allowed_request /usr/local/lib/python3.8/dist-packages/keystonemiddleware/auth_token/__init__.py:545}}
Jul 19 10:52:09.447351 n-d-master-1 devstack@keystone.service[80581]: DEBUG dbcounter [-] [80581] Writing DB stats keystone:SELECT=100 {{(pid=80581) stat_writer /usr/local/lib/python3.8/dist-packages/dbcounter.py:114}}
Jul 19 10:52:09.458197 n-d-master-1 devstack@keystone.service[80580]: DEBUG keystone.server.flask.request_processing.req_logging [None req-3bd551b5-b15d-48f8-994f-97cc7beffe38 None None] REQUEST_METHOD: `GET` {{(pid=80580) log_request_info /opt/stack/keystone/keystone/server/flask/request_processing/req_logging.py:27}}
Jul 19 10:52:09.458528 n-d-master-1 devstack@keystone.service[80580]: DEBUG keystone.server.flask.request_processing.req_logging [None req-3bd551b5-b15d-48f8-994f-97cc7beffe38 None None] SCRIPT_NAME: `/identity` {{(pid=80580) log_request_info /opt/stack/keystone/keystone/server/flask/request_processing/req_logging.py:28}}
Jul 19 10:52:09.458761 n-d-master-1 devstack@keystone.service[80580]: DEBUG keystone.server.flask.request_processing.req_logging [None req-3bd551b5-b15d-48f8-994f-97cc7beffe38 None None] PATH_INFO: `/` {{(pid=80580) log_request_info /opt/stack/keystone/keystone/server/flask/request_processing/req_logging.py:29}}
Jul 19 10:52:09.464701 n-d-master-1 devstack@keystone.service[80580]: [pid: 80580|app: 0|req: 73/146] 10.222.0.15 () {54 vars in 926 bytes} [Tue Jul 19 10:52:09 2022] GET /identity => generated 270 bytes in 3 msecs (HTTP/1.1 300) 6 headers in 234 bytes (1 switches on core 0)
Jul 19 10:52:09.469900 n-d-master-1 devstack@keystone.service[80580]: DEBUG keystone.server.flask.request_processing.req_logging [None req-cc586f7a-8f92-4c17-80e5-4c150f36e333 None None] REQUEST_METHOD: `POST` {{(pid=80580) log_request_info /opt/stack/keystone/keystone/server/flask/request_processing/req_logging.py:27}}
Jul 19 10:52:09.470178 n-d-master-1 devstack@keystone.service[80580]: DEBUG keystone.server.flask.request_processing.req_logging [None req-cc586f7a-8f92-4c17-80e5-4c150f36e333 None None] SCRIPT_NAME: `/identity` {{(pid=80580) log_request_info /opt/stack/keystone/keystone/server/flask/request_processing/req_logging.py:28}}
Jul 19 10:52:09.470395 n-d-master-1 devstack@keystone.service[80581]: DEBUG keystone.server.flask.request_processing.middleware.auth_context [None req-afbb5ded-9249-4148-8be5-74c337a0b05e None admin] RBAC: auth_context: {'token': , 'domain_id': None, 'trust_id': None, 'trustor_id': None, 'trustee_id': None, 'domain_name': None, 'group_ids': [], 'user_id': '44cb4b6cf7e6461fb9360e3f317f41d2', 'user_domain_id': 'default', 'system_scope': 'all', 'project_id': None, 'project_domain_id': None, 'roles': ['admin', 'member', 'reader'], 'is_admin_project': True, 'service_user_id': None, 'service_user_domain_id': None, 'service_project_id': None, 'service_project_domain_id': None, 'service_roles': []} {{(pid=80581) fill_context /opt/stack/keystone/keystone/server/flask/request_processing/middleware/auth_context.py:478}}
Jul 19 10:52:09.470530 n-d-master-1 devstack@keystone.service[80580]: DEBUG keystone.server.flask.request_processing.req_logging [None req-cc586f7a-8f92-4c17-80e5-4c150f36e333 None None] PATH_INFO: `/v3/auth/tokens` {{(pid=80580) log_request_info /opt/stack/keystone/keystone/server/flask/request_processing/req_logging.py:29}}
Jul 19 10:52:09.471300 n-d-master-1 devstack@keystone.service[80581]: DEBUG keystone.server.flask.request_processing.req_logging [None req-afbb5ded-9249-4148-8be5-74c337a0b05e None admin] REQUEST_METHOD: `GET` {{(pid=80581) log_request_info /opt/stack/keystone/keystone/server/flask/request_processing/req_logging.py:27}}
Jul 19 10:52:09.471588 n-d-master-1 devstack@keystone.service[80581]: DEBUG keystone.server.flask.request_processing.req_logging [None req-afbb5ded-9249-4148-8be5-74c337a0b05e None admin] SCRIPT_NAME: `/identity` {{(pid=80581) log_request_info /opt/stack/keystone/keystone/server/flask/request_processing/req_logging.py:28}}
Jul 19 10:52:09.471972 n-d-master-1 devstack@keystone.service[80581]: DEBUG keystone.server.flask.request_processing.req_logging [None req-afbb5ded-9249-4148-8be5-74c337a0b05e None admin] PATH_INFO: `/v3/users/73b23937cdb34626983387ce2c255af9` {{(pid=80581) log_request_info /opt/stack/keystone/keystone/server/flask/request_processing/req_logging.py:29}}
Jul 19 10:52:09.473284 n-d-master-1 devstack@keystone.service[80581]: DEBUG keystone.common.rbac_enforcer.enforcer [None req-afbb5ded-9249-4148-8be5-74c337a0b05e None admin] RBAC: Authorizing `identity:get_user(user_id=73b23937cdb34626983387ce2c255af9)` {{(pid=80581) enforce_call /opt/stack/keystone/keystone/common/rbac_enforcer/enforcer.py:449}}
Jul 19 10:52:09.474800 n-d-master-1 devstack@keystone.service[80581]: DEBUG keystone.common.rbac_enforcer.enforcer [None req-afbb5ded-9249-4148-8be5-74c337a0b05e None admin] RBAC: Authorization granted {{(pid=80581) enforce_call /opt/stack/keystone/keystone/common/rbac_enforcer/enforcer.py:457}}
Jul 19 10:52:09.476983 n-d-master-1 devstack@keystone.service[80581]: [pid: 80581|app: 0|req: 74/147] 10.222.0.15 () {56 vars in 1177 bytes} [Tue Jul 19 10:52:09 2022] GET /identity/v3/users/73b23937cdb34626983387ce2c255af9 => generated 289 bytes in 197 msecs (HTTP/1.1 200) 5 headers in 177 bytes (1 switches on core 0)
Jul 19 10:52:09.482310 n-d-master-1 devstack@keystone.service[80581]: DEBUG keystone.server.flask.request_processing.middleware.auth_context [None req-afbb5ded-9249-4148-8be5-74c337a0b05e None admin] Authenticating user token {{(pid=80581) process_request /usr/local/lib/python3.8/dist-packages/keystonemiddleware/auth_token/__init__.py:407}}
Jul 19 10:52:09.505567 n-d-master-1 devstack@keystone.service[80580]: DEBUG dbcounter [-] [80580] Writing DB stats keystone:SELECT=99,keystone:INSERT=1 {{(pid=80580) stat_writer /usr/local/lib/python3.8/dist-packages/dbcounter.py:114}}
Jul 19 10:52:09.515507 n-d-master-1 devstack@keystone.service[80580]: DEBUG keystone.auth.core [None req-cc586f7a-8f92-4c17-80e5-4c150f36e333 None None] MFA Rules not processed for user `44cb4b6cf7e6461fb9360e3f317f41d2`. Rule list: `[]` (Enabled: `True`). {{(pid=80580) check_auth_methods_against_rules /opt/stack/keystone/keystone/auth/core.py:438}}
Jul 19 10:52:09.517299 n-d-master-1 devstack@keystone.service[80580]: DEBUG keystone.common.fernet_utils [None req-cc586f7a-8f92-4c17-80e5-4c150f36e333 None None] Loaded 2 Fernet keys from /etc/keystone/fernet-keys/, but `[fernet_tokens] max_active_keys = 3`; perhaps there have not been enough key rotations to reach `max_active_keys` yet? {{(pid=80580) load_keys /opt/stack/keystone/keystone/common/fernet_utils.py:286}}
Jul 19 10:52:09.599592 n-d-master-1 devstack@keystone.service[80581]: DEBUG keystone.server.flask.request_processing.middleware.auth_context [None req-afbb5ded-9249-4148-8be5-74c337a0b05e None admin] Validating token access rules against request {{(pid=80581) validate_allowed_request /usr/local/lib/python3.8/dist-packages/keystonemiddleware/auth_token/__init__.py:545}}
Jul 19 10:52:09.637352 n-d-master-1 devstack@keystone.service[80581]: DEBUG keystone.server.flask.request_processing.middleware.auth_context [None req-0892d5ac-2776-4c71-99f3-ad22249aad6c None admin] RBAC: auth_context: {'token': , 'domain_id': None, 'trust_id': None, 'trustor_id': None, 'trustee_id': None, 'domain_name': None, 'group_ids': [], 'user_id': '44cb4b6cf7e6461fb9360e3f317f41d2', 'user_domain_id': 'default', 'system_scope': 'all', 'project_id': None, 'project_domain_id': None, 'roles': ['admin', 'member', 'reader'], 'is_admin_project': True, 'service_user_id': None, 'service_user_domain_id': None, 'service_project_id': None, 'service_project_domain_id': None, 'service_roles': []} {{(pid=80581) fill_context /opt/stack/keystone/keystone/server/flask/request_processing/middleware/auth_context.py:478}}
Jul 19 10:52:09.638200 n-d-master-1 devstack@keystone.service[80581]: DEBUG keystone.server.flask.request_processing.req_logging [None req-0892d5ac-2776-4c71-99f3-ad22249aad6c None admin] REQUEST_METHOD: `GET` {{(pid=80581) log_request_info /opt/stack/keystone/keystone/server/flask/request_processing/req_logging.py:27}}
Jul 19 10:52:09.638480 n-d-master-1 devstack@keystone.service[80581]: DEBUG keystone.server.flask.request_processing.req_logging [None req-0892d5ac-2776-4c71-99f3-ad22249aad6c None admin] SCRIPT_NAME: `/identity` {{(pid=80581) log_request_info /opt/stack/keystone/keystone/server/flask/request_processing/req_logging.py:28}}
Jul 19 10:52:09.638753 n-d-master-1 devstack@keystone.service[80581]: DEBUG keystone.server.flask.request_processing.req_logging [None req-0892d5ac-2776-4c71-99f3-ad22249aad6c None admin] PATH_INFO: `/v3/projects/3cf690794a2b455785424e72c672b5a6` {{(pid=80581) log_request_info /opt/stack/keystone/keystone/server/flask/request_processing/req_logging.py:29}}
Jul 19 10:52:09.640091 n-d-master-1 devstack@keystone.service[80581]: DEBUG keystone.common.rbac_enforcer.enforcer [None req-0892d5ac-2776-4c71-99f3-ad22249aad6c None admin] RBAC: Authorizing `identity:get_project(project_id=3cf690794a2b455785424e72c672b5a6)` {{(pid=80581) enforce_call /opt/stack/keystone/keystone/common/rbac_enforcer/enforcer.py:449}}
Jul 19 10:52:09.641727 n-d-master-1 devstack@keystone.service[80581]: DEBUG keystone.common.rbac_enforcer.enforcer [None req-0892d5ac-2776-4c71-99f3-ad22249aad6c None admin] RBAC: Authorization granted {{(pid=80581) enforce_call /opt/stack/keystone/keystone/common/rbac_enforcer/enforcer.py:457}}
Jul 19 10:52:09.643963 n-d-master-1 devstack@keystone.service[80581]: [pid: 80581|app: 0|req: 75/148] 10.222.0.15 () {56 vars in 1186 bytes} [Tue Jul 19 10:52:09 2022] GET /identity/v3/projects/3cf690794a2b455785424e72c672b5a6 => generated 298 bytes in 162 msecs (HTTP/1.1 200) 5 headers in 177 bytes (1 switches on core 0)
Jul 19 10:52:09.644838 n-d-master-1 devstack@keystone.service[80580]: [pid: 80580|app: 0|req: 74/149] 10.222.0.15 () {58 vars in 1023 bytes} [Tue Jul 19 10:52:09 2022] POST /identity/v3/auth/tokens => generated 799 bytes in 180 msecs (HTTP/1.1 201) 6 headers in 363 bytes (2 switches on core 0)
Jul 19 10:52:09.649470 n-d-master-1 devstack@keystone.service[80581]: DEBUG keystone.server.flask.request_processing.middleware.auth_context [None req-0892d5ac-2776-4c71-99f3-ad22249aad6c None admin] Authenticating user token {{(pid=80581) process_request /usr/local/lib/python3.8/dist-packages/keystonemiddleware/auth_token/__init__.py:407}}
Jul 19 10:52:09.676297 n-d-master-1 devstack@keystone.service[80580]: DEBUG keystone.server.flask.request_processing.middleware.auth_context [None req-cc586f7a-8f92-4c17-80e5-4c150f36e333 None None] Authenticating user token {{(pid=80580) process_request /usr/local/lib/python3.8/dist-packages/keystonemiddleware/auth_token/__init__.py:407}}
Jul 19 10:52:09.719067 n-d-master-1 devstack@keystone.service[80581]: DEBUG dbcounter [-] [80581] Writing DB stats keystone:SELECT=100 {{(pid=80581) stat_writer /usr/local/lib/python3.8/dist-packages/dbcounter.py:114}}
Jul 19 10:52:09.785059 n-d-master-1 devstack@keystone.service[80581]: DEBUG keystone.server.flask.request_processing.middleware.auth_context [None req-0892d5ac-2776-4c71-99f3-ad22249aad6c None admin] Validating token access rules against request {{(pid=80581) validate_allowed_request /usr/local/lib/python3.8/dist-packages/keystonemiddleware/auth_token/__init__.py:545}}
Jul 19 10:52:09.822348 n-d-master-1 devstack@keystone.service[80581]: DEBUG keystone.server.flask.request_processing.middleware.auth_context [None req-17f37c2c-df7b-4c92-ba7b-aedcc0aa1333 None admin] RBAC: auth_context: {'token': , 'domain_id': None, 'trust_id': None, 'trustor_id': None, 'trustee_id': None, 'domain_name': None, 'group_ids': [], 'user_id': '44cb4b6cf7e6461fb9360e3f317f41d2', 'user_domain_id': 'default', 'system_scope': 'all', 'project_id': None, 'project_domain_id': None, 'roles': ['admin', 'member', 'reader'], 'is_admin_project': True, 'service_user_id': None, 'service_user_domain_id': None, 'service_project_id': None, 'service_project_domain_id': None, 'service_roles': []} {{(pid=80581) fill_context /opt/stack/keystone/keystone/server/flask/request_processing/middleware/auth_context.py:478}}
Jul 19 10:52:09.823274 n-d-master-1 devstack@keystone.service[80581]: DEBUG keystone.server.flask.request_processing.req_logging [None req-17f37c2c-df7b-4c92-ba7b-aedcc0aa1333 None admin] REQUEST_METHOD: `PUT` {{(pid=80581) log_request_info /opt/stack/keystone/keystone/server/flask/request_processing/req_logging.py:27}}
Jul 19 10:52:09.823561 n-d-master-1 devstack@keystone.service[80581]: DEBUG keystone.server.flask.request_processing.req_logging [None req-17f37c2c-df7b-4c92-ba7b-aedcc0aa1333 None admin] SCRIPT_NAME: `/identity` {{(pid=80581) log_request_info /opt/stack/keystone/keystone/server/flask/request_processing/req_logging.py:28}}
Jul 19 10:52:09.823836 n-d-master-1 devstack@keystone.service[80581]: DEBUG keystone.server.flask.request_processing.req_logging [None req-17f37c2c-df7b-4c92-ba7b-aedcc0aa1333 None admin] PATH_INFO: `/v3/projects/3cf690794a2b455785424e72c672b5a6/users/73b23937cdb34626983387ce2c255af9/roles/a0486ae89dca46fa88a6c73f065ba459` {{(pid=80581) log_request_info /opt/stack/keystone/keystone/server/flask/request_processing/req_logging.py:29}}
