Jun 20 11:55:20.717349 n-d-master-1 devstack@n-api.service[119127]: DEBUG oslo_concurrency.lockutils [None req-f61683bd-9b9b-48d3-8d62-46160eace445 None None] Lock "d5df985c-a080-4240-bcef-1787de3aeb9e" "released" by "nova.context.set_target_cell..get_or_set_cached_cell_and_set_connections" :: held 0.002s {{(pid=119127) inner /usr/local/lib/python3.8/dist-packages/oslo_concurrency/lockutils.py:400}}
Jun 20 11:55:20.719372 n-d-master-1 devstack@n-api.service[119127]: INFO dbcounter [None req-f61683bd-9b9b-48d3-8d62-46160eace445 None None] Registered counter for database nova_cell0
Jun 20 11:55:20.722313 n-d-master-1 devstack@n-api.service[119128]: DEBUG oslo_db.sqlalchemy.engines [None req-66eed94c-575b-49cd-8a5a-49689e734ac8 None None] MySQL server mode set to STRICT_TRANS_TABLES,STRICT_ALL_TABLES,NO_ZERO_IN_DATE,NO_ZERO_DATE,ERROR_FOR_DIVISION_BY_ZERO,TRADITIONAL,NO_ENGINE_SUBSTITUTION {{(pid=119128) _check_effective_sql_mode /usr/local/lib/python3.8/dist-packages/oslo_db/sqlalchemy/engines.py:314}}
Jun 20 11:55:20.724766 n-d-master-1 devstack@n-api.service[119128]: DEBUG oslo_db.sqlalchemy.engines [None req-66eed94c-575b-49cd-8a5a-49689e734ac8 None None] MySQL server mode set to STRICT_TRANS_TABLES,STRICT_ALL_TABLES,NO_ZERO_IN_DATE,NO_ZERO_DATE,ERROR_FOR_DIVISION_BY_ZERO,TRADITIONAL,NO_ENGINE_SUBSTITUTION {{(pid=119128) _check_effective_sql_mode /usr/local/lib/python3.8/dist-packages/oslo_db/sqlalchemy/engines.py:314}}
Jun 20 11:55:20.724908 n-d-master-1 devstack@n-api.service[119127]: INFO dbcounter [None req-f61683bd-9b9b-48d3-8d62-46160eace445 None None] Registered counter for database nova_cell1
Jun 20 11:55:20.730891 n-d-master-1 devstack@n-api.service[119128]: DEBUG dbcounter [-] [119128] Writer thread running {{(pid=119128) stat_writer /usr/local/lib/python3.8/dist-packages/dbcounter.py:99}}
Jun 20 11:55:20.732123 n-d-master-1 devstack@n-api.service[119127]: DEBUG oslo_db.sqlalchemy.engines [None req-f61683bd-9b9b-48d3-8d62-46160eace445 None None] MySQL server mode set to STRICT_TRANS_TABLES,STRICT_ALL_TABLES,NO_ZERO_IN_DATE,NO_ZERO_DATE,ERROR_FOR_DIVISION_BY_ZERO,TRADITIONAL,NO_ENGINE_SUBSTITUTION {{(pid=119127) _check_effective_sql_mode /usr/local/lib/python3.8/dist-packages/oslo_db/sqlalchemy/engines.py:314}}
Jun 20 11:55:20.733569 n-d-master-1 devstack@n-api.service[119128]: DEBUG dbcounter [-] [119128] Writer thread running {{(pid=119128) stat_writer /usr/local/lib/python3.8/dist-packages/dbcounter.py:99}}
Jun 20 11:55:20.737680 n-d-master-1 devstack@n-api.service[119127]: DEBUG oslo_db.sqlalchemy.engines [None req-f61683bd-9b9b-48d3-8d62-46160eace445 None None] MySQL server mode set to STRICT_TRANS_TABLES,STRICT_ALL_TABLES,NO_ZERO_IN_DATE,NO_ZERO_DATE,ERROR_FOR_DIVISION_BY_ZERO,TRADITIONAL,NO_ENGINE_SUBSTITUTION {{(pid=119127) _check_effective_sql_mode /usr/local/lib/python3.8/dist-packages/oslo_db/sqlalchemy/engines.py:314}}
Jun 20 11:55:20.743228 n-d-master-1 devstack@n-api.service[119127]: DEBUG dbcounter [-] [119127] Writer thread running {{(pid=119127) stat_writer /usr/local/lib/python3.8/dist-packages/dbcounter.py:99}}
Jun 20 11:55:20.748883 n-d-master-1 devstack@n-api.service[119127]: DEBUG dbcounter [-] [119127] Writer thread running {{(pid=119127) stat_writer /usr/local/lib/python3.8/dist-packages/dbcounter.py:99}}
Jun 20 11:55:20.894750 n-d-master-1 devstack@n-api.service[119127]: INFO dbcounter [None req-f61683bd-9b9b-48d3-8d62-46160eace445 None None] Registered counter for database nova_cell0
Jun 20 11:55:20.900248 n-d-master-1 devstack@n-api.service[119128]: INFO dbcounter [None req-66eed94c-575b-49cd-8a5a-49689e734ac8 None None] Registered counter for database nova_cell0
Jun 20 11:55:20.902146 n-d-master-1 devstack@n-api.service[119127]: DEBUG oslo_db.sqlalchemy.engines [None req-f61683bd-9b9b-48d3-8d62-46160eace445 None None] MySQL server mode set to STRICT_TRANS_TABLES,STRICT_ALL_TABLES,NO_ZERO_IN_DATE,NO_ZERO_DATE,ERROR_FOR_DIVISION_BY_ZERO,TRADITIONAL,NO_ENGINE_SUBSTITUTION {{(pid=119127) _check_effective_sql_mode /usr/local/lib/python3.8/dist-packages/oslo_db/sqlalchemy/engines.py:314}}
Jun 20 11:55:20.906851 n-d-master-1 devstack@n-api.service[119127]: DEBUG dbcounter [-] [119127] Writer thread running {{(pid=119127) stat_writer /usr/local/lib/python3.8/dist-packages/dbcounter.py:99}}
Jun 20 11:55:20.907295 n-d-master-1 devstack@n-api.service[119128]: DEBUG oslo_db.sqlalchemy.engines [None req-66eed94c-575b-49cd-8a5a-49689e734ac8 None None] MySQL server mode set to STRICT_TRANS_TABLES,STRICT_ALL_TABLES,NO_ZERO_IN_DATE,NO_ZERO_DATE,ERROR_FOR_DIVISION_BY_ZERO,TRADITIONAL,NO_ENGINE_SUBSTITUTION {{(pid=119128) _check_effective_sql_mode /usr/local/lib/python3.8/dist-packages/oslo_db/sqlalchemy/engines.py:314}}
Jun 20 11:55:20.912165 n-d-master-1 devstack@n-api.service[119128]: DEBUG dbcounter [-] [119128] Writer thread running {{(pid=119128) stat_writer /usr/local/lib/python3.8/dist-packages/dbcounter.py:99}}
Jun 20 11:55:21.233755 n-d-master-1 devstack@n-api.service[119127]: WARNING keystonemiddleware.auth_token [None req-f61683bd-9b9b-48d3-8d62-46160eace445 None None] AuthToken middleware is set with keystone_authtoken.service_token_roles_required set to False. This is backwards compatible but deprecated behaviour. Please set this to True.
Jun 20 11:55:21.241154 n-d-master-1 devstack@n-api.service[119127]: WARNING keystonemiddleware.auth_token [None req-f61683bd-9b9b-48d3-8d62-46160eace445 None None] Configuring www_authenticate_uri to point to the public identity endpoint is required; clients may not be able to authenticate against an admin endpoint
Jun 20 11:55:21.265226 n-d-master-1 devstack@n-api.service[119128]: WARNING keystonemiddleware.auth_token [None req-66eed94c-575b-49cd-8a5a-49689e734ac8 None None] AuthToken middleware is set with keystone_authtoken.service_token_roles_required set to False. This is backwards compatible but deprecated behaviour. Please set this to True.
Jun 20 11:55:21.272750 n-d-master-1 devstack@n-api.service[119128]: WARNING keystonemiddleware.auth_token [None req-66eed94c-575b-49cd-8a5a-49689e734ac8 None None] Configuring www_authenticate_uri to point to the public identity endpoint is required; clients may not be able to authenticate against an admin endpoint
Jun 20 11:55:21.588280 n-d-master-1 devstack@n-api.service[119127]: WARNING keystonemiddleware.auth_token [None req-f61683bd-9b9b-48d3-8d62-46160eace445 None None] AuthToken middleware is set with keystone_authtoken.service_token_roles_required set to False. This is backwards compatible but deprecated behaviour. Please set this to True.
Jun 20 11:55:21.594331 n-d-master-1 devstack@n-api.service[119127]: WARNING keystonemiddleware.auth_token [None req-f61683bd-9b9b-48d3-8d62-46160eace445 None None] Configuring www_authenticate_uri to point to the public identity endpoint is required; clients may not be able to authenticate against an admin endpoint
Jun 20 11:55:21.599723 n-d-master-1 devstack@n-api.service[119127]: WSGI app 0 (mountpoint='') ready in 6 seconds on interpreter 0x55a0913fb9c0 pid: 119127 (default app)
Jun 20 11:55:21.625808 n-d-master-1 devstack@n-api.service[119128]: WARNING keystonemiddleware.auth_token [None req-66eed94c-575b-49cd-8a5a-49689e734ac8 None None] AuthToken middleware is set with keystone_authtoken.service_token_roles_required set to False. This is backwards compatible but deprecated behaviour. Please set this to True.
Jun 20 11:55:21.632010 n-d-master-1 devstack@n-api.service[119128]: WARNING keystonemiddleware.auth_token [None req-66eed94c-575b-49cd-8a5a-49689e734ac8 None None] Configuring www_authenticate_uri to point to the public identity endpoint is required; clients may not be able to authenticate against an admin endpoint
Jun 20 11:55:21.637352 n-d-master-1 devstack@n-api.service[119128]: WSGI app 0 (mountpoint='') ready in 6 seconds on interpreter 0x55a0913fb9c0 pid: 119128 (default app)
Jun 20 11:56:07.314950 n-d-master-1 devstack@n-api.service[119127]: DEBUG dbcounter [-] [119127] Writing DB stats nova_api:SELECT=3 {{(pid=119127) stat_writer /usr/local/lib/python3.8/dist-packages/dbcounter.py:114}}
Jun 20 11:56:07.316539 n-d-master-1 devstack@n-api.service[119127]: DEBUG dbcounter [-] [119127] Writing DB stats nova_cell1:SELECT=3 {{(pid=119127) stat_writer /usr/local/lib/python3.8/dist-packages/dbcounter.py:114}}
Jun 20 11:56:07.317702 n-d-master-1 devstack@n-api.service[119127]: DEBUG dbcounter [-] [119127] Writing DB stats nova_cell0:SELECT=3 {{(pid=119127) stat_writer /usr/local/lib/python3.8/dist-packages/dbcounter.py:114}}
Jun 20 11:56:07.318637 n-d-master-1 devstack@n-api.service[119127]: DEBUG dbcounter [-] [119127] Writing DB stats nova_cell0:SELECT=3 {{(pid=119127) stat_writer /usr/local/lib/python3.8/dist-packages/dbcounter.py:114}}
Jun 20 11:56:07.437687 n-d-master-1 devstack@n-api.service[119128]: DEBUG dbcounter [-] [119128] Writing DB stats nova_api:SELECT=3 {{(pid=119128) stat_writer /usr/local/lib/python3.8/dist-packages/dbcounter.py:114}}
Jun 20 11:56:07.439882 n-d-master-1 devstack@n-api.service[119128]: DEBUG dbcounter [-] [119128] Writing DB stats nova_cell1:SELECT=3 {{(pid=119128) stat_writer /usr/local/lib/python3.8/dist-packages/dbcounter.py:114}}
Jun 20 11:56:07.440834 n-d-master-1 devstack@n-api.service[119128]: DEBUG dbcounter [-] [119128] Writing DB stats nova_cell0:SELECT=3 {{(pid=119128) stat_writer /usr/local/lib/python3.8/dist-packages/dbcounter.py:114}}
Jun 20 11:56:07.442315 n-d-master-1 devstack@n-api.service[119128]: DEBUG dbcounter [-] [119128] Writing DB stats nova_cell0:SELECT=3 {{(pid=119128) stat_writer /usr/local/lib/python3.8/dist-packages/dbcounter.py:114}}
Jun 20 11:56:08.532596 n-d-master-1 devstack@n-api.service[119127]: DEBUG nova.api.openstack.wsgi [None req-09fad4a5-3aa2-427f-b3f1-93c09d28be36 tempest-AggregatesAdminTestJSON-1556022503 tempest-AggregatesAdminTestJSON-1556022503-project-admin] Calling method '.version_select at 0x7f6082105790>' {{(pid=119127) _process_stack /opt/stack/nova/nova/api/openstack/wsgi.py:513}}
Jun 20 11:56:08.534797 n-d-master-1 devstack@n-api.service[119127]: /usr/local/lib/python3.8/dist-packages/oslo_policy/policy.py:1129: UserWarning: Policy "os_compute_api:os-hypervisors:list-detail": "rule:context_is_admin" failed scope check. The token used to make the request was project scoped but the policy requires ['system'] scope. This behavior may change in the future where using the intended scope is required
Jun 20 11:56:08.534797 n-d-master-1 devstack@n-api.service[119127]: warnings.warn(msg)
Jun 20 11:56:08.541203 n-d-master-1 devstack@n-api.service[119127]: DEBUG nova.compute.api [None req-09fad4a5-3aa2-427f-b3f1-93c09d28be36 tempest-AggregatesAdminTestJSON-1556022503 tempest-AggregatesAdminTestJSON-1556022503-project-admin] Found 2 cells: 00000000-0000-0000-0000-000000000000(cell0),d5df985c-a080-4240-bcef-1787de3aeb9e(cell1) {{(pid=119127) load_cells /opt/stack/nova/nova/compute/api.py:306}}
Jun 20 11:56:08.542297 n-d-master-1 devstack@n-api.service[119127]: DEBUG oslo_concurrency.lockutils [None req-09fad4a5-3aa2-427f-b3f1-93c09d28be36 tempest-AggregatesAdminTestJSON-1556022503 tempest-AggregatesAdminTestJSON-1556022503-project-admin] Lock "d5df985c-a080-4240-bcef-1787de3aeb9e" acquired by "nova.context.set_target_cell..get_or_set_cached_cell_and_set_connections" :: waited 0.000s {{(pid=119127) inner /usr/local/lib/python3.8/dist-packages/oslo_concurrency/lockutils.py:386}}
Jun 20 11:56:08.542930 n-d-master-1 devstack@n-api.service[119127]: DEBUG oslo_concurrency.lockutils [None req-09fad4a5-3aa2-427f-b3f1-93c09d28be36 tempest-AggregatesAdminTestJSON-1556022503 tempest-AggregatesAdminTestJSON-1556022503-project-admin] Lock "d5df985c-a080-4240-bcef-1787de3aeb9e" "released" by "nova.context.set_target_cell..get_or_set_cached_cell_and_set_connections" :: held 0.001s {{(pid=119127) inner /usr/local/lib/python3.8/dist-packages/oslo_concurrency/lockutils.py:400}}
Jun 20 11:56:08.573221 n-d-master-1 devstack@n-api.service[119127]: DEBUG oslo_concurrency.lockutils [None req-09fad4a5-3aa2-427f-b3f1-93c09d28be36 tempest-AggregatesAdminTestJSON-1556022503 tempest-AggregatesAdminTestJSON-1556022503-project-admin] Lock "d5df985c-a080-4240-bcef-1787de3aeb9e" acquired by "nova.context.set_target_cell..get_or_set_cached_cell_and_set_connections" :: waited 0.000s {{(pid=119127) inner /usr/local/lib/python3.8/dist-packages/oslo_concurrency/lockutils.py:386}}
Jun 20 11:56:08.573934 n-d-master-1 devstack@n-api.service[119127]: DEBUG oslo_concurrency.lockutils [None req-09fad4a5-3aa2-427f-b3f1-93c09d28be36 tempest-AggregatesAdminTestJSON-1556022503 tempest-AggregatesAdminTestJSON-1556022503-project-admin] Lock "d5df985c-a080-4240-bcef-1787de3aeb9e" "released" by "nova.context.set_target_cell..get_or_set_cached_cell_and_set_connections" :: held 0.001s {{(pid=119127) inner /usr/local/lib/python3.8/dist-packages/oslo_concurrency/lockutils.py:400}}
Jun 20 11:56:08.588280 n-d-master-1 devstack@n-api.service[119127]: DEBUG oslo_concurrency.lockutils [None req-09fad4a5-3aa2-427f-b3f1-93c09d28be36 tempest-AggregatesAdminTestJSON-1556022503 tempest-AggregatesAdminTestJSON-1556022503-project-admin] Lock "d5df985c-a080-4240-bcef-1787de3aeb9e" acquired by "nova.context.set_target_cell..get_or_set_cached_cell_and_set_connections" :: waited 0.000s {{(pid=119127) inner /usr/local/lib/python3.8/dist-packages/oslo_concurrency/lockutils.py:386}}
Jun 20 11:56:08.588962 n-d-master-1 devstack@n-api.service[119127]: DEBUG oslo_concurrency.lockutils [None req-09fad4a5-3aa2-427f-b3f1-93c09d28be36 tempest-AggregatesAdminTestJSON-1556022503 tempest-AggregatesAdminTestJSON-1556022503-project-admin] Lock "d5df985c-a080-4240-bcef-1787de3aeb9e" "released" by "nova.context.set_target_cell..get_or_set_cached_cell_and_set_connections" :: held 0.001s {{(pid=119127) inner /usr/local/lib/python3.8/dist-packages/oslo_concurrency/lockutils.py:400}}
Jun 20 11:56:08.595682 n-d-master-1 devstack@n-api.service[119127]: INFO nova.api.openstack.requestlog [None req-09fad4a5-3aa2-427f-b3f1-93c09d28be36 tempest-AggregatesAdminTestJSON-1556022503 tempest-AggregatesAdminTestJSON-1556022503-project-admin] 10.222.0.27 "GET /compute/v2.1/os-hypervisors/detail" status: 200 len: 1503 microversion: 2.1 time: 1.290810
Jun 20 11:56:08.596855 n-d-master-1 devstack@n-api.service[119127]: [pid: 119127|app: 0|req: 1/1] 10.222.0.27 () {58 vars in 1166 bytes} [Mon Jun 20 11:56:07 2022] GET /compute/v2.1/os-hypervisors/detail => generated 1503 bytes in 1293 msecs (HTTP/1.1 200) 9 headers in 358 bytes (1 switches on core 0)
Jun 20 11:56:08.639776 n-d-master-1 devstack@n-api.service[119128]: DEBUG nova.api.openstack.wsgi [None req-f049c508-dc68-463f-9cb9-a92bcb9d5e86 tempest-FlavorsV255TestJSON-1791338581 tempest-FlavorsV255TestJSON-1791338581-project-admin] Action: 'create', calling method: >, body: {"flavor": {"ram": 512, "vcpus": 1, "disk": 10, "name": "tempest-FlavorsV255TestJSON-flavor-1454441939", "id": 478505842, "os-flavor-access:is_public": "True"}} {{(pid=119128) _process_stack /opt/stack/nova/nova/api/openstack/wsgi.py:511}}
Jun 20 11:56:08.658829 n-d-master-1 devstack@n-api.service[119128]: /usr/local/lib/python3.8/dist-packages/oslo_policy/policy.py:1129: UserWarning: Policy "os_compute_api:os-flavor-manage:create": "rule:context_is_admin" failed scope check. The token used to make the request was project scoped but the policy requires ['system'] scope. This behavior may change in the future where using the intended scope is required
Jun 20 11:56:08.658829 n-d-master-1 devstack@n-api.service[119128]: warnings.warn(msg)
Jun 20 11:56:08.693029 n-d-master-1 devstack@n-api.service[119128]: INFO nova.api.openstack.requestlog [None req-f049c508-dc68-463f-9cb9-a92bcb9d5e86 tempest-FlavorsV255TestJSON-1791338581 tempest-FlavorsV255TestJSON-1791338581-project-admin] 10.222.0.27 "POST /compute/v2.1/flavors" status: 200 len: 446 microversion: 2.55 time: 1.265702
Jun 20 11:56:08.694120 n-d-master-1 devstack@n-api.service[119128]: [pid: 119128|app: 0|req: 1/2] 10.222.0.27 () {62 vars in 1187 bytes} [Mon Jun 20 11:56:07 2022] POST /compute/v2.1/flavors => generated 446 bytes in 1268 msecs (HTTP/1.1 200) 9 headers in 359 bytes (1 switches on core 0)
Jun 20 11:56:08.763372 n-d-master-1 devstack@n-api.service[119127]: DEBUG nova.api.openstack.wsgi [None req-6cbca021-408a-42f8-b729-2b729d8ec3bf tempest-AggregatesAdminTestV241-712732138 tempest-AggregatesAdminTestV241-712732138-project-admin] Calling method '.version_select at 0x7f608201a790>' {{(pid=119127) _process_stack /opt/stack/nova/nova/api/openstack/wsgi.py:513}}
Jun 20 11:56:08.765534 n-d-master-1 devstack@n-api.service[119127]: /usr/local/lib/python3.8/dist-packages/oslo_policy/policy.py:1129: UserWarning: Policy "os_compute_api:os-hypervisors:list-detail": "rule:context_is_admin" failed scope check. The token used to make the request was project scoped but the policy requires ['system'] scope. This behavior may change in the future where using the intended scope is required
Jun 20 11:56:08.765534 n-d-master-1 devstack@n-api.service[119127]: warnings.warn(msg)
Jun 20 11:56:08.767135 n-d-master-1 devstack@n-api.service[119127]: DEBUG oslo_concurrency.lockutils [None req-6cbca021-408a-42f8-b729-2b729d8ec3bf tempest-AggregatesAdminTestV241-712732138 tempest-AggregatesAdminTestV241-712732138-project-admin] Lock "d5df985c-a080-4240-bcef-1787de3aeb9e" acquired by "nova.context.set_target_cell..get_or_set_cached_cell_and_set_connections" :: waited 0.000s {{(pid=119127) inner /usr/local/lib/python3.8/dist-packages/oslo_concurrency/lockutils.py:386}}
Jun 20 11:56:08.767579 n-d-master-1 devstack@n-api.service[119127]: DEBUG oslo_concurrency.lockutils [None req-6cbca021-408a-42f8-b729-2b729d8ec3bf tempest-AggregatesAdminTestV241-712732138 tempest-AggregatesAdminTestV241-712732138-project-admin] Lock "d5df985c-a080-4240-bcef-1787de3aeb9e" "released" by "nova.context.set_target_cell..get_or_set_cached_cell_and_set_connections" :: held 0.001s {{(pid=119127) inner /usr/local/lib/python3.8/dist-packages/oslo_concurrency/lockutils.py:400}}
Jun 20 11:56:08.786814 n-d-master-1 devstack@n-api.service[119127]: DEBUG oslo_concurrency.lockutils [None req-6cbca021-408a-42f8-b729-2b729d8ec3bf tempest-AggregatesAdminTestV241-712732138 tempest-AggregatesAdminTestV241-712732138-project-admin] Lock "d5df985c-a080-4240-bcef-1787de3aeb9e" acquired by "nova.context.set_target_cell..get_or_set_cached_cell_and_set_connections" :: waited 0.000s {{(pid=119127) inner /usr/local/lib/python3.8/dist-packages/oslo_concurrency/lockutils.py:386}}
Jun 20 11:56:08.786814 n-d-master-1 devstack@n-api.service[119127]: DEBUG oslo_concurrency.lockutils [None req-6cbca021-408a-42f8-b729-2b729d8ec3bf tempest-AggregatesAdminTestV241-712732138 tempest-AggregatesAdminTestV241-712732138-project-admin] Lock "d5df985c-a080-4240-bcef-1787de3aeb9e" "released" by "nova.context.set_target_cell..get_or_set_cached_cell_and_set_connections" :: held 0.001s {{(pid=119127) inner /usr/local/lib/python3.8/dist-packages/oslo_concurrency/lockutils.py:400}}
Jun 20 11:56:08.797366 n-d-master-1 devstack@n-api.service[119127]: DEBUG oslo_concurrency.lockutils [None req-6cbca021-408a-42f8-b729-2b729d8ec3bf tempest-AggregatesAdminTestV241-712732138 tempest-AggregatesAdminTestV241-712732138-project-admin] Lock "d5df985c-a080-4240-bcef-1787de3aeb9e" acquired by "nova.context.set_target_cell..get_or_set_cached_cell_and_set_connections" :: waited 0.000s {{(pid=119127) inner /usr/local/lib/python3.8/dist-packages/oslo_concurrency/lockutils.py:386}}
Jun 20 11:56:08.797806 n-d-master-1 devstack@n-api.service[119127]: DEBUG oslo_concurrency.lockutils [None req-6cbca021-408a-42f8-b729-2b729d8ec3bf tempest-AggregatesAdminTestV241-712732138 tempest-AggregatesAdminTestV241-712732138-project-admin] Lock "d5df985c-a080-4240-bcef-1787de3aeb9e" "released" by "nova.context.set_target_cell..get_or_set_cached_cell_and_set_connections" :: held 0.001s {{(pid=119127) inner /usr/local/lib/python3.8/dist-packages/oslo_concurrency/lockutils.py:400}}
Jun 20 11:56:08.803693 n-d-master-1 devstack@n-api.service[119128]: DEBUG nova.api.openstack.wsgi [None req-7f2aeecf-84f9-4c19-b500-ea60e8faa9be tempest-AggregatesAdminNegativeTestJSON-1183794404 tempest-AggregatesAdminNegativeTestJSON-1183794404-project-admin] Calling method '>' {{(pid=119128) _process_stack /opt/stack/nova/nova/api/openstack/wsgi.py:513}}
Jun 20 11:56:08.804806 n-d-master-1 devstack@n-api.service[119127]: INFO nova.api.openstack.requestlog [None req-6cbca021-408a-42f8-b729-2b729d8ec3bf tempest-AggregatesAdminTestV241-712732138 tempest-AggregatesAdminTestV241-712732138-project-admin] 10.222.0.27 "GET /compute/v2.1/os-hypervisors/detail" status: 200 len: 1423 microversion: 2.41 time: 0.206696
Jun 20 11:56:08.804969 n-d-master-1 devstack@n-api.service[119128]: /usr/local/lib/python3.8/dist-packages/oslo_policy/policy.py:1129: UserWarning: Policy "os_compute_api:os-services:list": "rule:context_is_admin" failed scope check. The token used to make the request was project scoped but the policy requires ['system'] scope. This behavior may change in the future where using the intended scope is required
Jun 20 11:56:08.804969 n-d-master-1 devstack@n-api.service[119128]: warnings.warn(msg)
Jun 20 11:56:08.805373 n-d-master-1 devstack@n-api.service[119127]: [pid: 119127|app: 0|req: 2/3] 10.222.0.27 () {60 vars in 1207 bytes} [Mon Jun 20 11:56:08 2022] GET /compute/v2.1/os-hypervisors/detail => generated 1423 bytes in 208 msecs (HTTP/1.1 200) 9 headers in 360 bytes (1 switches on core 0)
Jun 20 11:56:08.806242 n-d-master-1 devstack@n-api.service[119128]: DEBUG oslo_concurrency.lockutils [None req-7f2aeecf-84f9-4c19-b500-ea60e8faa9be tempest-AggregatesAdminNegativeTestJSON-1183794404 tempest-AggregatesAdminNegativeTestJSON-1183794404-project-admin] Lock "00000000-0000-0000-0000-000000000000" acquired by "nova.context.set_target_cell..get_or_set_cached_cell_and_set_connections" :: waited 0.000s {{(pid=119128) inner /usr/local/lib/python3.8/dist-packages/oslo_concurrency/lockutils.py:386}}
Jun 20 11:56:08.806680 n-d-master-1 devstack@n-api.service[119128]: DEBUG oslo_concurrency.lockutils [None req-7f2aeecf-84f9-4c19-b500-ea60e8faa9be tempest-AggregatesAdminNegativeTestJSON-1183794404 tempest-AggregatesAdminNegativeTestJSON-1183794404-project-admin] Lock "00000000-0000-0000-0000-000000000000" "released" by "nova.context.set_target_cell..get_or_set_cached_cell_and_set_connections" :: held 0.001s {{(pid=119128) inner /usr/local/lib/python3.8/dist-packages/oslo_concurrency/lockutils.py:400}}
Jun 20 11:56:08.807466 n-d-master-1 devstack@n-api.service[119128]: DEBUG oslo_concurrency.lockutils [None req-7f2aeecf-84f9-4c19-b500-ea60e8faa9be tempest-AggregatesAdminNegativeTestJSON-1183794404 tempest-AggregatesAdminNegativeTestJSON-1183794404-project-admin] Lock "d5df985c-a080-4240-bcef-1787de3aeb9e" acquired by "nova.context.set_target_cell..get_or_set_cached_cell_and_set_connections" :: waited 0.000s {{(pid=119128) inner /usr/local/lib/python3.8/dist-packages/oslo_concurrency/lockutils.py:386}}
Jun 20 11:56:08.807892 n-d-master-1 devstack@n-api.service[119128]: DEBUG oslo_concurrency.lockutils [None req-7f2aeecf-84f9-4c19-b500-ea60e8faa9be tempest-AggregatesAdminNegativeTestJSON-1183794404 tempest-AggregatesAdminNegativeTestJSON-1183794404-project-admin] Lock "d5df985c-a080-4240-bcef-1787de3aeb9e" "released" by "nova.context.set_target_cell..get_or_set_cached_cell_and_set_connections" :: held 0.000s {{(pid=119128) inner /usr/local/lib/python3.8/dist-packages/oslo_concurrency/lockutils.py:400}}
Jun 20 11:56:08.857518 n-d-master-1 devstack@n-api.service[119128]: INFO nova.api.openstack.requestlog [None req-7f2aeecf-84f9-4c19-b500-ea60e8faa9be tempest-AggregatesAdminNegativeTestJSON-1183794404 tempest-AggregatesAdminNegativeTestJSON-1183794404-project-admin] 10.222.0.27 "GET /compute/v2.1/os-services?binary=nova-compute" status: 200 len: 380 microversion: 2.1 time: 0.161814
Jun 20 11:56:08.858404 n-d-master-1 devstack@n-api.service[119128]: [pid: 119128|app: 0|req: 2/4] 10.222.0.27 () {58 vars in 1175 bytes} [Mon Jun 20 11:56:08 2022] GET /compute/v2.1/os-services?binary=nova-compute => generated 380 bytes in 164 msecs (HTTP/1.1 200) 9 headers in 357 bytes (1 switches on core 0)
Jun 20 11:56:08.983145 n-d-master-1 devstack@n-api.service[119127]: DEBUG nova.api.openstack.wsgi [None req-5e5e8bed-89a1-4dff-b0e5-c46d80cdb399 tempest-FlavorsAdminTestJSON-474824920 tempest-FlavorsAdminTestJSON-474824920-project-admin] Action: 'create', calling method: >, body: {"flavor": {"ram": "1024", "vcpus": 1, "disk": 10, "name": "tempest-FlavorsAdminTestJSON-flavor-465984343", "id": 727214186, "os-flavor-access:is_public": "True"}} {{(pid=119127) _process_stack /opt/stack/nova/nova/api/openstack/wsgi.py:511}}
Jun 20 11:56:09.001254 n-d-master-1 devstack@n-api.service[119127]: /usr/local/lib/python3.8/dist-packages/oslo_policy/policy.py:1129: UserWarning: Policy "os_compute_api:os-flavor-manage:create": "rule:context_is_admin" failed scope check. The token used to make the request was project scoped but the policy requires ['system'] scope. This behavior may change in the future where using the intended scope is required
Jun 20 11:56:09.001254 n-d-master-1 devstack@n-api.service[119127]: warnings.warn(msg)
Jun 20 11:56:09.013748 n-d-master-1 devstack@n-api.service[119128]: DEBUG nova.api.openstack.wsgi [None req-8cb1a92f-95aa-4416-aee0-4bda0325446f tempest-AZAdminNegativeTestJSON-369701413 tempest-AZAdminNegativeTestJSON-369701413-project] Calling method '>' {{(pid=119128) _process_stack /opt/stack/nova/nova/api/openstack/wsgi.py:513}}
Jun 20 11:56:09.014936 n-d-master-1 devstack@n-api.service[119128]: /usr/local/lib/python3.8/dist-packages/oslo_policy/policy.py:1129: UserWarning: Policy "os_compute_api:os-availability-zone:detail": "rule:context_is_admin" failed scope check. The token used to make the request was project scoped but the policy requires ['system'] scope. This behavior may change in the future where using the intended scope is required
Jun 20 11:56:09.014936 n-d-master-1 devstack@n-api.service[119128]: warnings.warn(msg)
Jun 20 11:56:09.016044 n-d-master-1 devstack@n-api.service[119128]: DEBUG nova.policy [None req-8cb1a92f-95aa-4416-aee0-4bda0325446f tempest-AZAdminNegativeTestJSON-369701413 tempest-AZAdminNegativeTestJSON-369701413-project] Policy check for os_compute_api:os-availability-zone:detail failed with credentials {'is_admin': False, 'user_id': 'f104bc543cf84b5c8739b7bd536456db', 'user_domain_id': 'default', 'system_scope': None, 'domain_id': None, 'project_id': 'b40cbdc853ec4c469e62ca6ee4e06f17', 'project_domain_id': 'default', 'roles': ['reader', 'member'], 'is_admin_project': True, 'service_user_id': None, 'service_user_domain_id': None, 'service_project_id': None, 'service_project_domain_id': None, 'service_roles': []} {{(pid=119128) authorize /opt/stack/nova/nova/policy.py:199}}
Jun 20 11:56:09.019406 n-d-master-1 devstack@n-api.service[119128]: DEBUG nova.api.openstack.wsgi [None req-8cb1a92f-95aa-4416-aee0-4bda0325446f tempest-AZAdminNegativeTestJSON-369701413 tempest-AZAdminNegativeTestJSON-369701413-project] Request method failure captured:
Jun 20 11:56:09.019406 n-d-master-1 devstack@n-api.service[119128]: request: GET /compute/v2.1/os-availability-zone/detail HTTP/1.1
Jun 20 11:56:09.019406 n-d-master-1 devstack@n-api.service[119128]: Accept: application/json
Jun 20 11:56:09.019406 n-d-master-1 devstack@n-api.service[119128]: Accept-Encoding: identity
Jun 20 11:56:09.019406 n-d-master-1 devstack@n-api.service[119128]: Connection: close
Jun 20 11:56:09.019406 n-d-master-1 devstack@n-api.service[119128]: Content-Length: 0
Jun 20 11:56:09.019406 n-d-master-1 devstack@n-api.service[119128]: Content-Type: application/json
Jun 20 11:56:09.019406 n-d-master-1 devstack@n-api.service[119128]: Host: 10.222.0.27
Jun 20 11:56:09.019406 n-d-master-1 devstack@n-api.service[119128]: Openstack-System-Scope: None
Jun 20 11:56:09.019406 n-d-master-1 devstack@n-api.service[119128]: User-Agent: python-urllib3/1.26.9
Jun 20 11:56:09.019406 n-d-master-1 devstack@n-api.service[119128]: X-Auth-Token: gAAAAABisGBWLAdnBUbf0fGXbZ43BkM6gCeiub9es3Iww7fs1l1_13We6WwHX0-5c0lmy8oHjAgW6AUeWZKBwMQRt07z1bIhpAnQxDFPW3NgsXHGqVeRFJA-JtmzbRft7EuXYLQd1SN0Gd89gWg-1R3epn25KTDfTgwt6mwnGRREanXLspvvsUk
Jun 20 11:56:09.019406 n-d-master-1 devstack@n-api.service[119128]: X-Domain-Id: None
Jun 20 11:56:09.019406 n-d-master-1 devstack@n-api.service[119128]: X-Domain-Name: None
Jun 20 11:56:09.019406 n-d-master-1 devstack@n-api.service[119128]: X-Identity-Status: Confirmed
Jun 20 11:56:09.019406 n-d-master-1 devstack@n-api.service[119128]: X-Is-Admin-Project: True
Jun 20 11:56:09.019406 n-d-master-1 devstack@n-api.service[119128]: X-Project-Domain-Id: default
Jun 20 11:56:09.019406 n-d-master-1 devstack@n-api.service[119128]: X-Project-Domain-Name: Default
Jun 20 11:56:09.019406 n-d-master-1 devstack@n-api.service[119128]: X-Project-Id: b40cbdc853ec4c469e62ca6ee4e06f17
Jun 20 11:56:09.019406 n-d-master-1 devstack@n-api.service[119128]: X-Project-Name: tempest-AZAdminNegativeTestJSON-369701413
Jun 20 11:56:09.019406 n-d-master-1 devstack@n-api.service[119128]: X-Role: reader,member
Jun 20 11:56:09.019406 n-d-master-1 devstack@n-api.service[119128]: X-Roles: reader,member
Jun 20 11:56:09.020761 n-d-master-1 devstack@n-api.service[119128]: X-Service-Catalog: [{"type": "block-storage", "name": "cinder", "endpoints": [{"region": "RegionOne", "publicURL": "http://10.222.0.27/volume/v3/b40cbdc853ec4c469e62ca6ee4e06f17"}]}, {"type": "image", "name": "glance", "endpoints": [{"region": "RegionOne", "publicURL": "http://10.222.0.27/image"}]}, {"type": "volumev3", "name": "cinderv3", "endpoints": [{"region": "RegionOne", "publicURL": "http://10.222.0.27/volume/v3/b40cbdc853ec4c469e62ca6ee4e06f17"}]}, {"type": "compute_legacy", "name": "nova_legacy", "endpoints": [{"region": "RegionOne", "publicURL": "http://10.222.0.27/compute/v2/b40cbdc853ec4c469e62ca6ee4e06f17"}]}, {"type": "placement", "name": "placement", "endpoints": [{"region": "RegionOne", "publicURL": "http://10.222.0.27/placement"}]}, {"type": "object-store", "name": "swift", "endpoints": [{"region": "RegionOne", "adminURL": "http://10.222.0.27:8080", "publicURL": "http://10.222.0.27:8080/v1/AUTH_b40cbdc853ec4c469e62ca6ee4e06f17"}]}, {"type": "compute", "name": "nova", "endpoints": [{"region": "RegionOne", "publicURL": "http://10.222.0.27/compute/v2.1"}]}, {"type": "identity", "name": "keystone", "endpoints": [{"region": "RegionOne", "publicURL": "http://10.222.0.27/identity"}]}, {"type": "network", "name": "neutron", "endpoints": [{"region": "RegionOne", "publicURL": "http://10.222.0.27:9696/"}]}]
Jun 20 11:56:09.020761 n-d-master-1 devstack@n-api.service[119128]: X-Tenant: tempest-AZAdminNegativeTestJSON-369701413
Jun 20 11:56:09.020761 n-d-master-1 devstack@n-api.service[119128]: X-Tenant-Id: b40cbdc853ec4c469e62ca6ee4e06f17
Jun 20 11:56:09.020761 n-d-master-1 devstack@n-api.service[119128]: X-Tenant-Name: tempest-AZAdminNegativeTestJSON-369701413
Jun 20 11:56:09.020761 n-d-master-1 devstack@n-api.service[119128]: X-User: tempest-AZAdminNegativeTestJSON-369701413-project
Jun 20 11:56:09.020761 n-d-master-1 devstack@n-api.service[119128]: X-User-Domain-Id: default
Jun 20 11:56:09.020761 n-d-master-1 devstack@n-api.service[119128]: X-User-Domain-Name: Default
Jun 20 11:56:09.020761 n-d-master-1 devstack@n-api.service[119128]: X-User-Id: f104bc543cf84b5c8739b7bd536456db
Jun 20 11:56:09.020761 n-d-master-1 devstack@n-api.service[119128]: X-User-Name: tempest-AZAdminNegativeTestJSON-369701413-project
Jun 20 11:56:09.020761 n-d-master-1 devstack@n-api.service[119128]: method: > Jun 20 11:56:09.020761 n-d-master-1 devstack@n-api.service[119128]: exception: Policy doesn't allow os_compute_api:os-availability-zone:detail to be performed.
Jun 20 11:56:09.020761 n-d-master-1 devstack@n-api.service[119128]: action_args: {}
Jun 20 11:56:09.021367 n-d-master-1 devstack@n-api.service[119128]: {{(pid=119128) _process_stack /opt/stack/nova/nova/api/openstack/wsgi.py:541}}
Jun 20 11:56:09.021367 n-d-master-1 devstack@n-api.service[119128]: ERROR nova.api.openstack.wsgi
Traceback (most recent call last):
Jun 20 11:56:09.021367 n-d-master-1 devstack@n-api.service[119128]: ERROR nova.api.openstack.wsgi
File "/opt/stack/nova/nova/api/openstack/wsgi.py", line 539, in _process_stack
Jun 20 11:56:09.021367 n-d-master-1 devstack@n-api.service[119128]: ERROR nova.api.openstack.wsgi action_result = self.dispatch(meth, request, action_args)
Jun 20 11:56:09.021367 n-d-master-1 devstack@n-api.service[119128]: ERROR nova.api.openstack.wsgi
File "/opt/stack/nova/nova/api/openstack/wsgi.py", line 630, in dispatch
Jun 20 11:56:09.021367 n-d-master-1 devstack@n-api.service[119128]: ERROR nova.api.openstack.wsgi return method(req=request, **action_args)
Jun 20 11:56:09.021367 n-d-master-1 devstack@n-api.service[119128]: ERROR nova.api.openstack.wsgi
File "/opt/stack/nova/nova/api/openstack/wsgi.py", line 664, in wrapped
Jun 20 11:56:09.021367 n-d-master-1 devstack@n-api.service[119128]: ERROR nova.api.openstack.wsgi return f(*args, **kwargs)
Jun 20 11:56:09.021367 n-d-master-1 devstack@n-api.service[119128]: ERROR nova.api.openstack.wsgi
File "/opt/stack/nova/nova/api/openstack/compute/availability_zone.py", line 117, in detail
Jun 20 11:56:09.021367 n-d-master-1 devstack@n-api.service[119128]: ERROR nova.api.openstack.wsgi context.can(az_policies.POLICY_ROOT % 'detail', target={})
Jun 20 11:56:09.021367 n-d-master-1 devstack@n-api.service[119128]: ERROR nova.api.openstack.wsgi
File "/opt/stack/nova/nova/context.py", line 240, in can
Jun 20 11:56:09.021367 n-d-master-1 devstack@n-api.service[119128]: ERROR nova.api.openstack.wsgi return policy.authorize(self, action, target)
Jun 20 11:56:09.021367 n-d-master-1 devstack@n-api.service[119128]: ERROR nova.api.openstack.wsgi
File "/opt/stack/nova/nova/policy.py", line 199, in authorize
Jun 20 11:56:09.021367 n-d-master-1 devstack@n-api.service[119128]: ERROR nova.api.openstack.wsgi LOG.debug('Policy check for %(action)s failed with credentials '
Jun 20 11:56:09.021367 n-d-master-1 devstack@n-api.service[119128]: ERROR nova.api.openstack.wsgi
File "/usr/local/lib/python3.8/dist-packages/oslo_utils/excutils.py", line 227, in __exit__
Jun 20 11:56:09.021367 n-d-master-1 devstack@n-api.service[119128]: ERROR nova.api.openstack.wsgi self.force_reraise()
Jun 20 11:56:09.021367 n-d-master-1 devstack@n-api.service[119128]: ERROR nova.api.openstack.wsgi
File "/usr/local/lib/python3.8/dist-packages/oslo_utils/excutils.py", line 200, in force_reraise
Jun 20 11:56:09.021367 n-d-master-1 devstack@n-api.service[119128]: ERROR nova.api.openstack.wsgi raise self.value
Jun 20 11:56:09.021367 n-d-master-1 devstack@n-api.service[119128]: ERROR nova.api.openstack.wsgi
File "/opt/stack/nova/nova/policy.py", line 186, in authorize
Jun 20 11:56:09.022285 n-d-master-1 devstack@n-api.service[119128]: ERROR nova.api.openstack.wsgi result = _ENFORCER.authorize(action, target, context,
Jun 20 11:56:09.022285 n-d-master-1 devstack@n-api.service[119128]: ERROR nova.api.openstack.wsgi
File "/usr/local/lib/python3.8/dist-packages/oslo_policy/policy.py", line 1184, in authorize
Jun 20 11:56:09.022285 n-d-master-1 devstack@n-api.service[119128]: ERROR nova.api.openstack.wsgi return self.enforce(
Jun 20 11:56:09.022285 n-d-master-1 devstack@n-api.service[119128]: ERROR nova.api.openstack.wsgi
File "/usr/local/lib/python3.8/dist-packages/oslo_policy/policy.py", line 1088, in enforce
Jun 20 11:56:09.022285 n-d-master-1 devstack@n-api.service[119128]: ERROR nova.api.openstack.wsgi raise exc(*args, **kwargs)
Jun 20 11:56:09.022285 n-d-master-1 devstack@n-api.service[119128]: ERROR nova.api.openstack.wsgi nova.exception.PolicyNotAuthorized: Policy doesn't allow os_compute_api:os-availability-zone:detail to be performed.
Jun 20 11:56:09.022285 n-d-master-1 devstack@n-api.service[119128]: ERROR nova.api.openstack.wsgi
Jun 20 11:56:09.022285 n-d-master-1 devstack@n-api.service[119128]: ERROR nova.api.openstack.wsgi During handling of the above exception, another exception occurred:
Jun 20 11:56:09.022285 n-d-master-1 devstack@n-api.service[119128]: ERROR nova.api.openstack.wsgi
Jun 20 11:56:09.022285 n-d-master-1 devstack@n-api.service[119128]: ERROR nova.api.openstack.wsgi
Traceback (most recent call last):
Jun 20 11:56:09.022285 n-d-master-1 devstack@n-api.service[119128]: ERROR nova.api.openstack.wsgi
File "/opt/stack/nova/nova/api/openstack/wsgi.py", line 539, in _process_stack
Jun 20 11:56:09.022285 n-d-master-1 devstack@n-api.service[119128]: ERROR nova.api.openstack.wsgi action_result = self.dispatch(meth, request, action_args)
Jun 20 11:56:09.022285 n-d-master-1 devstack@n-api.service[119128]: ERROR nova.api.openstack.wsgi
File "/opt/stack/nova/nova/api/openstack/wsgi.py", line 354, in __exit__
Jun 20 11:56:09.022285 n-d-master-1 devstack@n-api.service[119128]: ERROR nova.api.openstack.wsgi raise Fault(webob.exc.HTTPForbidden(
Jun 20 11:56:09.022285 n-d-master-1 devstack@n-api.service[119128]: ERROR nova.api.openstack.wsgi nova.api.openstack.wsgi.Fault: Policy doesn't allow os_compute_api:os-availability-zone:detail to be performed.
Jun 20 11:56:09.022285 n-d-master-1 devstack@n-api.service[119128]: ERROR nova.api.openstack.wsgi
Jun 20 11:56:09.022285 n-d-master-1 devstack@n-api.service[119128]: DEBUG nova.api.openstack.wsgi [None req-8cb1a92f-95aa-4416-aee0-4bda0325446f tempest-AZAdminNegativeTestJSON-369701413 tempest-AZAdminNegativeTestJSON-369701413-project] Returning 403 to user: Policy doesn't allow os_compute_api:os-availability-zone:detail to be performed. {{(pid=119128) __call__ /opt/stack/nova/nova/api/openstack/wsgi.py:942}}
Jun 20 11:56:09.023107 n-d-master-1 devstack@n-api.service[119128]: INFO nova.api.openstack.requestlog [None req-8cb1a92f-95aa-4416-aee0-4bda0325446f tempest-AZAdminNegativeTestJSON-369701413 tempest-AZAdminNegativeTestJSON-369701413-project] 10.222.0.27 "GET /compute/v2.1/os-availability-zone/detail" status: 403 len: 123 microversion: 2.1 time: 0.161769
Jun 20 11:56:09.023107 n-d-master-1 devstack@n-api.service[119128]: [pid: 119128|app: 0|req: 3/5] 10.222.0.27 () {58 vars in 1184 bytes} [Mon Jun 20 11:56:08 2022] GET /compute/v2.1/os-availability-zone/detail => generated 123 bytes in 163 msecs (HTTP/1.1 403) 9 headers in 379 bytes (1 switches on core 0)
Jun 20 11:56:09.026127 n-d-master-1 devstack@n-api.service[119128]: DEBUG nova.api.openstack.wsgi [None req-66eb436f-d7c4-4f34-bde6-a0f8e266f78b tempest-AggregatesAdminTestJSON-1556022503 tempest-AggregatesAdminTestJSON-1556022503-project-admin] Action: 'create', calling method: >, body: {"aggregate": {"availability_zone": "tempest-test_az-708707118", "name": "tempest-test_aggregate-1947419939"}} {{(pid=119128) _process_stack /opt/stack/nova/nova/api/openstack/wsgi.py:511}}
Jun 20 11:56:09.046955 n-d-master-1 devstack@n-api.service[119128]: /usr/local/lib/python3.8/dist-packages/oslo_policy/policy.py:1129: UserWarning: Policy "os_compute_api:os-aggregates:create": "rule:context_is_admin" failed scope check. The token used to make the request was project scoped but the policy requires ['system'] scope. This behavior may change in the future where using the intended scope is required
Jun 20 11:56:09.046955 n-d-master-1 devstack@n-api.service[119128]: warnings.warn(msg)
Jun 20 11:56:09.047500 n-d-master-1 devstack@n-api.service[119127]: INFO nova.api.openstack.requestlog [None req-5e5e8bed-89a1-4dff-b0e5-c46d80cdb399 tempest-FlavorsAdminTestJSON-474824920 tempest-FlavorsAdminTestJSON-474824920-project-admin] 10.222.0.27 "POST /compute/v2.1/flavors" status: 200 len: 426 microversion: 2.1 time: 0.240952
Jun 20 11:56:09.048486 n-d-master-1 devstack@n-api.service[119127]: [pid: 119127|app: 0|req: 3/6] 10.222.0.27 () {60 vars in 1146 bytes} [Mon Jun 20 11:56:08 2022] POST /compute/v2.1/flavors => generated 426 bytes in 242 msecs (HTTP/1.1 200) 9 headers in 357 bytes (1 switches on core 0)
Jun 20 11:56:09.049132 n-d-master-1 devstack@n-api.service[119128]: DEBUG nova.objects.aggregate [None req-66eb436f-d7c4-4f34-bde6-a0f8e266f78b tempest-AggregatesAdminTestJSON-1556022503 tempest-AggregatesAdminTestJSON-1556022503-project-admin] Generated uuid b3b3195e-0648-4745-83c7-81b757d80699 for aggregate {{(pid=119128) create /opt/stack/nova/nova/objects/aggregate.py:298}}
Jun 20 11:56:09.049775 n-d-master-1 devstack@n-api.service[119127]: DEBUG nova.api.openstack.wsgi [None req-5e5e8bed-89a1-4dff-b0e5-c46d80cdb399 tempest-FlavorsAdminTestJSON-474824920 tempest-FlavorsAdminTestJSON-474824920-project-admin] Calling method '>' {{(pid=119127) _process_stack /opt/stack/nova/nova/api/openstack/wsgi.py:513}}
Jun 20 11:56:09.050881 n-d-master-1 devstack@n-api.service[119127]: INFO nova.api.openstack.requestlog [None req-5e5e8bed-89a1-4dff-b0e5-c46d80cdb399 tempest-FlavorsAdminTestJSON-474824920 tempest-FlavorsAdminTestJSON-474824920-project-admin] 10.222.0.27 "GET /compute//" status: 200 len: 377 microversion: - time: 0.001230
Jun 20 11:56:09.057268 n-d-master-1 devstack@n-api.service[119127]: [pid: 119127|app: 0|req: 4/7] 10.222.0.27 () {56 vars in 885 bytes} [Mon Jun 20 11:56:09 2022] GET /compute/ => generated 377 bytes in 2 msecs (HTTP/1.1 200) 3 headers in 91 bytes (1 switches on core 0)
Jun 20 11:56:09.141038 n-d-master-1 devstack@n-api.service[119128]: INFO nova.api.openstack.requestlog [None req-66eb436f-d7c4-4f34-bde6-a0f8e266f78b tempest-AggregatesAdminTestJSON-1556022503 tempest-AggregatesAdminTestJSON-1556022503-project-admin] 10.222.0.27 "POST /compute/v2.1/os-aggregates" status: 200 len: 221 microversion: 2.1 time: 0.117311
Jun 20 11:56:09.141952 n-d-master-1 devstack@n-api.service[119128]: [pid: 119128|app: 0|req: 4/8] 10.222.0.27 () {60 vars in 1164 bytes} [Mon Jun 20 11:56:09 2022] POST /compute/v2.1/os-aggregates => generated 221 bytes in 120 msecs (HTTP/1.1 200) 9 headers in 357 bytes (1 switches on core 0)
Jun 20 11:56:09.148485 n-d-master-1 devstack@n-api.service[119128]: DEBUG nova.api.openstack.wsgi [None req-8d3b9449-b14b-412c-bba3-037279566e48 tempest-FlavorsAdminTestJSON-474824920 tempest-FlavorsAdminTestJSON-474824920-project-admin] Calling method '>' {{(pid=119128) _process_stack /opt/stack/nova/nova/api/openstack/wsgi.py:513}}
Jun 20 11:56:09.149610 n-d-master-1 devstack@n-api.service[119128]: /usr/local/lib/python3.8/dist-packages/oslo_policy/policy.py:1129: UserWarning: Policy "os_compute_api:os-flavor-manage:delete": "rule:context_is_admin" failed scope check. The token used to make the request was project scoped but the policy requires ['system'] scope. This behavior may change in the future where using the intended scope is required
Jun 20 11:56:09.149610 n-d-master-1 devstack@n-api.service[119128]: warnings.warn(msg)
Jun 20 11:56:09.176915 n-d-master-1 devstack@n-api.service[119128]: INFO nova.api.openstack.requestlog [None req-8d3b9449-b14b-412c-bba3-037279566e48 tempest-FlavorsAdminTestJSON-474824920 tempest-FlavorsAdminTestJSON-474824920-project-admin] 10.222.0.27 "DELETE /compute/v2.1/flavors/727214186" status: 202 len: 0 microversion: 2.1 time: 0.033513
Jun 20 11:56:09.177673 n-d-master-1 devstack@n-api.service[119128]: [pid: 119128|app: 0|req: 5/9] 10.222.0.27 () {58 vars in 1157 bytes} [Mon Jun 20 11:56:09 2022] DELETE /compute/v2.1/flavors/727214186 => generated 0 bytes in 35 msecs (HTTP/1.1 202) 9 headers in 361 bytes (1 switches on core 0)
Jun 20 11:56:09.182091 n-d-master-1 devstack@n-api.service[119128]: DEBUG nova.api.openstack.wsgi [None req-25ceae23-879a-46cb-82ee-cbae20fcc714 tempest-AggregatesAdminTestJSON-1556022503 tempest-AggregatesAdminTestJSON-1556022503-project-admin] Calling method '>' {{(pid=119128) _process_stack /opt/stack/nova/nova/api/openstack/wsgi.py:513}}
Jun 20 11:56:09.182846 n-d-master-1 devstack@n-api.service[119128]: /usr/local/lib/python3.8/dist-packages/oslo_policy/policy.py:1129: UserWarning: Policy "os_compute_api:os-aggregates:index": "rule:context_is_admin" failed scope check. The token used to make the request was project scoped but the policy requires ['system'] scope. This behavior may change in the future where using the intended scope is required
Jun 20 11:56:09.182846 n-d-master-1 devstack@n-api.service[119128]: warnings.warn(msg)
Jun 20 11:56:09.196070 n-d-master-1 devstack@n-api.service[119128]: INFO nova.api.openstack.requestlog [None req-25ceae23-879a-46cb-82ee-cbae20fcc714 tempest-AggregatesAdminTestJSON-1556022503 tempest-AggregatesAdminTestJSON-1556022503-project-admin] 10.222.0.27 "GET /compute/v2.1/os-aggregates" status: 200 len: 301 microversion: 2.1 time: 0.017344
Jun 20 11:56:09.196668 n-d-master-1 devstack@n-api.service[119128]: [pid: 119128|app: 0|req: 6/10] 10.222.0.27 () {58 vars in 1142 bytes} [Mon Jun 20 11:56:09 2022] GET /compute/v2.1/os-aggregates => generated 301 bytes in 18 msecs (HTTP/1.1 200) 9 headers in 357 bytes (1 switches on core 0)
Jun 20 11:56:09.201467 n-d-master-1 devstack@n-api.service[119128]: DEBUG nova.api.openstack.wsgi [None req-55a630bf-083e-4bf9-94f5-453696b1f4dd tempest-FlavorsAdminTestJSON-474824920 tempest-FlavorsAdminTestJSON-474824920-project-admin] Calling method '>' {{(pid=119128) _process_stack /opt/stack/nova/nova/api/openstack/wsgi.py:513}}
Jun 20 11:56:09.233882 n-d-master-1 devstack@n-api.service[119128]: INFO nova.api.openstack.requestlog [None req-55a630bf-083e-4bf9-94f5-453696b1f4dd tempest-FlavorsAdminTestJSON-474824920 tempest-FlavorsAdminTestJSON-474824920-project-admin] 10.222.0.27 "GET /compute/v2.1/flavors/detail" status: 200 len: 5406 microversion: 2.1 time: 0.035975
Jun 20 11:56:09.234455 n-d-master-1 devstack@n-api.service[119128]: [pid: 119128|app: 0|req: 7/11] 10.222.0.27 () {58 vars in 1145 bytes} [Mon Jun 20 11:56:09 2022] GET /compute/v2.1/flavors/detail => generated 5406 bytes in 37 msecs (HTTP/1.1 200) 9 headers in 358 bytes (1 switches on core 0)
Jun 20 11:56:09.239347 n-d-master-1 devstack@n-api.service[119128]: DEBUG nova.api.openstack.wsgi [None req-d79ca579-fbb0-4b34-8f56-07f9e288f7dd tempest-AggregatesAdminTestJSON-1556022503 tempest-AggregatesAdminTestJSON-1556022503-project-admin] Action: 'action', calling method: >, body: {"add_host": {"host": "n-h1-master-1"}} {{(pid=119128) _process_stack /opt/stack/nova/nova/api/openstack/wsgi.py:511}}
Jun 20 11:56:09.240865 n-d-master-1 devstack@n-api.service[119128]: /usr/local/lib/python3.8/dist-packages/oslo_policy/policy.py:1129: UserWarning: Policy "os_compute_api:os-aggregates:add_host": "rule:context_is_admin" failed scope check. The token used to make the request was project scoped but the policy requires ['system'] scope. This behavior may change in the future where using the intended scope is required
Jun 20 11:56:09.240865 n-d-master-1 devstack@n-api.service[119128]: warnings.warn(msg)
Jun 20 11:56:09.255754 n-d-master-1 devstack@n-api.service[119128]: DEBUG oslo_concurrency.lockutils [None req-d79ca579-fbb0-4b34-8f56-07f9e288f7dd tempest-AggregatesAdminTestJSON-1556022503 tempest-AggregatesAdminTestJSON-1556022503-project-admin] Lock "d5df985c-a080-4240-bcef-1787de3aeb9e" acquired by "nova.context.set_target_cell..get_or_set_cached_cell_and_set_connections" :: waited 0.000s {{(pid=119128) inner /usr/local/lib/python3.8/dist-packages/oslo_concurrency/lockutils.py:386}}
Jun 20 11:56:09.256120 n-d-master-1 devstack@n-api.service[119128]: DEBUG oslo_concurrency.lockutils [None req-d79ca579-fbb0-4b34-8f56-07f9e288f7dd tempest-AggregatesAdminTestJSON-1556022503 tempest-AggregatesAdminTestJSON-1556022503-project-admin] Lock "d5df985c-a080-4240-bcef-1787de3aeb9e" "released" by "nova.context.set_target_cell..get_or_set_cached_cell_and_set_connections" :: held 0.001s {{(pid=119128) inner /usr/local/lib/python3.8/dist-packages/oslo_concurrency/lockutils.py:400}}
Jun 20 11:56:09.446276 n-d-master-1 devstack@n-api.service[119127]: DEBUG nova.api.openstack.wsgi [None req-6d8e1d75-337d-4a08-aceb-ea9f44438410 tempest-FlavorsV255TestJSON-360791789 tempest-FlavorsV255TestJSON-360791789-project] Calling method '>' {{(pid=119127) _process_stack /opt/stack/nova/nova/api/openstack/wsgi.py:513}}
Jun 20 11:56:09.475091 n-d-master-1 devstack@n-api.service[119127]: INFO nova.api.openstack.requestlog [None req-6d8e1d75-337d-4a08-aceb-ea9f44438410 tempest-FlavorsV255TestJSON-360791789 tempest-FlavorsV255TestJSON-360791789-project] 10.222.0.27 "GET /compute/v2.1/flavors/478505842" status: 200 len: 446 microversion: 2.55 time: 0.422397
Jun 20 11:56:09.482123 n-d-master-1 devstack@n-api.service[119127]: [pid: 119127|app: 0|req: 5/12] 10.222.0.27 () {60 vars in 1195 bytes} [Mon Jun 20 11:56:09 2022] GET /compute/v2.1/flavors/478505842 => generated 446 bytes in 424 msecs (HTTP/1.1 200) 9 headers in 359 bytes (1 switches on core 0)
Jun 20 11:56:09.482123 n-d-master-1 devstack@n-api.service[119127]: DEBUG nova.api.openstack.wsgi [None req-6ee9e5bd-ad72-4d00-8fb0-d98ad3221f46 tempest-FlavorsAdminTestJSON-474824920 tempest-FlavorsAdminTestJSON-474824920-project-admin] Action: 'create', calling method: >, body: {"flavor": {"ram": 512, "vcpus": 1, "disk": 10, "name": "tempest-test_flavor_-1353268856", "id": 938657062, "swap": 1024, "rxtx_factor": 2, "OS-FLV-EXT-DATA:ephemeral": 10, "os-flavor-access:is_public": "True"}} {{(pid=119127) _process_stack /opt/stack/nova/nova/api/openstack/wsgi.py:511}}
Jun 20 11:56:09.499289 n-d-master-1 devstack@n-api.service[119127]: INFO nova.api.openstack.requestlog [None req-6ee9e5bd-ad72-4d00-8fb0-d98ad3221f46 tempest-FlavorsAdminTestJSON-474824920 tempest-FlavorsAdminTestJSON-474824920-project-admin] 10.222.0.27 "POST /compute/v2.1/flavors" status: 200 len: 414 microversion: 2.1 time: 0.022158
