Jun 20 11:45:27.041632 n-d-master-1 devstack@n-api.service[103813]: DEBUG nova.context [None req-9b766ba3-91e8-42ac-b647-5460229b995e None None] Found 2 cells: 00000000-0000-0000-0000-000000000000(cell0),d5df985c-a080-4240-bcef-1787de3aeb9e(cell1) {{(pid=103813) load_cells /opt/stack/nova/nova/context.py:464}}
Jun 20 11:45:27.045456 n-d-master-1 devstack@n-api.service[103812]: DEBUG oslo_db.sqlalchemy.engines [None req-f2007005-62ed-46be-b772-aa528b0683d5 None None] MySQL server mode set to STRICT_TRANS_TABLES,STRICT_ALL_TABLES,NO_ZERO_IN_DATE,NO_ZERO_DATE,ERROR_FOR_DIVISION_BY_ZERO,TRADITIONAL,NO_ENGINE_SUBSTITUTION {{(pid=103812) _check_effective_sql_mode /usr/local/lib/python3.8/dist-packages/oslo_db/sqlalchemy/engines.py:314}}
Jun 20 11:45:27.045715 n-d-master-1 devstack@n-api.service[103813]: DEBUG oslo_concurrency.lockutils [None req-9b766ba3-91e8-42ac-b647-5460229b995e None None] Lock "00000000-0000-0000-0000-000000000000" acquired by "nova.context.set_target_cell..get_or_set_cached_cell_and_set_connections" :: waited 0.000s {{(pid=103813) inner /usr/local/lib/python3.8/dist-packages/oslo_concurrency/lockutils.py:386}}
Jun 20 11:45:27.046917 n-d-master-1 devstack@n-api.service[103812]: DEBUG oslo_db.sqlalchemy.engines [None req-f2007005-62ed-46be-b772-aa528b0683d5 None None] MySQL server mode set to STRICT_TRANS_TABLES,STRICT_ALL_TABLES,NO_ZERO_IN_DATE,NO_ZERO_DATE,ERROR_FOR_DIVISION_BY_ZERO,TRADITIONAL,NO_ENGINE_SUBSTITUTION {{(pid=103812) _check_effective_sql_mode /usr/local/lib/python3.8/dist-packages/oslo_db/sqlalchemy/engines.py:314}}
Jun 20 11:45:27.047327 n-d-master-1 devstack@n-api.service[103813]: DEBUG oslo_concurrency.lockutils [None req-9b766ba3-91e8-42ac-b647-5460229b995e None None] Lock "00000000-0000-0000-0000-000000000000" "released" by "nova.context.set_target_cell..get_or_set_cached_cell_and_set_connections" :: held 0.002s {{(pid=103813) inner /usr/local/lib/python3.8/dist-packages/oslo_concurrency/lockutils.py:400}}
Jun 20 11:45:27.048155 n-d-master-1 devstack@n-api.service[103813]: DEBUG oslo_concurrency.lockutils [None req-9b766ba3-91e8-42ac-b647-5460229b995e None None] Lock "d5df985c-a080-4240-bcef-1787de3aeb9e" acquired by "nova.context.set_target_cell..get_or_set_cached_cell_and_set_connections" :: waited 0.000s {{(pid=103813) inner /usr/local/lib/python3.8/dist-packages/oslo_concurrency/lockutils.py:386}}
Jun 20 11:45:27.050288 n-d-master-1 devstack@n-api.service[103813]: DEBUG oslo_concurrency.lockutils [None req-9b766ba3-91e8-42ac-b647-5460229b995e None None] Lock "d5df985c-a080-4240-bcef-1787de3aeb9e" "released" by "nova.context.set_target_cell..get_or_set_cached_cell_and_set_connections" :: held 0.002s {{(pid=103813) inner /usr/local/lib/python3.8/dist-packages/oslo_concurrency/lockutils.py:400}}
Jun 20 11:45:27.052309 n-d-master-1 devstack@n-api.service[103813]: INFO dbcounter [None req-9b766ba3-91e8-42ac-b647-5460229b995e None None] Registered counter for database nova_cell0
Jun 20 11:45:27.053556 n-d-master-1 devstack@n-api.service[103812]: DEBUG dbcounter [-] [103812] Writer thread running {{(pid=103812) stat_writer /usr/local/lib/python3.8/dist-packages/dbcounter.py:99}}
Jun 20 11:45:27.055012 n-d-master-1 devstack@n-api.service[103812]: DEBUG dbcounter [-] [103812] Writer thread running {{(pid=103812) stat_writer /usr/local/lib/python3.8/dist-packages/dbcounter.py:99}}
Jun 20 11:45:27.057207 n-d-master-1 devstack@n-api.service[103813]: INFO dbcounter [None req-9b766ba3-91e8-42ac-b647-5460229b995e None None] Registered counter for database nova_cell1
Jun 20 11:45:27.064751 n-d-master-1 devstack@n-api.service[103813]: DEBUG oslo_db.sqlalchemy.engines [None req-9b766ba3-91e8-42ac-b647-5460229b995e None None] MySQL server mode set to STRICT_TRANS_TABLES,STRICT_ALL_TABLES,NO_ZERO_IN_DATE,NO_ZERO_DATE,ERROR_FOR_DIVISION_BY_ZERO,TRADITIONAL,NO_ENGINE_SUBSTITUTION {{(pid=103813) _check_effective_sql_mode /usr/local/lib/python3.8/dist-packages/oslo_db/sqlalchemy/engines.py:314}}
Jun 20 11:45:27.068318 n-d-master-1 devstack@n-api.service[103813]: DEBUG oslo_db.sqlalchemy.engines [None req-9b766ba3-91e8-42ac-b647-5460229b995e None None] MySQL server mode set to STRICT_TRANS_TABLES,STRICT_ALL_TABLES,NO_ZERO_IN_DATE,NO_ZERO_DATE,ERROR_FOR_DIVISION_BY_ZERO,TRADITIONAL,NO_ENGINE_SUBSTITUTION {{(pid=103813) _check_effective_sql_mode /usr/local/lib/python3.8/dist-packages/oslo_db/sqlalchemy/engines.py:314}}
Jun 20 11:45:27.072081 n-d-master-1 devstack@n-api.service[103813]: DEBUG dbcounter [-] [103813] Writer thread running {{(pid=103813) stat_writer /usr/local/lib/python3.8/dist-packages/dbcounter.py:99}}
Jun 20 11:45:27.209353 n-d-master-1 devstack@n-api.service[103812]: INFO dbcounter [None req-f2007005-62ed-46be-b772-aa528b0683d5 None None] Registered counter for database nova_cell0
Jun 20 11:45:27.212965 n-d-master-1 devstack@n-api.service[103813]: DEBUG dbcounter [-] [103813] Writer thread running {{(pid=103813) stat_writer /usr/local/lib/python3.8/dist-packages/dbcounter.py:99}}
Jun 20 11:45:27.219164 n-d-master-1 devstack@n-api.service[103812]: DEBUG oslo_db.sqlalchemy.engines [None req-f2007005-62ed-46be-b772-aa528b0683d5 None None] MySQL server mode set to STRICT_TRANS_TABLES,STRICT_ALL_TABLES,NO_ZERO_IN_DATE,NO_ZERO_DATE,ERROR_FOR_DIVISION_BY_ZERO,TRADITIONAL,NO_ENGINE_SUBSTITUTION {{(pid=103812) _check_effective_sql_mode /usr/local/lib/python3.8/dist-packages/oslo_db/sqlalchemy/engines.py:314}}
Jun 20 11:45:27.222510 n-d-master-1 devstack@n-api.service[103813]: INFO dbcounter [None req-9b766ba3-91e8-42ac-b647-5460229b995e None None] Registered counter for database nova_cell0
Jun 20 11:45:27.224299 n-d-master-1 devstack@n-api.service[103812]: DEBUG dbcounter [-] [103812] Writer thread running {{(pid=103812) stat_writer /usr/local/lib/python3.8/dist-packages/dbcounter.py:99}}
Jun 20 11:45:27.233099 n-d-master-1 devstack@n-api.service[103813]: DEBUG oslo_db.sqlalchemy.engines [None req-9b766ba3-91e8-42ac-b647-5460229b995e None None] MySQL server mode set to STRICT_TRANS_TABLES,STRICT_ALL_TABLES,NO_ZERO_IN_DATE,NO_ZERO_DATE,ERROR_FOR_DIVISION_BY_ZERO,TRADITIONAL,NO_ENGINE_SUBSTITUTION {{(pid=103813) _check_effective_sql_mode /usr/local/lib/python3.8/dist-packages/oslo_db/sqlalchemy/engines.py:314}}
Jun 20 11:45:27.237348 n-d-master-1 devstack@n-api.service[103813]: DEBUG dbcounter [-] [103813] Writer thread running {{(pid=103813) stat_writer /usr/local/lib/python3.8/dist-packages/dbcounter.py:99}}
Jun 20 11:45:27.559570 n-d-master-1 devstack@n-api.service[103813]: WARNING keystonemiddleware.auth_token [None req-9b766ba3-91e8-42ac-b647-5460229b995e None None] AuthToken middleware is set with keystone_authtoken.service_token_roles_required set to False. This is backwards compatible but deprecated behaviour. Please set this to True.
Jun 20 11:45:27.564396 n-d-master-1 devstack@n-api.service[103812]: WARNING keystonemiddleware.auth_token [None req-f2007005-62ed-46be-b772-aa528b0683d5 None None] AuthToken middleware is set with keystone_authtoken.service_token_roles_required set to False. This is backwards compatible but deprecated behaviour. Please set this to True.
Jun 20 11:45:27.566982 n-d-master-1 devstack@n-api.service[103813]: WARNING keystonemiddleware.auth_token [None req-9b766ba3-91e8-42ac-b647-5460229b995e None None] Configuring www_authenticate_uri to point to the public identity endpoint is required; clients may not be able to authenticate against an admin endpoint
Jun 20 11:45:27.571874 n-d-master-1 devstack@n-api.service[103812]: WARNING keystonemiddleware.auth_token [None req-f2007005-62ed-46be-b772-aa528b0683d5 None None] Configuring www_authenticate_uri to point to the public identity endpoint is required; clients may not be able to authenticate against an admin endpoint
Jun 20 11:45:27.906355 n-d-master-1 devstack@n-api.service[103813]: WARNING keystonemiddleware.auth_token [None req-9b766ba3-91e8-42ac-b647-5460229b995e None None] AuthToken middleware is set with keystone_authtoken.service_token_roles_required set to False. This is backwards compatible but deprecated behaviour. Please set this to True.
Jun 20 11:45:27.911771 n-d-master-1 devstack@n-api.service[103812]: WARNING keystonemiddleware.auth_token [None req-f2007005-62ed-46be-b772-aa528b0683d5 None None] AuthToken middleware is set with keystone_authtoken.service_token_roles_required set to False. This is backwards compatible but deprecated behaviour. Please set this to True.
Jun 20 11:45:27.912358 n-d-master-1 devstack@n-api.service[103813]: WARNING keystonemiddleware.auth_token [None req-9b766ba3-91e8-42ac-b647-5460229b995e None None] Configuring www_authenticate_uri to point to the public identity endpoint is required; clients may not be able to authenticate against an admin endpoint
Jun 20 11:45:27.917511 n-d-master-1 devstack@n-api.service[103813]: WSGI app 0 (mountpoint='') ready in 5 seconds on interpreter 0x55bde1f3f9c0 pid: 103813 (default app)
Jun 20 11:45:27.917810 n-d-master-1 devstack@n-api.service[103812]: WARNING keystonemiddleware.auth_token [None req-f2007005-62ed-46be-b772-aa528b0683d5 None None] Configuring www_authenticate_uri to point to the public identity endpoint is required; clients may not be able to authenticate against an admin endpoint
Jun 20 11:45:27.919796 n-d-master-1 devstack@n-api.service[103813]: DEBUG nova.api.openstack.wsgi [None req-9b766ba3-91e8-42ac-b647-5460229b995e None None] Calling method '>' {{(pid=103813) _process_stack /opt/stack/nova/nova/api/openstack/wsgi.py:513}}
Jun 20 11:45:27.921048 n-d-master-1 devstack@n-api.service[103813]: INFO nova.api.openstack.requestlog [None req-9b766ba3-91e8-42ac-b647-5460229b995e None None] 10.222.0.27 "GET /compute/v2.1/" status: 200 len: 388 microversion: 2.1 time: 0.002021
Jun 20 11:45:27.921442 n-d-master-1 devstack@n-api.service[103813]: [pid: 103813|app: 0|req: 1/1] 10.222.0.27 () {50 vars in 788 bytes} [Mon Jun 20 11:45:27 2022] GET /compute/v2.1/ => generated 388 bytes in 3 msecs (HTTP/1.1 200) 9 headers in 357 bytes (1 switches on core 0)
Jun 20 11:45:27.923178 n-d-master-1 devstack@n-api.service[103812]: WSGI app 0 (mountpoint='') ready in 5 seconds on interpreter 0x55bde1f3f9c0 pid: 103812 (default app)
Jun 20 11:46:43.312767 n-d-master-1 devstack@n-api.service[103813]: DEBUG nova.api.openstack.wsgi [None req-9b766ba3-91e8-42ac-b647-5460229b995e None None] Calling method '>' {{(pid=103813) _process_stack /opt/stack/nova/nova/api/openstack/wsgi.py:513}}
Jun 20 11:46:43.314522 n-d-master-1 devstack@n-api.service[103813]: INFO nova.api.openstack.requestlog [None req-9b766ba3-91e8-42ac-b647-5460229b995e None None] 10.222.0.27 "GET /compute/v2.1" status: 200 len: 388 microversion: 2.1 time: 0.002165
Jun 20 11:46:43.315234 n-d-master-1 devstack@n-api.service[103813]: [pid: 103813|app: 0|req: 2/2] 10.222.0.27 () {54 vars in 930 bytes} [Mon Jun 20 11:46:43 2022] GET /compute/v2.1 => generated 388 bytes in 3 msecs (HTTP/1.1 200) 9 headers in 357 bytes (1 switches on core 0)
Jun 20 11:46:43.329439 n-d-master-1 devstack@n-api.service[103812]: DEBUG dbcounter [-] [103812] Writing DB stats nova_api:SELECT=3 {{(pid=103812) stat_writer /usr/local/lib/python3.8/dist-packages/dbcounter.py:114}}
Jun 20 11:46:43.330981 n-d-master-1 devstack@n-api.service[103812]: DEBUG dbcounter [-] [103812] Writing DB stats nova_cell0:SELECT=3 {{(pid=103812) stat_writer /usr/local/lib/python3.8/dist-packages/dbcounter.py:114}}
Jun 20 11:46:43.332337 n-d-master-1 devstack@n-api.service[103812]: DEBUG dbcounter [-] [103812] Writing DB stats nova_cell1:SELECT=3 {{(pid=103812) stat_writer /usr/local/lib/python3.8/dist-packages/dbcounter.py:114}}
Jun 20 11:46:43.333466 n-d-master-1 devstack@n-api.service[103812]: DEBUG dbcounter [-] [103812] Writing DB stats nova_cell0:SELECT=6,nova_cell0:INSERT=1 {{(pid=103812) stat_writer /usr/local/lib/python3.8/dist-packages/dbcounter.py:114}}
Jun 20 11:46:43.768628 n-d-master-1 devstack@n-api.service[103812]: DEBUG nova.api.openstack.wsgi [None req-e24d1b83-1e74-4440-b62e-fe03cde0f22e admin admin] Calling method '>' {{(pid=103812) _process_stack /opt/stack/nova/nova/api/openstack/wsgi.py:513}}
Jun 20 11:46:43.799292 n-d-master-1 devstack@n-api.service[103812]: INFO nova.api.openstack.requestlog [None req-e24d1b83-1e74-4440-b62e-fe03cde0f22e admin admin] 10.222.0.27 "GET /compute/v2.1/flavors/detail?is_public=True" status: 200 len: 15 microversion: 2.61 time: 0.476433
Jun 20 11:46:43.800080 n-d-master-1 devstack@n-api.service[103812]: [pid: 103812|app: 0|req: 1/3] 10.222.0.27 () {60 vars in 1291 bytes} [Mon Jun 20 11:46:43 2022] GET /compute/v2.1/flavors/detail?is_public=True => generated 15 bytes in 478 msecs (HTTP/1.1 200) 9 headers in 358 bytes (1 switches on core 0)
Jun 20 11:46:45.855761 n-d-master-1 devstack@n-api.service[103813]: DEBUG nova.api.openstack.wsgi [None req-9b766ba3-91e8-42ac-b647-5460229b995e None None] Calling method '>' {{(pid=103813) _process_stack /opt/stack/nova/nova/api/openstack/wsgi.py:513}}
Jun 20 11:46:45.856905 n-d-master-1 devstack@n-api.service[103813]: INFO nova.api.openstack.requestlog [None req-9b766ba3-91e8-42ac-b647-5460229b995e None None] 10.222.0.27 "GET /compute/v2.1" status: 200 len: 388 microversion: 2.1 time: 0.001585
Jun 20 11:46:45.857621 n-d-master-1 devstack@n-api.service[103813]: [pid: 103813|app: 0|req: 3/4] 10.222.0.27 () {54 vars in 930 bytes} [Mon Jun 20 11:46:45 2022] GET /compute/v2.1 => generated 388 bytes in 3 msecs (HTTP/1.1 200) 9 headers in 357 bytes (1 switches on core 0)
Jun 20 11:46:45.919405 n-d-master-1 devstack@n-api.service[103812]: DEBUG nova.api.openstack.wsgi [None req-fcbb2ca0-2df7-4fb2-a0d6-a4c172088b6d admin admin] Action: 'create', calling method: >, body: {"flavor": {"ram": 256, "swap": 0, "rxtx_factor": 1.0, "disk": 1, "OS-FLV-EXT-DATA:ephemeral": 0, "os-flavor-access:is_public": true, "id": "c1", "vcpus": 1, "name": "cirros256"}} {{(pid=103812) _process_stack /opt/stack/nova/nova/api/openstack/wsgi.py:511}}
Jun 20 11:46:45.939118 n-d-master-1 devstack@n-api.service[103812]: /usr/local/lib/python3.8/dist-packages/oslo_policy/policy.py:1129: UserWarning: Policy "os_compute_api:os-flavor-manage:create": "rule:context_is_admin" failed scope check. The token used to make the request was project scoped but the policy requires ['system'] scope. This behavior may change in the future where using the intended scope is required
Jun 20 11:46:45.939118 n-d-master-1 devstack@n-api.service[103812]: warnings.warn(msg)
Jun 20 11:46:45.973001 n-d-master-1 devstack@n-api.service[103812]: INFO nova.api.openstack.requestlog [None req-fcbb2ca0-2df7-4fb2-a0d6-a4c172088b6d admin admin] 10.222.0.27 "POST /compute/v2.1/flavors" status: 200 len: 407 microversion: 2.61 time: 0.109313
Jun 20 11:46:45.974192 n-d-master-1 devstack@n-api.service[103812]: [pid: 103812|app: 0|req: 2/5] 10.222.0.27 () {64 vars in 1282 bytes} [Mon Jun 20 11:46:45 2022] POST /compute/v2.1/flavors => generated 407 bytes in 111 msecs (HTTP/1.1 200) 9 headers in 359 bytes (2 switches on core 0)
Jun 20 11:46:45.987950 n-d-master-1 devstack@n-api.service[103813]: DEBUG dbcounter [-] [103813] Writing DB stats nova_api:SELECT=3 {{(pid=103813) stat_writer /usr/local/lib/python3.8/dist-packages/dbcounter.py:114}}
Jun 20 11:46:45.988936 n-d-master-1 devstack@n-api.service[103813]: DEBUG dbcounter [-] [103813] Writing DB stats nova_cell0:SELECT=3 {{(pid=103813) stat_writer /usr/local/lib/python3.8/dist-packages/dbcounter.py:114}}
Jun 20 11:46:45.989804 n-d-master-1 devstack@n-api.service[103813]: DEBUG dbcounter [-] [103813] Writing DB stats nova_cell1:SELECT=3 {{(pid=103813) stat_writer /usr/local/lib/python3.8/dist-packages/dbcounter.py:114}}
Jun 20 11:46:45.990720 n-d-master-1 devstack@n-api.service[103813]: DEBUG dbcounter [-] [103813] Writing DB stats nova_cell0:SELECT=6,nova_cell0:INSERT=1 {{(pid=103813) stat_writer /usr/local/lib/python3.8/dist-packages/dbcounter.py:114}}
Jun 20 11:46:46.202052 n-d-master-1 devstack@n-api.service[103813]: DEBUG nova.api.openstack.wsgi [None req-d0d68d2c-9a5a-458a-b6b5-8bfddf47e80b admin admin] Action: 'create', calling method: >, body: {"extra_specs": {"hw_rng:allowed": "True"}} {{(pid=103813) _process_stack /opt/stack/nova/nova/api/openstack/wsgi.py:511}}
Jun 20 11:46:46.204752 n-d-master-1 devstack@n-api.service[103813]: /usr/local/lib/python3.8/dist-packages/oslo_policy/policy.py:1129: UserWarning: Policy "os_compute_api:os-flavor-extra-specs:create": "rule:context_is_admin" failed scope check. The token used to make the request was project scoped but the policy requires ['system'] scope. This behavior may change in the future where using the intended scope is required
Jun 20 11:46:46.204752 n-d-master-1 devstack@n-api.service[103813]: warnings.warn(msg)
Jun 20 11:46:46.274459 n-d-master-1 devstack@n-api.service[103813]: INFO nova.api.openstack.requestlog [None req-d0d68d2c-9a5a-458a-b6b5-8bfddf47e80b admin admin] 10.222.0.27 "POST /compute/v2.1/flavors/c1/os-extra_specs" status: 200 len: 43 microversion: 2.61 time: 0.292086
Jun 20 11:46:46.275259 n-d-master-1 devstack@n-api.service[103813]: [pid: 103813|app: 0|req: 4/6] 10.222.0.27 () {64 vars in 1335 bytes} [Mon Jun 20 11:46:45 2022] POST /compute/v2.1/flavors/c1/os-extra_specs => generated 43 bytes in 293 msecs (HTTP/1.1 200) 9 headers in 358 bytes (1 switches on core 0)
Jun 20 11:46:48.352224 n-d-master-1 devstack@n-api.service[103812]: DEBUG nova.api.openstack.wsgi [None req-fcbb2ca0-2df7-4fb2-a0d6-a4c172088b6d admin admin] Calling method '>' {{(pid=103812) _process_stack /opt/stack/nova/nova/api/openstack/wsgi.py:513}}
Jun 20 11:46:48.353275 n-d-master-1 devstack@n-api.service[103812]: INFO nova.api.openstack.requestlog [None req-fcbb2ca0-2df7-4fb2-a0d6-a4c172088b6d admin admin] 10.222.0.27 "GET /compute/v2.1" status: 200 len: 388 microversion: 2.1 time: 0.001611
Jun 20 11:46:48.353696 n-d-master-1 devstack@n-api.service[103812]: [pid: 103812|app: 0|req: 3/7] 10.222.0.27 () {54 vars in 930 bytes} [Mon Jun 20 11:46:48 2022] GET /compute/v2.1 => generated 388 bytes in 2 msecs (HTTP/1.1 200) 9 headers in 357 bytes (1 switches on core 0)
Jun 20 11:46:48.462792 n-d-master-1 devstack@n-api.service[103813]: DEBUG nova.api.openstack.wsgi [None req-16938138-4cc5-4e2b-b47a-4c524c657bc8 admin admin] Action: 'create', calling method: >, body: {"flavor": {"os-flavor-access:is_public": true, "id": "d1", "rxtx_factor": 1.0, "OS-FLV-EXT-DATA:ephemeral": 0, "ram": 512, "swap": 0, "disk": 5, "vcpus": 1, "name": "ds512M"}} {{(pid=103813) _process_stack /opt/stack/nova/nova/api/openstack/wsgi.py:511}}
Jun 20 11:46:48.481371 n-d-master-1 devstack@n-api.service[103813]: /usr/local/lib/python3.8/dist-packages/oslo_policy/policy.py:1129: UserWarning: Policy "os_compute_api:os-flavor-manage:create": "rule:context_is_admin" failed scope check. The token used to make the request was project scoped but the policy requires ['system'] scope. This behavior may change in the future where using the intended scope is required
Jun 20 11:46:48.481371 n-d-master-1 devstack@n-api.service[103813]: warnings.warn(msg)
Jun 20 11:46:48.501207 n-d-master-1 devstack@n-api.service[103813]: INFO nova.api.openstack.requestlog [None req-16938138-4cc5-4e2b-b47a-4c524c657bc8 admin admin] 10.222.0.27 "POST /compute/v2.1/flavors" status: 200 len: 404 microversion: 2.61 time: 0.141563
Jun 20 11:46:48.501771 n-d-master-1 devstack@n-api.service[103813]: [pid: 103813|app: 0|req: 5/8] 10.222.0.27 () {64 vars in 1282 bytes} [Mon Jun 20 11:46:48 2022] POST /compute/v2.1/flavors => generated 404 bytes in 143 msecs (HTTP/1.1 200) 9 headers in 359 bytes (1 switches on core 0)
Jun 20 11:46:48.513680 n-d-master-1 devstack@n-api.service[103812]: DEBUG nova.api.openstack.wsgi [None req-de7f6d86-9425-4b62-ba74-f056d1111106 admin admin] Action: 'create', calling method: >, body: {"extra_specs": {"hw_rng:allowed": "True"}} {{(pid=103812) _process_stack /opt/stack/nova/nova/api/openstack/wsgi.py:511}}
Jun 20 11:46:48.515132 n-d-master-1 devstack@n-api.service[103812]: /usr/local/lib/python3.8/dist-packages/oslo_policy/policy.py:1129: UserWarning: Policy "os_compute_api:os-flavor-extra-specs:create": "rule:context_is_admin" failed scope check. The token used to make the request was project scoped but the policy requires ['system'] scope. This behavior may change in the future where using the intended scope is required
Jun 20 11:46:48.515132 n-d-master-1 devstack@n-api.service[103812]: warnings.warn(msg)
Jun 20 11:46:48.550519 n-d-master-1 devstack@n-api.service[103812]: INFO nova.api.openstack.requestlog [None req-de7f6d86-9425-4b62-ba74-f056d1111106 admin admin] 10.222.0.27 "POST /compute/v2.1/flavors/d1/os-extra_specs" status: 200 len: 43 microversion: 2.61 time: 0.040473
Jun 20 11:46:48.551369 n-d-master-1 devstack@n-api.service[103812]: [pid: 103812|app: 0|req: 4/9] 10.222.0.27 () {64 vars in 1335 bytes} [Mon Jun 20 11:46:48 2022] POST /compute/v2.1/flavors/d1/os-extra_specs => generated 43 bytes in 42 msecs (HTTP/1.1 200) 9 headers in 358 bytes (1 switches on core 0)
Jun 20 11:46:50.636496 n-d-master-1 devstack@n-api.service[103813]: DEBUG nova.api.openstack.wsgi [None req-16938138-4cc5-4e2b-b47a-4c524c657bc8 admin admin] Calling method '>' {{(pid=103813) _process_stack /opt/stack/nova/nova/api/openstack/wsgi.py:513}}
Jun 20 11:46:50.637520 n-d-master-1 devstack@n-api.service[103813]: INFO nova.api.openstack.requestlog [None req-16938138-4cc5-4e2b-b47a-4c524c657bc8 admin admin] 10.222.0.27 "GET /compute/v2.1" status: 200 len: 388 microversion: 2.1 time: 0.001588
Jun 20 11:46:50.638094 n-d-master-1 devstack@n-api.service[103813]: [pid: 103813|app: 0|req: 6/10] 10.222.0.27 () {54 vars in 930 bytes} [Mon Jun 20 11:46:50 2022] GET /compute/v2.1 => generated 388 bytes in 3 msecs (HTTP/1.1 200) 9 headers in 357 bytes (1 switches on core 0)
Jun 20 11:46:50.733853 n-d-master-1 devstack@n-api.service[103812]: DEBUG nova.api.openstack.wsgi [None req-cb91b57b-5e2d-46b4-8682-dd6ba799ae78 admin admin] Action: 'create', calling method: >, body: {"flavor": {"swap": 0, "OS-FLV-EXT-DATA:ephemeral": 0, "disk": 10, "vcpus": 1, "id": "d2", "ram": 1024, "os-flavor-access:is_public": true, "rxtx_factor": 1.0, "name": "ds1G"}} {{(pid=103812) _process_stack /opt/stack/nova/nova/api/openstack/wsgi.py:511}}
Jun 20 11:46:50.762440 n-d-master-1 devstack@n-api.service[103812]: INFO nova.api.openstack.requestlog [None req-cb91b57b-5e2d-46b4-8682-dd6ba799ae78 admin admin] 10.222.0.27 "POST /compute/v2.1/flavors" status: 200 len: 404 microversion: 2.61 time: 0.117235
Jun 20 11:46:50.763649 n-d-master-1 devstack@n-api.service[103812]: [pid: 103812|app: 0|req: 5/11] 10.222.0.27 () {64 vars in 1282 bytes} [Mon Jun 20 11:46:50 2022] POST /compute/v2.1/flavors => generated 404 bytes in 120 msecs (HTTP/1.1 200) 9 headers in 359 bytes (2 switches on core 0)
Jun 20 11:46:50.779952 n-d-master-1 devstack@n-api.service[103813]: DEBUG nova.api.openstack.wsgi [None req-a3f9980a-3ba5-4e81-9d0d-a5d083397225 admin admin] Action: 'create', calling method: >, body: {"extra_specs": {"hw_rng:allowed": "True"}} {{(pid=103813) _process_stack /opt/stack/nova/nova/api/openstack/wsgi.py:511}}
Jun 20 11:46:50.816906 n-d-master-1 devstack@n-api.service[103813]: INFO nova.api.openstack.requestlog [None req-a3f9980a-3ba5-4e81-9d0d-a5d083397225 admin admin] 10.222.0.27 "POST /compute/v2.1/flavors/d2/os-extra_specs" status: 200 len: 43 microversion: 2.61 time: 0.043458
Jun 20 11:46:50.819026 n-d-master-1 devstack@n-api.service[103813]: [pid: 103813|app: 0|req: 7/12] 10.222.0.27 () {64 vars in 1335 bytes} [Mon Jun 20 11:46:50 2022] POST /compute/v2.1/flavors/d2/os-extra_specs => generated 43 bytes in 46 msecs (HTTP/1.1 200) 9 headers in 358 bytes (1 switches on core 0)
Jun 20 11:46:53.037374 n-d-master-1 devstack@n-api.service[103812]: DEBUG nova.api.openstack.wsgi [None req-cb91b57b-5e2d-46b4-8682-dd6ba799ae78 admin admin] Calling method '>' {{(pid=103812) _process_stack /opt/stack/nova/nova/api/openstack/wsgi.py:513}}
Jun 20 11:46:53.038406 n-d-master-1 devstack@n-api.service[103812]: INFO nova.api.openstack.requestlog [None req-cb91b57b-5e2d-46b4-8682-dd6ba799ae78 admin admin] 10.222.0.27 "GET /compute/v2.1" status: 200 len: 388 microversion: 2.1 time: 0.001504
Jun 20 11:46:53.044134 n-d-master-1 devstack@n-api.service[103812]: [pid: 103812|app: 0|req: 6/13] 10.222.0.27 () {54 vars in 930 bytes} [Mon Jun 20 11:46:53 2022] GET /compute/v2.1 => generated 388 bytes in 7 msecs (HTTP/1.1 200) 9 headers in 357 bytes (1 switches on core 0)
Jun 20 11:46:53.100844 n-d-master-1 devstack@n-api.service[103813]: DEBUG nova.api.openstack.wsgi [None req-27d992d0-92e7-4794-bfa6-849a2b6c8289 admin admin] Action: 'create', calling method: >, body: {"flavor": {"ram": 2048, "vcpus": 2, "rxtx_factor": 1.0, "swap": 0, "name": "ds2G", "id": "d3", "disk": 10, "os-flavor-access:is_public": true, "OS-FLV-EXT-DATA:ephemeral": 0}} {{(pid=103813) _process_stack /opt/stack/nova/nova/api/openstack/wsgi.py:511}}
Jun 20 11:46:53.132235 n-d-master-1 devstack@n-api.service[103813]: INFO nova.api.openstack.requestlog [None req-27d992d0-92e7-4794-bfa6-849a2b6c8289 admin admin] 10.222.0.27 "POST /compute/v2.1/flavors" status: 200 len: 404 microversion: 2.61 time: 0.084262
Jun 20 11:46:53.132235 n-d-master-1 devstack@n-api.service[103813]: [pid: 103813|app: 0|req: 8/14] 10.222.0.27 () {64 vars in 1282 bytes} [Mon Jun 20 11:46:53 2022] POST /compute/v2.1/flavors => generated 404 bytes in 86 msecs (HTTP/1.1 200) 9 headers in 359 bytes (1 switches on core 0)
Jun 20 11:46:53.142431 n-d-master-1 devstack@n-api.service[103812]: DEBUG nova.api.openstack.wsgi [None req-907e2b0c-12a2-457f-9ca7-904cc82ae763 admin admin] Action: 'create', calling method: >, body: {"extra_specs": {"hw_rng:allowed": "True"}} {{(pid=103812) _process_stack /opt/stack/nova/nova/api/openstack/wsgi.py:511}}
Jun 20 11:46:53.180762 n-d-master-1 devstack@n-api.service[103812]: INFO nova.api.openstack.requestlog [None req-907e2b0c-12a2-457f-9ca7-904cc82ae763 admin admin] 10.222.0.27 "POST /compute/v2.1/flavors/d3/os-extra_specs" status: 200 len: 43 microversion: 2.61 time: 0.039706
Jun 20 11:46:53.193234 n-d-master-1 devstack@n-api.service[103812]: [pid: 103812|app: 0|req: 7/15] 10.222.0.27 () {64 vars in 1335 bytes} [Mon Jun 20 11:46:53 2022] POST /compute/v2.1/flavors/d3/os-extra_specs => generated 43 bytes in 55 msecs (HTTP/1.1 200) 9 headers in 358 bytes (1 switches on core 0)
Jun 20 11:46:55.329301 n-d-master-1 devstack@n-api.service[103813]: DEBUG nova.api.openstack.wsgi [None req-27d992d0-92e7-4794-bfa6-849a2b6c8289 admin admin] Calling method '>' {{(pid=103813) _process_stack /opt/stack/nova/nova/api/openstack/wsgi.py:513}}
Jun 20 11:46:55.330313 n-d-master-1 devstack@n-api.service[103813]: INFO nova.api.openstack.requestlog [None req-27d992d0-92e7-4794-bfa6-849a2b6c8289 admin admin] 10.222.0.27 "GET /compute/v2.1" status: 200 len: 388 microversion: 2.1 time: 0.001521
Jun 20 11:46:55.330840 n-d-master-1 devstack@n-api.service[103813]: [pid: 103813|app: 0|req: 9/16] 10.222.0.27 () {54 vars in 930 bytes} [Mon Jun 20 11:46:55 2022] GET /compute/v2.1 => generated 388 bytes in 2 msecs (HTTP/1.1 200) 9 headers in 357 bytes (1 switches on core 0)
Jun 20 11:46:55.391809 n-d-master-1 devstack@n-api.service[103812]: DEBUG nova.api.openstack.wsgi [None req-a5cede8e-b65e-4189-a6d4-6caad0d648d3 admin admin] Action: 'create', calling method: >, body: {"flavor": {"name": "ds4G", "disk": 20, "ram": 4096, "vcpus": 4, "rxtx_factor": 1.0, "OS-FLV-EXT-DATA:ephemeral": 0, "swap": 0, "id": "d4", "os-flavor-access:is_public": true}} {{(pid=103812) _process_stack /opt/stack/nova/nova/api/openstack/wsgi.py:511}}
Jun 20 11:46:55.412503 n-d-master-1 devstack@n-api.service[103812]: INFO nova.api.openstack.requestlog [None req-a5cede8e-b65e-4189-a6d4-6caad0d648d3 admin admin] 10.222.0.27 "POST /compute/v2.1/flavors" status: 200 len: 404 microversion: 2.61 time: 0.075253
Jun 20 11:46:55.420864 n-d-master-1 devstack@n-api.service[103812]: [pid: 103812|app: 0|req: 8/17] 10.222.0.27 () {64 vars in 1282 bytes} [Mon Jun 20 11:46:55 2022] POST /compute/v2.1/flavors => generated 404 bytes in 84 msecs (HTTP/1.1 200) 9 headers in 359 bytes (1 switches on core 0)
Jun 20 11:46:55.425127 n-d-master-1 devstack@n-api.service[103813]: DEBUG nova.api.openstack.wsgi [None req-9238513b-0818-4d36-96e3-7425fc53ae97 admin admin] Action: 'create', calling method: >, body: {"extra_specs": {"hw_rng:allowed": "True"}} {{(pid=103813) _process_stack /opt/stack/nova/nova/api/openstack/wsgi.py:511}}
Jun 20 11:46:55.451541 n-d-master-1 devstack@n-api.service[103813]: INFO nova.api.openstack.requestlog [None req-9238513b-0818-4d36-96e3-7425fc53ae97 admin admin] 10.222.0.27 "POST /compute/v2.1/flavors/d4/os-extra_specs" status: 200 len: 43 microversion: 2.61 time: 0.029754
Jun 20 11:46:55.452148 n-d-master-1 devstack@n-api.service[103813]: [pid: 103813|app: 0|req: 10/18] 10.222.0.27 () {64 vars in 1335 bytes} [Mon Jun 20 11:46:55 2022] POST /compute/v2.1/flavors/d4/os-extra_specs => generated 43 bytes in 31 msecs (HTTP/1.1 200) 9 headers in 358 bytes (2 switches on core 0)
Jun 20 11:46:57.520111 n-d-master-1 devstack@n-api.service[103812]: DEBUG nova.api.openstack.wsgi [None req-a5cede8e-b65e-4189-a6d4-6caad0d648d3 admin admin] Calling method '>' {{(pid=103812) _process_stack /opt/stack/nova/nova/api/openstack/wsgi.py:513}}
Jun 20 11:46:57.521331 n-d-master-1 devstack@n-api.service[103812]: INFO nova.api.openstack.requestlog [None req-a5cede8e-b65e-4189-a6d4-6caad0d648d3 admin admin] 10.222.0.27 "GET /compute/v2.1" status: 200 len: 388 microversion: 2.1 time: 0.001721
Jun 20 11:46:57.521988 n-d-master-1 devstack@n-api.service[103812]: [pid: 103812|app: 0|req: 9/19] 10.222.0.27 () {54 vars in 930 bytes} [Mon Jun 20 11:46:57 2022] GET /compute/v2.1 => generated 388 bytes in 3 msecs (HTTP/1.1 200) 9 headers in 357 bytes (1 switches on core 0)
Jun 20 11:46:57.601807 n-d-master-1 devstack@n-api.service[103813]: DEBUG nova.api.openstack.wsgi [None req-57a24c9a-c6a1-4f5d-ab6a-f3bf8d422024 admin admin] Calling method '>' {{(pid=103813) _process_stack /opt/stack/nova/nova/api/openstack/wsgi.py:513}}
Jun 20 11:46:57.628379 n-d-master-1 devstack@n-api.service[103813]: INFO nova.api.openstack.requestlog [None req-57a24c9a-c6a1-4f5d-ab6a-f3bf8d422024 admin admin] 10.222.0.27 "GET /compute/v2.1/flavors/detail?is_public=True" status: 200 len: 2106 microversion: 2.61 time: 0.099816
Jun 20 11:46:57.629360 n-d-master-1 devstack@n-api.service[103813]: [pid: 103813|app: 0|req: 11/20] 10.222.0.27 () {60 vars in 1291 bytes} [Mon Jun 20 11:46:57 2022] GET /compute/v2.1/flavors/detail?is_public=True => generated 2106 bytes in 101 msecs (HTTP/1.1 200) 9 headers in 360 bytes (1 switches on core 0)
Jun 20 11:46:59.793466 n-d-master-1 devstack@n-api.service[103812]: DEBUG nova.api.openstack.wsgi [None req-a5cede8e-b65e-4189-a6d4-6caad0d648d3 admin admin] Calling method '>' {{(pid=103812) _process_stack /opt/stack/nova/nova/api/openstack/wsgi.py:513}}
Jun 20 11:46:59.794530 n-d-master-1 devstack@n-api.service[103812]: INFO nova.api.openstack.requestlog [None req-a5cede8e-b65e-4189-a6d4-6caad0d648d3 admin admin] 10.222.0.27 "GET /compute/v2.1" status: 200 len: 388 microversion: 2.1 time: 0.001515
Jun 20 11:46:59.794941 n-d-master-1 devstack@n-api.service[103812]: [pid: 103812|app: 0|req: 10/21] 10.222.0.27 () {54 vars in 930 bytes} [Mon Jun 20 11:46:59 2022] GET /compute/v2.1 => generated 388 bytes in 2 msecs (HTTP/1.1 200) 9 headers in 357 bytes (1 switches on core 0)
Jun 20 11:46:59.858121 n-d-master-1 devstack@n-api.service[103813]: DEBUG nova.api.openstack.wsgi [None req-ce344ba7-694b-41ce-aca2-618dce97ed38 admin admin] Action: 'create', calling method: >, body: {"flavor": {"name": "m1.tiny", "os-flavor-access:is_public": true, "ram": 512, "disk": 1, "swap": 0, "rxtx_factor": 1.0, "vcpus": 1, "id": "1", "OS-FLV-EXT-DATA:ephemeral": 0}} {{(pid=103813) _process_stack /opt/stack/nova/nova/api/openstack/wsgi.py:511}}
Jun 20 11:46:59.880782 n-d-master-1 devstack@n-api.service[103813]: INFO nova.api.openstack.requestlog [None req-ce344ba7-694b-41ce-aca2-618dce97ed38 admin admin] 10.222.0.27 "POST /compute/v2.1/flavors" status: 200 len: 402 microversion: 2.61 time: 0.079653
Jun 20 11:46:59.895187 n-d-master-1 devstack@n-api.service[103812]: DEBUG nova.api.openstack.wsgi [None req-965d0845-a98b-4976-a291-848c40222282 admin admin] Action: 'create', calling method: >, body: {"extra_specs": {"hw_rng:allowed": "True"}} {{(pid=103812) _process_stack /opt/stack/nova/nova/api/openstack/wsgi.py:511}}
Jun 20 11:46:59.900314 n-d-master-1 devstack@n-api.service[103813]: [pid: 103813|app: 0|req: 12/22] 10.222.0.27 () {64 vars in 1282 bytes} [Mon Jun 20 11:46:59 2022] POST /compute/v2.1/flavors => generated 402 bytes in 100 msecs (HTTP/1.1 200) 9 headers in 359 bytes (1 switches on core 0)
Jun 20 11:46:59.924572 n-d-master-1 devstack@n-api.service[103812]: INFO nova.api.openstack.requestlog [None req-965d0845-a98b-4976-a291-848c40222282 admin admin] 10.222.0.27 "POST /compute/v2.1/flavors/1/os-extra_specs" status: 200 len: 43 microversion: 2.61 time: 0.033393
Jun 20 11:46:59.925437 n-d-master-1 devstack@n-api.service[103812]: [pid: 103812|app: 0|req: 11/23] 10.222.0.27 () {64 vars in 1332 bytes} [Mon Jun 20 11:46:59 2022] POST /compute/v2.1/flavors/1/os-extra_specs => generated 43 bytes in 36 msecs (HTTP/1.1 200) 9 headers in 358 bytes (1 switches on core 0)
Jun 20 11:47:02.062518 n-d-master-1 devstack@n-api.service[103813]: DEBUG nova.api.openstack.wsgi [None req-ce344ba7-694b-41ce-aca2-618dce97ed38 admin admin] Calling method '>' {{(pid=103813) _process_stack /opt/stack/nova/nova/api/openstack/wsgi.py:513}}
Jun 20 11:47:02.064306 n-d-master-1 devstack@n-api.service[103813]: INFO nova.api.openstack.requestlog [None req-ce344ba7-694b-41ce-aca2-618dce97ed38 admin admin] 10.222.0.27 "GET /compute/v2.1" status: 200 len: 388 microversion: 2.1 time: 0.002189
Jun 20 11:47:02.075686 n-d-master-1 devstack@n-api.service[103813]: [pid: 103813|app: 0|req: 13/24] 10.222.0.27 () {54 vars in 930 bytes} [Mon Jun 20 11:47:02 2022] GET /compute/v2.1 => generated 388 bytes in 9 msecs (HTTP/1.1 200) 9 headers in 357 bytes (1 switches on core 0)
Jun 20 11:47:02.133292 n-d-master-1 devstack@n-api.service[103812]: DEBUG nova.api.openstack.wsgi [None req-bbda4695-1549-4185-b777-271cbcc915f6 admin admin] Action: 'create', calling method: >, body: {"flavor": {"ram": 2048, "OS-FLV-EXT-DATA:ephemeral": 0, "vcpus": 1, "swap": 0, "id": "2", "disk": 20, "rxtx_factor": 1.0, "name": "m1.small", "os-flavor-access:is_public": true}} {{(pid=103812) _process_stack /opt/stack/nova/nova/api/openstack/wsgi.py:511}}
Jun 20 11:47:02.155588 n-d-master-1 devstack@n-api.service[103812]: INFO nova.api.openstack.requestlog [None req-bbda4695-1549-4185-b777-271cbcc915f6 admin admin] 10.222.0.27 "POST /compute/v2.1/flavors" status: 200 len: 405 microversion: 2.61 time: 0.084060
Jun 20 11:47:02.156561 n-d-master-1 devstack@n-api.service[103812]: [pid: 103812|app: 0|req: 12/25] 10.222.0.27 () {64 vars in 1282 bytes} [Mon Jun 20 11:47:02 2022] POST /compute/v2.1/flavors => generated 405 bytes in 86 msecs (HTTP/1.1 200) 9 headers in 359 bytes (2 switches on core 0)
Jun 20 11:47:02.169330 n-d-master-1 devstack@n-api.service[103813]: DEBUG nova.api.openstack.wsgi [None req-e9861547-e718-477b-86ea-f5ecef0cba6b admin admin] Action: 'create', calling method: >, body: {"extra_specs": {"hw_rng:allowed": "True"}} {{(pid=103813) _process_stack /opt/stack/nova/nova/api/openstack/wsgi.py:511}}
Jun 20 11:47:02.200118 n-d-master-1 devstack@n-api.service[103813]: INFO nova.api.openstack.requestlog [None req-e9861547-e718-477b-86ea-f5ecef0cba6b admin admin] 10.222.0.27 "POST /compute/v2.1/flavors/2/os-extra_specs" status: 200 len: 43 microversion: 2.61 time: 0.034566
Jun 20 11:47:02.213425 n-d-master-1 devstack@n-api.service[103813]: [pid: 103813|app: 0|req: 14/26] 10.222.0.27 () {64 vars in 1332 bytes} [Mon Jun 20 11:47:02 2022] POST /compute/v2.1/flavors/2/os-extra_specs => generated 43 bytes in 48 msecs (HTTP/1.1 200) 9 headers in 358 bytes (1 switches on core 0)
Jun 20 11:47:04.374284 n-d-master-1 devstack@n-api.service[103812]: DEBUG nova.api.openstack.wsgi [None req-bbda4695-1549-4185-b777-271cbcc915f6 admin admin] Calling method '>' {{(pid=103812) _process_stack /opt/stack/nova/nova/api/openstack/wsgi.py:513}}
Jun 20 11:47:04.375424 n-d-master-1 devstack@n-api.service[103812]: INFO nova.api.openstack.requestlog [None req-bbda4695-1549-4185-b777-271cbcc915f6 admin admin] 10.222.0.27 "GET /compute/v2.1" status: 200 len: 388 microversion: 2.1 time: 0.001585
Jun 20 11:47:04.376132 n-d-master-1 devstack@n-api.service[103812]: [pid: 103812|app: 0|req: 13/27] 10.222.0.27 () {54 vars in 930 bytes} [Mon Jun 20 11:47:04 2022] GET /compute/v2.1 => generated 388 bytes in 3 msecs (HTTP/1.1 200) 9 headers in 357 bytes (1 switches on core 0)
Jun 20 11:47:04.444503 n-d-master-1 devstack@n-api.service[103813]: DEBUG nova.api.openstack.wsgi [None req-e43988ee-8baa-4124-8ec4-0eff1c0fd14b admin admin] Action: 'create', calling method: >, body: {"flavor": {"vcpus": 2, "name": "m1.medium", "os-flavor-access:is_public": true, "swap": 0, "id": "3", "rxtx_factor": 1.0, "disk": 40, "ram": 4096, "OS-FLV-EXT-DATA:ephemeral": 0}} {{(pid=103813) _process_stack /opt/stack/nova/nova/api/openstack/wsgi.py:511}}
Jun 20 11:47:04.465903 n-d-master-1 devstack@n-api.service[103813]: INFO nova.api.openstack.requestlog [None req-e43988ee-8baa-4124-8ec4-0eff1c0fd14b admin admin] 10.222.0.27 "POST /compute/v2.1/flavors" status: 200 len: 406 microversion: 2.61 time: 0.082083
Jun 20 11:47:04.466586 n-d-master-1 devstack@n-api.service[103813]: [pid: 103813|app: 0|req: 15/28] 10.222.0.27 () {64 vars in 1282 bytes} [Mon Jun 20 11:47:04 2022] POST /compute/v2.1/flavors => generated 406 bytes in 83 msecs (HTTP/1.1 200) 9 headers in 359 bytes (1 switches on core 0)
Jun 20 11:47:04.479963 n-d-master-1 devstack@n-api.service[103812]: DEBUG nova.api.openstack.wsgi [None req-accf989a-4406-48c1-bd60-491ef40adb4a admin admin] Action: 'create', calling method: >, body: {"extra_specs": {"hw_rng:allowed": "True"}} {{(pid=103812) _process_stack /opt/stack/nova/nova/api/openstack/wsgi.py:511}}
Jun 20 11:47:04.515352 n-d-master-1 devstack@n-api.service[103812]: INFO nova.api.openstack.requestlog [None req-accf989a-4406-48c1-bd60-491ef40adb4a admin admin] 10.222.0.27 "POST /compute/v2.1/flavors/3/os-extra_specs" status: 200 len: 43 microversion: 2.61 time: 0.038867
Jun 20 11:47:04.515589 n-d-master-1 devstack@n-api.service[103812]: [pid: 103812|app: 0|req: 14/29] 10.222.0.27 () {64 vars in 1332 bytes} [Mon Jun 20 11:47:04 2022] POST /compute/v2.1/flavors/3/os-extra_specs => generated 43 bytes in 40 msecs (HTTP/1.1 200) 9 headers in 358 bytes (2 switches on core 0)
Jun 20 11:47:06.872683 n-d-master-1 devstack@n-api.service[103813]: DEBUG nova.api.openstack.wsgi [None req-e43988ee-8baa-4124-8ec4-0eff1c0fd14b admin admin] Calling method '>' {{(pid=103813) _process_stack /opt/stack/nova/nova/api/openstack/wsgi.py:513}}
Jun 20 11:47:06.873806 n-d-master-1 devstack@n-api.service[103813]: INFO nova.api.openstack.requestlog [None req-e43988ee-8baa-4124-8ec4-0eff1c0fd14b admin admin] 10.222.0.27 "GET /compute/v2.1" status: 200 len: 388 microversion: 2.1 time: 0.001652
Jun 20 11:47:06.874246 n-d-master-1 devstack@n-api.service[103813]: [pid: 103813|app: 0|req: 16/30] 10.222.0.27 () {54 vars in 930 bytes} [Mon Jun 20 11:47:06 2022] GET /compute/v2.1 => generated 388 bytes in 3 msecs (HTTP/1.1 200) 9 headers in 357 bytes (1 switches on core 0)
Jun 20 11:47:06.933373 n-d-master-1 devstack@n-api.service[103812]: DEBUG nova.api.openstack.wsgi [None req-3045eb78-d467-41c0-a5b4-7aa73ee23e69 admin admin] Action: 'create', calling method: >, body: {"flavor": {"rxtx_factor": 1.0, "id": "4", "vcpus": 4, "ram": 8192, "swap": 0, "name": "m1.large", "OS-FLV-EXT-DATA:ephemeral": 0, "disk": 80, "os-flavor-access:is_public": true}} {{(pid=103812) _process_stack /opt/stack/nova/nova/api/openstack/wsgi.py:511}}
Jun 20 11:47:06.957080 n-d-master-1 devstack@n-api.service[103812]: INFO nova.api.openstack.requestlog [None req-3045eb78-d467-41c0-a5b4-7aa73ee23e69 admin admin] 10.222.0.27 "POST /compute/v2.1/flavors" status: 200 len: 405 microversion: 2.61 time: 0.075113
Jun 20 11:47:06.958148 n-d-master-1 devstack@n-api.service[103812]: [pid: 103812|app: 0|req: 15/31] 10.222.0.27 () {64 vars in 1282 bytes} [Mon Jun 20 11:47:06 2022] POST /compute/v2.1/flavors => generated 405 bytes in 78 msecs (HTTP/1.1 200) 9 headers in 359 bytes (1 switches on core 0)
Jun 20 11:47:06.971267 n-d-master-1 devstack@n-api.service[103813]: DEBUG nova.api.openstack.wsgi [None req-eb328a16-8ca9-4576-b566-59fd7d8ac1f3 admin admin] Action: 'create', calling method: >, body: {"extra_specs": {"hw_rng:allowed": "True"}} {{(pid=103813) _process_stack /opt/stack/nova/nova/api/openstack/wsgi.py:511}}
Jun 20 11:47:06.998246 n-d-master-1 devstack@n-api.service[103813]: INFO nova.api.openstack.requestlog [None req-eb328a16-8ca9-4576-b566-59fd7d8ac1f3 admin admin] 10.222.0.27 "POST /compute/v2.1/flavors/4/os-extra_specs" status: 200 len: 43 microversion: 2.61 time: 0.031020
Jun 20 11:47:06.999206 n-d-master-1 devstack@n-api.service[103813]: [pid: 103813|app: 0|req: 17/32] 10.222.0.27 () {64 vars in 1332 bytes} [Mon Jun 20 11:47:06 2022] POST /compute/v2.1/flavors/4/os-extra_specs => generated 43 bytes in 33 msecs (HTTP/1.1 200) 9 headers in 358 bytes (1 switches on core 0)
Jun 20 11:47:09.067156 n-d-master-1 devstack@n-api.service[103812]: DEBUG nova.api.openstack.wsgi [None req-3045eb78-d467-41c0-a5b4-7aa73ee23e69 admin admin] Calling method '>' {{(pid=103812) _process_stack /opt/stack/nova/nova/api/openstack/wsgi.py:513}}
Jun 20 11:47:09.068526 n-d-master-1 devstack@n-api.service[103812]: INFO nova.api.openstack.requestlog [None req-3045eb78-d467-41c0-a5b4-7aa73ee23e69 admin admin] 10.222.0.27 "GET /compute/v2.1" status: 200 len: 388 microversion: 2.1 time: 0.002978
Jun 20 11:47:09.069302 n-d-master-1 devstack@n-api.service[103812]: [pid: 103812|app: 0|req: 16/33] 10.222.0.27 () {54 vars in 930 bytes} [Mon Jun 20 11:47:09 2022] GET /compute/v2.1 => generated 388 bytes in 4 msecs (HTTP/1.1 200) 9 headers in 357 bytes (1 switches on core 0)
Jun 20 11:47:09.132112 n-d-master-1 devstack@n-api.service[103813]: DEBUG nova.api.openstack.wsgi [None req-d2107684-5982-469d-8443-7010c56c1fed admin admin] Action: 'create', calling method: >, body: {"flavor": {"OS-FLV-EXT-DATA:ephemeral": 0, "id": "5", "name": "m1.xlarge", "disk": 160, "ram": 16384, "vcpus": 8, "rxtx_factor": 1.0, "os-flavor-access:is_public": true, "swap": 0}} {{(pid=103813) _process_stack /opt/stack/nova/nova/api/openstack/wsgi.py:511}}
Jun 20 11:47:09.152085 n-d-master-1 devstack@n-api.service[103813]: INFO nova.api.openstack.requestlog [None req-d2107684-5982-469d-8443-7010c56c1fed admin admin] 10.222.0.27 "POST /compute/v2.1/flavors" status: 200 len: 408 microversion: 2.61 time: 0.076518
Jun 20 11:47:09.152684 n-d-master-1 devstack@n-api.service[103813]: [pid: 103813|app: 0|req: 18/34] 10.222.0.27 () {64 vars in 1282 bytes} [Mon Jun 20 11:47:09 2022] POST /compute/v2.1/flavors => generated 408 bytes in 78 msecs (HTTP/1.1 200) 9 headers in 359 bytes (1 switches on core 0)
Jun 20 11:47:09.165075 n-d-master-1 devstack@n-api.service[103812]: DEBUG nova.api.openstack.wsgi [None req-04a616d5-1bd5-4207-b237-1c1de0433fd3 admin admin] Action: 'create', calling method: >, body: {"extra_specs": {"hw_rng:allowed": "True"}} {{(pid=103812) _process_stack /opt/stack/nova/nova/api/openstack/wsgi.py:511}}
Jun 20 11:47:09.188536 n-d-master-1 devstack@n-api.service[103812]: INFO nova.api.openstack.requestlog [None req-04a616d5-1bd5-4207-b237-1c1de0433fd3 admin admin] 10.222.0.27 "POST /compute/v2.1/flavors/5/os-extra_specs" status: 200 len: 43 microversion: 2.61 time: 0.027139
Jun 20 11:47:09.189121 n-d-master-1 devstack@n-api.service[103812]: [pid: 103812|app: 0|req: 17/35] 10.222.0.27 () {64 vars in 1332 bytes} [Mon Jun 20 11:47:09 2022] POST /compute/v2.1/flavors/5/os-extra_specs => generated 43 bytes in 28 msecs (HTTP/1.1 200) 9 headers in 358 bytes (1 switches on core 0)
Jun 20 11:47:38.157558 n-d-master-1 devstack@n-api.service[103813]: DEBUG nova.api.openstack.wsgi [None req-d2107684-5982-469d-8443-7010c56c1fed admin admin] Calling method '>' {{(pid=103813) _process_stack /opt/stack/nova/nova/api/openstack/wsgi.py:513}}
Jun 20 11:47:38.158580 n-d-master-1 devstack@n-api.service[103813]: INFO nova.api.openstack.requestlog [None req-d2107684-5982-469d-8443-7010c56c1fed admin admin] 10.222.0.27 "GET /compute/v2.1" status: 200 len: 388 microversion: 2.1 time: 0.001468
Jun 20 11:47:38.158989 n-d-master-1 devstack@n-api.service[103813]: [pid: 103813|app: 0|req: 19/36] 10.222.0.27 () {54 vars in 930 bytes} [Mon Jun 20 11:47:38 2022] GET /compute/v2.1 => generated 388 bytes in 2 msecs (HTTP/1.1 200) 9 headers in 357 bytes (1 switches on core 0)
Jun 20 11:47:38.169560 n-d-master-1 devstack@n-api.service[103812]: DEBUG dbcounter [-] [103812] Writing DB stats nova_api:SELECT=47,nova_api:INSERT=10,nova_api:SAVEPOINT=5,nova_api:RELEASE=5 {{(pid=103812) stat_writer /usr/local/lib/python3.8/dist-packages/dbcounter.py:114}}
Jun 20 11:47:38.227790 n-d-master-1 devstack@n-api.service[103812]: DEBUG nova.api.openstack.wsgi [None req-01776de4-97ea-4879-9f8a-b6f1c6ea29bc admin admin] Calling method '>' {{(pid=103812) _process_stack /opt/stack/nova/nova/api/openstack/wsgi.py:513}}
Jun 20 11:47:38.248572 n-d-master-1 devstack@n-api.service[103812]: INFO nova.api.openstack.requestlog [None req-01776de4-97ea-4879-9f8a-b6f1c6ea29bc admin admin] 10.222.0.27 "GET /compute/v2.1/flavors/detail?is_public=True" status: 200 len: 4202 microversion: 2.61 time: 0.083564
Jun 20 11:47:38.249116 n-d-master-1 devstack@n-api.service[103812]: [pid: 103812|app: 0|req: 18/37] 10.222.0.27 () {60 vars in 1291 bytes} [Mon Jun 20 11:47:38 2022] GET /compute/v2.1/flavors/detail?is_public=True => generated 4202 bytes in 85 msecs (HTTP/1.1 200) 9 headers in 360 bytes (1 switches on core 0)
Jun 20 11:47:39.186386 n-d-master-1 devstack@n-api.service[103813]: DEBUG nova.api.openstack.wsgi [None req-d2107684-5982-469d-8443-7010c56c1fed admin admin] Calling method '>' {{(pid=103813) _process_stack /opt/stack/nova/nova/api/openstack/wsgi.py:513}}
Jun 20 11:47:39.187399 n-d-master-1 devstack@n-api.service[103813]: INFO nova.api.openstack.requestlog [None req-d2107684-5982-469d-8443-7010c56c1fed admin admin] 10.222.0.27 "GET /compute/v2.1" status: 200 len: 388 microversion: 2.1 time: 0.001439
Jun 20 11:47:39.187804 n-d-master-1 devstack@n-api.service[103813]: [pid: 103813|app: 0|req: 20/38] 10.222.0.27 () {56 vars in 1074 bytes} [Mon Jun 20 11:47:39 2022] GET /compute/v2.1 => generated 388 bytes in 2 msecs (HTTP/1.1 200) 9 headers in 357 bytes (1 switches on core 0)
Jun 20 11:47:39.408907 n-d-master-1 devstack@n-api.service[103812]: DEBUG nova.api.openstack.wsgi [None req-7d79d5f3-198e-40dd-9265-fd22b6022a2d admin admin] Calling method '>' {{(pid=103812) _process_stack /opt/stack/nova/nova/api/openstack/wsgi.py:513}}
Jun 20 11:47:39.415454 n-d-master-1 devstack@n-api.service[103812]: INFO nova.api.openstack.wsgi [None req-7d79d5f3-198e-40dd-9265-fd22b6022a2d admin admin] HTTP exception thrown: Flavor 42 could not be found.
Jun 20 11:47:39.418815 n-d-master-1 devstack@n-api.service[103812]: DEBUG nova.api.openstack.wsgi [None req-7d79d5f3-198e-40dd-9265-fd22b6022a2d admin admin] Request method failure captured:
Jun 20 11:47:39.418815 n-d-master-1 devstack@n-api.service[103812]: request: GET /compute/v2.1/flavors/42 HTTP/1.1
Jun 20 11:47:39.418815 n-d-master-1 devstack@n-api.service[103812]: Accept: application/json
Jun 20 11:47:39.418815 n-d-master-1 devstack@n-api.service[103812]: Accept-Encoding: gzip, deflate
Jun 20 11:47:39.418815 n-d-master-1 devstack@n-api.service[103812]: Connection: keep-alive
Jun 20 11:47:39.418815 n-d-master-1 devstack@n-api.service[103812]: Content-Length: 0
Jun 20 11:47:39.418815 n-d-master-1 devstack@n-api.service[103812]: Host: 10.222.0.27
Jun 20 11:47:39.418815 n-d-master-1 devstack@n-api.service[103812]: Openstack-Api-Version: compute 2.90
Jun 20 11:47:39.418815 n-d-master-1 devstack@n-api.service[103812]: Openstack-System-Scope: None
Jun 20 11:47:39.418815 n-d-master-1 devstack@n-api.service[103812]: User-Agent: python-novaclient
Jun 20 11:47:39.418815 n-d-master-1 devstack@n-api.service[103812]: X-Auth-Token: gAAAAABisF5bYyDefv5MXIJ2jtPx2InMxGhT6d6OdoGKLtQJMwtw1IrEXuvho-_uhey1Bnua3fHT_xdTvKqWWj9DLvoNazm-07Kdotpul5hqIq3xzprYd4ZDwZHrmB644I4NE3K1SyCItCu1x_7FzivmXu1FBSULzRpM-yBSlXZYNKyZCvXLBEc
Jun 20 11:47:39.418815 n-d-master-1 devstack@n-api.service[103812]: X-Domain-Id: None
Jun 20 11:47:39.418815 n-d-master-1 devstack@n-api.service[103812]: X-Domain-Name: None
Jun 20 11:47:39.418815 n-d-master-1 devstack@n-api.service[103812]: X-Identity-Status: Confirmed
Jun 20 11:47:39.418815 n-d-master-1 devstack@n-api.service[103812]: X-Is-Admin-Project: True
Jun 20 11:47:39.418815 n-d-master-1 devstack@n-api.service[103812]: X-Openstack-Nova-Api-Version: 2.90
Jun 20 11:47:39.418815 n-d-master-1 devstack@n-api.service[103812]: X-Project-Domain-Id: default
Jun 20 11:47:39.418815 n-d-master-1 devstack@n-api.service[103812]: X-Project-Domain-Name: Default
Jun 20 11:47:39.418815 n-d-master-1 devstack@n-api.service[103812]: X-Project-Id: 4044d4df3d7546b881ed6ef4dde8e5c5
Jun 20 11:47:39.418815 n-d-master-1 devstack@n-api.service[103812]: X-Project-Name: admin
Jun 20 11:47:39.418815 n-d-master-1 devstack@n-api.service[103812]: X-Role: reader,member,admin
Jun 20 11:47:39.418815 n-d-master-1 devstack@n-api.service[103812]: X-Roles: reader,member,admin
