May 23 13:10:33.322061 n-d-master-1 devstack@placement-api.service[105748]: INFO placement.requestlog [req-b704d474-46d7-47f8-9750-26236856f006 req-45fb822d-8129-4fb6-9246-4216289e0678 service placement] 10.222.0.11 "GET /placement/allocations/b1c6f4f8-a2cb-4289-bf81-c64e1779d395" status: 200 len: 259 microversion: 1.28
May 23 13:10:33.322722 n-d-master-1 devstack@placement-api.service[105748]: [pid: 105748|app: 0|req: 123/243] 10.222.0.11 () {60 vars in 1377 bytes} [Mon May 23 13:10:33 2022] GET /placement/allocations/b1c6f4f8-a2cb-4289-bf81-c64e1779d395 => generated 259 bytes in 24 msecs (HTTP/1.1 200) 8 headers in 296 bytes (1 switches on core 0)
May 23 13:10:33.490699 n-d-master-1 devstack@placement-api.service[105747]: DEBUG placement.requestlog [req-ecea6275-368d-4629-a86c-f0d64edcde32 req-62518d42-c852-44c7-a74f-324e8d757d10 None None] Starting request: 10.222.0.47 "GET /placement/allocation_candidates?limit=1000&resources=DISK_GB%3A2%2CMEMORY_MB%3A1024%2CVCPU%3A1&root_required=%21COMPUTE_STATUS_DISABLED" {{(pid=105747) __call__ /opt/stack/placement/placement/requestlog.py:55}}
May 23 13:10:33.544133 n-d-master-1 devstack@placement-api.service[105747]: DEBUG placement.objects.research_context [req-ecea6275-368d-4629-a86c-f0d64edcde32 req-62518d42-c852-44c7-a74f-324e8d757d10 service placement] getting providers with 2 DISK_GB {{(pid=105747) __init__ /opt/stack/placement/placement/objects/research_context.py:136}}
May 23 13:10:33.552921 n-d-master-1 devstack@placement-api.service[105747]: DEBUG placement.objects.research_context [req-ecea6275-368d-4629-a86c-f0d64edcde32 req-62518d42-c852-44c7-a74f-324e8d757d10 service placement] getting providers with 1024 MEMORY_MB {{(pid=105747) __init__ /opt/stack/placement/placement/objects/research_context.py:136}}
May 23 13:10:33.559836 n-d-master-1 devstack@placement-api.service[105747]: DEBUG placement.objects.research_context [req-ecea6275-368d-4629-a86c-f0d64edcde32 req-62518d42-c852-44c7-a74f-324e8d757d10 service placement] getting providers with 1 VCPU {{(pid=105747) __init__ /opt/stack/placement/placement/objects/research_context.py:136}}
May 23 13:10:33.567566 n-d-master-1 devstack@placement-api.service[105747]: DEBUG placement.objects.research_context [req-ecea6275-368d-4629-a86c-f0d64edcde32 req-62518d42-c852-44c7-a74f-324e8d757d10 service placement] found 2 providers with available 2 DISK_GB {{(pid=105747) get_provider_ids_matching /opt/stack/placement/placement/objects/research_context.py:563}}
May 23 13:10:33.568161 n-d-master-1 devstack@placement-api.service[105747]: DEBUG placement.objects.research_context [req-ecea6275-368d-4629-a86c-f0d64edcde32 req-62518d42-c852-44c7-a74f-324e8d757d10 service placement] found 2 providers with available 1024 MEMORY_MB {{(pid=105747) get_provider_ids_matching /opt/stack/placement/placement/objects/research_context.py:563}}
May 23 13:10:33.568645 n-d-master-1 devstack@placement-api.service[105747]: DEBUG placement.objects.research_context [req-ecea6275-368d-4629-a86c-f0d64edcde32 req-62518d42-c852-44c7-a74f-324e8d757d10 service placement] found 2 providers after filtering by previous result {{(pid=105747) get_provider_ids_matching /opt/stack/placement/placement/objects/research_context.py:594}}
May 23 13:10:33.569334 n-d-master-1 devstack@placement-api.service[105747]: DEBUG placement.objects.research_context [req-ecea6275-368d-4629-a86c-f0d64edcde32 req-62518d42-c852-44c7-a74f-324e8d757d10 service placement] found 2 providers with available 1 VCPU {{(pid=105747) get_provider_ids_matching /opt/stack/placement/placement/objects/research_context.py:563}}
May 23 13:10:33.570972 n-d-master-1 devstack@placement-api.service[105747]: DEBUG placement.objects.research_context [req-ecea6275-368d-4629-a86c-f0d64edcde32 req-62518d42-c852-44c7-a74f-324e8d757d10 service placement] found 2 providers after filtering by previous result {{(pid=105747) get_provider_ids_matching /opt/stack/placement/placement/objects/research_context.py:594}}
May 23 13:10:33.597654 n-d-master-1 devstack@placement-api.service[105747]: DEBUG placement.objects.allocation_candidate [req-ecea6275-368d-4629-a86c-f0d64edcde32 req-62518d42-c852-44c7-a74f-324e8d757d10 service placement] RequestGroup(use_same_provider=False, resources={DISK_GB:2, MEMORY_MB:1024, VCPU:1}, traits=(), aggregates=[]) (suffix '') returned 2 matches {{(pid=105747) _get_by_requests /opt/stack/placement/placement/objects/allocation_candidate.py:156}}
May 23 13:10:33.598283 n-d-master-1 devstack@placement-api.service[105747]: DEBUG placement.objects.allocation_candidate [req-ecea6275-368d-4629-a86c-f0d64edcde32 req-62518d42-c852-44c7-a74f-324e8d757d10 service placement] Merging candidates yields 2 allocation requests and 2 provider summaries {{(pid=105747) _merge_candidates /opt/stack/placement/placement/objects/allocation_candidate.py:809}}
May 23 13:10:33.600454 n-d-master-1 devstack@placement-api.service[105747]: INFO placement.requestlog [req-ecea6275-368d-4629-a86c-f0d64edcde32 req-62518d42-c852-44c7-a74f-324e8d757d10 service placement] 10.222.0.47 "GET /placement/allocation_candidates?limit=1000&resources=DISK_GB%3A2%2CMEMORY_MB%3A1024%2CVCPU%3A1&root_required=%21COMPUTE_STATUS_DISABLED" status: 200 len: 1309 microversion: 1.36
May 23 13:10:33.601457 n-d-master-1 devstack@placement-api.service[105747]: [pid: 105747|app: 0|req: 121/244] 10.222.0.47 () {60 vars in 1506 bytes} [Mon May 23 13:10:33 2022] GET /placement/allocation_candidates?limit=1000&resources=DISK_GB%3A2%2CMEMORY_MB%3A1024%2CVCPU%3A1&root_required=%21COMPUTE_STATUS_DISABLED => generated 1309 bytes in 111 msecs (HTTP/1.1 200) 8 headers in 297 bytes (1 switches on core 0)
May 23 13:10:33.779573 n-d-master-1 devstack@placement-api.service[105748]: DEBUG placement.requestlog [req-ecea6275-368d-4629-a86c-f0d64edcde32 req-37c4578f-b135-40df-9c6b-a12af25f0e03 None None] Starting request: 10.222.0.47 "GET /placement/allocations/f0233e81-f5ea-43d8-b5bf-f3219f65aeb6" {{(pid=105748) __call__ /opt/stack/placement/placement/requestlog.py:55}}
May 23 13:10:33.793072 n-d-master-1 devstack@placement-api.service[105748]: INFO placement.requestlog [req-ecea6275-368d-4629-a86c-f0d64edcde32 req-37c4578f-b135-40df-9c6b-a12af25f0e03 service placement] 10.222.0.47 "GET /placement/allocations/f0233e81-f5ea-43d8-b5bf-f3219f65aeb6" status: 200 len: 19 microversion: 1.28
May 23 13:10:33.794005 n-d-master-1 devstack@placement-api.service[105748]: [pid: 105748|app: 0|req: 124/245] 10.222.0.47 () {60 vars in 1380 bytes} [Mon May 23 13:10:33 2022] GET /placement/allocations/f0233e81-f5ea-43d8-b5bf-f3219f65aeb6 => generated 19 bytes in 15 msecs (HTTP/1.1 200) 8 headers in 295 bytes (1 switches on core 0)
May 23 13:10:33.799785 n-d-master-1 devstack@placement-api.service[105747]: DEBUG placement.requestlog [req-ecea6275-368d-4629-a86c-f0d64edcde32 req-bed0f08a-1a66-45b9-a1de-154408d6e94d None None] Starting request: 10.222.0.47 "PUT /placement/allocations/f0233e81-f5ea-43d8-b5bf-f3219f65aeb6" {{(pid=105747) __call__ /opt/stack/placement/placement/requestlog.py:55}}
May 23 13:10:33.916971 n-d-master-1 devstack@placement-api.service[105747]: DEBUG placement.handlers.allocation [req-ecea6275-368d-4629-a86c-f0d64edcde32 req-bed0f08a-1a66-45b9-a1de-154408d6e94d service placement] Successfully wrote allocations [, , ] {{(pid=105747) _update_consumers_and_create_allocations /opt/stack/placement/placement/handlers/allocation.py:462}}
May 23 13:10:34.038755 n-d-master-1 devstack@placement-api.service[105747]: INFO placement.requestlog [req-ecea6275-368d-4629-a86c-f0d64edcde32 req-bed0f08a-1a66-45b9-a1de-154408d6e94d service placement] 10.222.0.47 "PUT /placement/allocations/f0233e81-f5ea-43d8-b5bf-f3219f65aeb6" status: 204 len: 0 microversion: 1.36
May 23 13:10:34.039637 n-d-master-1 devstack@placement-api.service[105747]: [pid: 105747|app: 0|req: 122/246] 10.222.0.47 () {64 vars in 1433 bytes} [Mon May 23 13:10:33 2022] PUT /placement/allocations/f0233e81-f5ea-43d8-b5bf-f3219f65aeb6 => generated 0 bytes in 240 msecs (HTTP/1.1 204) 5 headers in 199 bytes (1 switches on core 0)
May 23 13:10:34.994276 n-d-master-1 devstack@placement-api.service[105748]: DEBUG placement.requestlog [req-b704d474-46d7-47f8-9750-26236856f006 req-5e5ccd1e-4d75-4836-922a-886cc1567f80 None None] Starting request: 10.222.0.48 "GET /placement/allocations/3ae73bfc-ce67-4a62-9935-3c6648f85f18" {{(pid=105748) __call__ /opt/stack/placement/placement/requestlog.py:55}}
May 23 13:10:34.994814 n-d-master-1 devstack@placement-api.service[105747]: DEBUG placement.requestlog [req-3f27667a-33f6-4818-94a3-1d478ad2fb69 req-db75175f-0946-40e0-a91d-586f4a135b92 None None] Starting request: 10.222.0.48 "DELETE /placement/allocations/6d9a708e-16f1-4d55-b1c4-f9a4bea128c3" {{(pid=105747) __call__ /opt/stack/placement/placement/requestlog.py:55}}
May 23 13:10:35.024548 n-d-master-1 devstack@placement-api.service[105748]: INFO placement.requestlog [req-b704d474-46d7-47f8-9750-26236856f006 req-5e5ccd1e-4d75-4836-922a-886cc1567f80 service placement] 10.222.0.48 "GET /placement/allocations/3ae73bfc-ce67-4a62-9935-3c6648f85f18" status: 200 len: 259 microversion: 1.28
May 23 13:10:35.025432 n-d-master-1 devstack@placement-api.service[105748]: [pid: 105748|app: 0|req: 125/247] 10.222.0.48 () {60 vars in 1377 bytes} [Mon May 23 13:10:34 2022] GET /placement/allocations/3ae73bfc-ce67-4a62-9935-3c6648f85f18 => generated 259 bytes in 31 msecs (HTTP/1.1 200) 8 headers in 296 bytes (1 switches on core 0)
May 23 13:10:35.604671 n-d-master-1 devstack@placement-api.service[105747]: DEBUG placement.handlers.allocation [req-3f27667a-33f6-4818-94a3-1d478ad2fb69 req-db75175f-0946-40e0-a91d-586f4a135b92 service placement] Successfully deleted allocations [, , ] {{(pid=105747) delete_allocations /opt/stack/placement/placement/handlers/allocation.py:627}}
May 23 13:10:35.604671 n-d-master-1 devstack@placement-api.service[105747]: INFO placement.requestlog [req-3f27667a-33f6-4818-94a3-1d478ad2fb69 req-db75175f-0946-40e0-a91d-586f4a135b92 service placement] 10.222.0.48 "DELETE /placement/allocations/6d9a708e-16f1-4d55-b1c4-f9a4bea128c3" status: 204 len: 0 microversion: 1.0
May 23 13:10:35.604671 n-d-master-1 devstack@placement-api.service[105747]: [pid: 105747|app: 0|req: 123/248] 10.222.0.48 () {60 vars in 1355 bytes} [Mon May 23 13:10:34 2022] DELETE /placement/allocations/6d9a708e-16f1-4d55-b1c4-f9a4bea128c3 => generated 0 bytes in 593 msecs (HTTP/1.1 204) 5 headers in 198 bytes (1 switches on core 0)
May 23 13:10:36.096827 n-d-master-1 devstack@placement-api.service[105748]: DEBUG placement.requestlog [req-ecea6275-368d-4629-a86c-f0d64edcde32 req-60602c1e-0803-47e2-a114-cfa00abd2643 None None] Starting request: 10.222.0.11 "GET /placement/allocations/f0233e81-f5ea-43d8-b5bf-f3219f65aeb6" {{(pid=105748) __call__ /opt/stack/placement/placement/requestlog.py:55}}
May 23 13:10:36.131613 n-d-master-1 devstack@placement-api.service[105748]: INFO placement.requestlog [req-ecea6275-368d-4629-a86c-f0d64edcde32 req-60602c1e-0803-47e2-a114-cfa00abd2643 service placement] 10.222.0.11 "GET /placement/allocations/f0233e81-f5ea-43d8-b5bf-f3219f65aeb6" status: 200 len: 259 microversion: 1.28
May 23 13:10:36.132306 n-d-master-1 devstack@placement-api.service[105748]: [pid: 105748|app: 0|req: 126/249] 10.222.0.11 () {60 vars in 1377 bytes} [Mon May 23 13:10:36 2022] GET /placement/allocations/f0233e81-f5ea-43d8-b5bf-f3219f65aeb6 => generated 259 bytes in 36 msecs (HTTP/1.1 200) 8 headers in 296 bytes (1 switches on core 0)
May 23 13:10:36.704881 n-d-master-1 devstack@placement-api.service[105747]: DEBUG placement.requestlog [req-f93bd3ca-dc72-46fe-bd5e-2d1cb5ed32c2 req-846c034c-f004-4058-8b94-ce56a9ffaee4 None None] Starting request: 10.222.0.11 "DELETE /placement/allocations/dfdebab7-17cf-4d6a-b173-708683d652b1" {{(pid=105747) __call__ /opt/stack/placement/placement/requestlog.py:55}}
May 23 13:10:36.911944 n-d-master-1 devstack@placement-api.service[105747]: DEBUG placement.handlers.allocation [req-f93bd3ca-dc72-46fe-bd5e-2d1cb5ed32c2 req-846c034c-f004-4058-8b94-ce56a9ffaee4 service placement] Successfully deleted allocations [, , ] {{(pid=105747) delete_allocations /opt/stack/placement/placement/handlers/allocation.py:627}}
May 23 13:10:36.913298 n-d-master-1 devstack@placement-api.service[105747]: INFO placement.requestlog [req-f93bd3ca-dc72-46fe-bd5e-2d1cb5ed32c2 req-846c034c-f004-4058-8b94-ce56a9ffaee4 service placement] 10.222.0.11 "DELETE /placement/allocations/dfdebab7-17cf-4d6a-b173-708683d652b1" status: 204 len: 0 microversion: 1.0
May 23 13:10:36.914678 n-d-master-1 devstack@placement-api.service[105747]: [pid: 105747|app: 0|req: 124/250] 10.222.0.11 () {60 vars in 1355 bytes} [Mon May 23 13:10:36 2022] DELETE /placement/allocations/dfdebab7-17cf-4d6a-b173-708683d652b1 => generated 0 bytes in 210 msecs (HTTP/1.1 204) 5 headers in 198 bytes (1 switches on core 0)
May 23 13:10:38.797409 n-d-master-1 devstack@placement-api.service[105748]: DEBUG placement.requestlog [req-6cc0c28c-bd82-4e2f-9dee-3bef610576d1 req-99322010-2ba4-4936-af96-7f05104c78e8 None None] Starting request: 10.222.0.48 "DELETE /placement/allocations/2cbde2dd-accb-4dbb-96e5-5ce4df5b0ac5" {{(pid=105748) __call__ /opt/stack/placement/placement/requestlog.py:55}}
May 23 13:10:38.967996 n-d-master-1 devstack@placement-api.service[105748]: DEBUG placement.handlers.allocation [req-6cc0c28c-bd82-4e2f-9dee-3bef610576d1 req-99322010-2ba4-4936-af96-7f05104c78e8 service placement] Successfully deleted allocations [, , ] {{(pid=105748) delete_allocations /opt/stack/placement/placement/handlers/allocation.py:627}}
May 23 13:10:38.968722 n-d-master-1 devstack@placement-api.service[105748]: INFO placement.requestlog [req-6cc0c28c-bd82-4e2f-9dee-3bef610576d1 req-99322010-2ba4-4936-af96-7f05104c78e8 service placement] 10.222.0.48 "DELETE /placement/allocations/2cbde2dd-accb-4dbb-96e5-5ce4df5b0ac5" status: 204 len: 0 microversion: 1.0
May 23 13:10:38.970030 n-d-master-1 devstack@placement-api.service[105748]: [pid: 105748|app: 0|req: 127/251] 10.222.0.48 () {60 vars in 1355 bytes} [Mon May 23 13:10:38 2022] DELETE /placement/allocations/2cbde2dd-accb-4dbb-96e5-5ce4df5b0ac5 => generated 0 bytes in 174 msecs (HTTP/1.1 204) 5 headers in 198 bytes (1 switches on core 0)
May 23 13:10:40.959583 n-d-master-1 devstack@placement-api.service[105747]: DEBUG placement.requestlog [None req-6b8b71b3-8624-487f-a945-ff48b6794476 None None] Starting request: 10.222.0.47 "GET /placement/" {{(pid=105747) __call__ /opt/stack/placement/placement/requestlog.py:55}}
May 23 13:10:40.960542 n-d-master-1 devstack@placement-api.service[105747]: INFO placement.requestlog [None req-6b8b71b3-8624-487f-a945-ff48b6794476 None None] 10.222.0.47 "GET /placement/" status: 200 len: 136 microversion: 1.0
May 23 13:10:40.961049 n-d-master-1 devstack@placement-api.service[105747]: [pid: 105747|app: 0|req: 125/252] 10.222.0.47 () {54 vars in 916 bytes} [Mon May 23 13:10:40 2022] GET /placement => generated 136 bytes in 2 msecs (HTTP/1.1 200) 6 headers in 224 bytes (1 switches on core 0)
May 23 13:10:40.973419 n-d-master-1 devstack@placement-api.service[105748]: DEBUG placement.requestlog [req-a5752b82-51db-4b96-bfaf-d26529590640 req-edd1ab41-a541-42fa-be30-2d075cb9a622 None None] Starting request: 10.222.0.47 "GET /placement/allocations/fbdc2da3-24ce-49e6-90ee-103fe96ad8b7" {{(pid=105748) __call__ /opt/stack/placement/placement/requestlog.py:55}}
May 23 13:10:41.116187 n-d-master-1 devstack@placement-api.service[105748]: INFO placement.requestlog [req-a5752b82-51db-4b96-bfaf-d26529590640 req-edd1ab41-a541-42fa-be30-2d075cb9a622 service placement] 10.222.0.47 "GET /placement/allocations/fbdc2da3-24ce-49e6-90ee-103fe96ad8b7" status: 200 len: 259 microversion: 1.28
May 23 13:10:41.121679 n-d-master-1 devstack@placement-api.service[105748]: [pid: 105748|app: 0|req: 128/253] 10.222.0.47 () {60 vars in 1380 bytes} [Mon May 23 13:10:40 2022] GET /placement/allocations/fbdc2da3-24ce-49e6-90ee-103fe96ad8b7 => generated 259 bytes in 148 msecs (HTTP/1.1 200) 8 headers in 296 bytes (1 switches on core 0)
May 23 13:10:41.123846 n-d-master-1 devstack@placement-api.service[105747]: DEBUG placement.requestlog [req-a5752b82-51db-4b96-bfaf-d26529590640 req-bbdc5276-f71c-4dc3-bdd5-d51467af5d9f None None] Starting request: 10.222.0.47 "GET /placement/allocations/fbdc2da3-24ce-49e6-90ee-103fe96ad8b7" {{(pid=105747) __call__ /opt/stack/placement/placement/requestlog.py:55}}
May 23 13:10:41.141153 n-d-master-1 devstack@placement-api.service[105747]: INFO placement.requestlog [req-a5752b82-51db-4b96-bfaf-d26529590640 req-bbdc5276-f71c-4dc3-bdd5-d51467af5d9f service placement] 10.222.0.47 "GET /placement/allocations/fbdc2da3-24ce-49e6-90ee-103fe96ad8b7" status: 200 len: 259 microversion: 1.28
May 23 13:10:41.152182 n-d-master-1 devstack@placement-api.service[105748]: DEBUG placement.requestlog [req-a5752b82-51db-4b96-bfaf-d26529590640 req-0cda7d62-2589-46eb-adf4-ed6593a3c838 None None] Starting request: 10.222.0.47 "GET /placement/allocations/5a550ce6-806b-4dbb-b2cb-37c401c932cb" {{(pid=105748) __call__ /opt/stack/placement/placement/requestlog.py:55}}
May 23 13:10:41.161580 n-d-master-1 devstack@placement-api.service[105747]: [pid: 105747|app: 0|req: 126/254] 10.222.0.47 () {60 vars in 1380 bytes} [Mon May 23 13:10:41 2022] GET /placement/allocations/fbdc2da3-24ce-49e6-90ee-103fe96ad8b7 => generated 259 bytes in 37 msecs (HTTP/1.1 200) 8 headers in 296 bytes (1 switches on core 0)
May 23 13:10:41.164783 n-d-master-1 devstack@placement-api.service[105748]: INFO placement.requestlog [req-a5752b82-51db-4b96-bfaf-d26529590640 req-0cda7d62-2589-46eb-adf4-ed6593a3c838 service placement] 10.222.0.47 "GET /placement/allocations/5a550ce6-806b-4dbb-b2cb-37c401c932cb" status: 200 len: 19 microversion: 1.28
May 23 13:10:41.171530 n-d-master-1 devstack@placement-api.service[105747]: DEBUG placement.requestlog [req-a5752b82-51db-4b96-bfaf-d26529590640 req-b297ce42-2681-48ec-8ed4-592d0198ba97 None None] Starting request: 10.222.0.47 "POST /placement/allocations" {{(pid=105747) __call__ /opt/stack/placement/placement/requestlog.py:55}}
May 23 13:10:41.175761 n-d-master-1 devstack@placement-api.service[105748]: [pid: 105748|app: 0|req: 129/255] 10.222.0.47 () {60 vars in 1380 bytes} [Mon May 23 13:10:41 2022] GET /placement/allocations/5a550ce6-806b-4dbb-b2cb-37c401c932cb => generated 19 bytes in 21 msecs (HTTP/1.1 200) 8 headers in 295 bytes (2 switches on core 0)
May 23 13:10:41.201565 n-d-master-1 devstack@placement-api.service[105747]: DEBUG dbcounter [-] [105747] Writing DB stats placement:SELECT=72,placement:INSERT=12,placement:DELETE=10,placement:UPDATE=6 {{(pid=105747) stat_writer /usr/local/lib/python3.8/dist-packages/dbcounter.py:114}}
May 23 13:10:41.364026 n-d-master-1 devstack@placement-api.service[105747]: DEBUG placement.handlers.allocation [req-a5752b82-51db-4b96-bfaf-d26529590640 req-b297ce42-2681-48ec-8ed4-592d0198ba97 service placement] Successfully wrote allocations [, , , , , ] {{(pid=105747) _update_consumers_and_create_allocations /opt/stack/placement/placement/handlers/allocation.py:572}}
May 23 13:10:41.449510 n-d-master-1 devstack@placement-api.service[105747]: INFO placement.requestlog [req-a5752b82-51db-4b96-bfaf-d26529590640 req-b297ce42-2681-48ec-8ed4-592d0198ba97 service placement] 10.222.0.47 "POST /placement/allocations" status: 204 len: 0 microversion: 1.28
May 23 13:10:41.450507 n-d-master-1 devstack@placement-api.service[105747]: [pid: 105747|app: 0|req: 127/256] 10.222.0.47 () {64 vars in 1323 bytes} [Mon May 23 13:10:41 2022] POST /placement/allocations => generated 0 bytes in 279 msecs (HTTP/1.1 204) 5 headers in 199 bytes (1 switches on core 0)
May 23 13:10:41.592849 n-d-master-1 devstack@placement-api.service[105748]: DEBUG placement.requestlog [req-a5752b82-51db-4b96-bfaf-d26529590640 req-efce6083-fc45-4cd8-9b98-eeceda9153c9 None None] Starting request: 10.222.0.47 "GET /placement/allocation_candidates?limit=1000&resources=DISK_GB%3A1%2CMEMORY_MB%3A512%2CVCPU%3A1&root_required=%21COMPUTE_STATUS_DISABLED" {{(pid=105748) __call__ /opt/stack/placement/placement/requestlog.py:55}}
May 23 13:10:41.666936 n-d-master-1 devstack@placement-api.service[105748]: DEBUG placement.objects.research_context [req-a5752b82-51db-4b96-bfaf-d26529590640 req-efce6083-fc45-4cd8-9b98-eeceda9153c9 service placement] getting providers with 1 DISK_GB {{(pid=105748) __init__ /opt/stack/placement/placement/objects/research_context.py:136}}
May 23 13:10:41.686741 n-d-master-1 devstack@placement-api.service[105748]: DEBUG placement.objects.research_context [req-a5752b82-51db-4b96-bfaf-d26529590640 req-efce6083-fc45-4cd8-9b98-eeceda9153c9 service placement] getting providers with 512 MEMORY_MB {{(pid=105748) __init__ /opt/stack/placement/placement/objects/research_context.py:136}}
May 23 13:10:41.692505 n-d-master-1 devstack@placement-api.service[105748]: DEBUG dbcounter [-] [105748] Writing DB stats placement:SELECT=92,placement:DELETE=6,placement:UPDATE=2 {{(pid=105748) stat_writer /usr/local/lib/python3.8/dist-packages/dbcounter.py:114}}
May 23 13:10:41.693834 n-d-master-1 devstack@placement-api.service[105748]: DEBUG placement.objects.research_context [req-a5752b82-51db-4b96-bfaf-d26529590640 req-efce6083-fc45-4cd8-9b98-eeceda9153c9 service placement] getting providers with 1 VCPU {{(pid=105748) __init__ /opt/stack/placement/placement/objects/research_context.py:136}}
May 23 13:10:41.700566 n-d-master-1 devstack@placement-api.service[105748]: DEBUG placement.objects.research_context [req-a5752b82-51db-4b96-bfaf-d26529590640 req-efce6083-fc45-4cd8-9b98-eeceda9153c9 service placement] found 2 providers with available 1 DISK_GB {{(pid=105748) get_provider_ids_matching /opt/stack/placement/placement/objects/research_context.py:563}}
May 23 13:10:41.702228 n-d-master-1 devstack@placement-api.service[105748]: DEBUG placement.objects.research_context [req-a5752b82-51db-4b96-bfaf-d26529590640 req-efce6083-fc45-4cd8-9b98-eeceda9153c9 service placement] found 2 providers with available 512 MEMORY_MB {{(pid=105748) get_provider_ids_matching /opt/stack/placement/placement/objects/research_context.py:563}}
May 23 13:10:41.702228 n-d-master-1 devstack@placement-api.service[105748]: DEBUG placement.objects.research_context [req-a5752b82-51db-4b96-bfaf-d26529590640 req-efce6083-fc45-4cd8-9b98-eeceda9153c9 service placement] found 2 providers after filtering by previous result {{(pid=105748) get_provider_ids_matching /opt/stack/placement/placement/objects/research_context.py:594}}
May 23 13:10:41.702228 n-d-master-1 devstack@placement-api.service[105748]: DEBUG placement.objects.research_context [req-a5752b82-51db-4b96-bfaf-d26529590640 req-efce6083-fc45-4cd8-9b98-eeceda9153c9 service placement] found 2 providers with available 1 VCPU {{(pid=105748) get_provider_ids_matching /opt/stack/placement/placement/objects/research_context.py:563}}
May 23 13:10:41.702228 n-d-master-1 devstack@placement-api.service[105748]: DEBUG placement.objects.research_context [req-a5752b82-51db-4b96-bfaf-d26529590640 req-efce6083-fc45-4cd8-9b98-eeceda9153c9 service placement] found 2 providers after filtering by previous result {{(pid=105748) get_provider_ids_matching /opt/stack/placement/placement/objects/research_context.py:594}}
May 23 13:10:41.731961 n-d-master-1 devstack@placement-api.service[105748]: DEBUG placement.objects.allocation_candidate [req-a5752b82-51db-4b96-bfaf-d26529590640 req-efce6083-fc45-4cd8-9b98-eeceda9153c9 service placement] RequestGroup(use_same_provider=False, resources={DISK_GB:1, MEMORY_MB:512, VCPU:1}, traits=(), aggregates=[]) (suffix '') returned 2 matches {{(pid=105748) _get_by_requests /opt/stack/placement/placement/objects/allocation_candidate.py:156}}
May 23 13:10:41.733777 n-d-master-1 devstack@placement-api.service[105748]: DEBUG placement.objects.allocation_candidate [req-a5752b82-51db-4b96-bfaf-d26529590640 req-efce6083-fc45-4cd8-9b98-eeceda9153c9 service placement] Merging candidates yields 2 allocation requests and 2 provider summaries {{(pid=105748) _merge_candidates /opt/stack/placement/placement/objects/allocation_candidate.py:809}}
May 23 13:10:41.733966 n-d-master-1 devstack@placement-api.service[105748]: INFO placement.requestlog [req-a5752b82-51db-4b96-bfaf-d26529590640 req-efce6083-fc45-4cd8-9b98-eeceda9153c9 service placement] 10.222.0.47 "GET /placement/allocation_candidates?limit=1000&resources=DISK_GB%3A1%2CMEMORY_MB%3A512%2CVCPU%3A1&root_required=%21COMPUTE_STATUS_DISABLED" status: 200 len: 1307 microversion: 1.36
May 23 13:10:41.734581 n-d-master-1 devstack@placement-api.service[105748]: [pid: 105748|app: 0|req: 130/257] 10.222.0.47 () {60 vars in 1504 bytes} [Mon May 23 13:10:41 2022] GET /placement/allocation_candidates?limit=1000&resources=DISK_GB%3A1%2CMEMORY_MB%3A512%2CVCPU%3A1&root_required=%21COMPUTE_STATUS_DISABLED => generated 1307 bytes in 142 msecs (HTTP/1.1 200) 8 headers in 297 bytes (1 switches on core 0)
May 23 13:10:41.856932 n-d-master-1 devstack@placement-api.service[105747]: DEBUG placement.requestlog [req-a5752b82-51db-4b96-bfaf-d26529590640 req-ee040f0a-73cd-4220-bfe2-9a9a85f7ddaa None None] Starting request: 10.222.0.47 "GET /placement/allocations/fbdc2da3-24ce-49e6-90ee-103fe96ad8b7" {{(pid=105747) __call__ /opt/stack/placement/placement/requestlog.py:55}}
May 23 13:10:41.878485 n-d-master-1 devstack@placement-api.service[105747]: INFO placement.requestlog [req-a5752b82-51db-4b96-bfaf-d26529590640 req-ee040f0a-73cd-4220-bfe2-9a9a85f7ddaa service placement] 10.222.0.47 "GET /placement/allocations/fbdc2da3-24ce-49e6-90ee-103fe96ad8b7" status: 200 len: 19 microversion: 1.28
May 23 13:10:41.897453 n-d-master-1 devstack@placement-api.service[105748]: DEBUG placement.requestlog [req-a5752b82-51db-4b96-bfaf-d26529590640 req-041f58de-11d9-4006-93a3-848ae6cfeaa4 None None] Starting request: 10.222.0.47 "PUT /placement/allocations/fbdc2da3-24ce-49e6-90ee-103fe96ad8b7" {{(pid=105748) __call__ /opt/stack/placement/placement/requestlog.py:55}}
May 23 13:10:41.897931 n-d-master-1 devstack@placement-api.service[105747]: [pid: 105747|app: 0|req: 128/258] 10.222.0.47 () {60 vars in 1380 bytes} [Mon May 23 13:10:41 2022] GET /placement/allocations/fbdc2da3-24ce-49e6-90ee-103fe96ad8b7 => generated 19 bytes in 41 msecs (HTTP/1.1 200) 8 headers in 295 bytes (2 switches on core 0)
May 23 13:10:42.061225 n-d-master-1 devstack@placement-api.service[105748]: DEBUG placement.handlers.allocation [req-a5752b82-51db-4b96-bfaf-d26529590640 req-041f58de-11d9-4006-93a3-848ae6cfeaa4 service placement] Successfully wrote allocations [, , ] {{(pid=105748) _update_consumers_and_create_allocations /opt/stack/placement/placement/handlers/allocation.py:462}}
May 23 13:10:42.157347 n-d-master-1 devstack@placement-api.service[105748]: INFO placement.requestlog [req-a5752b82-51db-4b96-bfaf-d26529590640 req-041f58de-11d9-4006-93a3-848ae6cfeaa4 service placement] 10.222.0.47 "PUT /placement/allocations/fbdc2da3-24ce-49e6-90ee-103fe96ad8b7" status: 204 len: 0 microversion: 1.36
May 23 13:10:42.158901 n-d-master-1 devstack@placement-api.service[105748]: [pid: 105748|app: 0|req: 131/259] 10.222.0.47 () {64 vars in 1433 bytes} [Mon May 23 13:10:41 2022] PUT /placement/allocations/fbdc2da3-24ce-49e6-90ee-103fe96ad8b7 => generated 0 bytes in 262 msecs (HTTP/1.1 204) 5 headers in 199 bytes (1 switches on core 0)
May 23 13:10:42.643119 n-d-master-1 devstack@placement-api.service[105747]: DEBUG placement.requestlog [req-a5752b82-51db-4b96-bfaf-d26529590640 req-bc6d90b6-0810-493c-8319-5aadd4ac5c21 None None] Starting request: 10.222.0.48 "GET /placement/allocations/fbdc2da3-24ce-49e6-90ee-103fe96ad8b7" {{(pid=105747) __call__ /opt/stack/placement/placement/requestlog.py:55}}
May 23 13:10:42.683174 n-d-master-1 devstack@placement-api.service[105747]: INFO placement.requestlog [req-a5752b82-51db-4b96-bfaf-d26529590640 req-bc6d90b6-0810-493c-8319-5aadd4ac5c21 service placement] 10.222.0.48 "GET /placement/allocations/fbdc2da3-24ce-49e6-90ee-103fe96ad8b7" status: 200 len: 258 microversion: 1.28
May 23 13:10:42.689613 n-d-master-1 devstack@placement-api.service[105747]: [pid: 105747|app: 0|req: 129/260] 10.222.0.48 () {60 vars in 1377 bytes} [Mon May 23 13:10:42 2022] GET /placement/allocations/fbdc2da3-24ce-49e6-90ee-103fe96ad8b7 => generated 258 bytes in 47 msecs (HTTP/1.1 200) 8 headers in 296 bytes (1 switches on core 0)
May 23 13:10:43.372239 n-d-master-1 devstack@placement-api.service[105748]: DEBUG placement.requestlog [req-b841183d-3264-4611-9241-bc0d8ac94d04 req-1a0f57f6-47ef-42d4-be0d-cb41991e7976 None None] Starting request: 10.222.0.47 "GET /placement/allocation_candidates?limit=1000&resources=DISK_GB%3A1%2CMEMORY_MB%3A1024%2CVCPU%3A1&root_required=%21COMPUTE_STATUS_DISABLED" {{(pid=105748) __call__ /opt/stack/placement/placement/requestlog.py:55}}
May 23 13:10:43.493448 n-d-master-1 devstack@placement-api.service[105748]: DEBUG placement.objects.research_context [req-b841183d-3264-4611-9241-bc0d8ac94d04 req-1a0f57f6-47ef-42d4-be0d-cb41991e7976 service placement] getting providers with 1 DISK_GB {{(pid=105748) __init__ /opt/stack/placement/placement/objects/research_context.py:136}}
May 23 13:10:43.513967 n-d-master-1 devstack@placement-api.service[105748]: DEBUG placement.objects.research_context [req-b841183d-3264-4611-9241-bc0d8ac94d04 req-1a0f57f6-47ef-42d4-be0d-cb41991e7976 service placement] getting providers with 1024 MEMORY_MB {{(pid=105748) __init__ /opt/stack/placement/placement/objects/research_context.py:136}}
May 23 13:10:43.533334 n-d-master-1 devstack@placement-api.service[105748]: DEBUG placement.objects.research_context [req-b841183d-3264-4611-9241-bc0d8ac94d04 req-1a0f57f6-47ef-42d4-be0d-cb41991e7976 service placement] getting providers with 1 VCPU {{(pid=105748) __init__ /opt/stack/placement/placement/objects/research_context.py:136}}
May 23 13:10:43.549993 n-d-master-1 devstack@placement-api.service[105748]: DEBUG placement.objects.research_context [req-b841183d-3264-4611-9241-bc0d8ac94d04 req-1a0f57f6-47ef-42d4-be0d-cb41991e7976 service placement] found 2 providers with available 1 DISK_GB {{(pid=105748) get_provider_ids_matching /opt/stack/placement/placement/objects/research_context.py:563}}
May 23 13:10:43.550541 n-d-master-1 devstack@placement-api.service[105748]: DEBUG placement.objects.research_context [req-b841183d-3264-4611-9241-bc0d8ac94d04 req-1a0f57f6-47ef-42d4-be0d-cb41991e7976 service placement] found 2 providers with available 1024 MEMORY_MB {{(pid=105748) get_provider_ids_matching /opt/stack/placement/placement/objects/research_context.py:563}}
May 23 13:10:43.551064 n-d-master-1 devstack@placement-api.service[105748]: DEBUG placement.objects.research_context [req-b841183d-3264-4611-9241-bc0d8ac94d04 req-1a0f57f6-47ef-42d4-be0d-cb41991e7976 service placement] found 2 providers after filtering by previous result {{(pid=105748) get_provider_ids_matching /opt/stack/placement/placement/objects/research_context.py:594}}
May 23 13:10:43.551487 n-d-master-1 devstack@placement-api.service[105748]: DEBUG placement.objects.research_context [req-b841183d-3264-4611-9241-bc0d8ac94d04 req-1a0f57f6-47ef-42d4-be0d-cb41991e7976 service placement] found 2 providers with available 1 VCPU {{(pid=105748) get_provider_ids_matching /opt/stack/placement/placement/objects/research_context.py:563}}
May 23 13:10:43.551929 n-d-master-1 devstack@placement-api.service[105748]: DEBUG placement.objects.research_context [req-b841183d-3264-4611-9241-bc0d8ac94d04 req-1a0f57f6-47ef-42d4-be0d-cb41991e7976 service placement] found 2 providers after filtering by previous result {{(pid=105748) get_provider_ids_matching /opt/stack/placement/placement/objects/research_context.py:594}}
May 23 13:10:43.580693 n-d-master-1 devstack@placement-api.service[105748]: DEBUG placement.objects.allocation_candidate [req-b841183d-3264-4611-9241-bc0d8ac94d04 req-1a0f57f6-47ef-42d4-be0d-cb41991e7976 service placement] RequestGroup(use_same_provider=False, resources={DISK_GB:1, MEMORY_MB:1024, VCPU:1}, traits=(), aggregates=[]) (suffix '') returned 2 matches {{(pid=105748) _get_by_requests /opt/stack/placement/placement/objects/allocation_candidate.py:156}}
May 23 13:10:43.581068 n-d-master-1 devstack@placement-api.service[105748]: DEBUG placement.objects.allocation_candidate [req-b841183d-3264-4611-9241-bc0d8ac94d04 req-1a0f57f6-47ef-42d4-be0d-cb41991e7976 service placement] Merging candidates yields 2 allocation requests and 2 provider summaries {{(pid=105748) _merge_candidates /opt/stack/placement/placement/objects/allocation_candidate.py:809}}
May 23 13:10:43.587563 n-d-master-1 devstack@placement-api.service[105748]: INFO placement.requestlog [req-b841183d-3264-4611-9241-bc0d8ac94d04 req-1a0f57f6-47ef-42d4-be0d-cb41991e7976 service placement] 10.222.0.47 "GET /placement/allocation_candidates?limit=1000&resources=DISK_GB%3A1%2CMEMORY_MB%3A1024%2CVCPU%3A1&root_required=%21COMPUTE_STATUS_DISABLED" status: 200 len: 1309 microversion: 1.36
May 23 13:10:43.588567 n-d-master-1 devstack@placement-api.service[105748]: [pid: 105748|app: 0|req: 132/261] 10.222.0.47 () {60 vars in 1506 bytes} [Mon May 23 13:10:43 2022] GET /placement/allocation_candidates?limit=1000&resources=DISK_GB%3A1%2CMEMORY_MB%3A1024%2CVCPU%3A1&root_required=%21COMPUTE_STATUS_DISABLED => generated 1309 bytes in 216 msecs (HTTP/1.1 200) 8 headers in 297 bytes (1 switches on core 0)
May 23 13:10:43.720125 n-d-master-1 devstack@placement-api.service[105747]: DEBUG placement.requestlog [req-b841183d-3264-4611-9241-bc0d8ac94d04 req-959d9796-3da5-4e2f-9aa6-aebc6eb1c6cb None None] Starting request: 10.222.0.47 "GET /placement/allocations/a6b323f5-f29c-4e44-945c-f057c6176c2d" {{(pid=105747) __call__ /opt/stack/placement/placement/requestlog.py:55}}
May 23 13:10:43.741864 n-d-master-1 devstack@placement-api.service[105747]: INFO placement.requestlog [req-b841183d-3264-4611-9241-bc0d8ac94d04 req-959d9796-3da5-4e2f-9aa6-aebc6eb1c6cb service placement] 10.222.0.47 "GET /placement/allocations/a6b323f5-f29c-4e44-945c-f057c6176c2d" status: 200 len: 19 microversion: 1.28
May 23 13:10:43.747909 n-d-master-1 devstack@placement-api.service[105747]: [pid: 105747|app: 0|req: 130/262] 10.222.0.47 () {60 vars in 1380 bytes} [Mon May 23 13:10:43 2022] GET /placement/allocations/a6b323f5-f29c-4e44-945c-f057c6176c2d => generated 19 bytes in 28 msecs (HTTP/1.1 200) 8 headers in 295 bytes (1 switches on core 0)
May 23 13:10:43.753547 n-d-master-1 devstack@placement-api.service[105748]: DEBUG placement.requestlog [req-b841183d-3264-4611-9241-bc0d8ac94d04 req-eb32eedd-dd6b-40c8-a278-872b558a7756 None None] Starting request: 10.222.0.47 "PUT /placement/allocations/a6b323f5-f29c-4e44-945c-f057c6176c2d" {{(pid=105748) __call__ /opt/stack/placement/placement/requestlog.py:55}}
May 23 13:10:43.948795 n-d-master-1 devstack@placement-api.service[105748]: DEBUG placement.handlers.allocation [req-b841183d-3264-4611-9241-bc0d8ac94d04 req-eb32eedd-dd6b-40c8-a278-872b558a7756 service placement] Successfully wrote allocations [, , ] {{(pid=105748) _update_consumers_and_create_allocations /opt/stack/placement/placement/handlers/allocation.py:462}}
May 23 13:10:44.026618 n-d-master-1 devstack@placement-api.service[105748]: INFO placement.requestlog [req-b841183d-3264-4611-9241-bc0d8ac94d04 req-eb32eedd-dd6b-40c8-a278-872b558a7756 service placement] 10.222.0.47 "PUT /placement/allocations/a6b323f5-f29c-4e44-945c-f057c6176c2d" status: 204 len: 0 microversion: 1.36
May 23 13:10:44.027669 n-d-master-1 devstack@placement-api.service[105748]: [pid: 105748|app: 0|req: 133/263] 10.222.0.47 () {64 vars in 1433 bytes} [Mon May 23 13:10:43 2022] PUT /placement/allocations/a6b323f5-f29c-4e44-945c-f057c6176c2d => generated 0 bytes in 274 msecs (HTTP/1.1 204) 5 headers in 199 bytes (1 switches on core 0)
May 23 13:10:45.569718 n-d-master-1 devstack@placement-api.service[105747]: DEBUG placement.requestlog [req-b841183d-3264-4611-9241-bc0d8ac94d04 req-d1cca90e-7b53-43a2-b477-1db394064940 None None] Starting request: 10.222.0.48 "GET /placement/allocations/a6b323f5-f29c-4e44-945c-f057c6176c2d" {{(pid=105747) __call__ /opt/stack/placement/placement/requestlog.py:55}}
May 23 13:10:45.596261 n-d-master-1 devstack@placement-api.service[105747]: INFO placement.requestlog [req-b841183d-3264-4611-9241-bc0d8ac94d04 req-d1cca90e-7b53-43a2-b477-1db394064940 service placement] 10.222.0.48 "GET /placement/allocations/a6b323f5-f29c-4e44-945c-f057c6176c2d" status: 200 len: 259 microversion: 1.28
May 23 13:10:45.598380 n-d-master-1 devstack@placement-api.service[105747]: [pid: 105747|app: 0|req: 131/264] 10.222.0.48 () {60 vars in 1377 bytes} [Mon May 23 13:10:45 2022] GET /placement/allocations/a6b323f5-f29c-4e44-945c-f057c6176c2d => generated 259 bytes in 28 msecs (HTTP/1.1 200) 8 headers in 296 bytes (1 switches on core 0)
May 23 13:10:46.093913 n-d-master-1 devstack@placement-api.service[105748]: DEBUG placement.requestlog [None req-ccebf8ad-e024-4964-977f-02c1b1facd28 None None] Starting request: 10.222.0.47 "GET /placement/" {{(pid=105748) __call__ /opt/stack/placement/placement/requestlog.py:55}}
May 23 13:10:46.093913 n-d-master-1 devstack@placement-api.service[105748]: INFO placement.requestlog [None req-ccebf8ad-e024-4964-977f-02c1b1facd28 None None] 10.222.0.47 "GET /placement/" status: 200 len: 136 microversion: 1.0
May 23 13:10:46.093913 n-d-master-1 devstack@placement-api.service[105748]: [pid: 105748|app: 0|req: 134/265] 10.222.0.47 () {54 vars in 907 bytes} [Mon May 23 13:10:46 2022] GET /placement => generated 136 bytes in 2 msecs (HTTP/1.1 200) 6 headers in 224 bytes (1 switches on core 0)
May 23 13:10:46.101413 n-d-master-1 devstack@placement-api.service[105747]: DEBUG placement.requestlog [req-a01b9f47-f7c2-410e-b924-1733e22b2ad5 req-1656244a-44ca-49e9-affc-2f3bf5037351 None None] Starting request: 10.222.0.47 "DELETE /placement/allocations/a6b323f5-f29c-4e44-945c-f057c6176c2d" {{(pid=105747) __call__ /opt/stack/placement/placement/requestlog.py:55}}
May 23 13:10:46.454948 n-d-master-1 devstack@placement-api.service[105747]: DEBUG placement.handlers.allocation [req-a01b9f47-f7c2-410e-b924-1733e22b2ad5 req-1656244a-44ca-49e9-affc-2f3bf5037351 service placement] Successfully deleted allocations [, , ] {{(pid=105747) delete_allocations /opt/stack/placement/placement/handlers/allocation.py:627}}
May 23 13:10:46.455619 n-d-master-1 devstack@placement-api.service[105747]: INFO placement.requestlog [req-a01b9f47-f7c2-410e-b924-1733e22b2ad5 req-1656244a-44ca-49e9-affc-2f3bf5037351 service placement] 10.222.0.47 "DELETE /placement/allocations/a6b323f5-f29c-4e44-945c-f057c6176c2d" status: 204 len: 0 microversion: 1.0
May 23 13:10:46.456309 n-d-master-1 devstack@placement-api.service[105747]: [pid: 105747|app: 0|req: 132/266] 10.222.0.47 () {60 vars in 1349 bytes} [Mon May 23 13:10:46 2022] DELETE /placement/allocations/a6b323f5-f29c-4e44-945c-f057c6176c2d => generated 0 bytes in 355 msecs (HTTP/1.1 204) 5 headers in 198 bytes (1 switches on core 0)
May 23 13:10:47.396797 n-d-master-1 devstack@placement-api.service[105748]: DEBUG placement.requestlog [req-b841183d-3264-4611-9241-bc0d8ac94d04 req-603ed91c-f5eb-4464-92bd-d17018460c2d None None] Starting request: 10.222.0.48 "DELETE /placement/allocations/a6b323f5-f29c-4e44-945c-f057c6176c2d" {{(pid=105748) __call__ /opt/stack/placement/placement/requestlog.py:55}}
May 23 13:10:47.422124 n-d-master-1 devstack@placement-api.service[105748]: DEBUG placement.wsgi_wrapper [req-b841183d-3264-4611-9241-bc0d8ac94d04 req-603ed91c-f5eb-4464-92bd-d17018460c2d service placement] Placement API returning an error response: No allocations for consumer 'a6b323f5-f29c-4e44-945c-f057c6176c2d' {{(pid=105748) call_func /opt/stack/placement/placement/wsgi_wrapper.py:31}}
May 23 13:10:47.422953 n-d-master-1 devstack@placement-api.service[105748]: INFO placement.requestlog [req-b841183d-3264-4611-9241-bc0d8ac94d04 req-603ed91c-f5eb-4464-92bd-d17018460c2d service placement] 10.222.0.48 "DELETE /placement/allocations/a6b323f5-f29c-4e44-945c-f057c6176c2d" status: 404 len: 228 microversion: 1.0
May 23 13:10:47.423300 n-d-master-1 devstack@placement-api.service[105748]: [pid: 105748|app: 0|req: 135/267] 10.222.0.48 () {60 vars in 1355 bytes} [Mon May 23 13:10:47 2022] DELETE /placement/allocations/a6b323f5-f29c-4e44-945c-f057c6176c2d => generated 228 bytes in 27 msecs (HTTP/1.1 404) 6 headers in 231 bytes (1 switches on core 0)
May 23 13:10:48.474331 n-d-master-1 devstack@placement-api.service[105747]: DEBUG placement.requestlog [req-3353e2ac-9e94-45cc-8fd9-c54ab072b43e req-ea26b5c6-3080-469a-910c-c5aecc2bec71 None None] Starting request: 10.222.0.47 "GET /placement/allocation_candidates?limit=1000&resources=DISK_GB%3A1%2CMEMORY_MB%3A1024%2CVCPU%3A1&root_required=%21COMPUTE_STATUS_DISABLED" {{(pid=105747) __call__ /opt/stack/placement/placement/requestlog.py:55}}
May 23 13:10:48.558999 n-d-master-1 devstack@placement-api.service[105747]: DEBUG placement.objects.research_context [req-3353e2ac-9e94-45cc-8fd9-c54ab072b43e req-ea26b5c6-3080-469a-910c-c5aecc2bec71 service placement] getting providers with 1 DISK_GB {{(pid=105747) __init__ /opt/stack/placement/placement/objects/research_context.py:136}}
May 23 13:10:48.573529 n-d-master-1 devstack@placement-api.service[105747]: DEBUG placement.objects.research_context [req-3353e2ac-9e94-45cc-8fd9-c54ab072b43e req-ea26b5c6-3080-469a-910c-c5aecc2bec71 service placement] getting providers with 1024 MEMORY_MB {{(pid=105747) __init__ /opt/stack/placement/placement/objects/research_context.py:136}}
May 23 13:10:48.587054 n-d-master-1 devstack@placement-api.service[105747]: DEBUG placement.objects.research_context [req-3353e2ac-9e94-45cc-8fd9-c54ab072b43e req-ea26b5c6-3080-469a-910c-c5aecc2bec71 service placement] getting providers with 1 VCPU {{(pid=105747) __init__ /opt/stack/placement/placement/objects/research_context.py:136}}
May 23 13:10:48.601026 n-d-master-1 devstack@placement-api.service[105747]: DEBUG placement.objects.research_context [req-3353e2ac-9e94-45cc-8fd9-c54ab072b43e req-ea26b5c6-3080-469a-910c-c5aecc2bec71 service placement] found 2 providers with available 1 DISK_GB {{(pid=105747) get_provider_ids_matching /opt/stack/placement/placement/objects/research_context.py:563}}
May 23 13:10:48.602498 n-d-master-1 devstack@placement-api.service[105747]: DEBUG placement.objects.research_context [req-3353e2ac-9e94-45cc-8fd9-c54ab072b43e req-ea26b5c6-3080-469a-910c-c5aecc2bec71 service placement] found 2 providers with available 1024 MEMORY_MB {{(pid=105747) get_provider_ids_matching /opt/stack/placement/placement/objects/research_context.py:563}}
May 23 13:10:48.602851 n-d-master-1 devstack@placement-api.service[105747]: DEBUG placement.objects.research_context [req-3353e2ac-9e94-45cc-8fd9-c54ab072b43e req-ea26b5c6-3080-469a-910c-c5aecc2bec71 service placement] found 2 providers after filtering by previous result {{(pid=105747) get_provider_ids_matching /opt/stack/placement/placement/objects/research_context.py:594}}
May 23 13:10:48.603033 n-d-master-1 devstack@placement-api.service[105747]: DEBUG placement.objects.research_context [req-3353e2ac-9e94-45cc-8fd9-c54ab072b43e req-ea26b5c6-3080-469a-910c-c5aecc2bec71 service placement] found 2 providers with available 1 VCPU {{(pid=105747) get_provider_ids_matching /opt/stack/placement/placement/objects/research_context.py:563}}
May 23 13:10:48.603297 n-d-master-1 devstack@placement-api.service[105747]: DEBUG placement.objects.research_context [req-3353e2ac-9e94-45cc-8fd9-c54ab072b43e req-ea26b5c6-3080-469a-910c-c5aecc2bec71 service placement] found 2 providers after filtering by previous result {{(pid=105747) get_provider_ids_matching /opt/stack/placement/placement/objects/research_context.py:594}}
May 23 13:10:48.615203 n-d-master-1 devstack@placement-api.service[105747]: DEBUG placement.objects.allocation_candidate [req-3353e2ac-9e94-45cc-8fd9-c54ab072b43e req-ea26b5c6-3080-469a-910c-c5aecc2bec71 service placement] RequestGroup(use_same_provider=False, resources={DISK_GB:1, MEMORY_MB:1024, VCPU:1}, traits=(), aggregates=[]) (suffix '') returned 2 matches {{(pid=105747) _get_by_requests /opt/stack/placement/placement/objects/allocation_candidate.py:156}}
May 23 13:10:48.615890 n-d-master-1 devstack@placement-api.service[105747]: DEBUG placement.objects.allocation_candidate [req-3353e2ac-9e94-45cc-8fd9-c54ab072b43e req-ea26b5c6-3080-469a-910c-c5aecc2bec71 service placement] Merging candidates yields 2 allocation requests and 2 provider summaries {{(pid=105747) _merge_candidates /opt/stack/placement/placement/objects/allocation_candidate.py:809}}
May 23 13:10:48.619592 n-d-master-1 devstack@placement-api.service[105747]: INFO placement.requestlog [req-3353e2ac-9e94-45cc-8fd9-c54ab072b43e req-ea26b5c6-3080-469a-910c-c5aecc2bec71 service placement] 10.222.0.47 "GET /placement/allocation_candidates?limit=1000&resources=DISK_GB%3A1%2CMEMORY_MB%3A1024%2CVCPU%3A1&root_required=%21COMPUTE_STATUS_DISABLED" status: 200 len: 1309 microversion: 1.36
May 23 13:10:48.632446 n-d-master-1 devstack@placement-api.service[105747]: [pid: 105747|app: 0|req: 133/268] 10.222.0.47 () {60 vars in 1506 bytes} [Mon May 23 13:10:48 2022] GET /placement/allocation_candidates?limit=1000&resources=DISK_GB%3A1%2CMEMORY_MB%3A1024%2CVCPU%3A1&root_required=%21COMPUTE_STATUS_DISABLED => generated 1309 bytes in 157 msecs (HTTP/1.1 200) 8 headers in 297 bytes (1 switches on core 0)
May 23 13:10:48.709978 n-d-master-1 devstack@placement-api.service[105748]: DEBUG placement.requestlog [req-3353e2ac-9e94-45cc-8fd9-c54ab072b43e req-05bcad06-6b9e-40de-8027-4ae6e56cad2f None None] Starting request: 10.222.0.47 "GET /placement/allocations/36b6d870-e479-4d5f-b058-48c0c0475886" {{(pid=105748) __call__ /opt/stack/placement/placement/requestlog.py:55}}
May 23 13:10:48.724844 n-d-master-1 devstack@placement-api.service[105748]: INFO placement.requestlog [req-3353e2ac-9e94-45cc-8fd9-c54ab072b43e req-05bcad06-6b9e-40de-8027-4ae6e56cad2f service placement] 10.222.0.47 "GET /placement/allocations/36b6d870-e479-4d5f-b058-48c0c0475886" status: 200 len: 19 microversion: 1.28
May 23 13:10:48.734437 n-d-master-1 devstack@placement-api.service[105748]: [pid: 105748|app: 0|req: 136/269] 10.222.0.47 () {60 vars in 1380 bytes} [Mon May 23 13:10:48 2022] GET /placement/allocations/36b6d870-e479-4d5f-b058-48c0c0475886 => generated 19 bytes in 25 msecs (HTTP/1.1 200) 8 headers in 295 bytes (1 switches on core 0)
May 23 13:10:48.738362 n-d-master-1 devstack@placement-api.service[105747]: DEBUG placement.requestlog [req-3353e2ac-9e94-45cc-8fd9-c54ab072b43e req-bd6f25c8-3e46-4330-b032-80959d9585c1 None None] Starting request: 10.222.0.47 "PUT /placement/allocations/36b6d870-e479-4d5f-b058-48c0c0475886" {{(pid=105747) __call__ /opt/stack/placement/placement/requestlog.py:55}}
May 23 13:10:48.907259 n-d-master-1 devstack@placement-api.service[105747]: DEBUG placement.handlers.allocation [req-3353e2ac-9e94-45cc-8fd9-c54ab072b43e req-bd6f25c8-3e46-4330-b032-80959d9585c1 service placement] Successfully wrote allocations [, , ] {{(pid=105747) _update_consumers_and_create_allocations /opt/stack/placement/placement/handlers/allocation.py:462}}
May 23 13:10:48.974442 n-d-master-1 devstack@placement-api.service[105747]: INFO placement.requestlog [req-3353e2ac-9e94-45cc-8fd9-c54ab072b43e req-bd6f25c8-3e46-4330-b032-80959d9585c1 service placement] 10.222.0.47 "PUT /placement/allocations/36b6d870-e479-4d5f-b058-48c0c0475886" status: 204 len: 0 microversion: 1.36
May 23 13:10:48.977947 n-d-master-1 devstack@placement-api.service[105747]: [pid: 105747|app: 0|req: 134/270] 10.222.0.47 () {64 vars in 1433 bytes} [Mon May 23 13:10:48 2022] PUT /placement/allocations/36b6d870-e479-4d5f-b058-48c0c0475886 => generated 0 bytes in 237 msecs (HTTP/1.1 204) 5 headers in 199 bytes (1 switches on core 0)
May 23 13:10:50.105387 n-d-master-1 devstack@placement-api.service[105748]: DEBUG placement.requestlog [req-3353e2ac-9e94-45cc-8fd9-c54ab072b43e req-bc45abc8-994c-486d-b717-0043a0068866 None None] Starting request: 10.222.0.48 "GET /placement/allocations/36b6d870-e479-4d5f-b058-48c0c0475886" {{(pid=105748) __call__ /opt/stack/placement/placement/requestlog.py:55}}
May 23 13:10:50.134744 n-d-master-1 devstack@placement-api.service[105748]: INFO placement.requestlog [req-3353e2ac-9e94-45cc-8fd9-c54ab072b43e req-bc45abc8-994c-486d-b717-0043a0068866 service placement] 10.222.0.48 "GET /placement/allocations/36b6d870-e479-4d5f-b058-48c0c0475886" status: 200 len: 259 microversion: 1.28
May 23 13:10:50.135716 n-d-master-1 devstack@placement-api.service[105748]: [pid: 105748|app: 0|req: 137/271] 10.222.0.48 () {60 vars in 1377 bytes} [Mon May 23 13:10:50 2022] GET /placement/allocations/36b6d870-e479-4d5f-b058-48c0c0475886 => generated 259 bytes in 31 msecs (HTTP/1.1 200) 8 headers in 296 bytes (1 switches on core 0)
May 23 13:10:53.985725 n-d-master-1 devstack@placement-api.service[105747]: DEBUG placement.requestlog [req-150464fb-ae59-46e8-bd8d-c350956ac9aa req-ab5a1164-d354-4259-ad93-96f5e5eb5475 None None] Starting request: 10.222.0.11 "DELETE /placement/allocations/565cf3aa-8ccf-45fb-b2fa-265d0ad9c350" {{(pid=105747) __call__ /opt/stack/placement/placement/requestlog.py:55}}
May 23 13:10:54.202314 n-d-master-1 devstack@placement-api.service[105747]: DEBUG placement.handlers.allocation [req-150464fb-ae59-46e8-bd8d-c350956ac9aa req-ab5a1164-d354-4259-ad93-96f5e5eb5475 service placement] Successfully deleted allocations [, , ] {{(pid=105747) delete_allocations /opt/stack/placement/placement/handlers/allocation.py:627}}
May 23 13:10:54.202813 n-d-master-1 devstack@placement-api.service[105747]: INFO placement.requestlog [req-150464fb-ae59-46e8-bd8d-c350956ac9aa req-ab5a1164-d354-4259-ad93-96f5e5eb5475 service placement] 10.222.0.11 "DELETE /placement/allocations/565cf3aa-8ccf-45fb-b2fa-265d0ad9c350" status: 204 len: 0 microversion: 1.0
