Jan 10 11:54:14.435640 n-d-master-1 devstack@placement-api.service[115035]: DEBUG placement.requestlog [req-579e4ba0-0804-4e1e-9fbf-0403289eddb9 req-dafbf209-77fd-4872-a8f5-a18948519b0f None None] Starting request: 10.222.0.18 "PUT /placement/allocations/90f77ec7-7e9f-4069-89de-797fb2203cb4" {{(pid=115035) __call__ /opt/stack/placement/placement/requestlog.py:55}}
Jan 10 11:54:14.573384 n-d-master-1 devstack@placement-api.service[115035]: DEBUG placement.handlers.allocation [req-579e4ba0-0804-4e1e-9fbf-0403289eddb9 req-dafbf209-77fd-4872-a8f5-a18948519b0f service placement] Successfully wrote allocations [, , ] {{(pid=115035) _update_consumers_and_create_allocations /opt/stack/placement/placement/handlers/allocation.py:462}}
Jan 10 11:54:14.581244 n-d-master-1 devstack@placement-api.service[115035]: INFO placement.requestlog [req-579e4ba0-0804-4e1e-9fbf-0403289eddb9 req-dafbf209-77fd-4872-a8f5-a18948519b0f service placement] 10.222.0.18 "PUT /placement/allocations/90f77ec7-7e9f-4069-89de-797fb2203cb4" status: 204 len: 0 microversion: 1.36
Jan 10 11:54:14.584718 n-d-master-1 devstack@placement-api.service[115035]: [pid: 115035|app: 0|req: 362/721] 10.222.0.18 () {64 vars in 1433 bytes} [Mon Jan 10 11:54:14 2022] PUT /placement/allocations/90f77ec7-7e9f-4069-89de-797fb2203cb4 => generated 0 bytes in 149 msecs (HTTP/1.1 204) 5 headers in 199 bytes (1 switches on core 0)
Jan 10 11:54:15.309144 n-d-master-1 devstack@placement-api.service[115036]: DEBUG placement.requestlog [req-579e4ba0-0804-4e1e-9fbf-0403289eddb9 req-d25847f4-ef0f-4cc5-ab45-4b39b30285d4 None None] Starting request: 10.222.0.41 "GET /placement/allocations/90f77ec7-7e9f-4069-89de-797fb2203cb4" {{(pid=115036) __call__ /opt/stack/placement/placement/requestlog.py:55}}
Jan 10 11:54:15.352439 n-d-master-1 devstack@placement-api.service[115036]: INFO placement.requestlog [req-579e4ba0-0804-4e1e-9fbf-0403289eddb9 req-d25847f4-ef0f-4cc5-ab45-4b39b30285d4 service placement] 10.222.0.41 "GET /placement/allocations/90f77ec7-7e9f-4069-89de-797fb2203cb4" status: 200 len: 259 microversion: 1.28
Jan 10 11:54:15.353273 n-d-master-1 devstack@placement-api.service[115036]: [pid: 115036|app: 0|req: 360/722] 10.222.0.41 () {60 vars in 1377 bytes} [Mon Jan 10 11:54:15 2022] GET /placement/allocations/90f77ec7-7e9f-4069-89de-797fb2203cb4 => generated 259 bytes in 44 msecs (HTTP/1.1 200) 8 headers in 296 bytes (1 switches on core 0)
Jan 10 11:54:17.259762 n-d-master-1 devstack@placement-api.service[115035]: DEBUG placement.requestlog [req-d4b734b3-c00b-4870-90ef-397630c936fe req-f24c65ba-95cc-4c17-b563-99038e3dec16 None None] Starting request: 10.222.0.18 "GET /placement/allocation_candidates?limit=1000&resources=DISK_GB%3A1%2CMEMORY_MB%3A1024%2CVCPU%3A1&root_required=%21COMPUTE_STATUS_DISABLED" {{(pid=115035) __call__ /opt/stack/placement/placement/requestlog.py:55}}
Jan 10 11:54:17.363465 n-d-master-1 devstack@placement-api.service[115035]: DEBUG placement.objects.research_context [req-d4b734b3-c00b-4870-90ef-397630c936fe req-f24c65ba-95cc-4c17-b563-99038e3dec16 service placement] getting providers with 1 DISK_GB {{(pid=115035) __init__ /opt/stack/placement/placement/objects/research_context.py:126}}
Jan 10 11:54:17.380499 n-d-master-1 devstack@placement-api.service[115035]: DEBUG placement.objects.research_context [req-d4b734b3-c00b-4870-90ef-397630c936fe req-f24c65ba-95cc-4c17-b563-99038e3dec16 service placement] getting providers with 1024 MEMORY_MB {{(pid=115035) __init__ /opt/stack/placement/placement/objects/research_context.py:126}}
Jan 10 11:54:17.404472 n-d-master-1 devstack@placement-api.service[115035]: DEBUG placement.objects.research_context [req-d4b734b3-c00b-4870-90ef-397630c936fe req-f24c65ba-95cc-4c17-b563-99038e3dec16 service placement] getting providers with 1 VCPU {{(pid=115035) __init__ /opt/stack/placement/placement/objects/research_context.py:126}}
Jan 10 11:54:17.420539 n-d-master-1 devstack@placement-api.service[115035]: DEBUG placement.objects.research_context [req-d4b734b3-c00b-4870-90ef-397630c936fe req-f24c65ba-95cc-4c17-b563-99038e3dec16 service placement] found 2 providers with available 1 DISK_GB {{(pid=115035) get_provider_ids_matching /opt/stack/placement/placement/objects/research_context.py:549}}
Jan 10 11:54:17.420809 n-d-master-1 devstack@placement-api.service[115035]: DEBUG placement.objects.research_context [req-d4b734b3-c00b-4870-90ef-397630c936fe req-f24c65ba-95cc-4c17-b563-99038e3dec16 service placement] found 2 providers with available 1024 MEMORY_MB {{(pid=115035) get_provider_ids_matching /opt/stack/placement/placement/objects/research_context.py:549}}
Jan 10 11:54:17.421258 n-d-master-1 devstack@placement-api.service[115035]: DEBUG placement.objects.research_context [req-d4b734b3-c00b-4870-90ef-397630c936fe req-f24c65ba-95cc-4c17-b563-99038e3dec16 service placement] found 2 providers after filtering by previous result {{(pid=115035) get_provider_ids_matching /opt/stack/placement/placement/objects/research_context.py:580}}
Jan 10 11:54:17.421677 n-d-master-1 devstack@placement-api.service[115035]: DEBUG placement.objects.research_context [req-d4b734b3-c00b-4870-90ef-397630c936fe req-f24c65ba-95cc-4c17-b563-99038e3dec16 service placement] found 2 providers with available 1 VCPU {{(pid=115035) get_provider_ids_matching /opt/stack/placement/placement/objects/research_context.py:549}}
Jan 10 11:54:17.422100 n-d-master-1 devstack@placement-api.service[115035]: DEBUG placement.objects.research_context [req-d4b734b3-c00b-4870-90ef-397630c936fe req-f24c65ba-95cc-4c17-b563-99038e3dec16 service placement] found 2 providers after filtering by previous result {{(pid=115035) get_provider_ids_matching /opt/stack/placement/placement/objects/research_context.py:580}}
Jan 10 11:54:17.463097 n-d-master-1 devstack@placement-api.service[115035]: DEBUG placement.objects.allocation_candidate [req-d4b734b3-c00b-4870-90ef-397630c936fe req-f24c65ba-95cc-4c17-b563-99038e3dec16 service placement] RequestGroup(use_same_provider=False, resources={DISK_GB:1, MEMORY_MB:1024, VCPU:1}, traits=[], aggregates=[]) (suffix '') returned 2 matches {{(pid=115035) _get_by_requests /opt/stack/placement/placement/objects/allocation_candidate.py:145}}
Jan 10 11:54:17.464604 n-d-master-1 devstack@placement-api.service[115035]: DEBUG placement.objects.allocation_candidate [req-d4b734b3-c00b-4870-90ef-397630c936fe req-f24c65ba-95cc-4c17-b563-99038e3dec16 service placement] Merging candidates yields 2 allocation requests and 2 provider summaries {{(pid=115035) _merge_candidates /opt/stack/placement/placement/objects/allocation_candidate.py:783}}
Jan 10 11:54:17.467246 n-d-master-1 devstack@placement-api.service[115035]: INFO placement.requestlog [req-d4b734b3-c00b-4870-90ef-397630c936fe req-f24c65ba-95cc-4c17-b563-99038e3dec16 service placement] 10.222.0.18 "GET /placement/allocation_candidates?limit=1000&resources=DISK_GB%3A1%2CMEMORY_MB%3A1024%2CVCPU%3A1&root_required=%21COMPUTE_STATUS_DISABLED" status: 200 len: 1309 microversion: 1.36
Jan 10 11:54:17.470509 n-d-master-1 devstack@placement-api.service[115035]: [pid: 115035|app: 0|req: 363/723] 10.222.0.18 () {60 vars in 1506 bytes} [Mon Jan 10 11:54:17 2022] GET /placement/allocation_candidates?limit=1000&resources=DISK_GB%3A1%2CMEMORY_MB%3A1024%2CVCPU%3A1&root_required=%21COMPUTE_STATUS_DISABLED => generated 1309 bytes in 211 msecs (HTTP/1.1 200) 8 headers in 297 bytes (1 switches on core 0)
Jan 10 11:54:17.617686 n-d-master-1 devstack@placement-api.service[115036]: DEBUG placement.requestlog [req-d4b734b3-c00b-4870-90ef-397630c936fe req-aa906044-bcdf-4fab-ab33-e34c135e30e9 None None] Starting request: 10.222.0.18 "GET /placement/allocations/b3da28a4-c4e5-4bad-bb67-f715b02d2d73" {{(pid=115036) __call__ /opt/stack/placement/placement/requestlog.py:55}}
Jan 10 11:54:17.641859 n-d-master-1 devstack@placement-api.service[115036]: INFO placement.requestlog [req-d4b734b3-c00b-4870-90ef-397630c936fe req-aa906044-bcdf-4fab-ab33-e34c135e30e9 service placement] 10.222.0.18 "GET /placement/allocations/b3da28a4-c4e5-4bad-bb67-f715b02d2d73" status: 200 len: 19 microversion: 1.28
Jan 10 11:54:17.642555 n-d-master-1 devstack@placement-api.service[115036]: [pid: 115036|app: 0|req: 361/724] 10.222.0.18 () {60 vars in 1380 bytes} [Mon Jan 10 11:54:17 2022] GET /placement/allocations/b3da28a4-c4e5-4bad-bb67-f715b02d2d73 => generated 19 bytes in 25 msecs (HTTP/1.1 200) 8 headers in 295 bytes (1 switches on core 0)
Jan 10 11:54:17.649770 n-d-master-1 devstack@placement-api.service[115035]: DEBUG placement.requestlog [req-d4b734b3-c00b-4870-90ef-397630c936fe req-ec3bbc06-5d74-42bf-b922-d650fd9e1064 None None] Starting request: 10.222.0.18 "PUT /placement/allocations/b3da28a4-c4e5-4bad-bb67-f715b02d2d73" {{(pid=115035) __call__ /opt/stack/placement/placement/requestlog.py:55}}
Jan 10 11:54:17.801617 n-d-master-1 devstack@placement-api.service[115035]: DEBUG placement.handlers.allocation [req-d4b734b3-c00b-4870-90ef-397630c936fe req-ec3bbc06-5d74-42bf-b922-d650fd9e1064 service placement] Successfully wrote allocations [, , ] {{(pid=115035) _update_consumers_and_create_allocations /opt/stack/placement/placement/handlers/allocation.py:462}}
Jan 10 11:54:17.810513 n-d-master-1 devstack@placement-api.service[115035]: INFO placement.requestlog [req-d4b734b3-c00b-4870-90ef-397630c936fe req-ec3bbc06-5d74-42bf-b922-d650fd9e1064 service placement] 10.222.0.18 "PUT /placement/allocations/b3da28a4-c4e5-4bad-bb67-f715b02d2d73" status: 204 len: 0 microversion: 1.36
Jan 10 11:54:17.812301 n-d-master-1 devstack@placement-api.service[115035]: [pid: 115035|app: 0|req: 364/725] 10.222.0.18 () {64 vars in 1433 bytes} [Mon Jan 10 11:54:17 2022] PUT /placement/allocations/b3da28a4-c4e5-4bad-bb67-f715b02d2d73 => generated 0 bytes in 163 msecs (HTTP/1.1 204) 5 headers in 199 bytes (1 switches on core 0)
Jan 10 11:54:18.427861 n-d-master-1 devstack@placement-api.service[115036]: DEBUG placement.requestlog [req-d4b734b3-c00b-4870-90ef-397630c936fe req-509606a7-e764-42a6-85d4-034f66ded57d None None] Starting request: 10.222.0.41 "GET /placement/allocations/b3da28a4-c4e5-4bad-bb67-f715b02d2d73" {{(pid=115036) __call__ /opt/stack/placement/placement/requestlog.py:55}}
Jan 10 11:54:18.460976 n-d-master-1 devstack@placement-api.service[115036]: INFO placement.requestlog [req-d4b734b3-c00b-4870-90ef-397630c936fe req-509606a7-e764-42a6-85d4-034f66ded57d service placement] 10.222.0.41 "GET /placement/allocations/b3da28a4-c4e5-4bad-bb67-f715b02d2d73" status: 200 len: 259 microversion: 1.28
Jan 10 11:54:18.465424 n-d-master-1 devstack@placement-api.service[115036]: [pid: 115036|app: 0|req: 362/726] 10.222.0.41 () {60 vars in 1377 bytes} [Mon Jan 10 11:54:18 2022] GET /placement/allocations/b3da28a4-c4e5-4bad-bb67-f715b02d2d73 => generated 259 bytes in 38 msecs (HTTP/1.1 200) 8 headers in 296 bytes (1 switches on core 0)
Jan 10 11:54:20.629072 n-d-master-1 devstack@placement-api.service[115035]: DEBUG placement.requestlog [req-86098eb0-1976-4c19-972a-8d2177fa59b2 req-fc5d15a2-55c0-411d-acb1-a98245451db8 None None] Starting request: 10.222.0.41 "DELETE /placement/allocations/8a724de1-b9b3-4105-9485-5c3e62f2f89e" {{(pid=115035) __call__ /opt/stack/placement/placement/requestlog.py:55}}
Jan 10 11:54:20.708995 n-d-master-1 devstack@placement-api.service[115035]: DEBUG placement.handlers.allocation [req-86098eb0-1976-4c19-972a-8d2177fa59b2 req-fc5d15a2-55c0-411d-acb1-a98245451db8 service placement] Successfully deleted allocations [, , ] {{(pid=115035) delete_allocations /opt/stack/placement/placement/handlers/allocation.py:627}}
Jan 10 11:54:20.709539 n-d-master-1 devstack@placement-api.service[115035]: INFO placement.requestlog [req-86098eb0-1976-4c19-972a-8d2177fa59b2 req-fc5d15a2-55c0-411d-acb1-a98245451db8 service placement] 10.222.0.41 "DELETE /placement/allocations/8a724de1-b9b3-4105-9485-5c3e62f2f89e" status: 204 len: 0 microversion: 1.0
Jan 10 11:54:20.709897 n-d-master-1 devstack@placement-api.service[115035]: [pid: 115035|app: 0|req: 365/727] 10.222.0.41 () {60 vars in 1355 bytes} [Mon Jan 10 11:54:20 2022] DELETE /placement/allocations/8a724de1-b9b3-4105-9485-5c3e62f2f89e => generated 0 bytes in 81 msecs (HTTP/1.1 204) 5 headers in 198 bytes (1 switches on core 0)
Jan 10 11:54:30.661895 n-d-master-1 devstack@placement-api.service[115036]: DEBUG placement.requestlog [req-4494ace0-4d87-4c73-8c24-ab41690c59a1 req-0873f062-ecf3-4415-98fa-ff76b3d87663 None None] Starting request: 10.222.0.18 "GET /placement/resource_providers?name=n-h1-master-1" {{(pid=115036) __call__ /opt/stack/placement/placement/requestlog.py:55}}
Jan 10 11:54:30.870407 n-d-master-1 devstack@placement-api.service[115036]: INFO placement.requestlog [req-4494ace0-4d87-4c73-8c24-ab41690c59a1 req-0873f062-ecf3-4415-98fa-ff76b3d87663 service placement] 10.222.0.18 "GET /placement/resource_providers?name=n-h1-master-1" status: 200 len: 441 microversion: 1.0
Jan 10 11:54:30.871055 n-d-master-1 devstack@placement-api.service[115036]: [pid: 115036|app: 0|req: 363/728] 10.222.0.18 () {58 vars in 1274 bytes} [Mon Jan 10 11:54:30 2022] GET /placement/resource_providers?name=n-h1-master-1 => generated 441 bytes in 209 msecs (HTTP/1.1 200) 6 headers in 224 bytes (1 switches on core 0)
Jan 10 11:54:30.877776 n-d-master-1 devstack@placement-api.service[115035]: DEBUG placement.requestlog [req-4494ace0-4d87-4c73-8c24-ab41690c59a1 req-8456d8ea-9a6a-4010-a42f-a84d1d821253 None None] Starting request: 10.222.0.18 "GET /placement/resource_providers/31fb8491-7c35-4d96-a227-bb91bfb8b820/aggregates" {{(pid=115035) __call__ /opt/stack/placement/placement/requestlog.py:55}}
Jan 10 11:54:30.933686 n-d-master-1 devstack@placement-api.service[115035]: INFO placement.requestlog [req-4494ace0-4d87-4c73-8c24-ab41690c59a1 req-8456d8ea-9a6a-4010-a42f-a84d1d821253 service placement] 10.222.0.18 "GET /placement/resource_providers/31fb8491-7c35-4d96-a227-bb91bfb8b820/aggregates" status: 200 len: 54 microversion: 1.19
Jan 10 11:54:30.936748 n-d-master-1 devstack@placement-api.service[115035]: [pid: 115035|app: 0|req: 366/729] 10.222.0.18 () {60 vars in 1425 bytes} [Mon Jan 10 11:54:30 2022] GET /placement/resource_providers/31fb8491-7c35-4d96-a227-bb91bfb8b820/aggregates => generated 54 bytes in 59 msecs (HTTP/1.1 200) 8 headers in 295 bytes (1 switches on core 0)
Jan 10 11:54:30.943628 n-d-master-1 devstack@placement-api.service[115036]: DEBUG placement.requestlog [req-4494ace0-4d87-4c73-8c24-ab41690c59a1 req-26588cb3-4bf6-4512-97e9-ab20b34115a7 None None] Starting request: 10.222.0.18 "PUT /placement/resource_providers/31fb8491-7c35-4d96-a227-bb91bfb8b820/aggregates" {{(pid=115036) __call__ /opt/stack/placement/placement/requestlog.py:55}}
Jan 10 11:54:30.965740 n-d-master-1 devstack@placement-api.service[115036]: DEBUG placement.objects.resource_provider [req-4494ace0-4d87-4c73-8c24-ab41690c59a1 req-26588cb3-4bf6-4512-97e9-ab20b34115a7 service placement] _ensure_aggregate() did not find aggregate 36ff0c9a-adf9-43a9-8d72-f362d02f35dc. Attempting to create it. {{(pid=115036) _ensure_aggregate /opt/stack/placement/placement/objects/resource_provider.py:320}}
Jan 10 11:54:30.970380 n-d-master-1 devstack@placement-api.service[115036]: DEBUG placement.objects.resource_provider [req-4494ace0-4d87-4c73-8c24-ab41690c59a1 req-26588cb3-4bf6-4512-97e9-ab20b34115a7 service placement] _ensure_aggregate() created new aggregate 36ff0c9a-adf9-43a9-8d72-f362d02f35dc (id=8). {{(pid=115036) _ensure_aggregate /opt/stack/placement/placement/objects/resource_provider.py:326}}
Jan 10 11:54:30.972102 n-d-master-1 devstack@placement-api.service[115036]: DEBUG placement.objects.resource_provider [req-4494ace0-4d87-4c73-8c24-ab41690c59a1 req-26588cb3-4bf6-4512-97e9-ab20b34115a7 service placement] Setting aggregates for provider 31fb8491-7c35-4d96-a227-bb91bfb8b820. Successfully associated aggregate 36ff0c9a-adf9-43a9-8d72-f362d02f35dc. {{(pid=115036) _set_aggregates /opt/stack/placement/placement/objects/resource_provider.py:388}}
Jan 10 11:54:30.984792 n-d-master-1 devstack@placement-api.service[115036]: INFO placement.requestlog [req-4494ace0-4d87-4c73-8c24-ab41690c59a1 req-26588cb3-4bf6-4512-97e9-ab20b34115a7 service placement] 10.222.0.18 "PUT /placement/resource_providers/31fb8491-7c35-4d96-a227-bb91bfb8b820/aggregates" status: 200 len: 92 microversion: 1.19
Jan 10 11:54:30.985905 n-d-master-1 devstack@placement-api.service[115036]: [pid: 115036|app: 0|req: 364/730] 10.222.0.18 () {64 vars in 1477 bytes} [Mon Jan 10 11:54:30 2022] PUT /placement/resource_providers/31fb8491-7c35-4d96-a227-bb91bfb8b820/aggregates => generated 92 bytes in 42 msecs (HTTP/1.1 200) 8 headers in 295 bytes (1 switches on core 0)
Jan 10 11:54:32.321388 n-d-master-1 devstack@placement-api.service[115035]: DEBUG placement.requestlog [req-a5993ac4-edcf-40fa-b63d-4085135a464e req-f4f91a96-edff-49f0-9dc4-013beebe1eb7 None None] Starting request: 10.222.0.41 "GET /placement/resource_providers/f0465b6c-058f-4bf5-ac66-3aef0afb8339/allocations" {{(pid=115035) __call__ /opt/stack/placement/placement/requestlog.py:55}}
Jan 10 11:54:32.363104 n-d-master-1 devstack@placement-api.service[115035]: INFO placement.requestlog [req-a5993ac4-edcf-40fa-b63d-4085135a464e req-f4f91a96-edff-49f0-9dc4-013beebe1eb7 service placement] 10.222.0.41 "GET /placement/resource_providers/f0465b6c-058f-4bf5-ac66-3aef0afb8339/allocations" status: 200 len: 645 microversion: 1.0
Jan 10 11:54:32.364578 n-d-master-1 devstack@placement-api.service[115035]: [pid: 115035|app: 0|req: 367/731] 10.222.0.41 () {58 vars in 1390 bytes} [Mon Jan 10 11:54:32 2022] GET /placement/resource_providers/f0465b6c-058f-4bf5-ac66-3aef0afb8339/allocations => generated 645 bytes in 43 msecs (HTTP/1.1 200) 6 headers in 224 bytes (1 switches on core 0)
Jan 10 11:54:32.974893 n-d-master-1 devstack@placement-api.service[115036]: DEBUG placement.requestlog [req-d514f527-fc1a-4c41-920d-4df1a1a777d3 req-b3547e4e-58c7-4292-a7fc-904e2e2320e8 None None] Starting request: 10.222.0.18 "GET /placement/resource_providers?name=n-h1-master-1" {{(pid=115036) __call__ /opt/stack/placement/placement/requestlog.py:55}}
Jan 10 11:54:32.992676 n-d-master-1 devstack@placement-api.service[115036]: INFO placement.requestlog [req-d514f527-fc1a-4c41-920d-4df1a1a777d3 req-b3547e4e-58c7-4292-a7fc-904e2e2320e8 service placement] 10.222.0.18 "GET /placement/resource_providers?name=n-h1-master-1" status: 200 len: 441 microversion: 1.0
Jan 10 11:54:32.993072 n-d-master-1 devstack@placement-api.service[115036]: [pid: 115036|app: 0|req: 365/732] 10.222.0.18 () {58 vars in 1274 bytes} [Mon Jan 10 11:54:32 2022] GET /placement/resource_providers?name=n-h1-master-1 => generated 441 bytes in 18 msecs (HTTP/1.1 200) 6 headers in 224 bytes (1 switches on core 0)
Jan 10 11:54:32.999556 n-d-master-1 devstack@placement-api.service[115035]: DEBUG placement.requestlog [req-d514f527-fc1a-4c41-920d-4df1a1a777d3 req-4632766f-f5b4-412d-b45b-201673e078cb None None] Starting request: 10.222.0.18 "GET /placement/resource_providers/31fb8491-7c35-4d96-a227-bb91bfb8b820/aggregates" {{(pid=115035) __call__ /opt/stack/placement/placement/requestlog.py:55}}
Jan 10 11:54:33.021306 n-d-master-1 devstack@placement-api.service[115035]: INFO placement.requestlog [req-d514f527-fc1a-4c41-920d-4df1a1a777d3 req-4632766f-f5b4-412d-b45b-201673e078cb service placement] 10.222.0.18 "GET /placement/resource_providers/31fb8491-7c35-4d96-a227-bb91bfb8b820/aggregates" status: 200 len: 92 microversion: 1.19
Jan 10 11:54:33.028281 n-d-master-1 devstack@placement-api.service[115035]: [pid: 115035|app: 0|req: 368/733] 10.222.0.18 () {60 vars in 1425 bytes} [Mon Jan 10 11:54:32 2022] GET /placement/resource_providers/31fb8491-7c35-4d96-a227-bb91bfb8b820/aggregates => generated 92 bytes in 29 msecs (HTTP/1.1 200) 8 headers in 295 bytes (1 switches on core 0)
Jan 10 11:54:33.028745 n-d-master-1 devstack@placement-api.service[115036]: DEBUG placement.requestlog [req-d514f527-fc1a-4c41-920d-4df1a1a777d3 req-bc5bd4cc-749c-47d7-a381-8bb1011d549a None None] Starting request: 10.222.0.18 "PUT /placement/resource_providers/31fb8491-7c35-4d96-a227-bb91bfb8b820/aggregates" {{(pid=115036) __call__ /opt/stack/placement/placement/requestlog.py:55}}
Jan 10 11:54:33.057786 n-d-master-1 devstack@placement-api.service[115036]: DEBUG placement.objects.resource_provider [req-d514f527-fc1a-4c41-920d-4df1a1a777d3 req-bc5bd4cc-749c-47d7-a381-8bb1011d549a service placement] Setting aggregates for provider 31fb8491-7c35-4d96-a227-bb91bfb8b820. Successfully disassociated aggregate 36ff0c9a-adf9-43a9-8d72-f362d02f35dc. {{(pid=115036) _set_aggregates /opt/stack/placement/placement/objects/resource_provider.py:403}}
Jan 10 11:54:33.080655 n-d-master-1 devstack@placement-api.service[115036]: INFO placement.requestlog [req-d514f527-fc1a-4c41-920d-4df1a1a777d3 req-bc5bd4cc-749c-47d7-a381-8bb1011d549a service placement] 10.222.0.18 "PUT /placement/resource_providers/31fb8491-7c35-4d96-a227-bb91bfb8b820/aggregates" status: 200 len: 54 microversion: 1.19
Jan 10 11:54:33.081335 n-d-master-1 devstack@placement-api.service[115036]: [pid: 115036|app: 0|req: 366/734] 10.222.0.18 () {64 vars in 1477 bytes} [Mon Jan 10 11:54:33 2022] PUT /placement/resource_providers/31fb8491-7c35-4d96-a227-bb91bfb8b820/aggregates => generated 54 bytes in 53 msecs (HTTP/1.1 200) 8 headers in 295 bytes (2 switches on core 0)
Jan 10 11:54:37.592438 n-d-master-1 devstack@placement-api.service[115035]: DEBUG placement.requestlog [req-c47f853c-194c-410b-95ae-2d63fa896f3b req-5cab3caa-d039-401f-abf2-9435e60f4ab6 None None] Starting request: 10.222.0.18 "GET /placement/allocation_candidates?limit=1000&resources=DISK_GB%3A1%2CMEMORY_MB%3A1024%2CVCPU%3A1&root_required=%21COMPUTE_STATUS_DISABLED" {{(pid=115035) __call__ /opt/stack/placement/placement/requestlog.py:55}}
Jan 10 11:54:37.686244 n-d-master-1 devstack@placement-api.service[115035]: DEBUG placement.objects.research_context [req-c47f853c-194c-410b-95ae-2d63fa896f3b req-5cab3caa-d039-401f-abf2-9435e60f4ab6 service placement] getting providers with 1 DISK_GB {{(pid=115035) __init__ /opt/stack/placement/placement/objects/research_context.py:126}}
Jan 10 11:54:37.705646 n-d-master-1 devstack@placement-api.service[115035]: DEBUG placement.objects.research_context [req-c47f853c-194c-410b-95ae-2d63fa896f3b req-5cab3caa-d039-401f-abf2-9435e60f4ab6 service placement] getting providers with 1024 MEMORY_MB {{(pid=115035) __init__ /opt/stack/placement/placement/objects/research_context.py:126}}
Jan 10 11:54:37.715317 n-d-master-1 devstack@placement-api.service[115035]: DEBUG placement.objects.research_context [req-c47f853c-194c-410b-95ae-2d63fa896f3b req-5cab3caa-d039-401f-abf2-9435e60f4ab6 service placement] getting providers with 1 VCPU {{(pid=115035) __init__ /opt/stack/placement/placement/objects/research_context.py:126}}
Jan 10 11:54:37.728688 n-d-master-1 devstack@placement-api.service[115035]: DEBUG placement.objects.research_context [req-c47f853c-194c-410b-95ae-2d63fa896f3b req-5cab3caa-d039-401f-abf2-9435e60f4ab6 service placement] found 2 providers with available 1 DISK_GB {{(pid=115035) get_provider_ids_matching /opt/stack/placement/placement/objects/research_context.py:549}}
Jan 10 11:54:37.729351 n-d-master-1 devstack@placement-api.service[115035]: DEBUG placement.objects.research_context [req-c47f853c-194c-410b-95ae-2d63fa896f3b req-5cab3caa-d039-401f-abf2-9435e60f4ab6 service placement] found 2 providers with available 1024 MEMORY_MB {{(pid=115035) get_provider_ids_matching /opt/stack/placement/placement/objects/research_context.py:549}}
Jan 10 11:54:37.729790 n-d-master-1 devstack@placement-api.service[115035]: DEBUG placement.objects.research_context [req-c47f853c-194c-410b-95ae-2d63fa896f3b req-5cab3caa-d039-401f-abf2-9435e60f4ab6 service placement] found 2 providers after filtering by previous result {{(pid=115035) get_provider_ids_matching /opt/stack/placement/placement/objects/research_context.py:580}}
Jan 10 11:54:37.730265 n-d-master-1 devstack@placement-api.service[115035]: DEBUG placement.objects.research_context [req-c47f853c-194c-410b-95ae-2d63fa896f3b req-5cab3caa-d039-401f-abf2-9435e60f4ab6 service placement] found 2 providers with available 1 VCPU {{(pid=115035) get_provider_ids_matching /opt/stack/placement/placement/objects/research_context.py:549}}
Jan 10 11:54:37.730723 n-d-master-1 devstack@placement-api.service[115035]: DEBUG placement.objects.research_context [req-c47f853c-194c-410b-95ae-2d63fa896f3b req-5cab3caa-d039-401f-abf2-9435e60f4ab6 service placement] found 2 providers after filtering by previous result {{(pid=115035) get_provider_ids_matching /opt/stack/placement/placement/objects/research_context.py:580}}
Jan 10 11:54:37.765821 n-d-master-1 devstack@placement-api.service[115035]: DEBUG placement.objects.allocation_candidate [req-c47f853c-194c-410b-95ae-2d63fa896f3b req-5cab3caa-d039-401f-abf2-9435e60f4ab6 service placement] RequestGroup(use_same_provider=False, resources={DISK_GB:1, MEMORY_MB:1024, VCPU:1}, traits=[], aggregates=[]) (suffix '') returned 2 matches {{(pid=115035) _get_by_requests /opt/stack/placement/placement/objects/allocation_candidate.py:145}}
Jan 10 11:54:37.770236 n-d-master-1 devstack@placement-api.service[115035]: DEBUG placement.objects.allocation_candidate [req-c47f853c-194c-410b-95ae-2d63fa896f3b req-5cab3caa-d039-401f-abf2-9435e60f4ab6 service placement] Merging candidates yields 2 allocation requests and 2 provider summaries {{(pid=115035) _merge_candidates /opt/stack/placement/placement/objects/allocation_candidate.py:783}}
Jan 10 11:54:37.773530 n-d-master-1 devstack@placement-api.service[115035]: INFO placement.requestlog [req-c47f853c-194c-410b-95ae-2d63fa896f3b req-5cab3caa-d039-401f-abf2-9435e60f4ab6 service placement] 10.222.0.18 "GET /placement/allocation_candidates?limit=1000&resources=DISK_GB%3A1%2CMEMORY_MB%3A1024%2CVCPU%3A1&root_required=%21COMPUTE_STATUS_DISABLED" status: 200 len: 1309 microversion: 1.36
Jan 10 11:54:37.778043 n-d-master-1 devstack@placement-api.service[115035]: [pid: 115035|app: 0|req: 369/735] 10.222.0.18 () {60 vars in 1506 bytes} [Mon Jan 10 11:54:37 2022] GET /placement/allocation_candidates?limit=1000&resources=DISK_GB%3A1%2CMEMORY_MB%3A1024%2CVCPU%3A1&root_required=%21COMPUTE_STATUS_DISABLED => generated 1309 bytes in 186 msecs (HTTP/1.1 200) 8 headers in 297 bytes (1 switches on core 0)
Jan 10 11:54:37.895354 n-d-master-1 devstack@placement-api.service[115036]: DEBUG placement.requestlog [req-c47f853c-194c-410b-95ae-2d63fa896f3b req-5b1b8fa1-e1d2-4051-bac7-c35bd1154a82 None None] Starting request: 10.222.0.18 "GET /placement/allocations/de30b097-4597-456b-818e-97bfbc52e834" {{(pid=115036) __call__ /opt/stack/placement/placement/requestlog.py:55}}
Jan 10 11:54:37.916751 n-d-master-1 devstack@placement-api.service[115036]: INFO placement.requestlog [req-c47f853c-194c-410b-95ae-2d63fa896f3b req-5b1b8fa1-e1d2-4051-bac7-c35bd1154a82 service placement] 10.222.0.18 "GET /placement/allocations/de30b097-4597-456b-818e-97bfbc52e834" status: 200 len: 19 microversion: 1.28
Jan 10 11:54:37.916751 n-d-master-1 devstack@placement-api.service[115036]: [pid: 115036|app: 0|req: 367/736] 10.222.0.18 () {60 vars in 1380 bytes} [Mon Jan 10 11:54:37 2022] GET /placement/allocations/de30b097-4597-456b-818e-97bfbc52e834 => generated 19 bytes in 18 msecs (HTTP/1.1 200) 8 headers in 295 bytes (1 switches on core 0)
Jan 10 11:54:37.917987 n-d-master-1 devstack@placement-api.service[115035]: DEBUG placement.requestlog [req-c47f853c-194c-410b-95ae-2d63fa896f3b req-e5174744-9099-49a7-92e8-0b32cef98449 None None] Starting request: 10.222.0.18 "PUT /placement/allocations/de30b097-4597-456b-818e-97bfbc52e834" {{(pid=115035) __call__ /opt/stack/placement/placement/requestlog.py:55}}
Jan 10 11:54:38.012697 n-d-master-1 devstack@placement-api.service[115035]: DEBUG placement.handlers.allocation [req-c47f853c-194c-410b-95ae-2d63fa896f3b req-e5174744-9099-49a7-92e8-0b32cef98449 service placement] Successfully wrote allocations [, , ] {{(pid=115035) _update_consumers_and_create_allocations /opt/stack/placement/placement/handlers/allocation.py:462}}
Jan 10 11:54:38.021666 n-d-master-1 devstack@placement-api.service[115035]: INFO placement.requestlog [req-c47f853c-194c-410b-95ae-2d63fa896f3b req-e5174744-9099-49a7-92e8-0b32cef98449 service placement] 10.222.0.18 "PUT /placement/allocations/de30b097-4597-456b-818e-97bfbc52e834" status: 204 len: 0 microversion: 1.36
Jan 10 11:54:38.022262 n-d-master-1 devstack@placement-api.service[115035]: [pid: 115035|app: 0|req: 370/737] 10.222.0.18 () {64 vars in 1433 bytes} [Mon Jan 10 11:54:37 2022] PUT /placement/allocations/de30b097-4597-456b-818e-97bfbc52e834 => generated 0 bytes in 104 msecs (HTTP/1.1 204) 5 headers in 199 bytes (1 switches on core 0)
Jan 10 11:54:38.385577 n-d-master-1 devstack@placement-api.service[115036]: DEBUG placement.requestlog [req-c47f853c-194c-410b-95ae-2d63fa896f3b req-21de849e-31ac-4ffc-afef-62c82542c107 None None] Starting request: 10.222.0.41 "GET /placement/allocations/de30b097-4597-456b-818e-97bfbc52e834" {{(pid=115036) __call__ /opt/stack/placement/placement/requestlog.py:55}}
Jan 10 11:54:38.404403 n-d-master-1 devstack@placement-api.service[115036]: INFO placement.requestlog [req-c47f853c-194c-410b-95ae-2d63fa896f3b req-21de849e-31ac-4ffc-afef-62c82542c107 service placement] 10.222.0.41 "GET /placement/allocations/de30b097-4597-456b-818e-97bfbc52e834" status: 200 len: 259 microversion: 1.28
Jan 10 11:54:38.405034 n-d-master-1 devstack@placement-api.service[115036]: [pid: 115036|app: 0|req: 368/738] 10.222.0.41 () {60 vars in 1377 bytes} [Mon Jan 10 11:54:38 2022] GET /placement/allocations/de30b097-4597-456b-818e-97bfbc52e834 => generated 259 bytes in 20 msecs (HTTP/1.1 200) 8 headers in 296 bytes (1 switches on core 0)
Jan 10 11:54:42.720570 n-d-master-1 devstack@placement-api.service[115035]: DEBUG placement.requestlog [req-d82e8c50-e855-442e-8c14-b5ee179cec3d req-36e2e21c-4c4d-4f37-8b93-47108bb1ea4f None None] Starting request: 10.222.0.18 "GET /placement/allocation_candidates?limit=1000&resources=DISK_GB%3A1%2CMEMORY_MB%3A1024%2CVCPU%3A1&root_required=%21COMPUTE_STATUS_DISABLED" {{(pid=115035) __call__ /opt/stack/placement/placement/requestlog.py:55}}
Jan 10 11:54:42.796593 n-d-master-1 devstack@placement-api.service[115035]: DEBUG placement.objects.research_context [req-d82e8c50-e855-442e-8c14-b5ee179cec3d req-36e2e21c-4c4d-4f37-8b93-47108bb1ea4f service placement] getting providers with 1 DISK_GB {{(pid=115035) __init__ /opt/stack/placement/placement/objects/research_context.py:126}}
Jan 10 11:54:42.811058 n-d-master-1 devstack@placement-api.service[115035]: DEBUG placement.objects.research_context [req-d82e8c50-e855-442e-8c14-b5ee179cec3d req-36e2e21c-4c4d-4f37-8b93-47108bb1ea4f service placement] getting providers with 1024 MEMORY_MB {{(pid=115035) __init__ /opt/stack/placement/placement/objects/research_context.py:126}}
Jan 10 11:54:42.839961 n-d-master-1 devstack@placement-api.service[115035]: DEBUG placement.objects.research_context [req-d82e8c50-e855-442e-8c14-b5ee179cec3d req-36e2e21c-4c4d-4f37-8b93-47108bb1ea4f service placement] getting providers with 1 VCPU {{(pid=115035) __init__ /opt/stack/placement/placement/objects/research_context.py:126}}
Jan 10 11:54:42.853061 n-d-master-1 devstack@placement-api.service[115035]: DEBUG placement.objects.research_context [req-d82e8c50-e855-442e-8c14-b5ee179cec3d req-36e2e21c-4c4d-4f37-8b93-47108bb1ea4f service placement] found 2 providers with available 1 DISK_GB {{(pid=115035) get_provider_ids_matching /opt/stack/placement/placement/objects/research_context.py:549}}
Jan 10 11:54:42.855372 n-d-master-1 devstack@placement-api.service[115035]: DEBUG placement.objects.research_context [req-d82e8c50-e855-442e-8c14-b5ee179cec3d req-36e2e21c-4c4d-4f37-8b93-47108bb1ea4f service placement] found 2 providers with available 1024 MEMORY_MB {{(pid=115035) get_provider_ids_matching /opt/stack/placement/placement/objects/research_context.py:549}}
Jan 10 11:54:42.856062 n-d-master-1 devstack@placement-api.service[115035]: DEBUG placement.objects.research_context [req-d82e8c50-e855-442e-8c14-b5ee179cec3d req-36e2e21c-4c4d-4f37-8b93-47108bb1ea4f service placement] found 2 providers after filtering by previous result {{(pid=115035) get_provider_ids_matching /opt/stack/placement/placement/objects/research_context.py:580}}
Jan 10 11:54:42.857005 n-d-master-1 devstack@placement-api.service[115035]: DEBUG placement.objects.research_context [req-d82e8c50-e855-442e-8c14-b5ee179cec3d req-36e2e21c-4c4d-4f37-8b93-47108bb1ea4f service placement] found 2 providers with available 1 VCPU {{(pid=115035) get_provider_ids_matching /opt/stack/placement/placement/objects/research_context.py:549}}
Jan 10 11:54:42.857452 n-d-master-1 devstack@placement-api.service[115035]: DEBUG placement.objects.research_context [req-d82e8c50-e855-442e-8c14-b5ee179cec3d req-36e2e21c-4c4d-4f37-8b93-47108bb1ea4f service placement] found 2 providers after filtering by previous result {{(pid=115035) get_provider_ids_matching /opt/stack/placement/placement/objects/research_context.py:580}}
Jan 10 11:54:42.883446 n-d-master-1 devstack@placement-api.service[115035]: DEBUG placement.objects.allocation_candidate [req-d82e8c50-e855-442e-8c14-b5ee179cec3d req-36e2e21c-4c4d-4f37-8b93-47108bb1ea4f service placement] RequestGroup(use_same_provider=False, resources={DISK_GB:1, MEMORY_MB:1024, VCPU:1}, traits=[], aggregates=[]) (suffix '') returned 2 matches {{(pid=115035) _get_by_requests /opt/stack/placement/placement/objects/allocation_candidate.py:145}}
Jan 10 11:54:42.884089 n-d-master-1 devstack@placement-api.service[115035]: DEBUG placement.objects.allocation_candidate [req-d82e8c50-e855-442e-8c14-b5ee179cec3d req-36e2e21c-4c4d-4f37-8b93-47108bb1ea4f service placement] Merging candidates yields 2 allocation requests and 2 provider summaries {{(pid=115035) _merge_candidates /opt/stack/placement/placement/objects/allocation_candidate.py:783}}
Jan 10 11:54:42.886589 n-d-master-1 devstack@placement-api.service[115035]: INFO placement.requestlog [req-d82e8c50-e855-442e-8c14-b5ee179cec3d req-36e2e21c-4c4d-4f37-8b93-47108bb1ea4f service placement] 10.222.0.18 "GET /placement/allocation_candidates?limit=1000&resources=DISK_GB%3A1%2CMEMORY_MB%3A1024%2CVCPU%3A1&root_required=%21COMPUTE_STATUS_DISABLED" status: 200 len: 1309 microversion: 1.36
Jan 10 11:54:42.887623 n-d-master-1 devstack@placement-api.service[115035]: [pid: 115035|app: 0|req: 371/739] 10.222.0.18 () {60 vars in 1506 bytes} [Mon Jan 10 11:54:42 2022] GET /placement/allocation_candidates?limit=1000&resources=DISK_GB%3A1%2CMEMORY_MB%3A1024%2CVCPU%3A1&root_required=%21COMPUTE_STATUS_DISABLED => generated 1309 bytes in 168 msecs (HTTP/1.1 200) 8 headers in 297 bytes (1 switches on core 0)
Jan 10 11:54:42.984407 n-d-master-1 devstack@placement-api.service[115036]: DEBUG placement.requestlog [req-d82e8c50-e855-442e-8c14-b5ee179cec3d req-14258548-b353-4c90-b0c6-9e8fa7a503d3 None None] Starting request: 10.222.0.18 "GET /placement/allocations/a6e359fa-c0c8-4193-9c1c-e0140f2bd818" {{(pid=115036) __call__ /opt/stack/placement/placement/requestlog.py:55}}
Jan 10 11:54:43.000797 n-d-master-1 devstack@placement-api.service[115036]: INFO placement.requestlog [req-d82e8c50-e855-442e-8c14-b5ee179cec3d req-14258548-b353-4c90-b0c6-9e8fa7a503d3 service placement] 10.222.0.18 "GET /placement/allocations/a6e359fa-c0c8-4193-9c1c-e0140f2bd818" status: 200 len: 19 microversion: 1.28
Jan 10 11:54:43.005727 n-d-master-1 devstack@placement-api.service[115036]: [pid: 115036|app: 0|req: 369/740] 10.222.0.18 () {60 vars in 1380 bytes} [Mon Jan 10 11:54:42 2022] GET /placement/allocations/a6e359fa-c0c8-4193-9c1c-e0140f2bd818 => generated 19 bytes in 21 msecs (HTTP/1.1 200) 8 headers in 295 bytes (1 switches on core 0)
Jan 10 11:54:43.007456 n-d-master-1 devstack@placement-api.service[115035]: DEBUG placement.requestlog [req-d82e8c50-e855-442e-8c14-b5ee179cec3d req-b5951afb-a1bf-4b81-a42a-0ee362e34f10 None None] Starting request: 10.222.0.18 "PUT /placement/allocations/a6e359fa-c0c8-4193-9c1c-e0140f2bd818" {{(pid=115035) __call__ /opt/stack/placement/placement/requestlog.py:55}}
Jan 10 11:54:43.123576 n-d-master-1 devstack@placement-api.service[115035]: DEBUG placement.handlers.allocation [req-d82e8c50-e855-442e-8c14-b5ee179cec3d req-b5951afb-a1bf-4b81-a42a-0ee362e34f10 service placement] Successfully wrote allocations [, , ] {{(pid=115035) _update_consumers_and_create_allocations /opt/stack/placement/placement/handlers/allocation.py:462}}
Jan 10 11:54:43.133052 n-d-master-1 devstack@placement-api.service[115035]: INFO placement.requestlog [req-d82e8c50-e855-442e-8c14-b5ee179cec3d req-b5951afb-a1bf-4b81-a42a-0ee362e34f10 service placement] 10.222.0.18 "PUT /placement/allocations/a6e359fa-c0c8-4193-9c1c-e0140f2bd818" status: 204 len: 0 microversion: 1.36
Jan 10 11:54:43.134008 n-d-master-1 devstack@placement-api.service[115035]: [pid: 115035|app: 0|req: 372/741] 10.222.0.18 () {64 vars in 1433 bytes} [Mon Jan 10 11:54:43 2022] PUT /placement/allocations/a6e359fa-c0c8-4193-9c1c-e0140f2bd818 => generated 0 bytes in 127 msecs (HTTP/1.1 204) 5 headers in 199 bytes (2 switches on core 0)
Jan 10 11:54:43.635606 n-d-master-1 devstack@placement-api.service[115036]: DEBUG placement.requestlog [req-d82e8c50-e855-442e-8c14-b5ee179cec3d req-9d3b6ee4-4104-4eff-91d6-3980606cf818 None None] Starting request: 10.222.0.41 "GET /placement/allocations/a6e359fa-c0c8-4193-9c1c-e0140f2bd818" {{(pid=115036) __call__ /opt/stack/placement/placement/requestlog.py:55}}
Jan 10 11:54:43.660160 n-d-master-1 devstack@placement-api.service[115036]: INFO placement.requestlog [req-d82e8c50-e855-442e-8c14-b5ee179cec3d req-9d3b6ee4-4104-4eff-91d6-3980606cf818 service placement] 10.222.0.41 "GET /placement/allocations/a6e359fa-c0c8-4193-9c1c-e0140f2bd818" status: 200 len: 259 microversion: 1.28
Jan 10 11:54:43.660813 n-d-master-1 devstack@placement-api.service[115036]: [pid: 115036|app: 0|req: 370/742] 10.222.0.41 () {60 vars in 1377 bytes} [Mon Jan 10 11:54:43 2022] GET /placement/allocations/a6e359fa-c0c8-4193-9c1c-e0140f2bd818 => generated 259 bytes in 26 msecs (HTTP/1.1 200) 8 headers in 296 bytes (1 switches on core 0)
Jan 10 11:55:04.688911 n-d-master-1 devstack@placement-api.service[115035]: DEBUG placement.requestlog [req-03bbe1ab-88b7-4640-9605-a37626489cc8 req-b070ff76-9f3f-42f0-9431-bb655f3b2a15 None None] Starting request: 10.222.0.37 "GET /placement/resource_providers/31fb8491-7c35-4d96-a227-bb91bfb8b820/allocations" {{(pid=115035) __call__ /opt/stack/placement/placement/requestlog.py:55}}
Jan 10 11:55:04.726192 n-d-master-1 devstack@placement-api.service[115035]: INFO placement.requestlog [req-03bbe1ab-88b7-4640-9605-a37626489cc8 req-b070ff76-9f3f-42f0-9431-bb655f3b2a15 service placement] 10.222.0.37 "GET /placement/resource_providers/31fb8491-7c35-4d96-a227-bb91bfb8b820/allocations" status: 200 len: 457 microversion: 1.0
Jan 10 11:55:04.726895 n-d-master-1 devstack@placement-api.service[115035]: [pid: 115035|app: 0|req: 373/743] 10.222.0.37 () {58 vars in 1390 bytes} [Mon Jan 10 11:55:04 2022] GET /placement/resource_providers/31fb8491-7c35-4d96-a227-bb91bfb8b820/allocations => generated 457 bytes in 39 msecs (HTTP/1.1 200) 6 headers in 224 bytes (1 switches on core 0)
Jan 10 11:55:08.970438 n-d-master-1 devstack@placement-api.service[115036]: DEBUG placement.requestlog [req-0d657953-4fb7-418b-8639-59e36ce6299f req-15b85af3-80f7-4b08-8b5e-d44c7e4249f5 None None] Starting request: 10.222.0.18 "GET /placement/allocation_candidates?limit=1000&resources=MEMORY_MB%3A1024%2CVCPU%3A1&root_required=%21COMPUTE_STATUS_DISABLED" {{(pid=115036) __call__ /opt/stack/placement/placement/requestlog.py:55}}
Jan 10 11:55:09.046015 n-d-master-1 devstack@placement-api.service[115036]: DEBUG placement.objects.research_context [req-0d657953-4fb7-418b-8639-59e36ce6299f req-15b85af3-80f7-4b08-8b5e-d44c7e4249f5 service placement] getting providers with 1024 MEMORY_MB {{(pid=115036) __init__ /opt/stack/placement/placement/objects/research_context.py:126}}
Jan 10 11:55:09.060905 n-d-master-1 devstack@placement-api.service[115036]: DEBUG placement.objects.research_context [req-0d657953-4fb7-418b-8639-59e36ce6299f req-15b85af3-80f7-4b08-8b5e-d44c7e4249f5 service placement] getting providers with 1 VCPU {{(pid=115036) __init__ /opt/stack/placement/placement/objects/research_context.py:126}}
Jan 10 11:55:09.072992 n-d-master-1 devstack@placement-api.service[115036]: DEBUG placement.objects.research_context [req-0d657953-4fb7-418b-8639-59e36ce6299f req-15b85af3-80f7-4b08-8b5e-d44c7e4249f5 service placement] found 2 providers with available 1024 MEMORY_MB {{(pid=115036) get_provider_ids_matching /opt/stack/placement/placement/objects/research_context.py:549}}
Jan 10 11:55:09.073266 n-d-master-1 devstack@placement-api.service[115036]: DEBUG placement.objects.research_context [req-0d657953-4fb7-418b-8639-59e36ce6299f req-15b85af3-80f7-4b08-8b5e-d44c7e4249f5 service placement] found 2 providers with available 1 VCPU {{(pid=115036) get_provider_ids_matching /opt/stack/placement/placement/objects/research_context.py:549}}
Jan 10 11:55:09.073606 n-d-master-1 devstack@placement-api.service[115036]: DEBUG placement.objects.research_context [req-0d657953-4fb7-418b-8639-59e36ce6299f req-15b85af3-80f7-4b08-8b5e-d44c7e4249f5 service placement] found 2 providers after filtering by previous result {{(pid=115036) get_provider_ids_matching /opt/stack/placement/placement/objects/research_context.py:580}}
Jan 10 11:55:09.108074 n-d-master-1 devstack@placement-api.service[115036]: DEBUG placement.objects.allocation_candidate [req-0d657953-4fb7-418b-8639-59e36ce6299f req-15b85af3-80f7-4b08-8b5e-d44c7e4249f5 service placement] RequestGroup(use_same_provider=False, resources={MEMORY_MB:1024, VCPU:1}, traits=[], aggregates=[]) (suffix '') returned 2 matches {{(pid=115036) _get_by_requests /opt/stack/placement/placement/objects/allocation_candidate.py:145}}
Jan 10 11:55:09.108678 n-d-master-1 devstack@placement-api.service[115036]: DEBUG placement.objects.allocation_candidate [req-0d657953-4fb7-418b-8639-59e36ce6299f req-15b85af3-80f7-4b08-8b5e-d44c7e4249f5 service placement] Merging candidates yields 2 allocation requests and 2 provider summaries {{(pid=115036) _merge_candidates /opt/stack/placement/placement/objects/allocation_candidate.py:783}}
Jan 10 11:55:09.111170 n-d-master-1 devstack@placement-api.service[115036]: INFO placement.requestlog [req-0d657953-4fb7-418b-8639-59e36ce6299f req-15b85af3-80f7-4b08-8b5e-d44c7e4249f5 service placement] 10.222.0.18 "GET /placement/allocation_candidates?limit=1000&resources=MEMORY_MB%3A1024%2CVCPU%3A1&root_required=%21COMPUTE_STATUS_DISABLED" status: 200 len: 1281 microversion: 1.36
Jan 10 11:55:09.125424 n-d-master-1 devstack@placement-api.service[115036]: [pid: 115036|app: 0|req: 371/744] 10.222.0.18 () {60 vars in 1478 bytes} [Mon Jan 10 11:55:08 2022] GET /placement/allocation_candidates?limit=1000&resources=MEMORY_MB%3A1024%2CVCPU%3A1&root_required=%21COMPUTE_STATUS_DISABLED => generated 1281 bytes in 155 msecs (HTTP/1.1 200) 8 headers in 297 bytes (1 switches on core 0)
Jan 10 11:55:09.269583 n-d-master-1 devstack@placement-api.service[115035]: DEBUG placement.requestlog [req-0d657953-4fb7-418b-8639-59e36ce6299f req-9f6dc848-446b-453d-aaf5-2ac1061d2467 None None] Starting request: 10.222.0.18 "GET /placement/allocations/20d2724e-4f9a-4edf-98ce-f02df7521d8c" {{(pid=115035) __call__ /opt/stack/placement/placement/requestlog.py:55}}
Jan 10 11:55:09.294323 n-d-master-1 devstack@placement-api.service[115035]: INFO placement.requestlog [req-0d657953-4fb7-418b-8639-59e36ce6299f req-9f6dc848-446b-453d-aaf5-2ac1061d2467 service placement] 10.222.0.18 "GET /placement/allocations/20d2724e-4f9a-4edf-98ce-f02df7521d8c" status: 200 len: 19 microversion: 1.28
Jan 10 11:55:09.294977 n-d-master-1 devstack@placement-api.service[115035]: [pid: 115035|app: 0|req: 374/745] 10.222.0.18 () {60 vars in 1380 bytes} [Mon Jan 10 11:55:09 2022] GET /placement/allocations/20d2724e-4f9a-4edf-98ce-f02df7521d8c => generated 19 bytes in 26 msecs (HTTP/1.1 200) 8 headers in 295 bytes (1 switches on core 0)
Jan 10 11:55:09.303530 n-d-master-1 devstack@placement-api.service[115036]: DEBUG placement.requestlog [req-0d657953-4fb7-418b-8639-59e36ce6299f req-cafe7e86-97c8-4ab6-b7dd-40e2069f326b None None] Starting request: 10.222.0.18 "PUT /placement/allocations/20d2724e-4f9a-4edf-98ce-f02df7521d8c" {{(pid=115036) __call__ /opt/stack/placement/placement/requestlog.py:55}}
Jan 10 11:55:09.412322 n-d-master-1 devstack@placement-api.service[115036]: DEBUG placement.handlers.allocation [req-0d657953-4fb7-418b-8639-59e36ce6299f req-cafe7e86-97c8-4ab6-b7dd-40e2069f326b service placement] Successfully wrote allocations [, ] {{(pid=115036) _update_consumers_and_create_allocations /opt/stack/placement/placement/handlers/allocation.py:462}}
Jan 10 11:55:09.419429 n-d-master-1 devstack@placement-api.service[115036]: INFO placement.requestlog [req-0d657953-4fb7-418b-8639-59e36ce6299f req-cafe7e86-97c8-4ab6-b7dd-40e2069f326b service placement] 10.222.0.18 "PUT /placement/allocations/20d2724e-4f9a-4edf-98ce-f02df7521d8c" status: 204 len: 0 microversion: 1.36
Jan 10 11:55:09.420730 n-d-master-1 devstack@placement-api.service[115036]: [pid: 115036|app: 0|req: 372/746] 10.222.0.18 () {64 vars in 1433 bytes} [Mon Jan 10 11:55:09 2022] PUT /placement/allocations/20d2724e-4f9a-4edf-98ce-f02df7521d8c => generated 0 bytes in 117 msecs (HTTP/1.1 204) 5 headers in 199 bytes (2 switches on core 0)
Jan 10 11:55:09.629926 n-d-master-1 devstack@placement-api.service[115035]: DEBUG placement.requestlog [req-c0928059-40b2-4515-8870-248c25a46b5e req-6e39d7c5-0dcc-4cc1-9e3f-1c77b8cc4fd4 None None] Starting request: 10.222.0.41 "GET /placement/resource_providers?in_tree=f0465b6c-058f-4bf5-ac66-3aef0afb8339" {{(pid=115035) __call__ /opt/stack/placement/placement/requestlog.py:55}}
Jan 10 11:55:09.889352 n-d-master-1 devstack@placement-api.service[115035]: INFO placement.requestlog [req-c0928059-40b2-4515-8870-248c25a46b5e req-6e39d7c5-0dcc-4cc1-9e3f-1c77b8cc4fd4 service placement] 10.222.0.41 "GET /placement/resource_providers?in_tree=f0465b6c-058f-4bf5-ac66-3aef0afb8339" status: 200 len: 863 microversion: 1.14
Jan 10 11:55:09.891807 n-d-master-1 devstack@placement-api.service[115035]: [pid: 115035|app: 0|req: 375/747] 10.222.0.41 () {60 vars in 1376 bytes} [Mon Jan 10 11:55:09 2022] GET /placement/resource_providers?in_tree=f0465b6c-058f-4bf5-ac66-3aef0afb8339 => generated 863 bytes in 262 msecs (HTTP/1.1 200) 6 headers in 225 bytes (2 switches on core 0)
Jan 10 11:55:09.904480 n-d-master-1 devstack@placement-api.service[115036]: DEBUG placement.requestlog [req-c0928059-40b2-4515-8870-248c25a46b5e req-a20b821d-2488-455b-b41b-9ef79d3018d4 None None] Starting request: 10.222.0.41 "GET /placement/resource_providers/f0465b6c-058f-4bf5-ac66-3aef0afb8339/inventories" {{(pid=115036) __call__ /opt/stack/placement/placement/requestlog.py:55}}
Jan 10 11:55:09.960425 n-d-master-1 devstack@placement-api.service[115036]: INFO placement.requestlog [req-c0928059-40b2-4515-8870-248c25a46b5e req-a20b821d-2488-455b-b41b-9ef79d3018d4 service placement] 10.222.0.41 "GET /placement/resource_providers/f0465b6c-058f-4bf5-ac66-3aef0afb8339/inventories" status: 200 len: 398 microversion: 1.0
Jan 10 11:55:09.960975 n-d-master-1 devstack@placement-api.service[115036]: [pid: 115036|app: 0|req: 373/748] 10.222.0.41 () {58 vars in 1390 bytes} [Mon Jan 10 11:55:09 2022] GET /placement/resource_providers/f0465b6c-058f-4bf5-ac66-3aef0afb8339/inventories => generated 398 bytes in 57 msecs (HTTP/1.1 200) 6 headers in 224 bytes (1 switches on core 0)
Jan 10 11:55:09.973361 n-d-master-1 devstack@placement-api.service[115035]: DEBUG placement.requestlog [req-c0928059-40b2-4515-8870-248c25a46b5e req-0cf01e0a-9dca-49e9-bdfb-59af0efa2107 None None] Starting request: 10.222.0.41 "GET /placement/resource_providers/f0465b6c-058f-4bf5-ac66-3aef0afb8339/aggregates" {{(pid=115035) __call__ /opt/stack/placement/placement/requestlog.py:55}}
Jan 10 11:55:09.991421 n-d-master-1 devstack@placement-api.service[115035]: INFO placement.requestlog [req-c0928059-40b2-4515-8870-248c25a46b5e req-0cf01e0a-9dca-49e9-bdfb-59af0efa2107 service placement] 10.222.0.41 "GET /placement/resource_providers/f0465b6c-058f-4bf5-ac66-3aef0afb8339/aggregates" status: 200 len: 54 microversion: 1.19
Jan 10 11:55:09.992368 n-d-master-1 devstack@placement-api.service[115035]: [pid: 115035|app: 0|req: 376/749] 10.222.0.41 () {60 vars in 1431 bytes} [Mon Jan 10 11:55:09 2022] GET /placement/resource_providers/f0465b6c-058f-4bf5-ac66-3aef0afb8339/aggregates => generated 54 bytes in 19 msecs (HTTP/1.1 200) 8 headers in 295 bytes (1 switches on core 0)
Jan 10 11:55:10.002431 n-d-master-1 devstack@placement-api.service[115036]: DEBUG placement.requestlog [req-c0928059-40b2-4515-8870-248c25a46b5e req-e3cc9a42-5bc6-44c2-bd0c-20b5bcb66af5 None None] Starting request: 10.222.0.41 "GET /placement/resource_providers/f0465b6c-058f-4bf5-ac66-3aef0afb8339/traits" {{(pid=115036) __call__ /opt/stack/placement/placement/requestlog.py:55}}
Jan 10 11:55:10.049451 n-d-master-1 devstack@placement-api.service[115035]: DEBUG placement.requestlog [req-0d657953-4fb7-418b-8639-59e36ce6299f req-51f0a46d-87c9-4bb3-ab84-69b8c3eada48 None None] Starting request: 10.222.0.41 "GET /placement/allocations/20d2724e-4f9a-4edf-98ce-f02df7521d8c" {{(pid=115035) __call__ /opt/stack/placement/placement/requestlog.py:55}}
Jan 10 11:55:10.051242 n-d-master-1 devstack@placement-api.service[115036]: INFO placement.requestlog [req-c0928059-40b2-4515-8870-248c25a46b5e req-e3cc9a42-5bc6-44c2-bd0c-20b5bcb66af5 service placement] 10.222.0.41 "GET /placement/resource_providers/f0465b6c-058f-4bf5-ac66-3aef0afb8339/traits" status: 200 len: 212 microversion: 1.6
