Jan 10 11:46:02.141545 n-d-master-1 devstack@placement-api.service[115036]: DEBUG placement.handlers.allocation [req-dd10a0f4-045e-4570-916f-0a7b9d845ca9 req-476d6fa2-24b7-4296-a429-3c5f37e8c008 service placement] Successfully wrote allocations [, , ] {{(pid=115036) _update_consumers_and_create_allocations /opt/stack/placement/placement/handlers/allocation.py:462}}
Jan 10 11:46:02.145335 n-d-master-1 devstack@placement-api.service[115036]: INFO placement.requestlog [req-dd10a0f4-045e-4570-916f-0a7b9d845ca9 req-476d6fa2-24b7-4296-a429-3c5f37e8c008 service placement] 10.222.0.41 "PUT /placement/allocations/05a0e666-dd5b-490f-b570-30928961d2a4" status: 204 len: 0 microversion: 1.28
Jan 10 11:46:02.145898 n-d-master-1 devstack@placement-api.service[115036]: [pid: 115036|app: 0|req: 231/466] 10.222.0.41 () {64 vars in 1430 bytes} [Mon Jan 10 11:46:02 2022] PUT /placement/allocations/05a0e666-dd5b-490f-b570-30928961d2a4 => generated 0 bytes in 56 msecs (HTTP/1.1 204) 5 headers in 199 bytes (1 switches on core 0)
Jan 10 11:46:02.566760 n-d-master-1 devstack@placement-api.service[115035]: DEBUG placement.requestlog [req-bf75709a-e0d2-428a-b343-fc42c2c27baa req-95ad0af5-b615-41e1-83f7-91f1d7479823 None None] Starting request: 10.222.0.41 "GET /placement/resource_providers/f0465b6c-058f-4bf5-ac66-3aef0afb8339/allocations" {{(pid=115035) __call__ /opt/stack/placement/placement/requestlog.py:55}}
Jan 10 11:46:02.591950 n-d-master-1 devstack@placement-api.service[115035]: INFO placement.requestlog [req-bf75709a-e0d2-428a-b343-fc42c2c27baa req-95ad0af5-b615-41e1-83f7-91f1d7479823 service placement] 10.222.0.41 "GET /placement/resource_providers/f0465b6c-058f-4bf5-ac66-3aef0afb8339/allocations" status: 200 len: 1352 microversion: 1.0
Jan 10 11:46:02.592544 n-d-master-1 devstack@placement-api.service[115035]: [pid: 115035|app: 0|req: 236/467] 10.222.0.41 () {58 vars in 1390 bytes} [Mon Jan 10 11:46:02 2022] GET /placement/resource_providers/f0465b6c-058f-4bf5-ac66-3aef0afb8339/allocations => generated 1352 bytes in 26 msecs (HTTP/1.1 200) 6 headers in 225 bytes (1 switches on core 0)
Jan 10 11:46:02.794395 n-d-master-1 devstack@placement-api.service[115036]: DEBUG placement.requestlog [req-45025ec0-bb3e-42d0-87a2-cecd98cf080c req-0cc9f674-b008-466a-8460-a3e298b33ebb None None] Starting request: 10.222.0.18 "GET /placement/allocation_candidates?limit=1000&resources=DISK_GB%3A1%2CMEMORY_MB%3A1024%2CVCPU%3A1&root_required=%21COMPUTE_STATUS_DISABLED" {{(pid=115036) __call__ /opt/stack/placement/placement/requestlog.py:55}}
Jan 10 11:46:02.825383 n-d-master-1 devstack@placement-api.service[115036]: DEBUG placement.objects.research_context [req-45025ec0-bb3e-42d0-87a2-cecd98cf080c req-0cc9f674-b008-466a-8460-a3e298b33ebb service placement] getting providers with 1 DISK_GB {{(pid=115036) __init__ /opt/stack/placement/placement/objects/research_context.py:126}}
Jan 10 11:46:02.832364 n-d-master-1 devstack@placement-api.service[115036]: DEBUG placement.objects.research_context [req-45025ec0-bb3e-42d0-87a2-cecd98cf080c req-0cc9f674-b008-466a-8460-a3e298b33ebb service placement] getting providers with 1024 MEMORY_MB {{(pid=115036) __init__ /opt/stack/placement/placement/objects/research_context.py:126}}
Jan 10 11:46:02.838144 n-d-master-1 devstack@placement-api.service[115036]: DEBUG placement.objects.research_context [req-45025ec0-bb3e-42d0-87a2-cecd98cf080c req-0cc9f674-b008-466a-8460-a3e298b33ebb service placement] getting providers with 1 VCPU {{(pid=115036) __init__ /opt/stack/placement/placement/objects/research_context.py:126}}
Jan 10 11:46:02.844287 n-d-master-1 devstack@placement-api.service[115036]: DEBUG placement.objects.research_context [req-45025ec0-bb3e-42d0-87a2-cecd98cf080c req-0cc9f674-b008-466a-8460-a3e298b33ebb service placement] found 2 providers with available 1 DISK_GB {{(pid=115036) get_provider_ids_matching /opt/stack/placement/placement/objects/research_context.py:549}}
Jan 10 11:46:02.844412 n-d-master-1 devstack@placement-api.service[115036]: DEBUG placement.objects.research_context [req-45025ec0-bb3e-42d0-87a2-cecd98cf080c req-0cc9f674-b008-466a-8460-a3e298b33ebb service placement] found 2 providers with available 1024 MEMORY_MB {{(pid=115036) get_provider_ids_matching /opt/stack/placement/placement/objects/research_context.py:549}}
Jan 10 11:46:02.844595 n-d-master-1 devstack@placement-api.service[115036]: DEBUG placement.objects.research_context [req-45025ec0-bb3e-42d0-87a2-cecd98cf080c req-0cc9f674-b008-466a-8460-a3e298b33ebb service placement] found 2 providers after filtering by previous result {{(pid=115036) get_provider_ids_matching /opt/stack/placement/placement/objects/research_context.py:580}}
Jan 10 11:46:02.844848 n-d-master-1 devstack@placement-api.service[115036]: DEBUG placement.objects.research_context [req-45025ec0-bb3e-42d0-87a2-cecd98cf080c req-0cc9f674-b008-466a-8460-a3e298b33ebb service placement] found 2 providers with available 1 VCPU {{(pid=115036) get_provider_ids_matching /opt/stack/placement/placement/objects/research_context.py:549}}
Jan 10 11:46:02.845107 n-d-master-1 devstack@placement-api.service[115036]: DEBUG placement.objects.research_context [req-45025ec0-bb3e-42d0-87a2-cecd98cf080c req-0cc9f674-b008-466a-8460-a3e298b33ebb service placement] found 2 providers after filtering by previous result {{(pid=115036) get_provider_ids_matching /opt/stack/placement/placement/objects/research_context.py:580}}
Jan 10 11:46:02.857765 n-d-master-1 devstack@placement-api.service[115036]: DEBUG placement.objects.allocation_candidate [req-45025ec0-bb3e-42d0-87a2-cecd98cf080c req-0cc9f674-b008-466a-8460-a3e298b33ebb service placement] RequestGroup(use_same_provider=False, resources={DISK_GB:1, MEMORY_MB:1024, VCPU:1}, traits=[], aggregates=[]) (suffix '') returned 2 matches {{(pid=115036) _get_by_requests /opt/stack/placement/placement/objects/allocation_candidate.py:145}}
Jan 10 11:46:02.858588 n-d-master-1 devstack@placement-api.service[115036]: DEBUG placement.objects.allocation_candidate [req-45025ec0-bb3e-42d0-87a2-cecd98cf080c req-0cc9f674-b008-466a-8460-a3e298b33ebb service placement] Merging candidates yields 2 allocation requests and 2 provider summaries {{(pid=115036) _merge_candidates /opt/stack/placement/placement/objects/allocation_candidate.py:783}}
Jan 10 11:46:02.861329 n-d-master-1 devstack@placement-api.service[115036]: INFO placement.requestlog [req-45025ec0-bb3e-42d0-87a2-cecd98cf080c req-0cc9f674-b008-466a-8460-a3e298b33ebb service placement] 10.222.0.18 "GET /placement/allocation_candidates?limit=1000&resources=DISK_GB%3A1%2CMEMORY_MB%3A1024%2CVCPU%3A1&root_required=%21COMPUTE_STATUS_DISABLED" status: 200 len: 1312 microversion: 1.36
Jan 10 11:46:02.862036 n-d-master-1 devstack@placement-api.service[115036]: [pid: 115036|app: 0|req: 232/468] 10.222.0.18 () {60 vars in 1506 bytes} [Mon Jan 10 11:46:02 2022] GET /placement/allocation_candidates?limit=1000&resources=DISK_GB%3A1%2CMEMORY_MB%3A1024%2CVCPU%3A1&root_required=%21COMPUTE_STATUS_DISABLED => generated 1312 bytes in 68 msecs (HTTP/1.1 200) 8 headers in 297 bytes (1 switches on core 0)
Jan 10 11:46:02.907814 n-d-master-1 devstack@placement-api.service[115035]: DEBUG placement.requestlog [req-45025ec0-bb3e-42d0-87a2-cecd98cf080c req-47d9238a-227d-4891-8524-b50d16409f00 None None] Starting request: 10.222.0.18 "GET /placement/allocations/167cad77-19f9-47e5-b242-670dde18cde5" {{(pid=115035) __call__ /opt/stack/placement/placement/requestlog.py:55}}
Jan 10 11:46:02.928458 n-d-master-1 devstack@placement-api.service[115035]: INFO placement.requestlog [req-45025ec0-bb3e-42d0-87a2-cecd98cf080c req-47d9238a-227d-4891-8524-b50d16409f00 service placement] 10.222.0.18 "GET /placement/allocations/167cad77-19f9-47e5-b242-670dde18cde5" status: 200 len: 19 microversion: 1.28
Jan 10 11:46:02.930906 n-d-master-1 devstack@placement-api.service[115035]: [pid: 115035|app: 0|req: 237/469] 10.222.0.18 () {60 vars in 1380 bytes} [Mon Jan 10 11:46:02 2022] GET /placement/allocations/167cad77-19f9-47e5-b242-670dde18cde5 => generated 19 bytes in 23 msecs (HTTP/1.1 200) 8 headers in 295 bytes (1 switches on core 0)
Jan 10 11:46:02.937453 n-d-master-1 devstack@placement-api.service[115036]: DEBUG placement.requestlog [req-45025ec0-bb3e-42d0-87a2-cecd98cf080c req-4ca35793-86ac-446b-97a0-dc031f208a28 None None] Starting request: 10.222.0.18 "PUT /placement/allocations/167cad77-19f9-47e5-b242-670dde18cde5" {{(pid=115036) __call__ /opt/stack/placement/placement/requestlog.py:55}}
Jan 10 11:46:03.012665 n-d-master-1 devstack@placement-api.service[115036]: DEBUG placement.handlers.allocation [req-45025ec0-bb3e-42d0-87a2-cecd98cf080c req-4ca35793-86ac-446b-97a0-dc031f208a28 service placement] Successfully wrote allocations [, , ] {{(pid=115036) _update_consumers_and_create_allocations /opt/stack/placement/placement/handlers/allocation.py:462}}
Jan 10 11:46:03.016852 n-d-master-1 devstack@placement-api.service[115036]: INFO placement.requestlog [req-45025ec0-bb3e-42d0-87a2-cecd98cf080c req-4ca35793-86ac-446b-97a0-dc031f208a28 service placement] 10.222.0.18 "PUT /placement/allocations/167cad77-19f9-47e5-b242-670dde18cde5" status: 204 len: 0 microversion: 1.36
Jan 10 11:46:03.017702 n-d-master-1 devstack@placement-api.service[115036]: [pid: 115036|app: 0|req: 233/470] 10.222.0.18 () {64 vars in 1433 bytes} [Mon Jan 10 11:46:02 2022] PUT /placement/allocations/167cad77-19f9-47e5-b242-670dde18cde5 => generated 0 bytes in 81 msecs (HTTP/1.1 204) 5 headers in 199 bytes (2 switches on core 0)
Jan 10 11:46:03.327000 n-d-master-1 devstack@placement-api.service[115035]: DEBUG placement.requestlog [req-45025ec0-bb3e-42d0-87a2-cecd98cf080c req-1f47a233-752c-4f78-a3f3-3ad782d26cef None None] Starting request: 10.222.0.41 "GET /placement/allocations/167cad77-19f9-47e5-b242-670dde18cde5" {{(pid=115035) __call__ /opt/stack/placement/placement/requestlog.py:55}}
Jan 10 11:46:03.343433 n-d-master-1 devstack@placement-api.service[115035]: INFO placement.requestlog [req-45025ec0-bb3e-42d0-87a2-cecd98cf080c req-1f47a233-752c-4f78-a3f3-3ad782d26cef service placement] 10.222.0.41 "GET /placement/allocations/167cad77-19f9-47e5-b242-670dde18cde5" status: 200 len: 259 microversion: 1.28
Jan 10 11:46:03.344095 n-d-master-1 devstack@placement-api.service[115035]: [pid: 115035|app: 0|req: 238/471] 10.222.0.41 () {60 vars in 1377 bytes} [Mon Jan 10 11:46:03 2022] GET /placement/allocations/167cad77-19f9-47e5-b242-670dde18cde5 => generated 259 bytes in 17 msecs (HTTP/1.1 200) 8 headers in 296 bytes (1 switches on core 0)
Jan 10 11:46:05.980730 n-d-master-1 devstack@placement-api.service[115036]: DEBUG placement.requestlog [req-eef8a67c-f633-4b8b-bc39-0f7845a8cd83 req-598d45e1-f572-44af-9b47-547f999fa72f None None] Starting request: 10.222.0.41 "DELETE /placement/allocations/f7b87fdb-5694-442b-b220-38e3eb8e8c9c" {{(pid=115036) __call__ /opt/stack/placement/placement/requestlog.py:55}}
Jan 10 11:46:06.014678 n-d-master-1 devstack@placement-api.service[115036]: DEBUG placement.handlers.allocation [req-eef8a67c-f633-4b8b-bc39-0f7845a8cd83 req-598d45e1-f572-44af-9b47-547f999fa72f service placement] Successfully deleted allocations [, , ] {{(pid=115036) delete_allocations /opt/stack/placement/placement/handlers/allocation.py:627}}
Jan 10 11:46:06.015053 n-d-master-1 devstack@placement-api.service[115036]: INFO placement.requestlog [req-eef8a67c-f633-4b8b-bc39-0f7845a8cd83 req-598d45e1-f572-44af-9b47-547f999fa72f service placement] 10.222.0.41 "DELETE /placement/allocations/f7b87fdb-5694-442b-b220-38e3eb8e8c9c" status: 204 len: 0 microversion: 1.0
Jan 10 11:46:06.015424 n-d-master-1 devstack@placement-api.service[115036]: [pid: 115036|app: 0|req: 234/472] 10.222.0.41 () {60 vars in 1355 bytes} [Mon Jan 10 11:46:05 2022] DELETE /placement/allocations/f7b87fdb-5694-442b-b220-38e3eb8e8c9c => generated 0 bytes in 35 msecs (HTTP/1.1 204) 5 headers in 198 bytes (1 switches on core 0)
Jan 10 11:46:13.584654 n-d-master-1 devstack@placement-api.service[115035]: DEBUG placement.requestlog [req-e81cfed1-1cf7-4e44-8cb8-9ef373933857 req-afb147f1-cbfd-41a8-b86e-cbcfcd5c38f9 None None] Starting request: 10.222.0.41 "DELETE /placement/allocations/171ff14f-a4be-443a-a07e-c45062210449" {{(pid=115035) __call__ /opt/stack/placement/placement/requestlog.py:55}}
Jan 10 11:46:13.610548 n-d-master-1 devstack@placement-api.service[115035]: DEBUG placement.handlers.allocation [req-e81cfed1-1cf7-4e44-8cb8-9ef373933857 req-afb147f1-cbfd-41a8-b86e-cbcfcd5c38f9 service placement] Successfully deleted allocations [, , ] {{(pid=115035) delete_allocations /opt/stack/placement/placement/handlers/allocation.py:627}}
Jan 10 11:46:13.610999 n-d-master-1 devstack@placement-api.service[115035]: INFO placement.requestlog [req-e81cfed1-1cf7-4e44-8cb8-9ef373933857 req-afb147f1-cbfd-41a8-b86e-cbcfcd5c38f9 service placement] 10.222.0.41 "DELETE /placement/allocations/171ff14f-a4be-443a-a07e-c45062210449" status: 204 len: 0 microversion: 1.0
Jan 10 11:46:13.611509 n-d-master-1 devstack@placement-api.service[115035]: [pid: 115035|app: 0|req: 239/473] 10.222.0.41 () {60 vars in 1355 bytes} [Mon Jan 10 11:46:13 2022] DELETE /placement/allocations/171ff14f-a4be-443a-a07e-c45062210449 => generated 0 bytes in 27 msecs (HTTP/1.1 204) 5 headers in 198 bytes (1 switches on core 0)
Jan 10 11:46:18.664888 n-d-master-1 devstack@placement-api.service[115036]: DEBUG placement.requestlog [req-2d9c9e5f-6144-4897-9c2d-5eaf6ece4988 req-39f6d250-0c39-4543-95b2-1c70dddeca80 None None] Starting request: 10.222.0.41 "DELETE /placement/allocations/c201ff67-1169-469a-ac16-1184bde87c16" {{(pid=115036) __call__ /opt/stack/placement/placement/requestlog.py:55}}
Jan 10 11:46:18.718065 n-d-master-1 devstack@placement-api.service[115036]: DEBUG placement.handlers.allocation [req-2d9c9e5f-6144-4897-9c2d-5eaf6ece4988 req-39f6d250-0c39-4543-95b2-1c70dddeca80 service placement] Successfully deleted allocations [, , ] {{(pid=115036) delete_allocations /opt/stack/placement/placement/handlers/allocation.py:627}}
Jan 10 11:46:18.718867 n-d-master-1 devstack@placement-api.service[115036]: INFO placement.requestlog [req-2d9c9e5f-6144-4897-9c2d-5eaf6ece4988 req-39f6d250-0c39-4543-95b2-1c70dddeca80 service placement] 10.222.0.41 "DELETE /placement/allocations/c201ff67-1169-469a-ac16-1184bde87c16" status: 204 len: 0 microversion: 1.0
Jan 10 11:46:18.723409 n-d-master-1 devstack@placement-api.service[115036]: [pid: 115036|app: 0|req: 235/474] 10.222.0.41 () {60 vars in 1355 bytes} [Mon Jan 10 11:46:18 2022] DELETE /placement/allocations/c201ff67-1169-469a-ac16-1184bde87c16 => generated 0 bytes in 56 msecs (HTTP/1.1 204) 5 headers in 198 bytes (1 switches on core 0)
Jan 10 11:46:19.139311 n-d-master-1 devstack@placement-api.service[115035]: DEBUG placement.requestlog [req-5b77f1ea-7183-4649-811f-9d8d80024c38 req-1a6f02cc-f225-41b9-983d-fcbfa2277708 None None] Starting request: 10.222.0.41 "DELETE /placement/allocations/f35f04aa-5443-45f7-a341-eefd78fdf04f" {{(pid=115035) __call__ /opt/stack/placement/placement/requestlog.py:55}}
Jan 10 11:46:19.187267 n-d-master-1 devstack@placement-api.service[115035]: DEBUG placement.handlers.allocation [req-5b77f1ea-7183-4649-811f-9d8d80024c38 req-1a6f02cc-f225-41b9-983d-fcbfa2277708 service placement] Successfully deleted allocations [, , ] {{(pid=115035) delete_allocations /opt/stack/placement/placement/handlers/allocation.py:627}}
Jan 10 11:46:19.188180 n-d-master-1 devstack@placement-api.service[115035]: INFO placement.requestlog [req-5b77f1ea-7183-4649-811f-9d8d80024c38 req-1a6f02cc-f225-41b9-983d-fcbfa2277708 service placement] 10.222.0.41 "DELETE /placement/allocations/f35f04aa-5443-45f7-a341-eefd78fdf04f" status: 204 len: 0 microversion: 1.0
Jan 10 11:46:19.189271 n-d-master-1 devstack@placement-api.service[115035]: [pid: 115035|app: 0|req: 240/475] 10.222.0.41 () {60 vars in 1355 bytes} [Mon Jan 10 11:46:19 2022] DELETE /placement/allocations/f35f04aa-5443-45f7-a341-eefd78fdf04f => generated 0 bytes in 50 msecs (HTTP/1.1 204) 5 headers in 198 bytes (1 switches on core 0)
Jan 10 11:46:20.357361 n-d-master-1 devstack@placement-api.service[115036]: DEBUG placement.requestlog [req-62a004d2-c635-4a87-9739-30bda32446de req-48b05623-6663-40fe-9e65-d1755bdf01b4 None None] Starting request: 10.222.0.41 "DELETE /placement/allocations/fdcd42b9-4b3b-4cc3-9977-5c1c282d6698" {{(pid=115036) __call__ /opt/stack/placement/placement/requestlog.py:55}}
Jan 10 11:46:20.393025 n-d-master-1 devstack@placement-api.service[115036]: DEBUG placement.handlers.allocation [req-62a004d2-c635-4a87-9739-30bda32446de req-48b05623-6663-40fe-9e65-d1755bdf01b4 service placement] Successfully deleted allocations [, , ] {{(pid=115036) delete_allocations /opt/stack/placement/placement/handlers/allocation.py:627}}
Jan 10 11:46:20.393873 n-d-master-1 devstack@placement-api.service[115036]: INFO placement.requestlog [req-62a004d2-c635-4a87-9739-30bda32446de req-48b05623-6663-40fe-9e65-d1755bdf01b4 service placement] 10.222.0.41 "DELETE /placement/allocations/fdcd42b9-4b3b-4cc3-9977-5c1c282d6698" status: 204 len: 0 microversion: 1.0
Jan 10 11:46:20.394589 n-d-master-1 devstack@placement-api.service[115036]: [pid: 115036|app: 0|req: 236/476] 10.222.0.41 () {60 vars in 1355 bytes} [Mon Jan 10 11:46:20 2022] DELETE /placement/allocations/fdcd42b9-4b3b-4cc3-9977-5c1c282d6698 => generated 0 bytes in 38 msecs (HTTP/1.1 204) 5 headers in 198 bytes (1 switches on core 0)
Jan 10 11:46:22.252647 n-d-master-1 devstack@placement-api.service[115035]: DEBUG placement.requestlog [req-6e3f5e42-9cb4-4ac3-ac8d-2ef910d159e3 req-0269f4d5-d2bd-410f-904e-c564f0dc2e14 None None] Starting request: 10.222.0.41 "DELETE /placement/allocations/9d4807f1-1a3b-4bf0-ba2f-88fcde19e81b" {{(pid=115035) __call__ /opt/stack/placement/placement/requestlog.py:55}}
Jan 10 11:46:22.294544 n-d-master-1 devstack@placement-api.service[115035]: DEBUG placement.handlers.allocation [req-6e3f5e42-9cb4-4ac3-ac8d-2ef910d159e3 req-0269f4d5-d2bd-410f-904e-c564f0dc2e14 service placement] Successfully deleted allocations [, , ] {{(pid=115035) delete_allocations /opt/stack/placement/placement/handlers/allocation.py:627}}
Jan 10 11:46:22.295200 n-d-master-1 devstack@placement-api.service[115035]: INFO placement.requestlog [req-6e3f5e42-9cb4-4ac3-ac8d-2ef910d159e3 req-0269f4d5-d2bd-410f-904e-c564f0dc2e14 service placement] 10.222.0.41 "DELETE /placement/allocations/9d4807f1-1a3b-4bf0-ba2f-88fcde19e81b" status: 204 len: 0 microversion: 1.0
Jan 10 11:46:22.295651 n-d-master-1 devstack@placement-api.service[115035]: [pid: 115035|app: 0|req: 241/477] 10.222.0.41 () {60 vars in 1355 bytes} [Mon Jan 10 11:46:22 2022] DELETE /placement/allocations/9d4807f1-1a3b-4bf0-ba2f-88fcde19e81b => generated 0 bytes in 43 msecs (HTTP/1.1 204) 5 headers in 198 bytes (2 switches on core 0)
Jan 10 11:46:23.006176 n-d-master-1 devstack@placement-api.service[115036]: DEBUG placement.requestlog [req-30458542-d464-44a5-ae72-45ba4ed6c902 req-83b1d47b-adde-4233-b38e-a5ac779a6164 None None] Starting request: 10.222.0.18 "GET /placement/allocation_candidates?limit=1000&resources=DISK_GB%3A1%2CMEMORY_MB%3A1024%2CVCPU%3A1&root_required=%21COMPUTE_STATUS_DISABLED" {{(pid=115036) __call__ /opt/stack/placement/placement/requestlog.py:55}}
Jan 10 11:46:23.077069 n-d-master-1 devstack@placement-api.service[115035]: DEBUG placement.requestlog [req-fc319cf3-5912-4795-8b03-cb8363a472f7 req-a204e107-c610-45e8-9020-9b60845c101e None None] Starting request: 10.222.0.41 "DELETE /placement/allocations/c89a4f73-78ae-407f-b1df-1753110287ca" {{(pid=115035) __call__ /opt/stack/placement/placement/requestlog.py:55}}
Jan 10 11:46:23.097455 n-d-master-1 devstack@placement-api.service[115036]: DEBUG placement.objects.research_context [req-30458542-d464-44a5-ae72-45ba4ed6c902 req-83b1d47b-adde-4233-b38e-a5ac779a6164 service placement] getting providers with 1 DISK_GB {{(pid=115036) __init__ /opt/stack/placement/placement/objects/research_context.py:126}}
Jan 10 11:46:23.111034 n-d-master-1 devstack@placement-api.service[115036]: DEBUG placement.objects.research_context [req-30458542-d464-44a5-ae72-45ba4ed6c902 req-83b1d47b-adde-4233-b38e-a5ac779a6164 service placement] getting providers with 1024 MEMORY_MB {{(pid=115036) __init__ /opt/stack/placement/placement/objects/research_context.py:126}}
Jan 10 11:46:23.122743 n-d-master-1 devstack@placement-api.service[115036]: DEBUG placement.objects.research_context [req-30458542-d464-44a5-ae72-45ba4ed6c902 req-83b1d47b-adde-4233-b38e-a5ac779a6164 service placement] getting providers with 1 VCPU {{(pid=115036) __init__ /opt/stack/placement/placement/objects/research_context.py:126}}
Jan 10 11:46:23.135388 n-d-master-1 devstack@placement-api.service[115036]: DEBUG placement.objects.research_context [req-30458542-d464-44a5-ae72-45ba4ed6c902 req-83b1d47b-adde-4233-b38e-a5ac779a6164 service placement] found 2 providers with available 1 DISK_GB {{(pid=115036) get_provider_ids_matching /opt/stack/placement/placement/objects/research_context.py:549}}
Jan 10 11:46:23.135388 n-d-master-1 devstack@placement-api.service[115036]: DEBUG placement.objects.research_context [req-30458542-d464-44a5-ae72-45ba4ed6c902 req-83b1d47b-adde-4233-b38e-a5ac779a6164 service placement] found 2 providers with available 1024 MEMORY_MB {{(pid=115036) get_provider_ids_matching /opt/stack/placement/placement/objects/research_context.py:549}}
Jan 10 11:46:23.135388 n-d-master-1 devstack@placement-api.service[115036]: DEBUG placement.objects.research_context [req-30458542-d464-44a5-ae72-45ba4ed6c902 req-83b1d47b-adde-4233-b38e-a5ac779a6164 service placement] found 2 providers after filtering by previous result {{(pid=115036) get_provider_ids_matching /opt/stack/placement/placement/objects/research_context.py:580}}
Jan 10 11:46:23.135388 n-d-master-1 devstack@placement-api.service[115036]: DEBUG placement.objects.research_context [req-30458542-d464-44a5-ae72-45ba4ed6c902 req-83b1d47b-adde-4233-b38e-a5ac779a6164 service placement] found 2 providers with available 1 VCPU {{(pid=115036) get_provider_ids_matching /opt/stack/placement/placement/objects/research_context.py:549}}
Jan 10 11:46:23.135388 n-d-master-1 devstack@placement-api.service[115036]: DEBUG placement.objects.research_context [req-30458542-d464-44a5-ae72-45ba4ed6c902 req-83b1d47b-adde-4233-b38e-a5ac779a6164 service placement] found 2 providers after filtering by previous result {{(pid=115036) get_provider_ids_matching /opt/stack/placement/placement/objects/research_context.py:580}}
Jan 10 11:46:23.137584 n-d-master-1 devstack@placement-api.service[115035]: DEBUG placement.handlers.allocation [req-fc319cf3-5912-4795-8b03-cb8363a472f7 req-a204e107-c610-45e8-9020-9b60845c101e service placement] Successfully deleted allocations [, , ] {{(pid=115035) delete_allocations /opt/stack/placement/placement/handlers/allocation.py:627}}
Jan 10 11:46:23.138463 n-d-master-1 devstack@placement-api.service[115035]: INFO placement.requestlog [req-fc319cf3-5912-4795-8b03-cb8363a472f7 req-a204e107-c610-45e8-9020-9b60845c101e service placement] 10.222.0.41 "DELETE /placement/allocations/c89a4f73-78ae-407f-b1df-1753110287ca" status: 204 len: 0 microversion: 1.0
Jan 10 11:46:23.138994 n-d-master-1 devstack@placement-api.service[115035]: [pid: 115035|app: 0|req: 242/478] 10.222.0.41 () {60 vars in 1355 bytes} [Mon Jan 10 11:46:23 2022] DELETE /placement/allocations/c89a4f73-78ae-407f-b1df-1753110287ca => generated 0 bytes in 62 msecs (HTTP/1.1 204) 5 headers in 198 bytes (1 switches on core 0)
Jan 10 11:46:23.143554 n-d-master-1 devstack@placement-api.service[115036]: DEBUG placement.objects.allocation_candidate [req-30458542-d464-44a5-ae72-45ba4ed6c902 req-83b1d47b-adde-4233-b38e-a5ac779a6164 service placement] RequestGroup(use_same_provider=False, resources={DISK_GB:1, MEMORY_MB:1024, VCPU:1}, traits=[], aggregates=[]) (suffix '') returned 2 matches {{(pid=115036) _get_by_requests /opt/stack/placement/placement/objects/allocation_candidate.py:145}}
Jan 10 11:46:23.143967 n-d-master-1 devstack@placement-api.service[115036]: DEBUG placement.objects.allocation_candidate [req-30458542-d464-44a5-ae72-45ba4ed6c902 req-83b1d47b-adde-4233-b38e-a5ac779a6164 service placement] Merging candidates yields 2 allocation requests and 2 provider summaries {{(pid=115036) _merge_candidates /opt/stack/placement/placement/objects/allocation_candidate.py:783}}
Jan 10 11:46:23.146245 n-d-master-1 devstack@placement-api.service[115036]: INFO placement.requestlog [req-30458542-d464-44a5-ae72-45ba4ed6c902 req-83b1d47b-adde-4233-b38e-a5ac779a6164 service placement] 10.222.0.18 "GET /placement/allocation_candidates?limit=1000&resources=DISK_GB%3A1%2CMEMORY_MB%3A1024%2CVCPU%3A1&root_required=%21COMPUTE_STATUS_DISABLED" status: 200 len: 1309 microversion: 1.36
Jan 10 11:46:23.146915 n-d-master-1 devstack@placement-api.service[115036]: [pid: 115036|app: 0|req: 237/479] 10.222.0.18 () {60 vars in 1506 bytes} [Mon Jan 10 11:46:23 2022] GET /placement/allocation_candidates?limit=1000&resources=DISK_GB%3A1%2CMEMORY_MB%3A1024%2CVCPU%3A1&root_required=%21COMPUTE_STATUS_DISABLED => generated 1309 bytes in 141 msecs (HTTP/1.1 200) 8 headers in 297 bytes (1 switches on core 0)
Jan 10 11:46:23.232941 n-d-master-1 devstack@placement-api.service[115035]: DEBUG placement.requestlog [req-30458542-d464-44a5-ae72-45ba4ed6c902 req-383e1129-595e-400a-8545-4adfdbf21185 None None] Starting request: 10.222.0.18 "GET /placement/allocations/6003bc25-bd57-4171-9257-e27d7f695b8d" {{(pid=115035) __call__ /opt/stack/placement/placement/requestlog.py:55}}
Jan 10 11:46:23.243725 n-d-master-1 devstack@placement-api.service[115035]: INFO placement.requestlog [req-30458542-d464-44a5-ae72-45ba4ed6c902 req-383e1129-595e-400a-8545-4adfdbf21185 service placement] 10.222.0.18 "GET /placement/allocations/6003bc25-bd57-4171-9257-e27d7f695b8d" status: 200 len: 19 microversion: 1.28
Jan 10 11:46:23.244305 n-d-master-1 devstack@placement-api.service[115035]: [pid: 115035|app: 0|req: 243/480] 10.222.0.18 () {60 vars in 1380 bytes} [Mon Jan 10 11:46:23 2022] GET /placement/allocations/6003bc25-bd57-4171-9257-e27d7f695b8d => generated 19 bytes in 12 msecs (HTTP/1.1 200) 8 headers in 295 bytes (1 switches on core 0)
Jan 10 11:46:23.250683 n-d-master-1 devstack@placement-api.service[115036]: DEBUG placement.requestlog [req-30458542-d464-44a5-ae72-45ba4ed6c902 req-c55174c2-40cf-45ce-9f2c-82caf02793d8 None None] Starting request: 10.222.0.18 "PUT /placement/allocations/6003bc25-bd57-4171-9257-e27d7f695b8d" {{(pid=115036) __call__ /opt/stack/placement/placement/requestlog.py:55}}
Jan 10 11:46:23.352560 n-d-master-1 devstack@placement-api.service[115036]: DEBUG placement.handlers.allocation [req-30458542-d464-44a5-ae72-45ba4ed6c902 req-c55174c2-40cf-45ce-9f2c-82caf02793d8 service placement] Successfully wrote allocations [, , ] {{(pid=115036) _update_consumers_and_create_allocations /opt/stack/placement/placement/handlers/allocation.py:462}}
Jan 10 11:46:23.359579 n-d-master-1 devstack@placement-api.service[115036]: INFO placement.requestlog [req-30458542-d464-44a5-ae72-45ba4ed6c902 req-c55174c2-40cf-45ce-9f2c-82caf02793d8 service placement] 10.222.0.18 "PUT /placement/allocations/6003bc25-bd57-4171-9257-e27d7f695b8d" status: 204 len: 0 microversion: 1.36
Jan 10 11:46:23.359964 n-d-master-1 devstack@placement-api.service[115036]: [pid: 115036|app: 0|req: 238/481] 10.222.0.18 () {64 vars in 1433 bytes} [Mon Jan 10 11:46:23 2022] PUT /placement/allocations/6003bc25-bd57-4171-9257-e27d7f695b8d => generated 0 bytes in 110 msecs (HTTP/1.1 204) 5 headers in 199 bytes (2 switches on core 0)
Jan 10 11:46:23.768636 n-d-master-1 devstack@placement-api.service[115035]: DEBUG placement.requestlog [req-30458542-d464-44a5-ae72-45ba4ed6c902 req-78452019-8b9b-41cd-8a14-4f3a1af80687 None None] Starting request: 10.222.0.41 "GET /placement/allocations/6003bc25-bd57-4171-9257-e27d7f695b8d" {{(pid=115035) __call__ /opt/stack/placement/placement/requestlog.py:55}}
Jan 10 11:46:23.801844 n-d-master-1 devstack@placement-api.service[115035]: INFO placement.requestlog [req-30458542-d464-44a5-ae72-45ba4ed6c902 req-78452019-8b9b-41cd-8a14-4f3a1af80687 service placement] 10.222.0.41 "GET /placement/allocations/6003bc25-bd57-4171-9257-e27d7f695b8d" status: 200 len: 259 microversion: 1.28
Jan 10 11:46:23.805589 n-d-master-1 devstack@placement-api.service[115035]: [pid: 115035|app: 0|req: 244/482] 10.222.0.41 () {60 vars in 1377 bytes} [Mon Jan 10 11:46:23 2022] GET /placement/allocations/6003bc25-bd57-4171-9257-e27d7f695b8d => generated 259 bytes in 38 msecs (HTTP/1.1 200) 8 headers in 296 bytes (1 switches on core 0)
Jan 10 11:46:26.228431 n-d-master-1 devstack@placement-api.service[115036]: DEBUG placement.requestlog [req-c16f9e93-caaf-41b4-83d4-6cf7ec5b646f req-654a7798-e45c-4116-b807-aab031967f54 None None] Starting request: 10.222.0.41 "DELETE /placement/allocations/59894417-f478-45cf-aa59-ebe2a2e2d584" {{(pid=115036) __call__ /opt/stack/placement/placement/requestlog.py:55}}
Jan 10 11:46:26.334587 n-d-master-1 devstack@placement-api.service[115036]: DEBUG placement.handlers.allocation [req-c16f9e93-caaf-41b4-83d4-6cf7ec5b646f req-654a7798-e45c-4116-b807-aab031967f54 service placement] Successfully deleted allocations [, , ] {{(pid=115036) delete_allocations /opt/stack/placement/placement/handlers/allocation.py:627}}
Jan 10 11:46:26.335390 n-d-master-1 devstack@placement-api.service[115036]: INFO placement.requestlog [req-c16f9e93-caaf-41b4-83d4-6cf7ec5b646f req-654a7798-e45c-4116-b807-aab031967f54 service placement] 10.222.0.41 "DELETE /placement/allocations/59894417-f478-45cf-aa59-ebe2a2e2d584" status: 204 len: 0 microversion: 1.0
Jan 10 11:46:26.337003 n-d-master-1 devstack@placement-api.service[115036]: [pid: 115036|app: 0|req: 239/483] 10.222.0.41 () {60 vars in 1355 bytes} [Mon Jan 10 11:46:26 2022] DELETE /placement/allocations/59894417-f478-45cf-aa59-ebe2a2e2d584 => generated 0 bytes in 108 msecs (HTTP/1.1 204) 5 headers in 198 bytes (1 switches on core 0)
Jan 10 11:46:26.566878 n-d-master-1 devstack@placement-api.service[115035]: DEBUG placement.requestlog [req-0ea36a21-e854-4d5a-9200-f39e4f05f43a req-7d1b659f-12d1-4ba6-b886-281018131eab None None] Starting request: 10.222.0.18 "GET /placement/allocation_candidates?limit=1000&resources=DISK_GB%3A1%2CMEMORY_MB%3A1024%2CVCPU%3A1&root_required=%21COMPUTE_STATUS_DISABLED" {{(pid=115035) __call__ /opt/stack/placement/placement/requestlog.py:55}}
Jan 10 11:46:26.651466 n-d-master-1 devstack@placement-api.service[115035]: DEBUG placement.objects.research_context [req-0ea36a21-e854-4d5a-9200-f39e4f05f43a req-7d1b659f-12d1-4ba6-b886-281018131eab service placement] getting providers with 1 DISK_GB {{(pid=115035) __init__ /opt/stack/placement/placement/objects/research_context.py:126}}
Jan 10 11:46:26.668447 n-d-master-1 devstack@placement-api.service[115035]: DEBUG placement.objects.research_context [req-0ea36a21-e854-4d5a-9200-f39e4f05f43a req-7d1b659f-12d1-4ba6-b886-281018131eab service placement] getting providers with 1024 MEMORY_MB {{(pid=115035) __init__ /opt/stack/placement/placement/objects/research_context.py:126}}
Jan 10 11:46:26.681717 n-d-master-1 devstack@placement-api.service[115035]: DEBUG placement.objects.research_context [req-0ea36a21-e854-4d5a-9200-f39e4f05f43a req-7d1b659f-12d1-4ba6-b886-281018131eab service placement] getting providers with 1 VCPU {{(pid=115035) __init__ /opt/stack/placement/placement/objects/research_context.py:126}}
Jan 10 11:46:26.713882 n-d-master-1 devstack@placement-api.service[115035]: DEBUG placement.objects.research_context [req-0ea36a21-e854-4d5a-9200-f39e4f05f43a req-7d1b659f-12d1-4ba6-b886-281018131eab service placement] found 2 providers with available 1 DISK_GB {{(pid=115035) get_provider_ids_matching /opt/stack/placement/placement/objects/research_context.py:549}}
Jan 10 11:46:26.721298 n-d-master-1 devstack@placement-api.service[115035]: DEBUG placement.objects.research_context [req-0ea36a21-e854-4d5a-9200-f39e4f05f43a req-7d1b659f-12d1-4ba6-b886-281018131eab service placement] found 2 providers with available 1024 MEMORY_MB {{(pid=115035) get_provider_ids_matching /opt/stack/placement/placement/objects/research_context.py:549}}
Jan 10 11:46:26.721675 n-d-master-1 devstack@placement-api.service[115035]: DEBUG placement.objects.research_context [req-0ea36a21-e854-4d5a-9200-f39e4f05f43a req-7d1b659f-12d1-4ba6-b886-281018131eab service placement] found 2 providers after filtering by previous result {{(pid=115035) get_provider_ids_matching /opt/stack/placement/placement/objects/research_context.py:580}}
Jan 10 11:46:26.721950 n-d-master-1 devstack@placement-api.service[115035]: DEBUG placement.objects.research_context [req-0ea36a21-e854-4d5a-9200-f39e4f05f43a req-7d1b659f-12d1-4ba6-b886-281018131eab service placement] found 2 providers with available 1 VCPU {{(pid=115035) get_provider_ids_matching /opt/stack/placement/placement/objects/research_context.py:549}}
Jan 10 11:46:26.722235 n-d-master-1 devstack@placement-api.service[115035]: DEBUG placement.objects.research_context [req-0ea36a21-e854-4d5a-9200-f39e4f05f43a req-7d1b659f-12d1-4ba6-b886-281018131eab service placement] found 2 providers after filtering by previous result {{(pid=115035) get_provider_ids_matching /opt/stack/placement/placement/objects/research_context.py:580}}
Jan 10 11:46:26.752716 n-d-master-1 devstack@placement-api.service[115035]: DEBUG placement.objects.allocation_candidate [req-0ea36a21-e854-4d5a-9200-f39e4f05f43a req-7d1b659f-12d1-4ba6-b886-281018131eab service placement] RequestGroup(use_same_provider=False, resources={DISK_GB:1, MEMORY_MB:1024, VCPU:1}, traits=[], aggregates=[]) (suffix '') returned 2 matches {{(pid=115035) _get_by_requests /opt/stack/placement/placement/objects/allocation_candidate.py:145}}
Jan 10 11:46:26.756385 n-d-master-1 devstack@placement-api.service[115035]: DEBUG placement.objects.allocation_candidate [req-0ea36a21-e854-4d5a-9200-f39e4f05f43a req-7d1b659f-12d1-4ba6-b886-281018131eab service placement] Merging candidates yields 2 allocation requests and 2 provider summaries {{(pid=115035) _merge_candidates /opt/stack/placement/placement/objects/allocation_candidate.py:783}}
Jan 10 11:46:26.758328 n-d-master-1 devstack@placement-api.service[115035]: INFO placement.requestlog [req-0ea36a21-e854-4d5a-9200-f39e4f05f43a req-7d1b659f-12d1-4ba6-b886-281018131eab service placement] 10.222.0.18 "GET /placement/allocation_candidates?limit=1000&resources=DISK_GB%3A1%2CMEMORY_MB%3A1024%2CVCPU%3A1&root_required=%21COMPUTE_STATUS_DISABLED" status: 200 len: 1309 microversion: 1.36
Jan 10 11:46:26.759597 n-d-master-1 devstack@placement-api.service[115035]: [pid: 115035|app: 0|req: 245/484] 10.222.0.18 () {60 vars in 1506 bytes} [Mon Jan 10 11:46:26 2022] GET /placement/allocation_candidates?limit=1000&resources=DISK_GB%3A1%2CMEMORY_MB%3A1024%2CVCPU%3A1&root_required=%21COMPUTE_STATUS_DISABLED => generated 1309 bytes in 193 msecs (HTTP/1.1 200) 8 headers in 297 bytes (1 switches on core 0)
Jan 10 11:46:26.907962 n-d-master-1 devstack@placement-api.service[115036]: DEBUG placement.requestlog [req-0ea36a21-e854-4d5a-9200-f39e4f05f43a req-baab7130-e18a-4630-b78b-62202ba67c9b None None] Starting request: 10.222.0.18 "GET /placement/allocations/7d62d1a8-6cc4-4faf-83a0-1b53c3e340d8" {{(pid=115036) __call__ /opt/stack/placement/placement/requestlog.py:55}}
Jan 10 11:46:26.922347 n-d-master-1 devstack@placement-api.service[115036]: INFO placement.requestlog [req-0ea36a21-e854-4d5a-9200-f39e4f05f43a req-baab7130-e18a-4630-b78b-62202ba67c9b service placement] 10.222.0.18 "GET /placement/allocations/7d62d1a8-6cc4-4faf-83a0-1b53c3e340d8" status: 200 len: 19 microversion: 1.28
Jan 10 11:46:26.922890 n-d-master-1 devstack@placement-api.service[115036]: [pid: 115036|app: 0|req: 240/485] 10.222.0.18 () {60 vars in 1380 bytes} [Mon Jan 10 11:46:26 2022] GET /placement/allocations/7d62d1a8-6cc4-4faf-83a0-1b53c3e340d8 => generated 19 bytes in 15 msecs (HTTP/1.1 200) 8 headers in 295 bytes (1 switches on core 0)
Jan 10 11:46:26.938026 n-d-master-1 devstack@placement-api.service[115035]: DEBUG placement.requestlog [req-0ea36a21-e854-4d5a-9200-f39e4f05f43a req-9b9e2bf5-23ec-417d-9bd9-32582f1ce66d None None] Starting request: 10.222.0.18 "PUT /placement/allocations/7d62d1a8-6cc4-4faf-83a0-1b53c3e340d8" {{(pid=115035) __call__ /opt/stack/placement/placement/requestlog.py:55}}
Jan 10 11:46:27.033392 n-d-master-1 devstack@placement-api.service[115036]: DEBUG placement.requestlog [req-4142d303-32c8-41a9-8608-9e52013de2c7 req-c2a814b6-bc7e-46d3-8548-e9f9efd49d08 None None] Starting request: 10.222.0.41 "DELETE /placement/allocations/e4ffc479-d0df-4e9a-b4b1-3673f7403af3" {{(pid=115036) __call__ /opt/stack/placement/placement/requestlog.py:55}}
Jan 10 11:46:27.067182 n-d-master-1 devstack@placement-api.service[115035]: DEBUG placement.handlers.allocation [req-0ea36a21-e854-4d5a-9200-f39e4f05f43a req-9b9e2bf5-23ec-417d-9bd9-32582f1ce66d service placement] Successfully wrote allocations [, , ] {{(pid=115035) _update_consumers_and_create_allocations /opt/stack/placement/placement/handlers/allocation.py:462}}
Jan 10 11:46:27.074658 n-d-master-1 devstack@placement-api.service[115035]: INFO placement.requestlog [req-0ea36a21-e854-4d5a-9200-f39e4f05f43a req-9b9e2bf5-23ec-417d-9bd9-32582f1ce66d service placement] 10.222.0.18 "PUT /placement/allocations/7d62d1a8-6cc4-4faf-83a0-1b53c3e340d8" status: 204 len: 0 microversion: 1.36
Jan 10 11:46:27.076326 n-d-master-1 devstack@placement-api.service[115035]: [pid: 115035|app: 0|req: 246/486] 10.222.0.18 () {64 vars in 1433 bytes} [Mon Jan 10 11:46:26 2022] PUT /placement/allocations/7d62d1a8-6cc4-4faf-83a0-1b53c3e340d8 => generated 0 bytes in 138 msecs (HTTP/1.1 204) 5 headers in 199 bytes (1 switches on core 0)
Jan 10 11:46:27.093384 n-d-master-1 devstack@placement-api.service[115036]: DEBUG placement.handlers.allocation [req-4142d303-32c8-41a9-8608-9e52013de2c7 req-c2a814b6-bc7e-46d3-8548-e9f9efd49d08 service placement] Successfully deleted allocations [, , ] {{(pid=115036) delete_allocations /opt/stack/placement/placement/handlers/allocation.py:627}}
Jan 10 11:46:27.094002 n-d-master-1 devstack@placement-api.service[115036]: INFO placement.requestlog [req-4142d303-32c8-41a9-8608-9e52013de2c7 req-c2a814b6-bc7e-46d3-8548-e9f9efd49d08 service placement] 10.222.0.41 "DELETE /placement/allocations/e4ffc479-d0df-4e9a-b4b1-3673f7403af3" status: 204 len: 0 microversion: 1.0
Jan 10 11:46:27.094512 n-d-master-1 devstack@placement-api.service[115036]: [pid: 115036|app: 0|req: 241/487] 10.222.0.41 () {60 vars in 1355 bytes} [Mon Jan 10 11:46:27 2022] DELETE /placement/allocations/e4ffc479-d0df-4e9a-b4b1-3673f7403af3 => generated 0 bytes in 61 msecs (HTTP/1.1 204) 5 headers in 198 bytes (2 switches on core 0)
Jan 10 11:46:27.688741 n-d-master-1 devstack@placement-api.service[115035]: DEBUG placement.requestlog [req-0ea36a21-e854-4d5a-9200-f39e4f05f43a req-ce3e890c-51ff-4008-a25a-12e7db878743 None None] Starting request: 10.222.0.41 "GET /placement/allocations/7d62d1a8-6cc4-4faf-83a0-1b53c3e340d8" {{(pid=115035) __call__ /opt/stack/placement/placement/requestlog.py:55}}
Jan 10 11:46:27.718327 n-d-master-1 devstack@placement-api.service[115035]: INFO placement.requestlog [req-0ea36a21-e854-4d5a-9200-f39e4f05f43a req-ce3e890c-51ff-4008-a25a-12e7db878743 service placement] 10.222.0.41 "GET /placement/allocations/7d62d1a8-6cc4-4faf-83a0-1b53c3e340d8" status: 200 len: 259 microversion: 1.28
Jan 10 11:46:27.718967 n-d-master-1 devstack@placement-api.service[115035]: [pid: 115035|app: 0|req: 247/488] 10.222.0.41 () {60 vars in 1377 bytes} [Mon Jan 10 11:46:27 2022] GET /placement/allocations/7d62d1a8-6cc4-4faf-83a0-1b53c3e340d8 => generated 259 bytes in 31 msecs (HTTP/1.1 200) 8 headers in 296 bytes (2 switches on core 0)
Jan 10 11:46:32.770015 n-d-master-1 devstack@placement-api.service[115036]: DEBUG placement.requestlog [req-6766f6e0-ba2e-493f-9fc6-382c0fd724ef req-64a325f4-e841-42e7-933b-4331ce4f2fc4 None None] Starting request: 10.222.0.18 "GET /placement/allocation_candidates?limit=1000&resources=DISK_GB%3A1%2CMEMORY_MB%3A1024%2CVCPU%3A1&root_required=%21COMPUTE_STATUS_DISABLED" {{(pid=115036) __call__ /opt/stack/placement/placement/requestlog.py:55}}
Jan 10 11:46:32.823461 n-d-master-1 devstack@placement-api.service[115036]: DEBUG placement.objects.research_context [req-6766f6e0-ba2e-493f-9fc6-382c0fd724ef req-64a325f4-e841-42e7-933b-4331ce4f2fc4 service placement] getting providers with 1 DISK_GB {{(pid=115036) __init__ /opt/stack/placement/placement/objects/research_context.py:126}}
Jan 10 11:46:32.830042 n-d-master-1 devstack@placement-api.service[115036]: DEBUG placement.objects.research_context [req-6766f6e0-ba2e-493f-9fc6-382c0fd724ef req-64a325f4-e841-42e7-933b-4331ce4f2fc4 service placement] getting providers with 1024 MEMORY_MB {{(pid=115036) __init__ /opt/stack/placement/placement/objects/research_context.py:126}}
Jan 10 11:46:32.850264 n-d-master-1 devstack@placement-api.service[115036]: DEBUG placement.objects.research_context [req-6766f6e0-ba2e-493f-9fc6-382c0fd724ef req-64a325f4-e841-42e7-933b-4331ce4f2fc4 service placement] getting providers with 1 VCPU {{(pid=115036) __init__ /opt/stack/placement/placement/objects/research_context.py:126}}
Jan 10 11:46:32.873426 n-d-master-1 devstack@placement-api.service[115036]: DEBUG placement.objects.research_context [req-6766f6e0-ba2e-493f-9fc6-382c0fd724ef req-64a325f4-e841-42e7-933b-4331ce4f2fc4 service placement] found 2 providers with available 1 DISK_GB {{(pid=115036) get_provider_ids_matching /opt/stack/placement/placement/objects/research_context.py:549}}
Jan 10 11:46:32.873992 n-d-master-1 devstack@placement-api.service[115036]: DEBUG placement.objects.research_context [req-6766f6e0-ba2e-493f-9fc6-382c0fd724ef req-64a325f4-e841-42e7-933b-4331ce4f2fc4 service placement] found 2 providers with available 1024 MEMORY_MB {{(pid=115036) get_provider_ids_matching /opt/stack/placement/placement/objects/research_context.py:549}}
Jan 10 11:46:32.874464 n-d-master-1 devstack@placement-api.service[115036]: DEBUG placement.objects.research_context [req-6766f6e0-ba2e-493f-9fc6-382c0fd724ef req-64a325f4-e841-42e7-933b-4331ce4f2fc4 service placement] found 2 providers after filtering by previous result {{(pid=115036) get_provider_ids_matching /opt/stack/placement/placement/objects/research_context.py:580}}
Jan 10 11:46:32.874939 n-d-master-1 devstack@placement-api.service[115036]: DEBUG placement.objects.research_context [req-6766f6e0-ba2e-493f-9fc6-382c0fd724ef req-64a325f4-e841-42e7-933b-4331ce4f2fc4 service placement] found 2 providers with available 1 VCPU {{(pid=115036) get_provider_ids_matching /opt/stack/placement/placement/objects/research_context.py:549}}
Jan 10 11:46:32.875366 n-d-master-1 devstack@placement-api.service[115036]: DEBUG placement.objects.research_context [req-6766f6e0-ba2e-493f-9fc6-382c0fd724ef req-64a325f4-e841-42e7-933b-4331ce4f2fc4 service placement] found 2 providers after filtering by previous result {{(pid=115036) get_provider_ids_matching /opt/stack/placement/placement/objects/research_context.py:580}}
Jan 10 11:46:32.896132 n-d-master-1 devstack@placement-api.service[115036]: DEBUG placement.objects.allocation_candidate [req-6766f6e0-ba2e-493f-9fc6-382c0fd724ef req-64a325f4-e841-42e7-933b-4331ce4f2fc4 service placement] RequestGroup(use_same_provider=False, resources={DISK_GB:1, MEMORY_MB:1024, VCPU:1}, traits=[], aggregates=[]) (suffix '') returned 2 matches {{(pid=115036) _get_by_requests /opt/stack/placement/placement/objects/allocation_candidate.py:145}}
Jan 10 11:46:32.896775 n-d-master-1 devstack@placement-api.service[115036]: DEBUG placement.objects.allocation_candidate [req-6766f6e0-ba2e-493f-9fc6-382c0fd724ef req-64a325f4-e841-42e7-933b-4331ce4f2fc4 service placement] Merging candidates yields 2 allocation requests and 2 provider summaries {{(pid=115036) _merge_candidates /opt/stack/placement/placement/objects/allocation_candidate.py:783}}
Jan 10 11:46:32.898496 n-d-master-1 devstack@placement-api.service[115036]: INFO placement.requestlog [req-6766f6e0-ba2e-493f-9fc6-382c0fd724ef req-64a325f4-e841-42e7-933b-4331ce4f2fc4 service placement] 10.222.0.18 "GET /placement/allocation_candidates?limit=1000&resources=DISK_GB%3A1%2CMEMORY_MB%3A1024%2CVCPU%3A1&root_required=%21COMPUTE_STATUS_DISABLED" status: 200 len: 1309 microversion: 1.36
Jan 10 11:46:32.899534 n-d-master-1 devstack@placement-api.service[115036]: [pid: 115036|app: 0|req: 242/489] 10.222.0.18 () {60 vars in 1506 bytes} [Mon Jan 10 11:46:32 2022] GET /placement/allocation_candidates?limit=1000&resources=DISK_GB%3A1%2CMEMORY_MB%3A1024%2CVCPU%3A1&root_required=%21COMPUTE_STATUS_DISABLED => generated 1309 bytes in 130 msecs (HTTP/1.1 200) 8 headers in 297 bytes (1 switches on core 0)
Jan 10 11:46:33.031763 n-d-master-1 devstack@placement-api.service[115035]: DEBUG placement.requestlog [req-6766f6e0-ba2e-493f-9fc6-382c0fd724ef req-731bbff8-0255-400d-a241-f503e49f6b2b None None] Starting request: 10.222.0.18 "GET /placement/allocations/8d4274e1-98ef-4cd4-8049-a5619de0982b" {{(pid=115035) __call__ /opt/stack/placement/placement/requestlog.py:55}}
Jan 10 11:46:33.056313 n-d-master-1 devstack@placement-api.service[115035]: INFO placement.requestlog [req-6766f6e0-ba2e-493f-9fc6-382c0fd724ef req-731bbff8-0255-400d-a241-f503e49f6b2b service placement] 10.222.0.18 "GET /placement/allocations/8d4274e1-98ef-4cd4-8049-a5619de0982b" status: 200 len: 19 microversion: 1.28
Jan 10 11:46:33.057020 n-d-master-1 devstack@placement-api.service[115035]: [pid: 115035|app: 0|req: 248/490] 10.222.0.18 () {60 vars in 1380 bytes} [Mon Jan 10 11:46:33 2022] GET /placement/allocations/8d4274e1-98ef-4cd4-8049-a5619de0982b => generated 19 bytes in 25 msecs (HTTP/1.1 200) 8 headers in 295 bytes (1 switches on core 0)
Jan 10 11:46:33.063282 n-d-master-1 devstack@placement-api.service[115036]: DEBUG placement.requestlog [req-6766f6e0-ba2e-493f-9fc6-382c0fd724ef req-45a3b2ba-d2c7-4720-af22-cff7ad3b66e7 None None] Starting request: 10.222.0.18 "PUT /placement/allocations/8d4274e1-98ef-4cd4-8049-a5619de0982b" {{(pid=115036) __call__ /opt/stack/placement/placement/requestlog.py:55}}
Jan 10 11:46:33.178665 n-d-master-1 devstack@placement-api.service[115036]: DEBUG placement.handlers.allocation [req-6766f6e0-ba2e-493f-9fc6-382c0fd724ef req-45a3b2ba-d2c7-4720-af22-cff7ad3b66e7 service placement] Successfully wrote allocations [, , ] {{(pid=115036) _update_consumers_and_create_allocations /opt/stack/placement/placement/handlers/allocation.py:462}}
Jan 10 11:46:33.184128 n-d-master-1 devstack@placement-api.service[115036]: INFO placement.requestlog [req-6766f6e0-ba2e-493f-9fc6-382c0fd724ef req-45a3b2ba-d2c7-4720-af22-cff7ad3b66e7 service placement] 10.222.0.18 "PUT /placement/allocations/8d4274e1-98ef-4cd4-8049-a5619de0982b" status: 204 len: 0 microversion: 1.36
Jan 10 11:46:33.185270 n-d-master-1 devstack@placement-api.service[115036]: [pid: 115036|app: 0|req: 243/491] 10.222.0.18 () {64 vars in 1433 bytes} [Mon Jan 10 11:46:33 2022] PUT /placement/allocations/8d4274e1-98ef-4cd4-8049-a5619de0982b => generated 0 bytes in 122 msecs (HTTP/1.1 204) 5 headers in 199 bytes (1 switches on core 0)
Jan 10 11:46:33.732524 n-d-master-1 devstack@placement-api.service[115035]: DEBUG placement.requestlog [req-b7770856-3f9f-4d41-8217-9105770aa915 req-5df2e184-b013-49da-98fc-61e39e3fb23a None None] Starting request: 10.222.0.18 "GET /placement/allocation_candidates?limit=1000&resources=DISK_GB%3A1%2CMEMORY_MB%3A1024%2CVCPU%3A1&root_required=%21COMPUTE_STATUS_DISABLED" {{(pid=115035) __call__ /opt/stack/placement/placement/requestlog.py:55}}
Jan 10 11:46:33.820967 n-d-master-1 devstack@placement-api.service[115035]: DEBUG placement.objects.research_context [req-b7770856-3f9f-4d41-8217-9105770aa915 req-5df2e184-b013-49da-98fc-61e39e3fb23a service placement] getting providers with 1 DISK_GB {{(pid=115035) __init__ /opt/stack/placement/placement/objects/research_context.py:126}}
Jan 10 11:46:33.833567 n-d-master-1 devstack@placement-api.service[115035]: DEBUG placement.objects.research_context [req-b7770856-3f9f-4d41-8217-9105770aa915 req-5df2e184-b013-49da-98fc-61e39e3fb23a service placement] getting providers with 1024 MEMORY_MB {{(pid=115035) __init__ /opt/stack/placement/placement/objects/research_context.py:126}}
Jan 10 11:46:33.848998 n-d-master-1 devstack@placement-api.service[115035]: DEBUG placement.objects.research_context [req-b7770856-3f9f-4d41-8217-9105770aa915 req-5df2e184-b013-49da-98fc-61e39e3fb23a service placement] getting providers with 1 VCPU {{(pid=115035) __init__ /opt/stack/placement/placement/objects/research_context.py:126}}
Jan 10 11:46:33.858107 n-d-master-1 devstack@placement-api.service[115035]: DEBUG placement.objects.research_context [req-b7770856-3f9f-4d41-8217-9105770aa915 req-5df2e184-b013-49da-98fc-61e39e3fb23a service placement] found 2 providers with available 1 DISK_GB {{(pid=115035) get_provider_ids_matching /opt/stack/placement/placement/objects/research_context.py:549}}
Jan 10 11:46:33.858592 n-d-master-1 devstack@placement-api.service[115035]: DEBUG placement.objects.research_context [req-b7770856-3f9f-4d41-8217-9105770aa915 req-5df2e184-b013-49da-98fc-61e39e3fb23a service placement] found 2 providers with available 1024 MEMORY_MB {{(pid=115035) get_provider_ids_matching /opt/stack/placement/placement/objects/research_context.py:549}}
Jan 10 11:46:33.859048 n-d-master-1 devstack@placement-api.service[115035]: DEBUG placement.objects.research_context [req-b7770856-3f9f-4d41-8217-9105770aa915 req-5df2e184-b013-49da-98fc-61e39e3fb23a service placement] found 2 providers after filtering by previous result {{(pid=115035) get_provider_ids_matching /opt/stack/placement/placement/objects/research_context.py:580}}
