Dec 21 13:37:21.228076 n-d-master-1 devstack@n-api.service[124220]: DEBUG nova.compute.api [None req-114d777e-990f-4418-a0c3-43e237d5a72d tempest-ServersWithSpecificFlavorTestJSON-494742401 tempest-ServersWithSpecificFlavorTestJSON-494742401-project] [instance: 9954df87-9d80-402c-8e93-aff91d46f9d7] Fetching instance by UUID {{(pid=124220) get /opt/stack/nova/nova/compute/api.py:2865}}
Dec 21 13:37:21.238154 n-d-master-1 devstack@n-api.service[124220]: DEBUG oslo_concurrency.lockutils [None req-114d777e-990f-4418-a0c3-43e237d5a72d tempest-ServersWithSpecificFlavorTestJSON-494742401 tempest-ServersWithSpecificFlavorTestJSON-494742401-project] Lock "8984d089-c58c-4f57-a995-8cdb9042d4b2" acquired by "nova.context.set_target_cell..get_or_set_cached_cell_and_set_connections" :: waited 0.000s {{(pid=124220) inner /usr/local/lib/python3.8/dist-packages/oslo_concurrency/lockutils.py:386}}
Dec 21 13:37:21.238683 n-d-master-1 devstack@n-api.service[124220]: DEBUG oslo_concurrency.lockutils [None req-114d777e-990f-4418-a0c3-43e237d5a72d tempest-ServersWithSpecificFlavorTestJSON-494742401 tempest-ServersWithSpecificFlavorTestJSON-494742401-project] Lock "8984d089-c58c-4f57-a995-8cdb9042d4b2" "released" by "nova.context.set_target_cell..get_or_set_cached_cell_and_set_connections" :: held 0.002s {{(pid=124220) inner /usr/local/lib/python3.8/dist-packages/oslo_concurrency/lockutils.py:400}}
Dec 21 13:37:21.239835 n-d-master-1 devstack@n-api.service[124220]: DEBUG oslo_concurrency.lockutils [None req-114d777e-990f-4418-a0c3-43e237d5a72d tempest-ServersWithSpecificFlavorTestJSON-494742401 tempest-ServersWithSpecificFlavorTestJSON-494742401-project] Lock "8984d089-c58c-4f57-a995-8cdb9042d4b2" acquired by "nova.context.set_target_cell..get_or_set_cached_cell_and_set_connections" :: waited 0.000s {{(pid=124220) inner /usr/local/lib/python3.8/dist-packages/oslo_concurrency/lockutils.py:386}}
Dec 21 13:37:21.241475 n-d-master-1 devstack@n-api.service[124220]: DEBUG oslo_concurrency.lockutils [None req-114d777e-990f-4418-a0c3-43e237d5a72d tempest-ServersWithSpecificFlavorTestJSON-494742401 tempest-ServersWithSpecificFlavorTestJSON-494742401-project] Lock "8984d089-c58c-4f57-a995-8cdb9042d4b2" "released" by "nova.context.set_target_cell..get_or_set_cached_cell_and_set_connections" :: held 0.001s {{(pid=124220) inner /usr/local/lib/python3.8/dist-packages/oslo_concurrency/lockutils.py:400}}
Dec 21 13:37:21.333807 n-d-master-1 devstack@n-api.service[124221]: DEBUG nova.policy [None req-9e4c5aeb-2bcf-4288-abbc-cd1d74e234c8 tempest-MigrationsAdminTest-104584848 tempest-MigrationsAdminTest-104584848-project] Policy check for os_compute_api:os-extended-server-attributes failed with credentials {'is_admin': False, 'user_id': '5fd179209f6a4dd9ba2e3eea07d38260', 'user_domain_id': 'default', 'system_scope': None, 'domain_id': None, 'project_id': '0e3d343882e0470ebc8e270dc38301c1', 'project_domain_id': 'default', 'roles': ['reader', 'member'], 'is_admin_project': True, 'service_user_id': None, 'service_user_domain_id': None, 'service_project_id': None, 'service_project_domain_id': None, 'service_roles': []} {{(pid=124221) authorize /opt/stack/nova/nova/policy.py:199}}
Dec 21 13:37:21.342989 n-d-master-1 devstack@n-api.service[124221]: INFO nova.api.openstack.requestlog [None req-9e4c5aeb-2bcf-4288-abbc-cd1d74e234c8 tempest-MigrationsAdminTest-104584848 tempest-MigrationsAdminTest-104584848-project] 10.222.0.32 "GET /compute/v2.1/servers/3e154e09-d283-4ec4-bf4a-92315dc88bd1" status: 200 len: 1312 microversion: 2.1 time: 0.310572
Dec 21 13:37:21.354501 n-d-master-1 devstack@n-api.service[124221]: [pid: 124221|app: 0|req: 97/216] 10.222.0.32 () {58 vars in 1235 bytes} [Tue Dec 21 13:37:21 2021] GET /compute/v2.1/servers/3e154e09-d283-4ec4-bf4a-92315dc88bd1 => generated 1312 bytes in 322 msecs (HTTP/1.1 200) 9 headers in 358 bytes (1 switches on core 0)
Dec 21 13:37:21.361698 n-d-master-1 devstack@n-api.service[124221]: DEBUG nova.api.openstack.wsgi [None req-63c34740-f916-4da1-ab71-78846c8acd92 tempest-AggregatesAdminNegativeTestJSON-1176589665 tempest-AggregatesAdminNegativeTestJSON-1176589665-project-admin] Action: 'action', calling method: >, body: {"add_host": {"host": "tempest-nonexist_host-712248833"}} {{(pid=124221) _process_stack /opt/stack/nova/nova/api/openstack/wsgi.py:511}}
Dec 21 13:37:21.364146 n-d-master-1 devstack@n-api.service[124221]: /usr/local/lib/python3.8/dist-packages/oslo_policy/policy.py:1119: UserWarning: Policy "os_compute_api:os-aggregates:add_host": "rule:system_admin_api" failed scope check. The token used to make the request was project scoped but the policy requires ['system'] scope. This behavior may change in the future where using the intended scope is required
Dec 21 13:37:21.364146 n-d-master-1 devstack@n-api.service[124221]: warnings.warn(msg)
Dec 21 13:37:21.374461 n-d-master-1 devstack@n-api.service[124221]: DEBUG oslo_concurrency.lockutils [None req-63c34740-f916-4da1-ab71-78846c8acd92 tempest-AggregatesAdminNegativeTestJSON-1176589665 tempest-AggregatesAdminNegativeTestJSON-1176589665-project-admin] Lock "00000000-0000-0000-0000-000000000000" acquired by "nova.context.set_target_cell..get_or_set_cached_cell_and_set_connections" :: waited 0.000s {{(pid=124221) inner /usr/local/lib/python3.8/dist-packages/oslo_concurrency/lockutils.py:386}}
Dec 21 13:37:21.375507 n-d-master-1 devstack@n-api.service[124221]: DEBUG oslo_concurrency.lockutils [None req-63c34740-f916-4da1-ab71-78846c8acd92 tempest-AggregatesAdminNegativeTestJSON-1176589665 tempest-AggregatesAdminNegativeTestJSON-1176589665-project-admin] Lock "00000000-0000-0000-0000-000000000000" "released" by "nova.context.set_target_cell..get_or_set_cached_cell_and_set_connections" :: held 0.001s {{(pid=124221) inner /usr/local/lib/python3.8/dist-packages/oslo_concurrency/lockutils.py:400}}
Dec 21 13:37:21.386797 n-d-master-1 devstack@n-api.service[124221]: DEBUG oslo_concurrency.lockutils [None req-63c34740-f916-4da1-ab71-78846c8acd92 tempest-AggregatesAdminNegativeTestJSON-1176589665 tempest-AggregatesAdminNegativeTestJSON-1176589665-project-admin] Lock "8984d089-c58c-4f57-a995-8cdb9042d4b2" acquired by "nova.context.set_target_cell..get_or_set_cached_cell_and_set_connections" :: waited 0.000s {{(pid=124221) inner /usr/local/lib/python3.8/dist-packages/oslo_concurrency/lockutils.py:386}}
Dec 21 13:37:21.387534 n-d-master-1 devstack@n-api.service[124221]: DEBUG oslo_concurrency.lockutils [None req-63c34740-f916-4da1-ab71-78846c8acd92 tempest-AggregatesAdminNegativeTestJSON-1176589665 tempest-AggregatesAdminNegativeTestJSON-1176589665-project-admin] Lock "8984d089-c58c-4f57-a995-8cdb9042d4b2" "released" by "nova.context.set_target_cell..get_or_set_cached_cell_and_set_connections" :: held 0.002s {{(pid=124221) inner /usr/local/lib/python3.8/dist-packages/oslo_concurrency/lockutils.py:400}}
Dec 21 13:37:21.397267 n-d-master-1 devstack@n-api.service[124221]: INFO nova.api.openstack.wsgi [None req-63c34740-f916-4da1-ab71-78846c8acd92 tempest-AggregatesAdminNegativeTestJSON-1176589665 tempest-AggregatesAdminNegativeTestJSON-1176589665-project-admin] HTTP exception thrown: Compute host tempest-nonexist_host-712248833 could not be found.
Dec 21 13:37:21.398105 n-d-master-1 devstack@n-api.service[124221]: DEBUG nova.api.openstack.wsgi [None req-63c34740-f916-4da1-ab71-78846c8acd92 tempest-AggregatesAdminNegativeTestJSON-1176589665 tempest-AggregatesAdminNegativeTestJSON-1176589665-project-admin] Returning 404 to user: Compute host tempest-nonexist_host-712248833 could not be found. {{(pid=124221) __call__ /opt/stack/nova/nova/api/openstack/wsgi.py:936}}
Dec 21 13:37:21.399064 n-d-master-1 devstack@n-api.service[124221]: INFO nova.api.openstack.requestlog [None req-63c34740-f916-4da1-ab71-78846c8acd92 tempest-AggregatesAdminNegativeTestJSON-1176589665 tempest-AggregatesAdminNegativeTestJSON-1176589665-project-admin] 10.222.0.32 "POST /compute/v2.1/os-aggregates/11/action" status: 404 len: 110 microversion: 2.1 time: 0.043154
Dec 21 13:37:21.400077 n-d-master-1 devstack@n-api.service[124221]: [pid: 124221|app: 0|req: 98/217] 10.222.0.32 () {60 vars in 1193 bytes} [Tue Dec 21 13:37:21 2021] POST /compute/v2.1/os-aggregates/11/action => generated 110 bytes in 44 msecs (HTTP/1.1 404) 9 headers in 379 bytes (1 switches on core 0)
Dec 21 13:37:21.407597 n-d-master-1 devstack@n-api.service[124221]: DEBUG nova.api.openstack.wsgi [None req-2b6ab26a-a0fc-4d0c-ab24-f49bccaac683 tempest-AggregatesAdminTestJSON-1949114439 tempest-AggregatesAdminTestJSON-1949114439-project-admin] Action: 'create', calling method: >, body: {"aggregate": {"name": "tempest-test_aggregate-638853215", "availability_zone": "tempest-test_az-1965819024"}} {{(pid=124221) _process_stack /opt/stack/nova/nova/api/openstack/wsgi.py:511}}
Dec 21 13:37:21.411918 n-d-master-1 devstack@n-api.service[124221]: /usr/local/lib/python3.8/dist-packages/oslo_policy/policy.py:1119: UserWarning: Policy "os_compute_api:os-aggregates:create": "rule:system_admin_api" failed scope check. The token used to make the request was project scoped but the policy requires ['system'] scope. This behavior may change in the future where using the intended scope is required
Dec 21 13:37:21.411918 n-d-master-1 devstack@n-api.service[124221]: warnings.warn(msg)
Dec 21 13:37:21.415117 n-d-master-1 devstack@n-api.service[124221]: DEBUG nova.objects.aggregate [None req-2b6ab26a-a0fc-4d0c-ab24-f49bccaac683 tempest-AggregatesAdminTestJSON-1949114439 tempest-AggregatesAdminTestJSON-1949114439-project-admin] Generated uuid 9a011101-93aa-4423-960f-a8bd1717b4d8 for aggregate {{(pid=124221) create /opt/stack/nova/nova/objects/aggregate.py:298}}
Dec 21 13:37:21.444929 n-d-master-1 devstack@n-api.service[124221]: INFO nova.api.openstack.requestlog [None req-2b6ab26a-a0fc-4d0c-ab24-f49bccaac683 tempest-AggregatesAdminTestJSON-1949114439 tempest-AggregatesAdminTestJSON-1949114439-project-admin] 10.222.0.32 "POST /compute/v2.1/os-aggregates" status: 200 len: 222 microversion: 2.1 time: 0.043377
Dec 21 13:37:21.446024 n-d-master-1 devstack@n-api.service[124221]: [pid: 124221|app: 0|req: 99/218] 10.222.0.32 () {60 vars in 1164 bytes} [Tue Dec 21 13:37:21 2021] POST /compute/v2.1/os-aggregates => generated 222 bytes in 46 msecs (HTTP/1.1 200) 9 headers in 357 bytes (1 switches on core 0)
Dec 21 13:37:21.456073 n-d-master-1 devstack@n-api.service[124220]: DEBUG nova.policy [None req-114d777e-990f-4418-a0c3-43e237d5a72d tempest-ServersWithSpecificFlavorTestJSON-494742401 tempest-ServersWithSpecificFlavorTestJSON-494742401-project] Policy check for os_compute_api:os-extended-server-attributes failed with credentials {'is_admin': False, 'user_id': 'a577f65d5aa14fc58f3045fc53b92fc8', 'user_domain_id': 'default', 'system_scope': None, 'domain_id': None, 'project_id': 'c593e11117184a91bfc90da887a5154f', 'project_domain_id': 'default', 'roles': ['reader', 'member'], 'is_admin_project': True, 'service_user_id': None, 'service_user_domain_id': None, 'service_project_id': None, 'service_project_domain_id': None, 'service_roles': []} {{(pid=124220) authorize /opt/stack/nova/nova/policy.py:199}}
Dec 21 13:37:21.457437 n-d-master-1 devstack@n-api.service[124221]: DEBUG nova.api.openstack.wsgi [None req-c9f6f589-cc85-4cab-9fd3-ac5a43ad79cb tempest-HostsAdminNegativeTestJSON-606311376 tempest-HostsAdminNegativeTestJSON-606311376-project-admin] Action: 'update', calling method: .version_select at 0x7f9c8a7e9ee0>, body: {"status": "enable", "maintenance_mode": "invalid"} {{(pid=124221) _process_stack /opt/stack/nova/nova/api/openstack/wsgi.py:511}}
Dec 21 13:37:21.459235 n-d-master-1 devstack@n-api.service[124221]: DEBUG nova.api.openstack.wsgi [None req-c9f6f589-cc85-4cab-9fd3-ac5a43ad79cb tempest-HostsAdminNegativeTestJSON-606311376 tempest-HostsAdminNegativeTestJSON-606311376-project-admin] Returning 400 to user: Invalid input for field/attribute maintenance_mode. Value: invalid. 'invalid' is not one of ['enable', 'disable', 'Enable', 'Disable', 'ENABLE', 'DISABLE'] {{(pid=124221) __call__ /opt/stack/nova/nova/api/openstack/wsgi.py:936}}
Dec 21 13:37:21.460561 n-d-master-1 devstack@n-api.service[124221]: INFO nova.api.openstack.requestlog [None req-c9f6f589-cc85-4cab-9fd3-ac5a43ad79cb tempest-HostsAdminNegativeTestJSON-606311376 tempest-HostsAdminNegativeTestJSON-606311376-project-admin] 10.222.0.32 "PUT /compute/v2.1/os-hosts/n-d-master-1" status: 400 len: 199 microversion: 2.1 time: 0.012164
Dec 21 13:37:21.461403 n-d-master-1 devstack@n-api.service[124221]: [pid: 124221|app: 0|req: 100/219] 10.222.0.32 () {60 vars in 1186 bytes} [Tue Dec 21 13:37:21 2021] PUT /compute/v2.1/os-hosts/n-d-master-1 => generated 199 bytes in 14 msecs (HTTP/1.1 400) 9 headers in 381 bytes (1 switches on core 0)
Dec 21 13:37:21.468416 n-d-master-1 devstack@n-api.service[124220]: INFO nova.api.openstack.requestlog [None req-114d777e-990f-4418-a0c3-43e237d5a72d tempest-ServersWithSpecificFlavorTestJSON-494742401 tempest-ServersWithSpecificFlavorTestJSON-494742401-project] 10.222.0.32 "GET /compute/v2.1/servers/9954df87-9d80-402c-8e93-aff91d46f9d7" status: 200 len: 1387 microversion: 2.1 time: 0.246196
Dec 21 13:37:21.469324 n-d-master-1 devstack@n-api.service[124220]: [pid: 124220|app: 0|req: 120/220] 10.222.0.32 () {58 vars in 1235 bytes} [Tue Dec 21 13:37:21 2021] GET /compute/v2.1/servers/9954df87-9d80-402c-8e93-aff91d46f9d7 => generated 1387 bytes in 248 msecs (HTTP/1.1 200) 9 headers in 358 bytes (1 switches on core 0)
Dec 21 13:37:21.475146 n-d-master-1 devstack@n-api.service[124220]: DEBUG nova.api.openstack.wsgi [None req-1bdf0c20-9cfd-4f27-8d26-98d3c42a77b4 tempest-AggregatesAdminTestJSON-1949114439 tempest-AggregatesAdminTestJSON-1949114439-project-admin] Action: 'update', calling method: >, body: {"aggregate": {"name": "tempest-test_aggregate-638853215_new", "availability_zone": "tempest-test_az-1965819024_new"}} {{(pid=124220) _process_stack /opt/stack/nova/nova/api/openstack/wsgi.py:511}}
Dec 21 13:37:21.485346 n-d-master-1 devstack@n-api.service[124221]: DEBUG nova.api.openstack.wsgi [None req-79b4d6a8-5d6f-4a3d-8371-9f6d23205a2e tempest-AggregatesAdminNegativeTestJSON-1176589665 tempest-AggregatesAdminNegativeTestJSON-1176589665-project-admin] Calling method '>' {{(pid=124221) _process_stack /opt/stack/nova/nova/api/openstack/wsgi.py:513}}
Dec 21 13:37:21.486548 n-d-master-1 devstack@n-api.service[124221]: /usr/local/lib/python3.8/dist-packages/oslo_policy/policy.py:1119: UserWarning: Policy "os_compute_api:os-aggregates:delete": "rule:system_admin_api" failed scope check. The token used to make the request was project scoped but the policy requires ['system'] scope. This behavior may change in the future where using the intended scope is required
Dec 21 13:37:21.486548 n-d-master-1 devstack@n-api.service[124221]: warnings.warn(msg)
Dec 21 13:37:21.507008 n-d-master-1 devstack@n-api.service[124220]: /usr/local/lib/python3.8/dist-packages/oslo_policy/policy.py:1119: UserWarning: Policy "os_compute_api:os-aggregates:update": "rule:system_admin_api" failed scope check. The token used to make the request was project scoped but the policy requires ['system'] scope. This behavior may change in the future where using the intended scope is required
Dec 21 13:37:21.507008 n-d-master-1 devstack@n-api.service[124220]: warnings.warn(msg)
Dec 21 13:37:21.519745 n-d-master-1 devstack@n-api.service[124221]: INFO nova.api.openstack.requestlog [None req-79b4d6a8-5d6f-4a3d-8371-9f6d23205a2e tempest-AggregatesAdminNegativeTestJSON-1176589665 tempest-AggregatesAdminNegativeTestJSON-1176589665-project-admin] 10.222.0.32 "DELETE /compute/v2.1/os-aggregates/11" status: 200 len: 0 microversion: 2.1 time: 0.051494
Dec 21 13:37:21.521343 n-d-master-1 devstack@n-api.service[124221]: [pid: 124221|app: 0|req: 101/221] 10.222.0.32 () {58 vars in 1154 bytes} [Tue Dec 21 13:37:21 2021] DELETE /compute/v2.1/os-aggregates/11 => generated 0 bytes in 54 msecs (HTTP/1.1 200) 9 headers in 355 bytes (1 switches on core 0)
Dec 21 13:37:21.529116 n-d-master-1 devstack@n-api.service[124221]: DEBUG nova.api.openstack.wsgi [None req-ecb538b8-b1c9-4219-b8d2-1d259e4d1d25 tempest-HostsAdminNegativeTestJSON-606311376 tempest-HostsAdminNegativeTestJSON-606311376-project-admin] Action: 'update', calling method: .version_select at 0x7f9c8a7f4b80>, body: {"status": "invalid", "maintenance_mode": "enable"} {{(pid=124221) _process_stack /opt/stack/nova/nova/api/openstack/wsgi.py:511}}
Dec 21 13:37:21.531144 n-d-master-1 devstack@n-api.service[124221]: DEBUG nova.api.openstack.wsgi [None req-ecb538b8-b1c9-4219-b8d2-1d259e4d1d25 tempest-HostsAdminNegativeTestJSON-606311376 tempest-HostsAdminNegativeTestJSON-606311376-project-admin] Returning 400 to user: Invalid input for field/attribute status. Value: invalid. 'invalid' is not one of ['enable', 'disable', 'Enable', 'Disable', 'ENABLE', 'DISABLE'] {{(pid=124221) __call__ /opt/stack/nova/nova/api/openstack/wsgi.py:936}}
Dec 21 13:37:21.532584 n-d-master-1 devstack@n-api.service[124221]: INFO nova.api.openstack.requestlog [None req-ecb538b8-b1c9-4219-b8d2-1d259e4d1d25 tempest-HostsAdminNegativeTestJSON-606311376 tempest-HostsAdminNegativeTestJSON-606311376-project-admin] 10.222.0.32 "PUT /compute/v2.1/os-hosts/n-d-master-1" status: 400 len: 189 microversion: 2.1 time: 0.009501
Dec 21 13:37:21.536051 n-d-master-1 devstack@n-api.service[124221]: [pid: 124221|app: 0|req: 102/222] 10.222.0.32 () {60 vars in 1186 bytes} [Tue Dec 21 13:37:21 2021] PUT /compute/v2.1/os-hosts/n-d-master-1 => generated 189 bytes in 14 msecs (HTTP/1.1 400) 9 headers in 381 bytes (1 switches on core 0)
Dec 21 13:37:21.548709 n-d-master-1 devstack@n-api.service[124221]: DEBUG nova.api.openstack.wsgi [None req-3a22d085-a594-4d4c-809f-fe7f386d557d tempest-AggregatesAdminNegativeTestJSON-1176589665 tempest-AggregatesAdminNegativeTestJSON-1176589665-project-admin] Action: 'create', calling method: >, body: {"aggregate": {"name": "aaaaaaaaaaaaaaaaaaaaaaaaaaaaaaaaaaaaaaaaaaaaaaaaaaaaaaaaaaaaaaaaaaaaaaaaaaaaaaaaaaaaaaaaaaaaaaaaaaaaaaaaaaaaaaaaaaaaaaaaaaaaaaaaaaaaaaaaaaaaaaaaaaaaaaaaaaaaaaaaaaaaaaaaaaaaaaaaaaaaaaaaaaaaaaaaaaaaaaaaaaaaaaaaaaaaaaaaaaaaaaaaaaaaaaaaaaaaaaaaaaaaaaaaaaaaaaaa"}} {{(pid=124221) _process_stack /opt/stack/nova/nova/api/openstack/wsgi.py:511}}
Dec 21 13:37:21.551537 n-d-master-1 devstack@n-api.service[124221]: DEBUG nova.api.openstack.wsgi [None req-3a22d085-a594-4d4c-809f-fe7f386d557d tempest-AggregatesAdminNegativeTestJSON-1176589665 tempest-AggregatesAdminNegativeTestJSON-1176589665-project-admin] Returning 400 to user: Invalid input for field/attribute name. Value: aaaaaaaaaaaaaaaaaaaaaaaaaaaaaaaaaaaaaaaaaaaaaaaaaaaaaaaaaaaaaaaaaaaaaaaaaaaaaaaaaaaaaaaaaaaaaaaaaaaaaaaaaaaaaaaaaaaaaaaaaaaaaaaaaaaaaaaaaaaaaaaaaaaaaaaaaaaaaaaaaaaaaaaaaaaaaaaaaaaaaaaaaaaaaaaaaaaaaaaaaaaaaaaaaaaaaaaaaaaaaaaaaaaaaaaaaaaaaaaaaaaaaaaaaaaaaaaa. 'aaaaaaaaaaaaaaaaaaaaaaaaaaaaaaaaaaaaaaaaaaaaaaaaaaaaaaaaaaaaaaaaaaaaaaaaaaaaaaaaaaaaaaaaaaaaaaaaaaaaaaaaaaaaaaaaaaaaaaaaaaaaaaaaaaaaaaaaaaaaaaaaaaaaaaaaaaaaaaaaaaaaaaaaaaaaaaaaaaaaaaaaaaaaaaaaaaaaaaaaaaaaaaaaaaaaaaaaaaaaaaaaaaaaaaaaaaaaaaaaaaaaaaaaaaaaaaaa' is too long {{(pid=124221) __call__ /opt/stack/nova/nova/api/openstack/wsgi.py:936}}
Dec 21 13:37:21.552455 n-d-master-1 devstack@n-api.service[124221]: INFO nova.api.openstack.requestlog [None req-3a22d085-a594-4d4c-809f-fe7f386d557d tempest-AggregatesAdminNegativeTestJSON-1176589665 tempest-AggregatesAdminNegativeTestJSON-1176589665-project-admin] 10.222.0.32 "POST /compute/v2.1/os-aggregates" status: 400 len: 619 microversion: 2.1 time: 0.015358
Dec 21 13:37:21.552970 n-d-master-1 devstack@n-api.service[124220]: DEBUG oslo_concurrency.lockutils [None req-1bdf0c20-9cfd-4f27-8d26-98d3c42a77b4 tempest-AggregatesAdminTestJSON-1949114439 tempest-AggregatesAdminTestJSON-1949114439-project-admin] Lock "8984d089-c58c-4f57-a995-8cdb9042d4b2" acquired by "nova.context.set_target_cell..get_or_set_cached_cell_and_set_connections" :: waited 0.000s {{(pid=124220) inner /usr/local/lib/python3.8/dist-packages/oslo_concurrency/lockutils.py:386}}
Dec 21 13:37:21.553621 n-d-master-1 devstack@n-api.service[124220]: DEBUG oslo_concurrency.lockutils [None req-1bdf0c20-9cfd-4f27-8d26-98d3c42a77b4 tempest-AggregatesAdminTestJSON-1949114439 tempest-AggregatesAdminTestJSON-1949114439-project-admin] Lock "8984d089-c58c-4f57-a995-8cdb9042d4b2" "released" by "nova.context.set_target_cell..get_or_set_cached_cell_and_set_connections" :: held 0.001s {{(pid=124220) inner /usr/local/lib/python3.8/dist-packages/oslo_concurrency/lockutils.py:400}}
Dec 21 13:37:21.553728 n-d-master-1 devstack@n-api.service[124221]: [pid: 124221|app: 0|req: 103/223] 10.222.0.32 () {60 vars in 1164 bytes} [Tue Dec 21 13:37:21 2021] POST /compute/v2.1/os-aggregates => generated 619 bytes in 17 msecs (HTTP/1.1 400) 9 headers in 381 bytes (1 switches on core 0)
Dec 21 13:37:21.564982 n-d-master-1 devstack@n-api.service[124221]: DEBUG nova.api.openstack.wsgi [None req-7fea4e9c-af19-421d-b304-b5c277c985a4 tempest-HostsAdminNegativeTestJSON-88025966 tempest-HostsAdminNegativeTestJSON-88025966-project] Action: 'update', calling method: .version_select at 0x7f9c8a7e9f70>, body: {"status": "enable", "maintenance_mode": "enable"} {{(pid=124221) _process_stack /opt/stack/nova/nova/api/openstack/wsgi.py:511}}
Dec 21 13:37:21.567296 n-d-master-1 devstack@n-api.service[124221]: /usr/local/lib/python3.8/dist-packages/oslo_policy/policy.py:1119: UserWarning: Policy "os_compute_api:os-hosts:update": "rule:system_admin_api" failed scope check. The token used to make the request was project scoped but the policy requires ['system'] scope. This behavior may change in the future where using the intended scope is required
Dec 21 13:37:21.567296 n-d-master-1 devstack@n-api.service[124221]: warnings.warn(msg)
Dec 21 13:37:21.569431 n-d-master-1 devstack@n-api.service[124221]: DEBUG nova.policy [None req-7fea4e9c-af19-421d-b304-b5c277c985a4 tempest-HostsAdminNegativeTestJSON-88025966 tempest-HostsAdminNegativeTestJSON-88025966-project] Policy check for os_compute_api:os-hosts:update failed with credentials {'is_admin': False, 'user_id': '33ea251548a041ddbc633a7ffad045c2', 'user_domain_id': 'default', 'system_scope': None, 'domain_id': None, 'project_id': '3e79ec1fa5f64a88b8063acd091a88b4', 'project_domain_id': 'default', 'roles': ['reader', 'member'], 'is_admin_project': True, 'service_user_id': None, 'service_user_domain_id': None, 'service_project_id': None, 'service_project_domain_id': None, 'service_roles': []} {{(pid=124221) authorize /opt/stack/nova/nova/policy.py:199}}
Dec 21 13:37:21.570661 n-d-master-1 devstack@n-api.service[124221]: DEBUG nova.api.openstack.wsgi [None req-7fea4e9c-af19-421d-b304-b5c277c985a4 tempest-HostsAdminNegativeTestJSON-88025966 tempest-HostsAdminNegativeTestJSON-88025966-project] Returning 403 to user: Policy doesn't allow os_compute_api:os-hosts:update to be performed. {{(pid=124221) __call__ /opt/stack/nova/nova/api/openstack/wsgi.py:936}}
Dec 21 13:37:21.572619 n-d-master-1 devstack@n-api.service[124221]: INFO nova.api.openstack.requestlog [None req-7fea4e9c-af19-421d-b304-b5c277c985a4 tempest-HostsAdminNegativeTestJSON-88025966 tempest-HostsAdminNegativeTestJSON-88025966-project] 10.222.0.32 "PUT /compute/v2.1/os-hosts/n-d-master-1" status: 403 len: 111 microversion: 2.1 time: 0.016941
Dec 21 13:37:21.577096 n-d-master-1 devstack@n-api.service[124221]: [pid: 124221|app: 0|req: 104/224] 10.222.0.32 () {60 vars in 1186 bytes} [Tue Dec 21 13:37:21 2021] PUT /compute/v2.1/os-hosts/n-d-master-1 => generated 111 bytes in 22 msecs (HTTP/1.1 403) 9 headers in 379 bytes (1 switches on core 0)
Dec 21 13:37:21.583757 n-d-master-1 devstack@n-api.service[124221]: DEBUG nova.api.openstack.wsgi [None req-2b56376e-110b-4fce-8569-a3849d818991 tempest-AggregatesAdminNegativeTestJSON-1176589665 tempest-AggregatesAdminNegativeTestJSON-1176589665-project-admin] Action: 'create', calling method: >, body: {"aggregate": {"name": ""}} {{(pid=124221) _process_stack /opt/stack/nova/nova/api/openstack/wsgi.py:511}}
Dec 21 13:37:21.587981 n-d-master-1 devstack@n-api.service[124221]: DEBUG nova.api.openstack.wsgi [None req-2b56376e-110b-4fce-8569-a3849d818991 tempest-AggregatesAdminNegativeTestJSON-1176589665 tempest-AggregatesAdminNegativeTestJSON-1176589665-project-admin] Returning 400 to user: Invalid input for field/attribute name. Value: . '' is too short {{(pid=124221) __call__ /opt/stack/nova/nova/api/openstack/wsgi.py:936}}
Dec 21 13:37:21.589079 n-d-master-1 devstack@n-api.service[124221]: INFO nova.api.openstack.requestlog [None req-2b56376e-110b-4fce-8569-a3849d818991 tempest-AggregatesAdminNegativeTestJSON-1176589665 tempest-AggregatesAdminNegativeTestJSON-1176589665-project-admin] 10.222.0.32 "POST /compute/v2.1/os-aggregates" status: 400 len: 108 microversion: 2.1 time: 0.011514
Dec 21 13:37:21.589738 n-d-master-1 devstack@n-api.service[124221]: [pid: 124221|app: 0|req: 105/225] 10.222.0.32 () {60 vars in 1163 bytes} [Tue Dec 21 13:37:21 2021] POST /compute/v2.1/os-aggregates => generated 108 bytes in 13 msecs (HTTP/1.1 400) 9 headers in 381 bytes (1 switches on core 0)
Dec 21 13:37:21.601825 n-d-master-1 devstack@n-api.service[124221]: DEBUG nova.api.openstack.wsgi [None req-e01d6d4d-06ec-47b7-9020-299b2009db20 tempest-HostsAdminNegativeTestJSON-606311376 tempest-HostsAdminNegativeTestJSON-606311376-project-admin] Action: 'update', calling method: .version_select at 0x7f9c8a961310>, body: {"status": null, "maintenance_mode": null} {{(pid=124221) _process_stack /opt/stack/nova/nova/api/openstack/wsgi.py:511}}
Dec 21 13:37:21.602080 n-d-master-1 devstack@n-api.service[124220]: INFO nova.api.openstack.requestlog [None req-1bdf0c20-9cfd-4f27-8d26-98d3c42a77b4 tempest-AggregatesAdminTestJSON-1949114439 tempest-AggregatesAdminTestJSON-1949114439-project-admin] 10.222.0.32 "PUT /compute/v2.1/os-aggregates/12" status: 200 len: 336 microversion: 2.1 time: 0.131049
Dec 21 13:37:21.602938 n-d-master-1 devstack@n-api.service[124220]: [pid: 124220|app: 0|req: 121/226] 10.222.0.32 () {60 vars in 1172 bytes} [Tue Dec 21 13:37:21 2021] PUT /compute/v2.1/os-aggregates/12 => generated 336 bytes in 133 msecs (HTTP/1.1 200) 9 headers in 357 bytes (1 switches on core 0)
Dec 21 13:37:21.608142 n-d-master-1 devstack@n-api.service[124221]: DEBUG nova.api.openstack.wsgi [None req-e01d6d4d-06ec-47b7-9020-299b2009db20 tempest-HostsAdminNegativeTestJSON-606311376 tempest-HostsAdminNegativeTestJSON-606311376-project-admin] Returning 400 to user: Invalid input for field/attribute status. Value: None. None is not of type 'string' {{(pid=124221) __call__ /opt/stack/nova/nova/api/openstack/wsgi.py:936}}
Dec 21 13:37:21.608985 n-d-master-1 devstack@n-api.service[124221]: INFO nova.api.openstack.requestlog [None req-e01d6d4d-06ec-47b7-9020-299b2009db20 tempest-HostsAdminNegativeTestJSON-606311376 tempest-HostsAdminNegativeTestJSON-606311376-project-admin] 10.222.0.32 "PUT /compute/v2.1/os-hosts/n-d-master-1" status: 400 len: 127 microversion: 2.1 time: 0.012337
Dec 21 13:37:21.609636 n-d-master-1 devstack@n-api.service[124220]: DEBUG nova.api.openstack.wsgi [None req-2e87bb95-906d-4d87-91d0-96d5e3237c77 tempest-AggregatesAdminNegativeTestJSON-1299410747 tempest-AggregatesAdminNegativeTestJSON-1299410747-project] Action: 'create', calling method: >, body: {"aggregate": {"name": "tempest-test_aggregate-247233588"}} {{(pid=124220) _process_stack /opt/stack/nova/nova/api/openstack/wsgi.py:511}}
Dec 21 13:37:21.610224 n-d-master-1 devstack@n-api.service[124221]: [pid: 124221|app: 0|req: 106/227] 10.222.0.32 () {60 vars in 1186 bytes} [Tue Dec 21 13:37:21 2021] PUT /compute/v2.1/os-hosts/n-d-master-1 => generated 127 bytes in 20 msecs (HTTP/1.1 400) 9 headers in 381 bytes (1 switches on core 0)
Dec 21 13:37:21.615326 n-d-master-1 devstack@n-api.service[124220]: /usr/local/lib/python3.8/dist-packages/oslo_policy/policy.py:1119: UserWarning: Policy "os_compute_api:os-aggregates:create": "rule:system_admin_api" failed scope check. The token used to make the request was project scoped but the policy requires ['system'] scope. This behavior may change in the future where using the intended scope is required
Dec 21 13:37:21.615326 n-d-master-1 devstack@n-api.service[124220]: warnings.warn(msg)
Dec 21 13:37:21.616297 n-d-master-1 devstack@n-api.service[124220]: DEBUG nova.policy [None req-2e87bb95-906d-4d87-91d0-96d5e3237c77 tempest-AggregatesAdminNegativeTestJSON-1299410747 tempest-AggregatesAdminNegativeTestJSON-1299410747-project] Policy check for os_compute_api:os-aggregates:create failed with credentials {'is_admin': False, 'user_id': 'a0d09af7c60744f6b9e7aa1ca769aa61', 'user_domain_id': 'default', 'system_scope': None, 'domain_id': None, 'project_id': '05e3ccb809044cf9a2897a288494f463', 'project_domain_id': 'default', 'roles': ['reader', 'member'], 'is_admin_project': True, 'service_user_id': None, 'service_user_domain_id': None, 'service_project_id': None, 'service_project_domain_id': None, 'service_roles': []} {{(pid=124220) authorize /opt/stack/nova/nova/policy.py:199}}
Dec 21 13:37:21.617050 n-d-master-1 devstack@n-api.service[124220]: DEBUG nova.api.openstack.wsgi [None req-2e87bb95-906d-4d87-91d0-96d5e3237c77 tempest-AggregatesAdminNegativeTestJSON-1299410747 tempest-AggregatesAdminNegativeTestJSON-1299410747-project] Returning 403 to user: Policy doesn't allow os_compute_api:os-aggregates:create to be performed. {{(pid=124220) __call__ /opt/stack/nova/nova/api/openstack/wsgi.py:936}}
Dec 21 13:37:21.617968 n-d-master-1 devstack@n-api.service[124220]: INFO nova.api.openstack.requestlog [None req-2e87bb95-906d-4d87-91d0-96d5e3237c77 tempest-AggregatesAdminNegativeTestJSON-1299410747 tempest-AggregatesAdminNegativeTestJSON-1299410747-project] 10.222.0.32 "POST /compute/v2.1/os-aggregates" status: 403 len: 116 microversion: 2.1 time: 0.014290
Dec 21 13:37:21.618774 n-d-master-1 devstack@n-api.service[124220]: [pid: 124220|app: 0|req: 122/228] 10.222.0.32 () {60 vars in 1163 bytes} [Tue Dec 21 13:37:21 2021] POST /compute/v2.1/os-aggregates => generated 116 bytes in 15 msecs (HTTP/1.1 403) 9 headers in 379 bytes (1 switches on core 0)
Dec 21 13:37:21.624534 n-d-master-1 devstack@n-api.service[124221]: DEBUG nova.api.openstack.wsgi [None req-6f11cfc2-cd55-4c5f-9eb1-2ad5c2a35589 tempest-AggregatesAdminTestJSON-1949114439 tempest-AggregatesAdminTestJSON-1949114439-project-admin] Calling method '>' {{(pid=124221) _process_stack /opt/stack/nova/nova/api/openstack/wsgi.py:513}}
Dec 21 13:37:21.625436 n-d-master-1 devstack@n-api.service[124221]: /usr/local/lib/python3.8/dist-packages/oslo_policy/policy.py:1119: UserWarning: Policy "os_compute_api:os-aggregates:index": "rule:system_reader_api" failed scope check. The token used to make the request was project scoped but the policy requires ['system'] scope. This behavior may change in the future where using the intended scope is required
Dec 21 13:37:21.625436 n-d-master-1 devstack@n-api.service[124221]: warnings.warn(msg)
Dec 21 13:37:21.627226 n-d-master-1 devstack@n-api.service[124220]: DEBUG nova.api.openstack.wsgi [None req-753873b9-aef7-45c8-a32d-b808e42ba58a tempest-HostsAdminNegativeTestJSON-606311376 tempest-HostsAdminNegativeTestJSON-606311376-project-admin] Action: 'update', calling method: .version_select at 0x7f9c8b0de8b0>, body: {"status": "enable", "maintenance_mode": "enable"} {{(pid=124220) _process_stack /opt/stack/nova/nova/api/openstack/wsgi.py:511}}
Dec 21 13:37:21.628794 n-d-master-1 devstack@n-api.service[124220]: /usr/local/lib/python3.8/dist-packages/oslo_policy/policy.py:1119: UserWarning: Policy "os_compute_api:os-hosts:update": "rule:system_admin_api" failed scope check. The token used to make the request was project scoped but the policy requires ['system'] scope. This behavior may change in the future where using the intended scope is required
Dec 21 13:37:21.628794 n-d-master-1 devstack@n-api.service[124220]: warnings.warn(msg)
Dec 21 13:37:21.630039 n-d-master-1 devstack@n-api.service[124220]: INFO nova.api.openstack.compute.hosts [None req-753873b9-aef7-45c8-a32d-b808e42ba58a tempest-HostsAdminNegativeTestJSON-606311376 tempest-HostsAdminNegativeTestJSON-606311376-project-admin] Enabling host nonexistent_hostname.
Dec 21 13:37:21.637017 n-d-master-1 devstack@n-api.service[124221]: INFO nova.api.openstack.requestlog [None req-6f11cfc2-cd55-4c5f-9eb1-2ad5c2a35589 tempest-AggregatesAdminTestJSON-1949114439 tempest-AggregatesAdminTestJSON-1949114439-project-admin] 10.222.0.32 "GET /compute/v2.1/os-aggregates" status: 200 len: 339 microversion: 2.1 time: 0.025785
Dec 21 13:37:21.639201 n-d-master-1 devstack@n-api.service[124220]: INFO nova.api.openstack.wsgi [None req-753873b9-aef7-45c8-a32d-b808e42ba58a tempest-HostsAdminNegativeTestJSON-606311376 tempest-HostsAdminNegativeTestJSON-606311376-project-admin] HTTP exception thrown: Host 'nonexistent_hostname' is not mapped to any cell
Dec 21 13:37:21.639946 n-d-master-1 devstack@n-api.service[124220]: DEBUG nova.api.openstack.wsgi [None req-753873b9-aef7-45c8-a32d-b808e42ba58a tempest-HostsAdminNegativeTestJSON-606311376 tempest-HostsAdminNegativeTestJSON-606311376-project-admin] Returning 404 to user: Host 'nonexistent_hostname' is not mapped to any cell {{(pid=124220) __call__ /opt/stack/nova/nova/api/openstack/wsgi.py:936}}
Dec 21 13:37:21.640836 n-d-master-1 devstack@n-api.service[124220]: INFO nova.api.openstack.requestlog [None req-753873b9-aef7-45c8-a32d-b808e42ba58a tempest-HostsAdminNegativeTestJSON-606311376 tempest-HostsAdminNegativeTestJSON-606311376-project-admin] 10.222.0.32 "PUT /compute/v2.1/os-hosts/nonexistent_hostname" status: 404 len: 99 microversion: 2.1 time: 0.020698
Dec 21 13:37:21.643707 n-d-master-1 devstack@n-api.service[124221]: [pid: 124221|app: 0|req: 107/229] 10.222.0.32 () {58 vars in 1142 bytes} [Tue Dec 21 13:37:21 2021] GET /compute/v2.1/os-aggregates => generated 339 bytes in 33 msecs (HTTP/1.1 200) 9 headers in 357 bytes (1 switches on core 0)
Dec 21 13:37:21.648894 n-d-master-1 devstack@n-api.service[124221]: DEBUG nova.api.openstack.wsgi [None req-bc10ac8b-2837-4471-acc9-02f2fa87f9a0 tempest-AggregatesAdminNegativeTestJSON-1176589665 tempest-AggregatesAdminNegativeTestJSON-1176589665-project-admin] Action: 'create', calling method: >, body: {"aggregate": {"name": "tempest-test_aggregate-970497374"}} {{(pid=124221) _process_stack /opt/stack/nova/nova/api/openstack/wsgi.py:511}}
Dec 21 13:37:21.650085 n-d-master-1 devstack@n-api.service[124220]: [pid: 124220|app: 0|req: 123/230] 10.222.0.32 () {60 vars in 1210 bytes} [Tue Dec 21 13:37:21 2021] PUT /compute/v2.1/os-hosts/nonexistent_hostname => generated 99 bytes in 31 msecs (HTTP/1.1 404) 9 headers in 378 bytes (1 switches on core 0)
Dec 21 13:37:21.650198 n-d-master-1 devstack@n-api.service[124221]: /usr/local/lib/python3.8/dist-packages/oslo_policy/policy.py:1119: UserWarning: Policy "os_compute_api:os-aggregates:create": "rule:system_admin_api" failed scope check. The token used to make the request was project scoped but the policy requires ['system'] scope. This behavior may change in the future where using the intended scope is required
Dec 21 13:37:21.650198 n-d-master-1 devstack@n-api.service[124221]: warnings.warn(msg)
Dec 21 13:37:21.651350 n-d-master-1 devstack@n-api.service[124221]: DEBUG nova.objects.aggregate [None req-bc10ac8b-2837-4471-acc9-02f2fa87f9a0 tempest-AggregatesAdminNegativeTestJSON-1176589665 tempest-AggregatesAdminNegativeTestJSON-1176589665-project-admin] Generated uuid b2db5305-485b-4567-9ad0-e378de577b6f for aggregate {{(pid=124221) create /opt/stack/nova/nova/objects/aggregate.py:298}}
Dec 21 13:37:21.658042 n-d-master-1 devstack@n-api.service[124220]: DEBUG nova.api.openstack.wsgi [None req-9690d656-edeb-416d-8dd9-d254cb248050 tempest-AggregatesAdminTestJSON-1949114439 tempest-AggregatesAdminTestJSON-1949114439-project-admin] Calling method '>' {{(pid=124220) _process_stack /opt/stack/nova/nova/api/openstack/wsgi.py:513}}
Dec 21 13:37:21.659144 n-d-master-1 devstack@n-api.service[124220]: /usr/local/lib/python3.8/dist-packages/oslo_policy/policy.py:1119: UserWarning: Policy "os_compute_api:os-aggregates:delete": "rule:system_admin_api" failed scope check. The token used to make the request was project scoped but the policy requires ['system'] scope. This behavior may change in the future where using the intended scope is required
Dec 21 13:37:21.659144 n-d-master-1 devstack@n-api.service[124220]: warnings.warn(msg)
Dec 21 13:37:21.699403 n-d-master-1 devstack@n-api.service[124220]: INFO nova.api.openstack.requestlog [None req-9690d656-edeb-416d-8dd9-d254cb248050 tempest-AggregatesAdminTestJSON-1949114439 tempest-AggregatesAdminTestJSON-1949114439-project-admin] 10.222.0.32 "DELETE /compute/v2.1/os-aggregates/12" status: 200 len: 0 microversion: 2.1 time: 0.048137
Dec 21 13:37:21.702985 n-d-master-1 devstack@n-api.service[124221]: INFO nova.api.openstack.requestlog [None req-bc10ac8b-2837-4471-acc9-02f2fa87f9a0 tempest-AggregatesAdminNegativeTestJSON-1176589665 tempest-AggregatesAdminNegativeTestJSON-1176589665-project-admin] 10.222.0.32 "POST /compute/v2.1/os-aggregates" status: 200 len: 198 microversion: 2.1 time: 0.057872
Dec 21 13:37:21.705792 n-d-master-1 devstack@n-api.service[124221]: [pid: 124221|app: 0|req: 108/231] 10.222.0.32 () {60 vars in 1163 bytes} [Tue Dec 21 13:37:21 2021] POST /compute/v2.1/os-aggregates => generated 198 bytes in 61 msecs (HTTP/1.1 200) 9 headers in 357 bytes (1 switches on core 0)
Dec 21 13:37:21.710398 n-d-master-1 devstack@n-api.service[124221]: DEBUG nova.api.openstack.wsgi [None req-c4b414cd-2913-42b5-8564-dc295d6da37e tempest-AggregatesAdminTestJSON-1949114439 tempest-AggregatesAdminTestJSON-1949114439-project-admin] Action: 'create', calling method: >, body: {"aggregate": {"name": "tempest-test_aggregate-176304371"}} {{(pid=124221) _process_stack /opt/stack/nova/nova/api/openstack/wsgi.py:511}}
Dec 21 13:37:21.712886 n-d-master-1 devstack@n-api.service[124220]: [pid: 124220|app: 0|req: 124/232] 10.222.0.32 () {58 vars in 1154 bytes} [Tue Dec 21 13:37:21 2021] DELETE /compute/v2.1/os-aggregates/12 => generated 0 bytes in 62 msecs (HTTP/1.1 200) 9 headers in 355 bytes (1 switches on core 0)
Dec 21 13:37:21.714327 n-d-master-1 devstack@n-api.service[124221]: /usr/local/lib/python3.8/dist-packages/oslo_policy/policy.py:1119: UserWarning: Policy "os_compute_api:os-aggregates:create": "rule:system_admin_api" failed scope check. The token used to make the request was project scoped but the policy requires ['system'] scope. This behavior may change in the future where using the intended scope is required
Dec 21 13:37:21.714327 n-d-master-1 devstack@n-api.service[124221]: warnings.warn(msg)
Dec 21 13:37:21.716371 n-d-master-1 devstack@n-api.service[124221]: DEBUG nova.objects.aggregate [None req-c4b414cd-2913-42b5-8564-dc295d6da37e tempest-AggregatesAdminTestJSON-1949114439 tempest-AggregatesAdminTestJSON-1949114439-project-admin] Generated uuid fa925117-149e-4d3f-a62a-72dd67dd492f for aggregate {{(pid=124221) create /opt/stack/nova/nova/objects/aggregate.py:298}}
Dec 21 13:37:21.720880 n-d-master-1 devstack@n-api.service[124220]: DEBUG nova.api.openstack.wsgi [None req-9ddf1dc0-0add-42be-9e8d-05faa1367111 tempest-AggregatesAdminNegativeTestJSON-1176589665 tempest-AggregatesAdminNegativeTestJSON-1176589665-project-admin] Action: 'create', calling method: >, body: {"aggregate": {"name": "tempest-test_aggregate-970497374"}} {{(pid=124220) _process_stack /opt/stack/nova/nova/api/openstack/wsgi.py:511}}
Dec 21 13:37:21.722866 n-d-master-1 devstack@n-api.service[124220]: /usr/local/lib/python3.8/dist-packages/oslo_policy/policy.py:1119: UserWarning: Policy "os_compute_api:os-aggregates:create": "rule:system_admin_api" failed scope check. The token used to make the request was project scoped but the policy requires ['system'] scope. This behavior may change in the future where using the intended scope is required
Dec 21 13:37:21.722866 n-d-master-1 devstack@n-api.service[124220]: warnings.warn(msg)
Dec 21 13:37:21.724300 n-d-master-1 devstack@n-api.service[124220]: DEBUG nova.objects.aggregate [None req-9ddf1dc0-0add-42be-9e8d-05faa1367111 tempest-AggregatesAdminNegativeTestJSON-1176589665 tempest-AggregatesAdminNegativeTestJSON-1176589665-project-admin] Generated uuid 6fbbce6d-8345-405a-9c83-776c42435cc8 for aggregate {{(pid=124220) create /opt/stack/nova/nova/objects/aggregate.py:298}}
Dec 21 13:37:21.736688 n-d-master-1 devstack@n-api.service[124220]: INFO nova.api.openstack.wsgi [None req-9ddf1dc0-0add-42be-9e8d-05faa1367111 tempest-AggregatesAdminNegativeTestJSON-1176589665 tempest-AggregatesAdminNegativeTestJSON-1176589665-project-admin] HTTP exception thrown: Aggregate tempest-test_aggregate-970497374 already exists.
Dec 21 13:37:21.737476 n-d-master-1 devstack@n-api.service[124220]: DEBUG nova.api.openstack.wsgi [None req-9ddf1dc0-0add-42be-9e8d-05faa1367111 tempest-AggregatesAdminNegativeTestJSON-1176589665 tempest-AggregatesAdminNegativeTestJSON-1176589665-project-admin] Returning 409 to user: Aggregate tempest-test_aggregate-970497374 already exists. {{(pid=124220) __call__ /opt/stack/nova/nova/api/openstack/wsgi.py:936}}
Dec 21 13:37:21.738291 n-d-master-1 devstack@n-api.service[124220]: INFO nova.api.openstack.requestlog [None req-9ddf1dc0-0add-42be-9e8d-05faa1367111 tempest-AggregatesAdminNegativeTestJSON-1176589665 tempest-AggregatesAdminNegativeTestJSON-1176589665-project-admin] 10.222.0.32 "POST /compute/v2.1/os-aggregates" status: 409 len: 110 microversion: 2.1 time: 0.024069
Dec 21 13:37:21.739411 n-d-master-1 devstack@n-api.service[124220]: [pid: 124220|app: 0|req: 125/233] 10.222.0.32 () {60 vars in 1163 bytes} [Tue Dec 21 13:37:21 2021] POST /compute/v2.1/os-aggregates => generated 110 bytes in 25 msecs (HTTP/1.1 409) 9 headers in 378 bytes (1 switches on core 0)
Dec 21 13:37:21.746435 n-d-master-1 devstack@n-api.service[124221]: INFO nova.api.openstack.requestlog [None req-c4b414cd-2913-42b5-8564-dc295d6da37e tempest-AggregatesAdminTestJSON-1949114439 tempest-AggregatesAdminTestJSON-1949114439-project-admin] 10.222.0.32 "POST /compute/v2.1/os-aggregates" status: 200 len: 198 microversion: 2.1 time: 0.039548
Dec 21 13:37:21.747041 n-d-master-1 devstack@n-api.service[124221]: [pid: 124221|app: 0|req: 109/234] 10.222.0.32 () {60 vars in 1163 bytes} [Tue Dec 21 13:37:21 2021] POST /compute/v2.1/os-aggregates => generated 198 bytes in 41 msecs (HTTP/1.1 200) 9 headers in 357 bytes (1 switches on core 0)
Dec 21 13:37:21.749317 n-d-master-1 devstack@n-api.service[124220]: DEBUG nova.api.openstack.wsgi [None req-e12d0a1f-2afd-4516-9b37-971b111fa593 tempest-AggregatesAdminNegativeTestJSON-1176589665 tempest-AggregatesAdminNegativeTestJSON-1176589665-project-admin] Calling method '>' {{(pid=124220) _process_stack /opt/stack/nova/nova/api/openstack/wsgi.py:513}}
Dec 21 13:37:21.750387 n-d-master-1 devstack@n-api.service[124220]: /usr/local/lib/python3.8/dist-packages/oslo_policy/policy.py:1119: UserWarning: Policy "os_compute_api:os-aggregates:delete": "rule:system_admin_api" failed scope check. The token used to make the request was project scoped but the policy requires ['system'] scope. This behavior may change in the future where using the intended scope is required
Dec 21 13:37:21.750387 n-d-master-1 devstack@n-api.service[124220]: warnings.warn(msg)
Dec 21 13:37:21.757766 n-d-master-1 devstack@n-api.service[124221]: DEBUG nova.api.openstack.wsgi [None req-303e9bbe-6f7a-4799-a04f-91c967e6e018 tempest-AggregatesAdminTestJSON-1949114439 tempest-AggregatesAdminTestJSON-1949114439-project-admin] Calling method '>' {{(pid=124221) _process_stack /opt/stack/nova/nova/api/openstack/wsgi.py:513}}
Dec 21 13:37:21.758538 n-d-master-1 devstack@n-api.service[124221]: /usr/local/lib/python3.8/dist-packages/oslo_policy/policy.py:1119: UserWarning: Policy "os_compute_api:os-aggregates:index": "rule:system_reader_api" failed scope check. The token used to make the request was project scoped but the policy requires ['system'] scope. This behavior may change in the future where using the intended scope is required
Dec 21 13:37:21.758538 n-d-master-1 devstack@n-api.service[124221]: warnings.warn(msg)
Dec 21 13:37:21.771564 n-d-master-1 devstack@n-api.service[124221]: INFO nova.api.openstack.requestlog [None req-303e9bbe-6f7a-4799-a04f-91c967e6e018 tempest-AggregatesAdminTestJSON-1949114439 tempest-AggregatesAdminTestJSON-1949114439-project-admin] 10.222.0.32 "GET /compute/v2.1/os-aggregates" status: 200 len: 444 microversion: 2.1 time: 0.017391
Dec 21 13:37:21.772063 n-d-master-1 devstack@n-api.service[124221]: [pid: 124221|app: 0|req: 110/235] 10.222.0.32 () {58 vars in 1142 bytes} [Tue Dec 21 13:37:21 2021] GET /compute/v2.1/os-aggregates => generated 444 bytes in 19 msecs (HTTP/1.1 200) 9 headers in 357 bytes (2 switches on core 0)
Dec 21 13:37:21.787030 n-d-master-1 devstack@n-api.service[124220]: INFO nova.api.openstack.requestlog [None req-e12d0a1f-2afd-4516-9b37-971b111fa593 tempest-AggregatesAdminNegativeTestJSON-1176589665 tempest-AggregatesAdminNegativeTestJSON-1176589665-project-admin] 10.222.0.32 "DELETE /compute/v2.1/os-aggregates/13" status: 200 len: 0 microversion: 2.1 time: 0.042527
Dec 21 13:37:21.791521 n-d-master-1 devstack@n-api.service[124220]: [pid: 124220|app: 0|req: 126/236] 10.222.0.32 () {58 vars in 1154 bytes} [Tue Dec 21 13:37:21 2021] DELETE /compute/v2.1/os-aggregates/13 => generated 0 bytes in 45 msecs (HTTP/1.1 200) 9 headers in 355 bytes (2 switches on core 0)
Dec 21 13:37:21.791677 n-d-master-1 devstack@n-api.service[124221]: DEBUG nova.api.openstack.wsgi [None req-6be4fda1-dbe9-41bd-810c-d375c3f0d743 tempest-AggregatesAdminTestJSON-1949114439 tempest-AggregatesAdminTestJSON-1949114439-project-admin] Calling method '>' {{(pid=124221) _process_stack /opt/stack/nova/nova/api/openstack/wsgi.py:513}}
Dec 21 13:37:21.792472 n-d-master-1 devstack@n-api.service[124221]: /usr/local/lib/python3.8/dist-packages/oslo_policy/policy.py:1119: UserWarning: Policy "os_compute_api:os-aggregates:delete": "rule:system_admin_api" failed scope check. The token used to make the request was project scoped but the policy requires ['system'] scope. This behavior may change in the future where using the intended scope is required
Dec 21 13:37:21.792472 n-d-master-1 devstack@n-api.service[124221]: warnings.warn(msg)
Dec 21 13:37:21.799206 n-d-master-1 devstack@n-api.service[124220]: DEBUG nova.api.openstack.wsgi [None req-143559d7-611d-48ea-a306-bc6c8449881e tempest-AggregatesAdminNegativeTestJSON-1176589665 tempest-AggregatesAdminNegativeTestJSON-1176589665-project-admin] Action: 'create', calling method: >, body: {"aggregate": {"name": "tempest-test_aggregate-319896455"}} {{(pid=124220) _process_stack /opt/stack/nova/nova/api/openstack/wsgi.py:511}}
Dec 21 13:37:21.801206 n-d-master-1 devstack@n-api.service[124220]: /usr/local/lib/python3.8/dist-packages/oslo_policy/policy.py:1119: UserWarning: Policy "os_compute_api:os-aggregates:create": "rule:system_admin_api" failed scope check. The token used to make the request was project scoped but the policy requires ['system'] scope. This behavior may change in the future where using the intended scope is required
Dec 21 13:37:21.801206 n-d-master-1 devstack@n-api.service[124220]: warnings.warn(msg)
Dec 21 13:37:21.803329 n-d-master-1 devstack@n-api.service[124220]: DEBUG nova.objects.aggregate [None req-143559d7-611d-48ea-a306-bc6c8449881e tempest-AggregatesAdminNegativeTestJSON-1176589665 tempest-AggregatesAdminNegativeTestJSON-1176589665-project-admin] Generated uuid af61ee40-d6a8-433a-b20c-5189012fc171 for aggregate {{(pid=124220) create /opt/stack/nova/nova/objects/aggregate.py:298}}
Dec 21 13:37:21.824901 n-d-master-1 devstack@n-api.service[124221]: INFO nova.api.openstack.requestlog [None req-6be4fda1-dbe9-41bd-810c-d375c3f0d743 tempest-AggregatesAdminTestJSON-1949114439 tempest-AggregatesAdminTestJSON-1949114439-project-admin] 10.222.0.32 "DELETE /compute/v2.1/os-aggregates/14" status: 200 len: 0 microversion: 2.1 time: 0.044555
Dec 21 13:37:21.830075 n-d-master-1 devstack@n-api.service[124221]: [pid: 124221|app: 0|req: 111/237] 10.222.0.32 () {58 vars in 1154 bytes} [Tue Dec 21 13:37:21 2021] DELETE /compute/v2.1/os-aggregates/14 => generated 0 bytes in 46 msecs (HTTP/1.1 200) 9 headers in 355 bytes (2 switches on core 0)
Dec 21 13:37:21.840525 n-d-master-1 devstack@n-api.service[124221]: DEBUG nova.api.openstack.wsgi [None req-3553394e-5ac6-4681-8687-7a48a90c8be0 tempest-AggregatesAdminTestJSON-1358929117 tempest-AggregatesAdminTestJSON-1358929117-project] Calling method '>' {{(pid=124221) _process_stack /opt/stack/nova/nova/api/openstack/wsgi.py:513}}
Dec 21 13:37:21.842251 n-d-master-1 devstack@n-api.service[124221]: DEBUG nova.compute.api [None req-3553394e-5ac6-4681-8687-7a48a90c8be0 tempest-AggregatesAdminTestJSON-1358929117 tempest-AggregatesAdminTestJSON-1358929117-project] [instance: f55a9180-2996-4a29-bcce-ac31d1beaf2b] Fetching instance by UUID {{(pid=124221) get /opt/stack/nova/nova/compute/api.py:2865}}
Dec 21 13:37:21.850190 n-d-master-1 devstack@n-api.service[124220]: INFO nova.api.openstack.requestlog [None req-143559d7-611d-48ea-a306-bc6c8449881e tempest-AggregatesAdminNegativeTestJSON-1176589665 tempest-AggregatesAdminNegativeTestJSON-1176589665-project-admin] 10.222.0.32 "POST /compute/v2.1/os-aggregates" status: 200 len: 198 microversion: 2.1 time: 0.056543
Dec 21 13:37:21.850822 n-d-master-1 devstack@n-api.service[124220]: [pid: 124220|app: 0|req: 127/238] 10.222.0.32 () {60 vars in 1163 bytes} [Tue Dec 21 13:37:21 2021] POST /compute/v2.1/os-aggregates => generated 198 bytes in 58 msecs (HTTP/1.1 200) 9 headers in 357 bytes (1 switches on core 0)
