Oct 11 15:23:45.834989 n-d-master-1 neutron-server[94827]: INFO neutron.wsgi [req-6e3709dc-0de8-4351-9e53-ed5843755c74 req-875d36fc-3205-4b0f-b22f-558083af9596 tempest-ServersWithSpecificFlavorTestJSON-87454213 tempest-ServersWithSpecificFlavorTestJSON-87454213-project] 10.222.0.31 "GET /v2.0/ports?device_id=f3b812e2-dc4a-49bb-8cd1-f87f0309e91f HTTP/1.1" status: 200 len: 944 time: 0.3198493
Oct 11 15:23:45.873685 n-d-master-1 neutron-server[94828]: DEBUG neutron.plugins.ml2.db [None req-2a31fa8b-d5d9-4fa9-a913-229329f870f0 None None] For port b76d2fdf-2db6-447e-a46c-66f6ce76a017, host n-h1-master-1, got binding levels [PortBindingLevel(driver='hyperv',host='n-h1-master-1',level=0,port_id=b76d2fdf-2db6-447e-a46c-66f6ce76a017,segment=NetworkSegment(0c42b173-049a-4f07-927f-713196fc56df),segment_id=0c42b173-049a-4f07-927f-713196fc56df)] {{(pid=94828) get_binding_level_objs /opt/stack/neutron/neutron/plugins/ml2/db.py:74}}
Oct 11 15:23:45.880262 n-d-master-1 neutron-server[94828]: DEBUG neutron_lib.callbacks.manager [None req-2a31fa8b-d5d9-4fa9-a913-229329f870f0 None None] Notify callbacks ['neutron.plugins.ml2.plugin.SecurityGroupServerNotifierRpcMixin._notify_sg_on_port_change-535020', 'neutron.plugins.ml2.ovo_rpc._ObjectChangeHandler.handle_event-125972', 'neutron.api.rpc.agentnotifiers.dhcp_rpc_agent_api.DhcpAgentNotifyAPI._native_event_send_dhcp_notification-3643695', 'neutron.db.l3_db.L3RpcNotifierMixin._notify_gateway_port_ip_changed-8750268102678', 'neutron.db.l3_dvrscheduler_db._notify_l3_agent_port_update-8750267598861', 'neutron.db.l3_hascheduler_db._notify_l3_agent_ha_port_update-8750267598879'] for port, after_update {{(pid=94828) _notify_loop /usr/local/lib/python3.8/dist-packages/neutron_lib/callbacks/manager.py:192}}
Oct 11 15:23:45.880553 n-d-master-1 neutron-server[94827]: INFO neutron.wsgi [req-23cb54e9-a9d9-4acc-aefc-65d69dc3b318 req-ea0714a3-db6d-42e0-8532-124d294b8fb1 tempest-MigrationsAdminTest-1234744830 tempest-MigrationsAdminTest-1234744830-project] 10.222.0.31 "GET /v2.0/security-groups?id=ce12ce3c-5073-4b74-b54f-c513809124b4&fields=id&fields=name HTTP/1.1" status: 200 len: 286 time: 0.1588163
Oct 11 15:23:45.902537 n-d-master-1 neutron-server[94827]: DEBUG neutron_lib.callbacks.manager [None req-46284bfa-1f73-4043-91ab-526bff2d4ba0 admin admin] Notify callbacks [] for security_group, before_delete {{(pid=94827) _notify_loop /usr/local/lib/python3.8/dist-packages/neutron_lib/callbacks/manager.py:192}}
Oct 11 15:23:45.982838 n-d-master-1 neutron-server[94828]: DEBUG novaclient.v2.client [-] RESP: [200] Connection: close Content-Length: 183 Content-Type: application/json Date: Mon, 11 Oct 2021 15:23:45 GMT OpenStack-API-Version: compute 2.1 Server: Apache/2.4.41 (Ubuntu) Vary: OpenStack-API-Version,X-OpenStack-Nova-API-Version X-OpenStack-Nova-API-Version: 2.1 x-compute-request-id: req-6832fc4b-fe30-49fb-94e6-9c7424969df5 x-openstack-request-id: req-6832fc4b-fe30-49fb-94e6-9c7424969df5 {{(pid=94828) _http_log_response /usr/local/lib/python3.8/dist-packages/keystoneauth1/session.py:550}}
Oct 11 15:23:45.983401 n-d-master-1 neutron-server[94828]: DEBUG novaclient.v2.client [-] RESP BODY: {"events": [{"server_uuid": "80cacb7b-02b8-4af8-801a-50bccebdb9aa", "name": "network-vif-plugged", "status": "completed", "tag": "67f3d03f-9753-4c0d-aeaa-30a7f94aeafa", "code": 200}]} {{(pid=94828) _http_log_response /usr/local/lib/python3.8/dist-packages/keystoneauth1/session.py:582}}
Oct 11 15:23:45.983652 n-d-master-1 neutron-server[94828]: DEBUG novaclient.v2.client [-] POST call to compute for http://10.222.0.31/compute/v2.1/os-server-external-events used request id req-6832fc4b-fe30-49fb-94e6-9c7424969df5 {{(pid=94828) request /usr/local/lib/python3.8/dist-packages/keystoneauth1/session.py:954}}
Oct 11 15:23:45.984046 n-d-master-1 neutron-server[94828]: INFO neutron.notifiers.nova [-] Nova event response: {'server_uuid': '80cacb7b-02b8-4af8-801a-50bccebdb9aa', 'name': 'network-vif-plugged', 'status': 'completed', 'tag': '67f3d03f-9753-4c0d-aeaa-30a7f94aeafa', 'code': 200}
Oct 11 15:23:45.984695 n-d-master-1 neutron-server[94828]: DEBUG neutron.api.rpc.handlers.resources_rpc [None req-2a31fa8b-d5d9-4fa9-a913-229329f870f0 None None] Pushing event updated for resources: {'Port': ['ID=b76d2fdf-2db6-447e-a46c-66f6ce76a017,revision_number=5']} {{(pid=94828) push /opt/stack/neutron/neutron/api/rpc/handlers/resources_rpc.py:237}}
Oct 11 15:23:45.993173 n-d-master-1 neutron-server[94827]: INFO neutron.wsgi [req-6e3709dc-0de8-4351-9e53-ed5843755c74 req-1b1e081e-9872-4c08-b513-4c34bb50ff65 tempest-ServersWithSpecificFlavorTestJSON-87454213 tempest-ServersWithSpecificFlavorTestJSON-87454213-project] 10.222.0.31 "GET /v2.0/security-groups?id=a3691111-a12c-4cc4-969a-61b167f099aa&fields=id&fields=name HTTP/1.1" status: 200 len: 312 time: 0.1383495
Oct 11 15:23:45.996850 n-d-master-1 neutron-server[94827]: DEBUG neutron_lib.callbacks.manager [None req-46284bfa-1f73-4043-91ab-526bff2d4ba0 admin admin] Notify callbacks [] for security_group, precommit_delete {{(pid=94827) _notify_loop /usr/local/lib/python3.8/dist-packages/neutron_lib/callbacks/manager.py:192}}
Oct 11 15:23:46.010076 n-d-master-1 neutron-server[94827]: DEBUG neutron.notifiers.nova [req-a7b3b533-38eb-4dae-ba14-1c3e3d08549a req-8bd0b0ca-0e21-45ec-afb1-b1ad74c9781d service neutron] Ignoring state change previous_port_status: DOWN current_port_status: DOWN port_id 2b4390e3-5c9b-42be-b991-c8f82d2aa7af {{(pid=94827) record_port_status_changed /opt/stack/neutron/neutron/notifiers/nova.py:224}}
Oct 11 15:23:46.021684 n-d-master-1 neutron-server[94827]: DEBUG neutron_lib.callbacks.manager [req-a7b3b533-38eb-4dae-ba14-1c3e3d08549a req-8bd0b0ca-0e21-45ec-afb1-b1ad74c9781d service neutron] Notify callbacks [] for port, precommit_update {{(pid=94827) _notify_loop /usr/local/lib/python3.8/dist-packages/neutron_lib/callbacks/manager.py:192}}
Oct 11 15:23:46.074541 n-d-master-1 neutron-server[94827]: DEBUG neutron.db.provisioning_blocks [req-a7b3b533-38eb-4dae-ba14-1c3e3d08549a req-8bd0b0ca-0e21-45ec-afb1-b1ad74c9781d service neutron] Transition to ACTIVE for port object 2b4390e3-5c9b-42be-b991-c8f82d2aa7af will not be triggered until provisioned by entity L2. {{(pid=94827) add_provisioning_component /opt/stack/neutron/neutron/db/provisioning_blocks.py:73}}
Oct 11 15:23:46.082949 n-d-master-1 neutron-server[94827]: DEBUG neutron_lib.callbacks.manager [req-a7b3b533-38eb-4dae-ba14-1c3e3d08549a req-8bd0b0ca-0e21-45ec-afb1-b1ad74c9781d service neutron] Notify callbacks ['neutron.plugins.ml2.plugin.SecurityGroupServerNotifierRpcMixin._notify_sg_on_port_change-535020', 'neutron.plugins.ml2.ovo_rpc._ObjectChangeHandler.handle_event-125972', 'neutron.api.rpc.agentnotifiers.dhcp_rpc_agent_api.DhcpAgentNotifyAPI._native_event_send_dhcp_notification-3643695', 'neutron.db.l3_db.L3RpcNotifierMixin._notify_gateway_port_ip_changed-8750268102678', 'neutron.db.l3_dvrscheduler_db._notify_l3_agent_port_update-8750267598861', 'neutron.db.l3_hascheduler_db._notify_l3_agent_ha_port_update-8750267598879', 'neutron.services.segments.plugin.NovaSegmentNotifier._notify_port_updated-12551424'] for port, after_update {{(pid=94827) _notify_loop /usr/local/lib/python3.8/dist-packages/neutron_lib/callbacks/manager.py:192}}
Oct 11 15:23:46.124423 n-d-master-1 neutron-server[94826]: DEBUG neutron.plugins.ml2.plugin [req-6f3bae14-30c3-4a67-92e8-6923567c2229 req-1f9cd7ec-d8bf-4c57-8794-31f6b10ac293 tempest-DeleteServersAdminTestJSON-1885598577 tempest-DeleteServersAdminTestJSON-1885598577-project] Deleting port 29a8a72e-a221-464d-bf56-d64e78f9df4c {{(pid=94826) _pre_delete_port /opt/stack/neutron/neutron/plugins/ml2/plugin.py:1932}}
Oct 11 15:23:46.124423 n-d-master-1 neutron-server[94826]: DEBUG neutron_lib.callbacks.manager [req-6f3bae14-30c3-4a67-92e8-6923567c2229 req-1f9cd7ec-d8bf-4c57-8794-31f6b10ac293 tempest-DeleteServersAdminTestJSON-1885598577 tempest-DeleteServersAdminTestJSON-1885598577-project] Notify callbacks ['neutron.db.l3_db.L3_NAT_dbonly_mixin._prevent_l3_port_delete_callback-8750268064166'] for port, before_delete {{(pid=94826) _notify_loop /usr/local/lib/python3.8/dist-packages/neutron_lib/callbacks/manager.py:192}}
Oct 11 15:23:46.129378 n-d-master-1 neutron-server[94826]: INFO neutron.wsgi [req-d481f00b-54d0-45cf-8f9d-ec38b0658c1f req-cc0c1a6f-3635-40bf-827c-77da527cd941 service neutron] 10.222.0.36 "GET /v2.0/networks/d9ea9c1b-fc12-4f5e-833c-13d631ad3640?fields=segments HTTP/1.1" status: 200 len: 212 time: 0.3032503
Oct 11 15:23:46.161500 n-d-master-1 neutron-server[94827]: DEBUG neutron.pecan_wsgi.hooks.policy_enforcement [req-3674eea9-61c9-4b0a-b450-cb7120013a3e req-45377748-da7d-4c4a-9a71-e66d9ed85ea4 service neutron] Attributes excluded by policy engine: ['standard_attr_id'] {{(pid=94827) _exclude_attributes_by_policy /opt/stack/neutron/neutron/pecan_wsgi/hooks/policy_enforcement.py:255}}
Oct 11 15:23:46.162987 n-d-master-1 neutron-server[94827]: INFO neutron.wsgi [req-3674eea9-61c9-4b0a-b450-cb7120013a3e req-45377748-da7d-4c4a-9a71-e66d9ed85ea4 service neutron] 10.222.0.43 "GET /v2.0/ports?device_id=80cacb7b-02b8-4af8-801a-50bccebdb9aa HTTP/1.1" status: 200 len: 1100 time: 0.1300397
Oct 11 15:23:46.163560 n-d-master-1 neutron-server[94827]: DEBUG neutron_lib.callbacks.manager [None req-46284bfa-1f73-4043-91ab-526bff2d4ba0 admin admin] Notify callbacks ['neutron.plugins.ml2.ovo_rpc._ObjectChangeHandler.handle_event-587407'] for security_group, after_delete {{(pid=94827) _notify_loop /usr/local/lib/python3.8/dist-packages/neutron_lib/callbacks/manager.py:192}}
Oct 11 15:23:46.166396 n-d-master-1 neutron-server[94827]: DEBUG neutron_lib.callbacks.manager [None req-46284bfa-1f73-4043-91ab-526bff2d4ba0 admin admin] Notify callbacks [] for security_group, before_response {{(pid=94827) _notify_loop /usr/local/lib/python3.8/dist-packages/neutron_lib/callbacks/manager.py:192}}
Oct 11 15:23:46.170423 n-d-master-1 neutron-server[94827]: INFO neutron.wsgi [None req-46284bfa-1f73-4043-91ab-526bff2d4ba0 admin admin] 10.222.0.31 "DELETE /v2.0/security-groups/e3cacf74-05c9-4da3-858a-fd9b34785b3d HTTP/1.1" status: 204 len: 168 time: 0.5537786
Oct 11 15:23:46.177237 n-d-master-1 neutron-server[94827]: DEBUG neutron.api.rpc.handlers.resources_rpc [None req-8bd0b0ca-0e21-45ec-afb1-b1ad74c9781d service neutron] Pushing event updated for resources: {'Port': ['ID=2b4390e3-5c9b-42be-b991-c8f82d2aa7af,revision_number=2']} {{(pid=94827) push /opt/stack/neutron/neutron/api/rpc/handlers/resources_rpc.py:237}}
Oct 11 15:23:46.179027 n-d-master-1 neutron-server[94826]: DEBUG neutron.wsgi [-] (94826) accepted ('10.222.0.31', 57986) {{(pid=94826) server /usr/local/lib/python3.8/dist-packages/eventlet/wsgi.py:982}}
Oct 11 15:23:46.196005 n-d-master-1 neutron-server[94827]: DEBUG neutron.api.rpc.handlers.resources_rpc [None req-46284bfa-1f73-4043-91ab-526bff2d4ba0 admin admin] Pushing event deleted for resources: {'SecurityGroup': ['ID=e3cacf74-05c9-4da3-858a-fd9b34785b3d,revision_number=None']} {{(pid=94827) push /opt/stack/neutron/neutron/api/rpc/handlers/resources_rpc.py:237}}
Oct 11 15:23:46.293134 n-d-master-1 neutron-server[94827]: INFO neutron.wsgi [req-3674eea9-61c9-4b0a-b450-cb7120013a3e req-35e862f2-94d6-4047-a483-a91715090563 service neutron] 10.222.0.43 "GET /v2.0/security-groups?id=ce12ce3c-5073-4b74-b54f-c513809124b4&fields=id&fields=name HTTP/1.1" status: 200 len: 286 time: 0.1226258
Oct 11 15:23:46.340966 n-d-master-1 neutron-server[94826]: DEBUG neutron.plugins.ml2.db [req-6f3bae14-30c3-4a67-92e8-6923567c2229 req-1f9cd7ec-d8bf-4c57-8794-31f6b10ac293 tempest-DeleteServersAdminTestJSON-1885598577 tempest-DeleteServersAdminTestJSON-1885598577-project] For port 29a8a72e-a221-464d-bf56-d64e78f9df4c, host n-h2-master-1, got binding levels [PortBindingLevel(driver='hyperv',host='n-h2-master-1',level=0,port_id=29a8a72e-a221-464d-bf56-d64e78f9df4c,segment=NetworkSegment(4ed26953-931a-430d-8231-71ab1b72bac9),segment_id=4ed26953-931a-430d-8231-71ab1b72bac9)] {{(pid=94826) get_binding_level_objs /opt/stack/neutron/neutron/plugins/ml2/db.py:74}}
Oct 11 15:23:46.341397 n-d-master-1 neutron-server[94826]: DEBUG neutron_lib.callbacks.manager [req-6f3bae14-30c3-4a67-92e8-6923567c2229 req-1f9cd7ec-d8bf-4c57-8794-31f6b10ac293 tempest-DeleteServersAdminTestJSON-1885598577 tempest-DeleteServersAdminTestJSON-1885598577-project] Notify callbacks ['neutron.services.l3_router.l3_router_plugin.L3_NAT_dbonly_mixin._precommit_delete_port_callback-616254'] for port, precommit_delete {{(pid=94826) _notify_loop /usr/local/lib/python3.8/dist-packages/neutron_lib/callbacks/manager.py:192}}
Oct 11 15:23:46.362381 n-d-master-1 neutron-server[94826]: DEBUG neutron.plugins.ml2.plugin [req-6f3bae14-30c3-4a67-92e8-6923567c2229 req-1f9cd7ec-d8bf-4c57-8794-31f6b10ac293 tempest-DeleteServersAdminTestJSON-1885598577 tempest-DeleteServersAdminTestJSON-1885598577-project] Calling delete_port for 29a8a72e-a221-464d-bf56-d64e78f9df4c owned by compute:nova {{(pid=94826) delete_port /opt/stack/neutron/neutron/plugins/ml2/plugin.py:2010}}
Oct 11 15:23:46.410386 n-d-master-1 neutron-server[94827]: DEBUG neutron.plugins.ml2.managers [req-a7b3b533-38eb-4dae-ba14-1c3e3d08549a req-8bd0b0ca-0e21-45ec-afb1-b1ad74c9781d service neutron] Attempting to bind port 2b4390e3-5c9b-42be-b991-c8f82d2aa7af on host n-h2-master-1 for vnic_type normal with profile {{(pid=94827) bind_port /opt/stack/neutron/neutron/plugins/ml2/managers.py:790}}
Oct 11 15:23:46.410721 n-d-master-1 neutron-server[94827]: DEBUG neutron.plugins.ml2.managers [req-a7b3b533-38eb-4dae-ba14-1c3e3d08549a req-8bd0b0ca-0e21-45ec-afb1-b1ad74c9781d service neutron] Attempting to bind port 2b4390e3-5c9b-42be-b991-c8f82d2aa7af by drivers openvswitch,hyperv on host n-h2-master-1 at level 0 using segments [{'id': '4ed26953-931a-430d-8231-71ab1b72bac9', 'network_type': 'vlan', 'physical_network': 'physnet1', 'segmentation_id': 509, 'network_id': 'd9ea9c1b-fc12-4f5e-833c-13d631ad3640'}] {{(pid=94827) _bind_port_level /opt/stack/neutron/neutron/plugins/ml2/managers.py:815}}
Oct 11 15:23:46.411043 n-d-master-1 neutron-server[94827]: DEBUG neutron.plugins.ml2.drivers.mech_agent [req-a7b3b533-38eb-4dae-ba14-1c3e3d08549a req-8bd0b0ca-0e21-45ec-afb1-b1ad74c9781d service neutron] Attempting to bind port 2b4390e3-5c9b-42be-b991-c8f82d2aa7af on network d9ea9c1b-fc12-4f5e-833c-13d631ad3640 {{(pid=94827) bind_port /opt/stack/neutron/neutron/plugins/ml2/drivers/mech_agent.py:91}}
Oct 11 15:23:46.430237 n-d-master-1 neutron-server[94827]: DEBUG neutron.plugins.ml2.drivers.mech_agent [req-a7b3b533-38eb-4dae-ba14-1c3e3d08549a req-8bd0b0ca-0e21-45ec-afb1-b1ad74c9781d service neutron] Port 2b4390e3-5c9b-42be-b991-c8f82d2aa7af on network d9ea9c1b-fc12-4f5e-833c-13d631ad3640 not bound, no agent of type Open vSwitch agent registered on host n-h2-master-1 {{(pid=94827) bind_port /opt/stack/neutron/neutron/plugins/ml2/drivers/mech_agent.py:103}}
Oct 11 15:23:46.430772 n-d-master-1 neutron-server[94827]: DEBUG neutron.plugins.ml2.drivers.mech_agent [req-a7b3b533-38eb-4dae-ba14-1c3e3d08549a req-8bd0b0ca-0e21-45ec-afb1-b1ad74c9781d service neutron] Attempting to bind port 2b4390e3-5c9b-42be-b991-c8f82d2aa7af on network d9ea9c1b-fc12-4f5e-833c-13d631ad3640 {{(pid=94827) bind_port /opt/stack/neutron/neutron/plugins/ml2/drivers/mech_agent.py:91}}
Oct 11 15:23:46.457584 n-d-master-1 neutron-server[94827]: DEBUG neutron.plugins.ml2.drivers.mech_agent [req-a7b3b533-38eb-4dae-ba14-1c3e3d08549a req-8bd0b0ca-0e21-45ec-afb1-b1ad74c9781d service neutron] Checking agent: {'id': 'ceaa0a2b-016e-4b69-a604-bc747ff83b63', 'agent_type': 'HyperV agent', 'binary': 'neutron-hyperv-agent', 'topic': 'N/A', 'host': 'n-h2-master-1', 'admin_state_up': True, 'created_at': datetime.datetime(2021, 10, 11, 15, 20, 39), 'started_at': datetime.datetime(2021, 10, 11, 15, 20, 39), 'heartbeat_timestamp': datetime.datetime(2021, 10, 11, 15, 23, 39), 'description': None, 'resources_synced': None, 'availability_zone': None, 'alive': True, 'configurations': {'vswitch_mappings': {'physnet1$': 'br-data'}}, 'resource_versions': {}} {{(pid=94827) bind_port /opt/stack/neutron/neutron/plugins/ml2/drivers/mech_agent.py:110}}
Oct 11 15:23:46.458179 n-d-master-1 neutron-server[94827]: DEBUG neutron.plugins.ml2.drivers.mech_agent [req-a7b3b533-38eb-4dae-ba14-1c3e3d08549a req-8bd0b0ca-0e21-45ec-afb1-b1ad74c9781d service neutron] Checking segment: {'id': '4ed26953-931a-430d-8231-71ab1b72bac9', 'network_type': 'vlan', 'physical_network': 'physnet1', 'segmentation_id': 509, 'network_id': 'd9ea9c1b-fc12-4f5e-833c-13d631ad3640'} for mappings: {'physnet1$': 'br-data'} with network types: ['local', 'flat', 'vlan'] {{(pid=94827) check_segment_for_agent /opt/stack/neutron/neutron/plugins/ml2/drivers/mech_agent.py:358}}
Oct 11 15:23:46.458713 n-d-master-1 neutron-server[94827]: DEBUG neutron.plugins.ml2.drivers.mech_agent [req-a7b3b533-38eb-4dae-ba14-1c3e3d08549a req-8bd0b0ca-0e21-45ec-afb1-b1ad74c9781d service neutron] Bound using segment: {'id': '4ed26953-931a-430d-8231-71ab1b72bac9', 'network_type': 'vlan', 'physical_network': 'physnet1', 'segmentation_id': 509, 'network_id': 'd9ea9c1b-fc12-4f5e-833c-13d631ad3640'} {{(pid=94827) bind_port /opt/stack/neutron/neutron/plugins/ml2/drivers/mech_agent.py:120}}
Oct 11 15:23:46.459573 n-d-master-1 neutron-server[94827]: DEBUG neutron.plugins.ml2.managers [req-a7b3b533-38eb-4dae-ba14-1c3e3d08549a req-8bd0b0ca-0e21-45ec-afb1-b1ad74c9781d service neutron] Bound port: 2b4390e3-5c9b-42be-b991-c8f82d2aa7af, host: n-h2-master-1, vif_type: hyperv, vif_details: {"connectivity": "legacy", "port_filter": false}, binding_levels: [{'bound_driver': 'hyperv', 'bound_segment': {'id': '4ed26953-931a-430d-8231-71ab1b72bac9', 'network_type': 'vlan', 'physical_network': 'physnet1', 'segmentation_id': 509, 'network_id': 'd9ea9c1b-fc12-4f5e-833c-13d631ad3640'}}] {{(pid=94827) _bind_port_level /opt/stack/neutron/neutron/plugins/ml2/managers.py:928}}
Oct 11 15:23:46.460079 n-d-master-1 neutron-server[94827]: DEBUG neutron_lib.callbacks.manager [req-a7b3b533-38eb-4dae-ba14-1c3e3d08549a req-8bd0b0ca-0e21-45ec-afb1-b1ad74c9781d service neutron] Notify callbacks ['neutron.plugins.ml2.plugin.SecurityGroupDbMixin._ensure_default_security_group_handler-538390'] for port, before_update {{(pid=94827) _notify_loop /usr/local/lib/python3.8/dist-packages/neutron_lib/callbacks/manager.py:192}}
Oct 11 15:23:46.473240 n-d-master-1 neutron-server[94826]: INFO neutron.wsgi [req-d481f00b-54d0-45cf-8f9d-ec38b0658c1f req-1ea14a19-a191-4d16-95c4-18e5b21267a0 service neutron] 10.222.0.36 "GET /v2.0/networks/d9ea9c1b-fc12-4f5e-833c-13d631ad3640?fields=provider%3Aphysical_network&fields=provider%3Anetwork_type HTTP/1.1" status: 200 len: 281 time: 0.3332896
Oct 11 15:23:46.486698 n-d-master-1 neutron-server[94827]: DEBUG neutron.pecan_wsgi.hooks.policy_enforcement [req-e419abe2-d7ad-4c46-9eb2-9301fbda1b41 req-bc49fd3d-7e17-441f-a1e4-7b25347f19ed tempest-DeleteServersAdminTestJSON-1885598577 tempest-DeleteServersAdminTestJSON-1885598577-project] Attributes excluded by policy engine: ['standard_attr_id', 'binding:profile', 'binding:host_id', 'binding:vif_type', 'binding:vif_details'] {{(pid=94827) _exclude_attributes_by_policy /opt/stack/neutron/neutron/pecan_wsgi/hooks/policy_enforcement.py:255}}
Oct 11 15:23:46.494284 n-d-master-1 neutron-server[94827]: INFO neutron.wsgi [req-e419abe2-d7ad-4c46-9eb2-9301fbda1b41 req-bc49fd3d-7e17-441f-a1e4-7b25347f19ed tempest-DeleteServersAdminTestJSON-1885598577 tempest-DeleteServersAdminTestJSON-1885598577-project] 10.222.0.31 "GET /v2.0/ports?device_id=33f8ee63-1fc9-47ec-a2a1-25e782cb9a8f HTTP/1.1" status: 200 len: 949 time: 0.1423607
Oct 11 15:23:46.549474 n-d-master-1 neutron-server[94829]: DEBUG neutron.db.agents_db [None req-1bbd5386-783f-4fd3-8827-6a32e7ce8ce2 None None] Agent healthcheck: found 7 active agents {{(pid=94829) agent_health_check /opt/stack/neutron/neutron/db/agents_db.py:317}}
Oct 11 15:23:46.551837 n-d-master-1 neutron-server[94827]: DEBUG neutron.pecan_wsgi.hooks.policy_enforcement [req-d29ada27-9902-49f2-bd4b-49000ad3802c req-ca273145-ea89-4c9f-ba30-3f0d422f6786 tempest-ListImageFiltersTestJSON-797393462 tempest-ListImageFiltersTestJSON-797393462-project] Attributes excluded by policy engine: ['standard_attr_id', 'binding:profile', 'binding:host_id', 'binding:vif_type', 'binding:vif_details'] {{(pid=94827) _exclude_attributes_by_policy /opt/stack/neutron/neutron/pecan_wsgi/hooks/policy_enforcement.py:255}}
Oct 11 15:23:46.558995 n-d-master-1 neutron-server[94827]: INFO neutron.wsgi [req-d29ada27-9902-49f2-bd4b-49000ad3802c req-ca273145-ea89-4c9f-ba30-3f0d422f6786 tempest-ListImageFiltersTestJSON-797393462 tempest-ListImageFiltersTestJSON-797393462-project] 10.222.0.31 "GET /v2.0/ports?device_id=8a4720ce-44d4-498d-a945-70b4289be7ce HTTP/1.1" status: 200 len: 948 time: 0.1453032
Oct 11 15:23:46.602799 n-d-master-1 neutron-server[94826]: DEBUG neutron_lib.callbacks.manager [req-6f3bae14-30c3-4a67-92e8-6923567c2229 req-1f9cd7ec-d8bf-4c57-8794-31f6b10ac293 tempest-DeleteServersAdminTestJSON-1885598577 tempest-DeleteServersAdminTestJSON-1885598577-project] Notify callbacks ['neutron.plugins.ml2.plugin.SecurityGroupServerNotifierRpcMixin._notify_sg_on_port_change-535020', 'neutron.plugins.ml2.ovo_rpc._ObjectChangeHandler.handle_event-125972', 'neutron.api.rpc.agentnotifiers.dhcp_rpc_agent_api.DhcpAgentNotifyAPI._native_event_send_dhcp_notification-3643695', 'neutron.db.l3_db.L3RpcNotifierMixin._notify_routers_callback-8750268102660', 'neutron.db.l3_dvrscheduler_db._notify_port_delete-8750267598852', 'neutron.services.segments.plugin.NovaSegmentNotifier._notify_port_created_or_deleted-8550531'] for port, after_delete {{(pid=94826) _notify_loop /usr/local/lib/python3.8/dist-packages/neutron_lib/callbacks/manager.py:192}}
Oct 11 15:23:46.611666 n-d-master-1 neutron-server[94827]: INFO neutron.wsgi [req-e419abe2-d7ad-4c46-9eb2-9301fbda1b41 req-3b6ee29a-8b6d-464a-81e3-ecebb5e60f86 tempest-DeleteServersAdminTestJSON-1885598577 tempest-DeleteServersAdminTestJSON-1885598577-project] 10.222.0.31 "GET /v2.0/security-groups?id=157be7c2-bcb7-452e-bc75-e61227b2b5c1&fields=id&fields=name HTTP/1.1" status: 200 len: 286 time: 0.1137671
Oct 11 15:23:46.616371 n-d-master-1 neutron-server[94828]: DEBUG neutron.plugins.ml2.db [None req-b8a65093-3b26-47af-a1fe-6e89ffe77cb4 None None] get_ports_and_sgs() called for port_ids ['29a8a72e-a221-464d-bf56-d64e78f9df4c'] {{(pid=94828) get_ports_and_sgs /opt/stack/neutron/neutron/plugins/ml2/db.py:156}}
Oct 11 15:23:46.650444 n-d-master-1 neutron-server[94826]: DEBUG neutron.api.rpc.handlers.resources_rpc [None req-1f9cd7ec-d8bf-4c57-8794-31f6b10ac293 tempest-DeleteServersAdminTestJSON-1885598577 tempest-DeleteServersAdminTestJSON-1885598577-project] Pushing event deleted for resources: {'Port': ['ID=29a8a72e-a221-464d-bf56-d64e78f9df4c,revision_number=None']} {{(pid=94826) push /opt/stack/neutron/neutron/api/rpc/handlers/resources_rpc.py:237}}
Oct 11 15:23:46.673824 n-d-master-1 neutron-server[94827]: INFO neutron.wsgi [req-d29ada27-9902-49f2-bd4b-49000ad3802c req-10e0b9e8-24b8-428a-b4aa-d0e82b421ba7 tempest-ListImageFiltersTestJSON-797393462 tempest-ListImageFiltersTestJSON-797393462-project] 10.222.0.31 "GET /v2.0/security-groups?id=147bf969-d721-4bf2-9023-594ea1460e25&fields=id&fields=name HTTP/1.1" status: 200 len: 286 time: 0.1086006
Oct 11 15:23:46.675270 n-d-master-1 neutron-server[94827]: DEBUG neutron.plugins.ml2.db [req-a7b3b533-38eb-4dae-ba14-1c3e3d08549a req-8bd0b0ca-0e21-45ec-afb1-b1ad74c9781d service neutron] For port 2b4390e3-5c9b-42be-b991-c8f82d2aa7af, host n-h2-master-1, cleared binding levels {{(pid=94827) clear_binding_levels /opt/stack/neutron/neutron/plugins/ml2/db.py:87}}
Oct 11 15:23:46.693637 n-d-master-1 neutron-server[94827]: DEBUG neutron.plugins.ml2.db [req-a7b3b533-38eb-4dae-ba14-1c3e3d08549a req-8bd0b0ca-0e21-45ec-afb1-b1ad74c9781d service neutron] For port 2b4390e3-5c9b-42be-b991-c8f82d2aa7af, host n-h2-master-1, set binding levels [PortBindingLevel(driver='hyperv',host='n-h2-master-1',level=0,port_id=2b4390e3-5c9b-42be-b991-c8f82d2aa7af,segment=NetworkSegment(4ed26953-931a-430d-8231-71ab1b72bac9),segment_id=4ed26953-931a-430d-8231-71ab1b72bac9)] {{(pid=94827) set_binding_levels /opt/stack/neutron/neutron/plugins/ml2/db.py:59}}
Oct 11 15:23:46.696543 n-d-master-1 neutron-server[94826]: DEBUG neutron.pecan_wsgi.hooks.policy_enforcement [req-a0806dbd-397b-47ee-a645-3a8da355a385 req-58d08632-4823-4b5b-af8f-05e391090cba service neutron] Attributes excluded by policy engine: ['standard_attr_id'] {{(pid=94826) _exclude_attributes_by_policy /opt/stack/neutron/neutron/pecan_wsgi/hooks/policy_enforcement.py:255}}
Oct 11 15:23:46.698337 n-d-master-1 neutron-server[94826]: INFO neutron.wsgi [req-a0806dbd-397b-47ee-a645-3a8da355a385 req-58d08632-4823-4b5b-af8f-05e391090cba service neutron] 10.222.0.36 "GET /v2.0/ports?tenant_id=ab6391847de44b809aad3e4c748dab12&device_id=0c08fed7-d423-431d-bca0-172931717c1c HTTP/1.1" status: 200 len: 1099 time: 0.1626353
Oct 11 15:23:46.699766 n-d-master-1 neutron-server[94827]: DEBUG neutron_lib.callbacks.manager [req-a7b3b533-38eb-4dae-ba14-1c3e3d08549a req-8bd0b0ca-0e21-45ec-afb1-b1ad74c9781d service neutron] Notify callbacks ['neutron.plugins.ml2.plugin.SecurityGroupServerNotifierRpcMixin._notify_sg_on_port_change-535020', 'neutron.plugins.ml2.ovo_rpc._ObjectChangeHandler.handle_event-125972', 'neutron.api.rpc.agentnotifiers.dhcp_rpc_agent_api.DhcpAgentNotifyAPI._native_event_send_dhcp_notification-3643695', 'neutron.db.l3_db.L3RpcNotifierMixin._notify_gateway_port_ip_changed-8750268102678', 'neutron.db.l3_dvrscheduler_db._notify_l3_agent_port_update-8750267598861', 'neutron.db.l3_hascheduler_db._notify_l3_agent_ha_port_update-8750267598879', 'neutron.services.segments.plugin.NovaSegmentNotifier._notify_port_updated-12551424'] for port, after_update {{(pid=94827) _notify_loop /usr/local/lib/python3.8/dist-packages/neutron_lib/callbacks/manager.py:192}}
Oct 11 15:23:46.721762 n-d-master-1 neutron-server[94827]: DEBUG neutron.pecan_wsgi.hooks.policy_enforcement [req-a7b3b533-38eb-4dae-ba14-1c3e3d08549a req-8bd0b0ca-0e21-45ec-afb1-b1ad74c9781d service neutron] Attributes excluded by policy engine: ['standard_attr_id'] {{(pid=94827) _exclude_attributes_by_policy /opt/stack/neutron/neutron/pecan_wsgi/hooks/policy_enforcement.py:255}}
Oct 11 15:23:46.722369 n-d-master-1 neutron-server[94827]: DEBUG neutron_lib.callbacks.manager [req-a7b3b533-38eb-4dae-ba14-1c3e3d08549a req-8bd0b0ca-0e21-45ec-afb1-b1ad74c9781d service neutron] Notify callbacks ['neutron.notifiers.nova.Notifier._send_nova_notification-107905'] for port, before_response {{(pid=94827) _notify_loop /usr/local/lib/python3.8/dist-packages/neutron_lib/callbacks/manager.py:192}}
Oct 11 15:23:46.723944 n-d-master-1 neutron-server[94827]: INFO neutron.wsgi [req-a7b3b533-38eb-4dae-ba14-1c3e3d08549a req-8bd0b0ca-0e21-45ec-afb1-b1ad74c9781d service neutron] 10.222.0.36 "PUT /v2.0/ports/2b4390e3-5c9b-42be-b991-c8f82d2aa7af HTTP/1.1" status: 200 len: 1096 time: 2.1041822
Oct 11 15:23:46.725506 n-d-master-1 neutron-server[94827]: DEBUG neutron.notifiers.nova [-] Sending events: [{'name': 'network-changed', 'server_uuid': '8a4720ce-44d4-498d-a945-70b4289be7ce', 'tag': '2b4390e3-5c9b-42be-b991-c8f82d2aa7af'}] {{(pid=94827) send_events /opt/stack/neutron/neutron/notifiers/nova.py:262}}
Oct 11 15:23:46.742105 n-d-master-1 neutron-server[94827]: DEBUG novaclient.v2.client [-] REQ: curl -g -i --cacert "/opt/stack/data/ca-bundle.pem" -X POST http://10.222.0.31/compute/v2.1/os-server-external-events -H "Accept: application/json" -H "Content-Type: application/json" -H "User-Agent: python-novaclient" -H "X-Auth-Token: {SHA256}473823229d320a5649d658c1f82837c0c8fa93d7e7369d45b838e0218dc570a6" -H "X-OpenStack-Nova-API-Version: 2.1" -H "X-OpenStack-Request-ID: req-4416617d-e465-4e0f-99f5-7823c5aa2279" -d '{"events": [{"name": "network-changed", "server_uuid": "8a4720ce-44d4-498d-a945-70b4289be7ce", "tag": "2b4390e3-5c9b-42be-b991-c8f82d2aa7af"}]}' {{(pid=94827) _http_log_request /usr/local/lib/python3.8/dist-packages/keystoneauth1/session.py:519}}
Oct 11 15:23:46.823120 n-d-master-1 neutron-server[94827]: DEBUG neutron.api.rpc.handlers.resources_rpc [None req-8bd0b0ca-0e21-45ec-afb1-b1ad74c9781d service neutron] Pushing event updated for resources: {'Port': ['ID=2b4390e3-5c9b-42be-b991-c8f82d2aa7af,revision_number=3']} {{(pid=94827) push /opt/stack/neutron/neutron/api/rpc/handlers/resources_rpc.py:237}}
Oct 11 15:23:46.840697 n-d-master-1 neutron-server[94826]: DEBUG neutron.db.l3_dvrscheduler_db [req-6f3bae14-30c3-4a67-92e8-6923567c2229 req-1f9cd7ec-d8bf-4c57-8794-31f6b10ac293 tempest-DeleteServersAdminTestJSON-1885598577 tempest-DeleteServersAdminTestJSON-1885598577-project] No DVR routers for this DVR port 29a8a72e-a221-464d-bf56-d64e78f9df4c on host n-h2-master-1 {{(pid=94826) get_dvr_routers_to_remove /opt/stack/neutron/neutron/db/l3_dvrscheduler_db.py:214}}
Oct 11 15:23:46.848516 n-d-master-1 neutron-server[94827]: DEBUG novaclient.v2.client [-] RESP: [200] Connection: close Content-Length: 179 Content-Type: application/json Date: Mon, 11 Oct 2021 15:23:46 GMT OpenStack-API-Version: compute 2.1 Server: Apache/2.4.41 (Ubuntu) Vary: OpenStack-API-Version,X-OpenStack-Nova-API-Version X-OpenStack-Nova-API-Version: 2.1 x-compute-request-id: req-891e2639-02ed-4878-9915-d6d3737bc90a x-openstack-request-id: req-891e2639-02ed-4878-9915-d6d3737bc90a {{(pid=94827) _http_log_response /usr/local/lib/python3.8/dist-packages/keystoneauth1/session.py:550}}
Oct 11 15:23:46.849025 n-d-master-1 neutron-server[94827]: DEBUG novaclient.v2.client [-] RESP BODY: {"events": [{"name": "network-changed", "server_uuid": "8a4720ce-44d4-498d-a945-70b4289be7ce", "tag": "2b4390e3-5c9b-42be-b991-c8f82d2aa7af", "status": "completed", "code": 200}]} {{(pid=94827) _http_log_response /usr/local/lib/python3.8/dist-packages/keystoneauth1/session.py:582}}
Oct 11 15:23:46.849425 n-d-master-1 neutron-server[94827]: DEBUG novaclient.v2.client [-] POST call to compute for http://10.222.0.31/compute/v2.1/os-server-external-events used request id req-891e2639-02ed-4878-9915-d6d3737bc90a {{(pid=94827) request /usr/local/lib/python3.8/dist-packages/keystoneauth1/session.py:954}}
Oct 11 15:23:46.849986 n-d-master-1 neutron-server[94827]: INFO neutron.notifiers.nova [-] Nova event response: {'name': 'network-changed', 'server_uuid': '8a4720ce-44d4-498d-a945-70b4289be7ce', 'tag': '2b4390e3-5c9b-42be-b991-c8f82d2aa7af', 'status': 'completed', 'code': 200}
Oct 11 15:23:46.879211 n-d-master-1 neutron-server[94826]: DEBUG neutron_lib.callbacks.manager [req-6f3bae14-30c3-4a67-92e8-6923567c2229 req-1f9cd7ec-d8bf-4c57-8794-31f6b10ac293 tempest-DeleteServersAdminTestJSON-1885598577 tempest-DeleteServersAdminTestJSON-1885598577-project] Notify callbacks ['neutron.notifiers.nova.Notifier._send_nova_notification-107905'] for port, before_response {{(pid=94826) _notify_loop /usr/local/lib/python3.8/dist-packages/neutron_lib/callbacks/manager.py:192}}
Oct 11 15:23:46.882467 n-d-master-1 neutron-server[94826]: INFO neutron.wsgi [req-6f3bae14-30c3-4a67-92e8-6923567c2229 req-1f9cd7ec-d8bf-4c57-8794-31f6b10ac293 tempest-DeleteServersAdminTestJSON-1885598577 tempest-DeleteServersAdminTestJSON-1885598577-project] 10.222.0.36 "DELETE /v2.0/ports/29a8a72e-a221-464d-bf56-d64e78f9df4c HTTP/1.1" status: 204 len: 173 time: 1.0479209
Oct 11 15:23:46.883245 n-d-master-1 neutron-server[94826]: DEBUG neutron_lib.callbacks.manager [None req-ffedbafa-0362-4dd8-80f8-1348e6a1527f admin admin] Notify callbacks [] for security_group, before_create {{(pid=94826) _notify_loop /usr/local/lib/python3.8/dist-packages/neutron_lib/callbacks/manager.py:192}}
Oct 11 15:23:46.883378 n-d-master-1 neutron-server[94827]: DEBUG neutron.pecan_wsgi.hooks.policy_enforcement [req-a7b3b533-38eb-4dae-ba14-1c3e3d08549a req-d6f6ef1b-783f-4443-886c-2d5207c75953 service neutron] Attributes excluded by policy engine: ['standard_attr_id'] {{(pid=94827) _exclude_attributes_by_policy /opt/stack/neutron/neutron/pecan_wsgi/hooks/policy_enforcement.py:255}}
Oct 11 15:23:46.885131 n-d-master-1 neutron-server[94827]: INFO neutron.wsgi [req-a7b3b533-38eb-4dae-ba14-1c3e3d08549a req-d6f6ef1b-783f-4443-886c-2d5207c75953 service neutron] 10.222.0.36 "GET /v2.0/ports?tenant_id=ab6391847de44b809aad3e4c748dab12&device_id=8a4720ce-44d4-498d-a945-70b4289be7ce HTTP/1.1" status: 200 len: 1099 time: 0.1119959
Oct 11 15:23:46.968914 n-d-master-1 neutron-server[94827]: INFO neutron.wsgi [req-a7b3b533-38eb-4dae-ba14-1c3e3d08549a req-94fe3546-73db-4ad2-9151-9fcae84feb02 service neutron] 10.222.0.36 "GET /v2.0/floatingips?fixed_ip_address=192.168.233.102&port_id=2b4390e3-5c9b-42be-b991-c8f82d2aa7af HTTP/1.1" status: 200 len: 217 time: 0.0726032
Oct 11 15:23:46.974246 n-d-master-1 neutron-server[94826]: DEBUG neutron.pecan_wsgi.hooks.policy_enforcement [req-a0806dbd-397b-47ee-a645-3a8da355a385 req-83db5ed7-9bb2-43aa-8d38-dd6316d439a8 service neutron] Attributes excluded by policy engine: ['standard_attr_id', 'vlan_transparent'] {{(pid=94826) _exclude_attributes_by_policy /opt/stack/neutron/neutron/pecan_wsgi/hooks/policy_enforcement.py:255}}
Oct 11 15:23:46.975799 n-d-master-1 neutron-server[94826]: INFO neutron.wsgi [req-a0806dbd-397b-47ee-a645-3a8da355a385 req-83db5ed7-9bb2-43aa-8d38-dd6316d439a8 service neutron] 10.222.0.36 "GET /v2.0/networks?id=d9ea9c1b-fc12-4f5e-833c-13d631ad3640 HTTP/1.1" status: 200 len: 870 time: 0.2539475
Oct 11 15:23:47.121030 n-d-master-1 neutron-server[94826]: DEBUG neutron_lib.callbacks.manager [None req-ffedbafa-0362-4dd8-80f8-1348e6a1527f admin admin] Notify callbacks [] for security_group, precommit_create {{(pid=94826) _notify_loop /usr/local/lib/python3.8/dist-packages/neutron_lib/callbacks/manager.py:192}}
Oct 11 15:23:47.123997 n-d-master-1 neutron-server[94826]: INFO neutron.wsgi [req-a0806dbd-397b-47ee-a645-3a8da355a385 req-8ec35a25-690b-4840-af79-baa4e4b49ce1 service neutron] 10.222.0.36 "GET /v2.0/floatingips?fixed_ip_address=192.168.233.174&port_id=8c7f65f7-11f2-4ec2-8ca1-d3648e0a9ed9 HTTP/1.1" status: 200 len: 217 time: 0.1392138
Oct 11 15:23:47.125931 n-d-master-1 neutron-server[94826]: DEBUG neutron_lib.callbacks.manager [None req-ffedbafa-0362-4dd8-80f8-1348e6a1527f admin admin] Notify callbacks ['neutron.plugins.ml2.ovo_rpc._ObjectChangeHandler.handle_event-587407'] for security_group, after_create {{(pid=94826) _notify_loop /usr/local/lib/python3.8/dist-packages/neutron_lib/callbacks/manager.py:192}}
Oct 11 15:23:47.138829 n-d-master-1 neutron-server[94827]: DEBUG neutron.pecan_wsgi.hooks.policy_enforcement [req-a7b3b533-38eb-4dae-ba14-1c3e3d08549a req-4e443046-879c-49c3-8e23-8d45d6b2d657 service neutron] Attributes excluded by policy engine: ['standard_attr_id', 'shared', 'segment_id'] {{(pid=94827) _exclude_attributes_by_policy /opt/stack/neutron/neutron/pecan_wsgi/hooks/policy_enforcement.py:255}}
Oct 11 15:23:47.140857 n-d-master-1 neutron-server[94827]: INFO neutron.wsgi [req-a7b3b533-38eb-4dae-ba14-1c3e3d08549a req-4e443046-879c-49c3-8e23-8d45d6b2d657 service neutron] 10.222.0.36 "GET /v2.0/subnets?id=53423211-1505-4a22-a302-c7f50d4760a1 HTTP/1.1" status: 200 len: 843 time: 0.1577866
Oct 11 15:23:47.226061 n-d-master-1 neutron-server[94826]: INFO neutron.wsgi [None req-ffedbafa-0362-4dd8-80f8-1348e6a1527f admin admin] 10.222.0.31 "GET /v2.0/security-groups?tenant_id=42190e6347224a7db5643ff753cdc415&name=default HTTP/1.1" status: 200 len: 2979 time: 1.0372961
Oct 11 15:23:47.227514 n-d-master-1 neutron-server[94827]: DEBUG neutron.wsgi [-] (94827) accepted ('10.222.0.31', 58028) {{(pid=94827) server /usr/local/lib/python3.8/dist-packages/eventlet/wsgi.py:982}}
Oct 11 15:23:47.229167 n-d-master-1 neutron-server[94826]: DEBUG neutron.api.rpc.handlers.resources_rpc [None req-ffedbafa-0362-4dd8-80f8-1348e6a1527f admin admin] Pushing event updated for resources: {'SecurityGroup': ['ID=b8d86947-3af4-4bce-91d5-baa07e8e3651,revision_number=1']} {{(pid=94826) push /opt/stack/neutron/neutron/api/rpc/handlers/resources_rpc.py:237}}
Oct 11 15:23:47.241338 n-d-master-1 neutron-server[94827]: DEBUG neutron.pecan_wsgi.hooks.policy_enforcement [req-d70d847b-c007-403c-99b0-77037932d53d req-678590ef-043d-4fd9-a7fc-6e64219b19b5 tempest-MigrationsAdminTest-1234744830 tempest-MigrationsAdminTest-1234744830-project] Attributes excluded by policy engine: ['standard_attr_id', 'binding:profile', 'binding:host_id', 'binding:vif_type', 'binding:vif_details'] {{(pid=94827) _exclude_attributes_by_policy /opt/stack/neutron/neutron/pecan_wsgi/hooks/policy_enforcement.py:255}}
Oct 11 15:23:47.245474 n-d-master-1 neutron-server[94826]: DEBUG neutron.api.rpc.callbacks.version_manager [None req-ffedbafa-0362-4dd8-80f8-1348e6a1527f admin admin] Version for resource type AddressGroup changed None to 1.2 on consumer Open vSwitch agent@n-d-master-1 {{(pid=94826) _set_version /opt/stack/neutron/neutron/api/rpc/callbacks/version_manager.py:113}}
Oct 11 15:23:47.245968 n-d-master-1 neutron-server[94826]: DEBUG neutron.api.rpc.callbacks.version_manager [None req-ffedbafa-0362-4dd8-80f8-1348e6a1527f admin admin] Version for resource type ConntrackHelper changed None to 1.0 on consumer Open vSwitch agent@n-d-master-1 {{(pid=94826) _set_version /opt/stack/neutron/neutron/api/rpc/callbacks/version_manager.py:113}}
Oct 11 15:23:47.246593 n-d-master-1 neutron-server[94826]: DEBUG neutron.api.rpc.callbacks.version_manager [None req-ffedbafa-0362-4dd8-80f8-1348e6a1527f admin admin] Version for resource type Log changed None to 1.0 on consumer Open vSwitch agent@n-d-master-1 {{(pid=94826) _set_version /opt/stack/neutron/neutron/api/rpc/callbacks/version_manager.py:113}}
Oct 11 15:23:47.247018 n-d-master-1 neutron-server[94826]: DEBUG neutron.api.rpc.callbacks.version_manager [None req-ffedbafa-0362-4dd8-80f8-1348e6a1527f admin admin] Version for resource type Network changed None to 1.1 on consumer Open vSwitch agent@n-d-master-1 {{(pid=94826) _set_version /opt/stack/neutron/neutron/api/rpc/callbacks/version_manager.py:113}}
Oct 11 15:23:47.247487 n-d-master-1 neutron-server[94826]: DEBUG neutron.api.rpc.callbacks.version_manager [None req-ffedbafa-0362-4dd8-80f8-1348e6a1527f admin admin] Version for resource type Port changed None to 1.7 on consumer Open vSwitch agent@n-d-master-1 {{(pid=94826) _set_version /opt/stack/neutron/neutron/api/rpc/callbacks/version_manager.py:113}}
Oct 11 15:23:47.248213 n-d-master-1 neutron-server[94826]: DEBUG neutron.api.rpc.callbacks.version_manager [None req-ffedbafa-0362-4dd8-80f8-1348e6a1527f admin admin] Version for resource type PortForwarding changed None to 1.2 on consumer Open vSwitch agent@n-d-master-1 {{(pid=94826) _set_version /opt/stack/neutron/neutron/api/rpc/callbacks/version_manager.py:113}}
Oct 11 15:23:47.248972 n-d-master-1 neutron-server[94826]: DEBUG neutron.api.rpc.callbacks.version_manager [None req-ffedbafa-0362-4dd8-80f8-1348e6a1527f admin admin] Version for resource type QosPolicy changed None to 1.10 on consumer Open vSwitch agent@n-d-master-1 {{(pid=94826) _set_version /opt/stack/neutron/neutron/api/rpc/callbacks/version_manager.py:113}}
Oct 11 15:23:47.249456 n-d-master-1 neutron-server[94826]: DEBUG neutron.api.rpc.callbacks.version_manager [None req-ffedbafa-0362-4dd8-80f8-1348e6a1527f admin admin] Version for resource type SecurityGroup changed None to 1.4 on consumer Open vSwitch agent@n-d-master-1 {{(pid=94826) _set_version /opt/stack/neutron/neutron/api/rpc/callbacks/version_manager.py:113}}
Oct 11 15:23:47.250049 n-d-master-1 neutron-server[94826]: DEBUG neutron.api.rpc.callbacks.version_manager [None req-ffedbafa-0362-4dd8-80f8-1348e6a1527f admin admin] Version for resource type SecurityGroupRule changed None to 1.2 on consumer Open vSwitch agent@n-d-master-1 {{(pid=94826) _set_version /opt/stack/neutron/neutron/api/rpc/callbacks/version_manager.py:113}}
Oct 11 15:23:47.250941 n-d-master-1 neutron-server[94826]: DEBUG neutron.api.rpc.callbacks.version_manager [None req-ffedbafa-0362-4dd8-80f8-1348e6a1527f admin admin] Version for resource type SubPort changed None to 1.0 on consumer Open vSwitch agent@n-d-master-1 {{(pid=94826) _set_version /opt/stack/neutron/neutron/api/rpc/callbacks/version_manager.py:113}}
Oct 11 15:23:47.252084 n-d-master-1 neutron-server[94826]: DEBUG neutron.api.rpc.callbacks.version_manager [None req-ffedbafa-0362-4dd8-80f8-1348e6a1527f admin admin] Version for resource type Subnet changed None to 1.1 on consumer Open vSwitch agent@n-d-master-1 {{(pid=94826) _set_version /opt/stack/neutron/neutron/api/rpc/callbacks/version_manager.py:113}}
Oct 11 15:23:47.252807 n-d-master-1 neutron-server[94826]: DEBUG neutron.api.rpc.callbacks.version_manager [None req-ffedbafa-0362-4dd8-80f8-1348e6a1527f admin admin] Version for resource type Trunk changed None to 1.1 on consumer Open vSwitch agent@n-d-master-1 {{(pid=94826) _set_version /opt/stack/neutron/neutron/api/rpc/callbacks/version_manager.py:113}}
Oct 11 15:23:47.253244 n-d-master-1 neutron-server[94827]: INFO neutron.wsgi [req-d70d847b-c007-403c-99b0-77037932d53d req-678590ef-043d-4fd9-a7fc-6e64219b19b5 tempest-MigrationsAdminTest-1234744830 tempest-MigrationsAdminTest-1234744830-project] 10.222.0.31 "GET /v2.0/ports?device_id=80cacb7b-02b8-4af8-801a-50bccebdb9aa HTTP/1.1" status: 200 len: 949 time: 0.2565103
Oct 11 15:23:47.262705 n-d-master-1 neutron-server[94826]: DEBUG neutron.pecan_wsgi.hooks.policy_enforcement [req-a0806dbd-397b-47ee-a645-3a8da355a385 req-84c2f315-b456-4b6d-a6be-0c04d4764ec3 service neutron] Attributes excluded by policy engine: ['standard_attr_id', 'shared', 'segment_id'] {{(pid=94826) _exclude_attributes_by_policy /opt/stack/neutron/neutron/pecan_wsgi/hooks/policy_enforcement.py:255}}
Oct 11 15:23:47.264653 n-d-master-1 neutron-server[94826]: INFO neutron.wsgi [req-a0806dbd-397b-47ee-a645-3a8da355a385 req-84c2f315-b456-4b6d-a6be-0c04d4764ec3 service neutron] 10.222.0.36 "GET /v2.0/subnets?id=53423211-1505-4a22-a302-c7f50d4760a1 HTTP/1.1" status: 200 len: 843 time: 0.1217198
Oct 11 15:23:47.339326 n-d-master-1 neutron-server[94826]: DEBUG neutron.pecan_wsgi.hooks.policy_enforcement [req-a0806dbd-397b-47ee-a645-3a8da355a385 req-3da4df58-0f5e-463a-8af1-648540763a93 service neutron] Attributes excluded by policy engine: ['standard_attr_id'] {{(pid=94826) _exclude_attributes_by_policy /opt/stack/neutron/neutron/pecan_wsgi/hooks/policy_enforcement.py:255}}
Oct 11 15:23:47.341338 n-d-master-1 neutron-server[94826]: INFO neutron.wsgi [req-a0806dbd-397b-47ee-a645-3a8da355a385 req-3da4df58-0f5e-463a-8af1-648540763a93 service neutron] 10.222.0.36 "GET /v2.0/ports?network_id=d9ea9c1b-fc12-4f5e-833c-13d631ad3640&device_owner=network%3Adhcp HTTP/1.1" status: 200 len: 1166 time: 0.0641296
Oct 11 15:23:47.399346 n-d-master-1 neutron-server[94827]: DEBUG neutron.pecan_wsgi.hooks.policy_enforcement [req-6ae660f1-4dc6-4b74-b7db-c1070afa70e7 req-7703616d-af99-46b5-ad25-d8b8d95c4f5e tempest-ServersWithSpecificFlavorTestJSON-87454213 tempest-ServersWithSpecificFlavorTestJSON-87454213-project] Attributes excluded by policy engine: ['standard_attr_id', 'binding:profile', 'binding:host_id', 'binding:vif_type', 'binding:vif_details'] {{(pid=94827) _exclude_attributes_by_policy /opt/stack/neutron/neutron/pecan_wsgi/hooks/policy_enforcement.py:255}}
Oct 11 15:23:47.401283 n-d-master-1 neutron-server[94827]: INFO neutron.wsgi [req-6ae660f1-4dc6-4b74-b7db-c1070afa70e7 req-7703616d-af99-46b5-ad25-d8b8d95c4f5e tempest-ServersWithSpecificFlavorTestJSON-87454213 tempest-ServersWithSpecificFlavorTestJSON-87454213-project] 10.222.0.31 "GET /v2.0/ports?device_id=f3b812e2-dc4a-49bb-8cd1-f87f0309e91f HTTP/1.1" status: 200 len: 945 time: 0.2654362
Oct 11 15:23:47.407415 n-d-master-1 neutron-server[94827]: DEBUG neutron.wsgi [-] (94827) accepted ('10.222.0.31', 58034) {{(pid=94827) server /usr/local/lib/python3.8/dist-packages/eventlet/wsgi.py:982}}
Oct 11 15:23:47.430362 n-d-master-1 neutron-server[94827]: DEBUG neutron.pecan_wsgi.hooks.policy_enforcement [req-a7b3b533-38eb-4dae-ba14-1c3e3d08549a req-cb62f20e-56f6-424d-b1b3-c64de37f2d50 service neutron] Attributes excluded by policy engine: ['standard_attr_id'] {{(pid=94827) _exclude_attributes_by_policy /opt/stack/neutron/neutron/pecan_wsgi/hooks/policy_enforcement.py:255}}
Oct 11 15:23:47.433204 n-d-master-1 neutron-server[94827]: INFO neutron.wsgi [req-a7b3b533-38eb-4dae-ba14-1c3e3d08549a req-cb62f20e-56f6-424d-b1b3-c64de37f2d50 service neutron] 10.222.0.36 "GET /v2.0/ports?network_id=d9ea9c1b-fc12-4f5e-833c-13d631ad3640&device_owner=network%3Adhcp HTTP/1.1" status: 200 len: 1166 time: 0.2793102
Oct 11 15:23:47.447267 n-d-master-1 neutron-server[94826]: DEBUG neutron.notifiers.nova [-] Sending events: [{'server_uuid': '33f8ee63-1fc9-47ec-a2a1-25e782cb9a8f', 'name': 'network-vif-deleted', 'tag': '29a8a72e-a221-464d-bf56-d64e78f9df4c'}] {{(pid=94826) send_events /opt/stack/neutron/neutron/notifiers/nova.py:262}}
Oct 11 15:23:47.451628 n-d-master-1 neutron-server[94826]: DEBUG novaclient.v2.client [-] REQ: curl -g -i --cacert "/opt/stack/data/ca-bundle.pem" -X POST http://10.222.0.31/compute/v2.1/os-server-external-events -H "Accept: application/json" -H "Content-Type: application/json" -H "User-Agent: python-novaclient" -H "X-Auth-Token: {SHA256}ca56a228de41f2bdc4a80fbb2315d65513421f025ad8c2b7ac130ab33a9c39f3" -H "X-OpenStack-Nova-API-Version: 2.1" -H "X-OpenStack-Request-ID: req-5ba7d8fe-8dbc-4f19-a3e8-a148b58db77f" -d '{"events": [{"server_uuid": "33f8ee63-1fc9-47ec-a2a1-25e782cb9a8f", "name": "network-vif-deleted", "tag": "29a8a72e-a221-464d-bf56-d64e78f9df4c"}]}' {{(pid=94826) _http_log_request /usr/local/lib/python3.8/dist-packages/keystoneauth1/session.py:519}}
Oct 11 15:23:47.477250 n-d-master-1 neutron-server[94826]: INFO neutron.wsgi [req-a0806dbd-397b-47ee-a645-3a8da355a385 req-7ba7f654-dbe7-4feb-8b5e-67fc3e9799e7 service neutron] 10.222.0.36 "GET /v2.0/networks/d9ea9c1b-fc12-4f5e-833c-13d631ad3640?fields=segments HTTP/1.1" status: 200 len: 212 time: 0.1252835
Oct 11 15:23:47.500288 n-d-master-1 neutron-server[94827]: DEBUG neutron_lib.callbacks.manager [None req-3b31d0e7-b4a0-4c20-a8b1-d4acb519d30c admin admin] Notify callbacks [] for security_group, before_delete {{(pid=94827) _notify_loop /usr/local/lib/python3.8/dist-packages/neutron_lib/callbacks/manager.py:192}}
Oct 11 15:23:47.512592 n-d-master-1 neutron-server[94827]: INFO neutron.wsgi [req-d70d847b-c007-403c-99b0-77037932d53d req-05f13c7c-d45b-4e97-a96f-e1d6eb69c215 tempest-MigrationsAdminTest-1234744830 tempest-MigrationsAdminTest-1234744830-project] 10.222.0.31 "GET /v2.0/security-groups?id=ce12ce3c-5073-4b74-b54f-c513809124b4&fields=id&fields=name HTTP/1.1" status: 200 len: 286 time: 0.2582088
Oct 11 15:23:47.601416 n-d-master-1 neutron-server[94826]: DEBUG novaclient.v2.client [-] RESP: [200] Connection: close Content-Length: 183 Content-Type: application/json Date: Mon, 11 Oct 2021 15:23:47 GMT OpenStack-API-Version: compute 2.1 Server: Apache/2.4.41 (Ubuntu) Vary: OpenStack-API-Version,X-OpenStack-Nova-API-Version X-OpenStack-Nova-API-Version: 2.1 x-compute-request-id: req-5e4cf726-bf8d-4994-a8bf-f78742880619 x-openstack-request-id: req-5e4cf726-bf8d-4994-a8bf-f78742880619 {{(pid=94826) _http_log_response /usr/local/lib/python3.8/dist-packages/keystoneauth1/session.py:550}}
Oct 11 15:23:47.601725 n-d-master-1 neutron-server[94826]: DEBUG novaclient.v2.client [-] RESP BODY: {"events": [{"server_uuid": "33f8ee63-1fc9-47ec-a2a1-25e782cb9a8f", "name": "network-vif-deleted", "tag": "29a8a72e-a221-464d-bf56-d64e78f9df4c", "status": "completed", "code": 200}]} {{(pid=94826) _http_log_response /usr/local/lib/python3.8/dist-packages/keystoneauth1/session.py:582}}
Oct 11 15:23:47.603673 n-d-master-1 neutron-server[94826]: DEBUG novaclient.v2.client [-] POST call to compute for http://10.222.0.31/compute/v2.1/os-server-external-events used request id req-5e4cf726-bf8d-4994-a8bf-f78742880619 {{(pid=94826) request /usr/local/lib/python3.8/dist-packages/keystoneauth1/session.py:954}}
Oct 11 15:23:47.604029 n-d-master-1 neutron-server[94826]: INFO neutron.notifiers.nova [-] Nova event response: {'server_uuid': '33f8ee63-1fc9-47ec-a2a1-25e782cb9a8f', 'name': 'network-vif-deleted', 'tag': '29a8a72e-a221-464d-bf56-d64e78f9df4c', 'status': 'completed', 'code': 200}
Oct 11 15:23:47.611239 n-d-master-1 neutron-server[94827]: INFO neutron.wsgi [req-6ae660f1-4dc6-4b74-b7db-c1070afa70e7 req-6a68db91-0010-47fb-baad-fd878f243cd0 tempest-ServersWithSpecificFlavorTestJSON-87454213 tempest-ServersWithSpecificFlavorTestJSON-87454213-project] 10.222.0.31 "GET /v2.0/security-groups?id=a3691111-a12c-4cc4-969a-61b167f099aa&fields=id&fields=name HTTP/1.1" status: 200 len: 312 time: 0.1692860
Oct 11 15:23:47.625734 n-d-master-1 neutron-server[94827]: DEBUG neutron_lib.callbacks.manager [None req-3b31d0e7-b4a0-4c20-a8b1-d4acb519d30c admin admin] Notify callbacks [] for security_group, precommit_delete {{(pid=94827) _notify_loop /usr/local/lib/python3.8/dist-packages/neutron_lib/callbacks/manager.py:192}}
Oct 11 15:23:47.628141 n-d-master-1 neutron-server[94826]: INFO neutron.wsgi [req-a0806dbd-397b-47ee-a645-3a8da355a385 req-5d9c02d4-c2e8-4ab4-b661-a9c4039dc2f4 service neutron] 10.222.0.36 "GET /v2.0/networks/d9ea9c1b-fc12-4f5e-833c-13d631ad3640?fields=provider%3Aphysical_network&fields=provider%3Anetwork_type HTTP/1.1" status: 200 len: 281 time: 0.1428809
Oct 11 15:23:47.683088 n-d-master-1 neutron-server[94827]: INFO neutron.wsgi [req-a7b3b533-38eb-4dae-ba14-1c3e3d08549a req-89741fb3-b1ac-4fca-90ad-106508f9f18d service neutron] 10.222.0.36 "GET /v2.0/networks/d9ea9c1b-fc12-4f5e-833c-13d631ad3640?fields=segments HTTP/1.1" status: 200 len: 212 time: 0.2221010
