Oct 29 20:46:44.125675 ncdv-master-1 devstack@placement-api.service[123768]: [pid: 123768|app: 0|req: 13/27] 10.222.0.16 () {58 vars in 1390 bytes} [Sat Oct 29 20:46:44 2022] GET /placement/resource_providers/43153bc9-9d96-4773-a55a-051f37212523/allocations => generated 54 bytes in 31 msecs (HTTP/1.1 200) 6 headers in 223 bytes (1 switches on core 0)
Oct 29 20:46:44.191037 ncdv-master-1 devstack@placement-api.service[123767]: DEBUG placement.requestlog [req-0db01533-b2aa-4ffe-bf71-58e9126315b9 req-6ffe2708-76be-4207-8b5d-5d2923102ce5 None None] Starting request: 10.222.0.16 "GET /placement/resource_providers/43153bc9-9d96-4773-a55a-051f37212523/allocations" {{(pid=123767) __call__ /opt/stack/placement/placement/requestlog.py:55}}
Oct 29 20:46:44.224975 ncdv-master-1 devstack@placement-api.service[123767]: INFO placement.requestlog [req-0db01533-b2aa-4ffe-bf71-58e9126315b9 req-6ffe2708-76be-4207-8b5d-5d2923102ce5 service placement] 10.222.0.16 "GET /placement/resource_providers/43153bc9-9d96-4773-a55a-051f37212523/allocations" status: 200 len: 54 microversion: 1.0
Oct 29 20:46:44.225815 ncdv-master-1 devstack@placement-api.service[123767]: [pid: 123767|app: 0|req: 15/28] 10.222.0.16 () {58 vars in 1390 bytes} [Sat Oct 29 20:46:44 2022] GET /placement/resource_providers/43153bc9-9d96-4773-a55a-051f37212523/allocations => generated 54 bytes in 35 msecs (HTTP/1.1 200) 6 headers in 223 bytes (1 switches on core 0)
Oct 29 20:46:49.574798 ncdv-master-1 devstack@placement-api.service[123768]: DEBUG placement.requestlog [None req-a6d43c9a-74ae-4dfd-bbfb-c618a3a0a02c None None] Starting request: 10.222.0.36 "GET /placement/" {{(pid=123768) __call__ /opt/stack/placement/placement/requestlog.py:55}}
Oct 29 20:46:49.576852 ncdv-master-1 devstack@placement-api.service[123768]: INFO placement.requestlog [None req-a6d43c9a-74ae-4dfd-bbfb-c618a3a0a02c None None] 10.222.0.36 "GET /placement/" status: 200 len: 136 microversion: 1.0
Oct 29 20:46:49.577349 ncdv-master-1 devstack@placement-api.service[123768]: [pid: 123768|app: 0|req: 14/29] 10.222.0.36 () {54 vars in 907 bytes} [Sat Oct 29 20:46:49 2022] GET /placement => generated 136 bytes in 3 msecs (HTTP/1.1 200) 6 headers in 224 bytes (1 switches on core 0)
Oct 29 20:46:49.596092 ncdv-master-1 devstack@placement-api.service[123767]: DEBUG placement.requestlog [req-08b2b161-7ae1-4bce-b8a5-dca5b10e3682 req-c1b29c0f-6353-42a4-8873-0958c4b64a0a None None] Starting request: 10.222.0.36 "GET /placement/resource_providers?name=nch2-master-1" {{(pid=123767) __call__ /opt/stack/placement/placement/requestlog.py:55}}
Oct 29 20:46:50.297679 ncdv-master-1 devstack@placement-api.service[123767]: INFO placement.requestlog [req-08b2b161-7ae1-4bce-b8a5-dca5b10e3682 req-c1b29c0f-6353-42a4-8873-0958c4b64a0a service placement] 10.222.0.36 "GET /placement/resource_providers?name=nch2-master-1" status: 200 len: 440 microversion: 1.0
Oct 29 20:46:50.308482 ncdv-master-1 devstack@placement-api.service[123767]: [pid: 123767|app: 0|req: 16/30] 10.222.0.36 () {58 vars in 1274 bytes} [Sat Oct 29 20:46:49 2022] GET /placement/resource_providers?name=nch2-master-1 => generated 440 bytes in 712 msecs (HTTP/1.1 200) 6 headers in 224 bytes (1 switches on core 0)
Oct 29 20:46:50.321213 ncdv-master-1 devstack@placement-api.service[123768]: DEBUG placement.requestlog [req-08b2b161-7ae1-4bce-b8a5-dca5b10e3682 req-d0e541fb-e34f-496c-b660-7ee5916e91bf None None] Starting request: 10.222.0.36 "GET /placement/resource_providers/57908c28-b329-4567-b95d-a8109fcbe171/aggregates" {{(pid=123768) __call__ /opt/stack/placement/placement/requestlog.py:55}}
Oct 29 20:46:50.340004 ncdv-master-1 devstack@placement-api.service[123768]: INFO placement.requestlog [req-08b2b161-7ae1-4bce-b8a5-dca5b10e3682 req-d0e541fb-e34f-496c-b660-7ee5916e91bf service placement] 10.222.0.36 "GET /placement/resource_providers/57908c28-b329-4567-b95d-a8109fcbe171/aggregates" status: 200 len: 53 microversion: 1.19
Oct 29 20:46:50.340908 ncdv-master-1 devstack@placement-api.service[123768]: [pid: 123768|app: 0|req: 15/31] 10.222.0.36 () {60 vars in 1425 bytes} [Sat Oct 29 20:46:50 2022] GET /placement/resource_providers/57908c28-b329-4567-b95d-a8109fcbe171/aggregates => generated 53 bytes in 20 msecs (HTTP/1.1 200) 8 headers in 295 bytes (1 switches on core 0)
Oct 29 20:46:50.348213 ncdv-master-1 devstack@placement-api.service[123767]: DEBUG placement.requestlog [req-08b2b161-7ae1-4bce-b8a5-dca5b10e3682 req-fc287e79-45e8-417e-a16e-706a5277f521 None None] Starting request: 10.222.0.36 "PUT /placement/resource_providers/57908c28-b329-4567-b95d-a8109fcbe171/aggregates" {{(pid=123767) __call__ /opt/stack/placement/placement/requestlog.py:55}}
Oct 29 20:46:50.375718 ncdv-master-1 devstack@placement-api.service[123767]: DEBUG placement.objects.resource_provider [req-08b2b161-7ae1-4bce-b8a5-dca5b10e3682 req-fc287e79-45e8-417e-a16e-706a5277f521 service placement] _ensure_aggregate() did not find aggregate 50321ae0-2b5b-49a5-8289-3a59cc534c74. Attempting to create it. {{(pid=123767) _ensure_aggregate /opt/stack/placement/placement/objects/resource_provider.py:321}}
Oct 29 20:46:50.377758 ncdv-master-1 devstack@placement-api.service[123767]: DEBUG placement.objects.resource_provider [req-08b2b161-7ae1-4bce-b8a5-dca5b10e3682 req-fc287e79-45e8-417e-a16e-706a5277f521 service placement] _ensure_aggregate() created new aggregate 50321ae0-2b5b-49a5-8289-3a59cc534c74 (id=1). {{(pid=123767) _ensure_aggregate /opt/stack/placement/placement/objects/resource_provider.py:327}}
Oct 29 20:46:50.380096 ncdv-master-1 devstack@placement-api.service[123767]: DEBUG placement.objects.resource_provider [req-08b2b161-7ae1-4bce-b8a5-dca5b10e3682 req-fc287e79-45e8-417e-a16e-706a5277f521 service placement] Setting aggregates for provider 57908c28-b329-4567-b95d-a8109fcbe171. Successfully associated aggregate 50321ae0-2b5b-49a5-8289-3a59cc534c74. {{(pid=123767) _set_aggregates /opt/stack/placement/placement/objects/resource_provider.py:389}}
Oct 29 20:46:50.387476 ncdv-master-1 devstack@placement-api.service[123767]: INFO placement.requestlog [req-08b2b161-7ae1-4bce-b8a5-dca5b10e3682 req-fc287e79-45e8-417e-a16e-706a5277f521 service placement] 10.222.0.36 "PUT /placement/resource_providers/57908c28-b329-4567-b95d-a8109fcbe171/aggregates" status: 200 len: 91 microversion: 1.19
Oct 29 20:46:50.395660 ncdv-master-1 devstack@placement-api.service[123767]: [pid: 123767|app: 0|req: 17/32] 10.222.0.36 () {64 vars in 1477 bytes} [Sat Oct 29 20:46:50 2022] PUT /placement/resource_providers/57908c28-b329-4567-b95d-a8109fcbe171/aggregates => generated 91 bytes in 48 msecs (HTTP/1.1 200) 8 headers in 295 bytes (2 switches on core 0)
Oct 29 20:46:50.462264 ncdv-master-1 devstack@placement-api.service[123768]: DEBUG placement.requestlog [req-7f4d27fa-9eff-4bdd-b64b-c6fd2a0b9448 req-b707f76f-0ff4-4993-a6ec-01dd8b2843ae None None] Starting request: 10.222.0.36 "GET /placement/resource_providers?name=nch2-master-1" {{(pid=123768) __call__ /opt/stack/placement/placement/requestlog.py:55}}
Oct 29 20:46:50.489793 ncdv-master-1 devstack@placement-api.service[123768]: INFO placement.requestlog [req-7f4d27fa-9eff-4bdd-b64b-c6fd2a0b9448 req-b707f76f-0ff4-4993-a6ec-01dd8b2843ae service placement] 10.222.0.36 "GET /placement/resource_providers?name=nch2-master-1" status: 200 len: 440 microversion: 1.0
Oct 29 20:46:50.498207 ncdv-master-1 devstack@placement-api.service[123767]: DEBUG placement.requestlog [req-7f4d27fa-9eff-4bdd-b64b-c6fd2a0b9448 req-1e501916-97ca-42de-822f-2192612ebba4 None None] Starting request: 10.222.0.36 "GET /placement/resource_providers/57908c28-b329-4567-b95d-a8109fcbe171/aggregates" {{(pid=123767) __call__ /opt/stack/placement/placement/requestlog.py:55}}
Oct 29 20:46:50.509274 ncdv-master-1 devstack@placement-api.service[123768]: [pid: 123768|app: 0|req: 16/33] 10.222.0.36 () {58 vars in 1274 bytes} [Sat Oct 29 20:46:50 2022] GET /placement/resource_providers?name=nch2-master-1 => generated 440 bytes in 46 msecs (HTTP/1.1 200) 6 headers in 224 bytes (1 switches on core 0)
Oct 29 20:46:50.523436 ncdv-master-1 devstack@placement-api.service[123767]: INFO placement.requestlog [req-7f4d27fa-9eff-4bdd-b64b-c6fd2a0b9448 req-1e501916-97ca-42de-822f-2192612ebba4 service placement] 10.222.0.36 "GET /placement/resource_providers/57908c28-b329-4567-b95d-a8109fcbe171/aggregates" status: 200 len: 91 microversion: 1.19
Oct 29 20:46:50.530125 ncdv-master-1 devstack@placement-api.service[123767]: [pid: 123767|app: 0|req: 18/34] 10.222.0.36 () {60 vars in 1425 bytes} [Sat Oct 29 20:46:50 2022] GET /placement/resource_providers/57908c28-b329-4567-b95d-a8109fcbe171/aggregates => generated 91 bytes in 33 msecs (HTTP/1.1 200) 8 headers in 295 bytes (1 switches on core 0)
Oct 29 20:46:50.531868 ncdv-master-1 devstack@placement-api.service[123768]: DEBUG placement.requestlog [req-7f4d27fa-9eff-4bdd-b64b-c6fd2a0b9448 req-5e5ef859-b93c-4b9c-aab1-6169b6a158c3 None None] Starting request: 10.222.0.36 "PUT /placement/resource_providers/57908c28-b329-4567-b95d-a8109fcbe171/aggregates" {{(pid=123768) __call__ /opt/stack/placement/placement/requestlog.py:55}}
Oct 29 20:46:50.567495 ncdv-master-1 devstack@placement-api.service[123768]: DEBUG placement.objects.resource_provider [req-7f4d27fa-9eff-4bdd-b64b-c6fd2a0b9448 req-5e5ef859-b93c-4b9c-aab1-6169b6a158c3 service placement] Setting aggregates for provider 57908c28-b329-4567-b95d-a8109fcbe171. Successfully disassociated aggregate 50321ae0-2b5b-49a5-8289-3a59cc534c74. {{(pid=123768) _set_aggregates /opt/stack/placement/placement/objects/resource_provider.py:404}}
Oct 29 20:46:50.579818 ncdv-master-1 devstack@placement-api.service[123768]: INFO placement.requestlog [req-7f4d27fa-9eff-4bdd-b64b-c6fd2a0b9448 req-5e5ef859-b93c-4b9c-aab1-6169b6a158c3 service placement] 10.222.0.36 "PUT /placement/resource_providers/57908c28-b329-4567-b95d-a8109fcbe171/aggregates" status: 200 len: 53 microversion: 1.19
Oct 29 20:46:50.580854 ncdv-master-1 devstack@placement-api.service[123768]: [pid: 123768|app: 0|req: 17/35] 10.222.0.36 () {64 vars in 1477 bytes} [Sat Oct 29 20:46:50 2022] PUT /placement/resource_providers/57908c28-b329-4567-b95d-a8109fcbe171/aggregates => generated 53 bytes in 50 msecs (HTTP/1.1 200) 8 headers in 295 bytes (1 switches on core 0)
Oct 29 20:46:51.449641 ncdv-master-1 devstack@placement-api.service[123767]: DEBUG placement.requestlog [req-d7efb387-89f3-4228-81aa-1df5a6ed7378 req-54ff820c-ba21-4aed-a046-1e07ac9221bb None None] Starting request: 10.222.0.36 "GET /placement/resource_providers?name=nch2-master-1" {{(pid=123767) __call__ /opt/stack/placement/placement/requestlog.py:55}}
Oct 29 20:46:51.489370 ncdv-master-1 devstack@placement-api.service[123767]: INFO placement.requestlog [req-d7efb387-89f3-4228-81aa-1df5a6ed7378 req-54ff820c-ba21-4aed-a046-1e07ac9221bb service placement] 10.222.0.36 "GET /placement/resource_providers?name=nch2-master-1" status: 200 len: 440 microversion: 1.0
Oct 29 20:46:51.490795 ncdv-master-1 devstack@placement-api.service[123767]: [pid: 123767|app: 0|req: 19/36] 10.222.0.36 () {58 vars in 1274 bytes} [Sat Oct 29 20:46:51 2022] GET /placement/resource_providers?name=nch2-master-1 => generated 440 bytes in 41 msecs (HTTP/1.1 200) 6 headers in 224 bytes (1 switches on core 0)
Oct 29 20:46:51.502263 ncdv-master-1 devstack@placement-api.service[123768]: DEBUG placement.requestlog [req-d7efb387-89f3-4228-81aa-1df5a6ed7378 req-31a1d78c-e440-4bfc-81e9-345d9f182b3d None None] Starting request: 10.222.0.36 "GET /placement/resource_providers/57908c28-b329-4567-b95d-a8109fcbe171/aggregates" {{(pid=123768) __call__ /opt/stack/placement/placement/requestlog.py:55}}
Oct 29 20:46:51.539674 ncdv-master-1 devstack@placement-api.service[123768]: INFO placement.requestlog [req-d7efb387-89f3-4228-81aa-1df5a6ed7378 req-31a1d78c-e440-4bfc-81e9-345d9f182b3d service placement] 10.222.0.36 "GET /placement/resource_providers/57908c28-b329-4567-b95d-a8109fcbe171/aggregates" status: 200 len: 53 microversion: 1.19
Oct 29 20:46:51.540764 ncdv-master-1 devstack@placement-api.service[123768]: [pid: 123768|app: 0|req: 18/37] 10.222.0.36 () {60 vars in 1425 bytes} [Sat Oct 29 20:46:51 2022] GET /placement/resource_providers/57908c28-b329-4567-b95d-a8109fcbe171/aggregates => generated 53 bytes in 38 msecs (HTTP/1.1 200) 8 headers in 295 bytes (1 switches on core 0)
Oct 29 20:46:51.549176 ncdv-master-1 devstack@placement-api.service[123767]: DEBUG placement.requestlog [req-d7efb387-89f3-4228-81aa-1df5a6ed7378 req-a4987996-d77c-4f49-86e3-b1c72291f150 None None] Starting request: 10.222.0.36 "PUT /placement/resource_providers/57908c28-b329-4567-b95d-a8109fcbe171/aggregates" {{(pid=123767) __call__ /opt/stack/placement/placement/requestlog.py:55}}
Oct 29 20:46:51.580139 ncdv-master-1 devstack@placement-api.service[123767]: DEBUG placement.objects.resource_provider [req-d7efb387-89f3-4228-81aa-1df5a6ed7378 req-a4987996-d77c-4f49-86e3-b1c72291f150 service placement] _ensure_aggregate() did not find aggregate 59dc30ea-2bc3-4a39-906a-fc43d391316a. Attempting to create it. {{(pid=123767) _ensure_aggregate /opt/stack/placement/placement/objects/resource_provider.py:321}}
Oct 29 20:46:51.582578 ncdv-master-1 devstack@placement-api.service[123767]: DEBUG placement.objects.resource_provider [req-d7efb387-89f3-4228-81aa-1df5a6ed7378 req-a4987996-d77c-4f49-86e3-b1c72291f150 service placement] _ensure_aggregate() created new aggregate 59dc30ea-2bc3-4a39-906a-fc43d391316a (id=2). {{(pid=123767) _ensure_aggregate /opt/stack/placement/placement/objects/resource_provider.py:327}}
Oct 29 20:46:51.586249 ncdv-master-1 devstack@placement-api.service[123767]: DEBUG placement.objects.resource_provider [req-d7efb387-89f3-4228-81aa-1df5a6ed7378 req-a4987996-d77c-4f49-86e3-b1c72291f150 service placement] Setting aggregates for provider 57908c28-b329-4567-b95d-a8109fcbe171. Successfully associated aggregate 59dc30ea-2bc3-4a39-906a-fc43d391316a. {{(pid=123767) _set_aggregates /opt/stack/placement/placement/objects/resource_provider.py:389}}
Oct 29 20:46:51.593218 ncdv-master-1 devstack@placement-api.service[123767]: INFO placement.requestlog [req-d7efb387-89f3-4228-81aa-1df5a6ed7378 req-a4987996-d77c-4f49-86e3-b1c72291f150 service placement] 10.222.0.36 "PUT /placement/resource_providers/57908c28-b329-4567-b95d-a8109fcbe171/aggregates" status: 200 len: 91 microversion: 1.19
Oct 29 20:46:51.594250 ncdv-master-1 devstack@placement-api.service[123767]: [pid: 123767|app: 0|req: 20/38] 10.222.0.36 () {64 vars in 1477 bytes} [Sat Oct 29 20:46:51 2022] PUT /placement/resource_providers/57908c28-b329-4567-b95d-a8109fcbe171/aggregates => generated 91 bytes in 45 msecs (HTTP/1.1 200) 8 headers in 295 bytes (1 switches on core 0)
Oct 29 20:46:56.297735 ncdv-master-1 devstack@placement-api.service[123768]: DEBUG placement.requestlog [req-98c5927d-5799-476b-8825-fd8c3798daf5 req-80a5071f-704e-4a95-8483-fc61c89e0e3c None None] Starting request: 10.222.0.36 "GET /placement/allocation_candidates?limit=1000&member_of=in%3A59dc30ea-2bc3-4a39-906a-fc43d391316a&resources=DISK_GB%3A1%2CMEMORY_MB%3A1024%2CVCPU%3A1&root_required=%21COMPUTE_STATUS_DISABLED" {{(pid=123768) __call__ /opt/stack/placement/placement/requestlog.py:55}}
Oct 29 20:46:56.823327 ncdv-master-1 devstack@placement-api.service[123768]: DEBUG placement.objects.research_context [req-98c5927d-5799-476b-8825-fd8c3798daf5 req-80a5071f-704e-4a95-8483-fc61c89e0e3c service placement] getting providers with 1 DISK_GB {{(pid=123768) __init__ /opt/stack/placement/placement/objects/research_context.py:136}}
Oct 29 20:46:56.833664 ncdv-master-1 devstack@placement-api.service[123768]: DEBUG placement.objects.research_context [req-98c5927d-5799-476b-8825-fd8c3798daf5 req-80a5071f-704e-4a95-8483-fc61c89e0e3c service placement] getting providers with 1024 MEMORY_MB {{(pid=123768) __init__ /opt/stack/placement/placement/objects/research_context.py:136}}
Oct 29 20:46:56.840029 ncdv-master-1 devstack@placement-api.service[123768]: DEBUG placement.objects.research_context [req-98c5927d-5799-476b-8825-fd8c3798daf5 req-80a5071f-704e-4a95-8483-fc61c89e0e3c service placement] getting providers with 1 VCPU {{(pid=123768) __init__ /opt/stack/placement/placement/objects/research_context.py:136}}
Oct 29 20:46:56.847074 ncdv-master-1 devstack@placement-api.service[123768]: DEBUG placement.objects.research_context [req-98c5927d-5799-476b-8825-fd8c3798daf5 req-80a5071f-704e-4a95-8483-fc61c89e0e3c service placement] found 1 providers after applying required aggregates filter ([{'59dc30ea-2bc3-4a39-906a-fc43d391316a'}]) {{(pid=123768) get_provider_ids_for_traits_and_aggs /opt/stack/placement/placement/objects/research_context.py:1158}}
Oct 29 20:46:56.847343 ncdv-master-1 devstack@placement-api.service[123768]: DEBUG placement.objects.research_context [req-98c5927d-5799-476b-8825-fd8c3798daf5 req-80a5071f-704e-4a95-8483-fc61c89e0e3c service placement] found 2 providers with available 1 DISK_GB {{(pid=123768) get_provider_ids_matching /opt/stack/placement/placement/objects/research_context.py:563}}
Oct 29 20:46:56.848433 ncdv-master-1 devstack@placement-api.service[123768]: DEBUG placement.objects.research_context [req-98c5927d-5799-476b-8825-fd8c3798daf5 req-80a5071f-704e-4a95-8483-fc61c89e0e3c service placement] found 1 providers after applying initial aggregate and trait filters {{(pid=123768) get_provider_ids_matching /opt/stack/placement/placement/objects/research_context.py:575}}
Oct 29 20:46:56.848841 ncdv-master-1 devstack@placement-api.service[123768]: DEBUG placement.objects.research_context [req-98c5927d-5799-476b-8825-fd8c3798daf5 req-80a5071f-704e-4a95-8483-fc61c89e0e3c service placement] found 2 providers with available 1024 MEMORY_MB {{(pid=123768) get_provider_ids_matching /opt/stack/placement/placement/objects/research_context.py:563}}
Oct 29 20:46:56.849370 ncdv-master-1 devstack@placement-api.service[123768]: DEBUG placement.objects.research_context [req-98c5927d-5799-476b-8825-fd8c3798daf5 req-80a5071f-704e-4a95-8483-fc61c89e0e3c service placement] found 1 providers after filtering by previous result {{(pid=123768) get_provider_ids_matching /opt/stack/placement/placement/objects/research_context.py:594}}
Oct 29 20:46:56.849683 ncdv-master-1 devstack@placement-api.service[123768]: DEBUG placement.objects.research_context [req-98c5927d-5799-476b-8825-fd8c3798daf5 req-80a5071f-704e-4a95-8483-fc61c89e0e3c service placement] found 2 providers with available 1 VCPU {{(pid=123768) get_provider_ids_matching /opt/stack/placement/placement/objects/research_context.py:563}}
Oct 29 20:46:56.849941 ncdv-master-1 devstack@placement-api.service[123768]: DEBUG placement.objects.research_context [req-98c5927d-5799-476b-8825-fd8c3798daf5 req-80a5071f-704e-4a95-8483-fc61c89e0e3c service placement] found 1 providers after filtering by previous result {{(pid=123768) get_provider_ids_matching /opt/stack/placement/placement/objects/research_context.py:594}}
Oct 29 20:46:56.871380 ncdv-master-1 devstack@placement-api.service[123768]: DEBUG placement.objects.allocation_candidate [req-98c5927d-5799-476b-8825-fd8c3798daf5 req-80a5071f-704e-4a95-8483-fc61c89e0e3c service placement] RequestGroup(use_same_provider=False, resources={DISK_GB:1, MEMORY_MB:1024, VCPU:1}, traits=(), aggregates=[[59dc30ea-2bc3-4a39-906a-fc43d391316a]]) (suffix '') returned 1 matches {{(pid=123768) _get_by_requests /opt/stack/placement/placement/objects/allocation_candidate.py:156}}
Oct 29 20:46:56.871930 ncdv-master-1 devstack@placement-api.service[123768]: DEBUG placement.objects.allocation_candidate [req-98c5927d-5799-476b-8825-fd8c3798daf5 req-80a5071f-704e-4a95-8483-fc61c89e0e3c service placement] Merging candidates yields 1 allocation requests and 1 provider summaries {{(pid=123768) _merge_candidates /opt/stack/placement/placement/objects/allocation_candidate.py:809}}
Oct 29 20:46:56.873938 ncdv-master-1 devstack@placement-api.service[123768]: INFO placement.requestlog [req-98c5927d-5799-476b-8825-fd8c3798daf5 req-80a5071f-704e-4a95-8483-fc61c89e0e3c service placement] 10.222.0.36 "GET /placement/allocation_candidates?limit=1000&member_of=in%3A59dc30ea-2bc3-4a39-906a-fc43d391316a&resources=DISK_GB%3A1%2CMEMORY_MB%3A1024%2CVCPU%3A1&root_required=%21COMPUTE_STATUS_DISABLED" status: 200 len: 676 microversion: 1.36
Oct 29 20:46:56.885641 ncdv-master-1 devstack@placement-api.service[123768]: [pid: 123768|app: 0|req: 19/39] 10.222.0.36 () {60 vars in 1610 bytes} [Sat Oct 29 20:46:56 2022] GET /placement/allocation_candidates?limit=1000&member_of=in%3A59dc30ea-2bc3-4a39-906a-fc43d391316a&resources=DISK_GB%3A1%2CMEMORY_MB%3A1024%2CVCPU%3A1&root_required=%21COMPUTE_STATUS_DISABLED => generated 676 bytes in 588 msecs (HTTP/1.1 200) 8 headers in 296 bytes (1 switches on core 0)
Oct 29 20:46:56.990553 ncdv-master-1 devstack@placement-api.service[123767]: DEBUG placement.requestlog [req-98c5927d-5799-476b-8825-fd8c3798daf5 req-e6e4d360-187b-408e-a4b1-7f23222e5810 None None] Starting request: 10.222.0.36 "GET /placement/allocations/1fe81d79-3cf8-4935-9ded-c657ae5fb11a" {{(pid=123767) __call__ /opt/stack/placement/placement/requestlog.py:55}}
Oct 29 20:46:57.017404 ncdv-master-1 devstack@placement-api.service[123767]: INFO placement.requestlog [req-98c5927d-5799-476b-8825-fd8c3798daf5 req-e6e4d360-187b-408e-a4b1-7f23222e5810 service placement] 10.222.0.36 "GET /placement/allocations/1fe81d79-3cf8-4935-9ded-c657ae5fb11a" status: 200 len: 19 microversion: 1.28
Oct 29 20:46:57.017938 ncdv-master-1 devstack@placement-api.service[123767]: [pid: 123767|app: 0|req: 21/40] 10.222.0.36 () {60 vars in 1380 bytes} [Sat Oct 29 20:46:56 2022] GET /placement/allocations/1fe81d79-3cf8-4935-9ded-c657ae5fb11a => generated 19 bytes in 28 msecs (HTTP/1.1 200) 8 headers in 295 bytes (1 switches on core 0)
Oct 29 20:46:57.026478 ncdv-master-1 devstack@placement-api.service[123768]: DEBUG placement.requestlog [req-98c5927d-5799-476b-8825-fd8c3798daf5 req-26a3a85e-41fa-40fb-a2b2-33e8ef92419e None None] Starting request: 10.222.0.36 "PUT /placement/allocations/1fe81d79-3cf8-4935-9ded-c657ae5fb11a" {{(pid=123768) __call__ /opt/stack/placement/placement/requestlog.py:55}}
Oct 29 20:46:57.159358 ncdv-master-1 devstack@placement-api.service[123768]: DEBUG placement.handlers.allocation [req-98c5927d-5799-476b-8825-fd8c3798daf5 req-26a3a85e-41fa-40fb-a2b2-33e8ef92419e service placement] Successfully wrote allocations [, , ] {{(pid=123768) _update_consumers_and_create_allocations /opt/stack/placement/placement/handlers/allocation.py:462}}
Oct 29 20:46:57.166081 ncdv-master-1 devstack@placement-api.service[123768]: INFO placement.requestlog [req-98c5927d-5799-476b-8825-fd8c3798daf5 req-26a3a85e-41fa-40fb-a2b2-33e8ef92419e service placement] 10.222.0.36 "PUT /placement/allocations/1fe81d79-3cf8-4935-9ded-c657ae5fb11a" status: 204 len: 0 microversion: 1.36
Oct 29 20:46:57.167773 ncdv-master-1 devstack@placement-api.service[123768]: [pid: 123768|app: 0|req: 20/41] 10.222.0.36 () {64 vars in 1433 bytes} [Sat Oct 29 20:46:57 2022] PUT /placement/allocations/1fe81d79-3cf8-4935-9ded-c657ae5fb11a => generated 0 bytes in 142 msecs (HTTP/1.1 204) 5 headers in 199 bytes (1 switches on core 0)
Oct 29 20:46:57.879514 ncdv-master-1 devstack@placement-api.service[123767]: DEBUG placement.requestlog [req-98c5927d-5799-476b-8825-fd8c3798daf5 req-96e6ce01-c97f-4130-91db-88129b7ccc95 None None] Starting request: 10.222.0.13 "GET /placement/allocations/1fe81d79-3cf8-4935-9ded-c657ae5fb11a" {{(pid=123767) __call__ /opt/stack/placement/placement/requestlog.py:55}}
Oct 29 20:46:57.896298 ncdv-master-1 devstack@placement-api.service[123767]: INFO placement.requestlog [req-98c5927d-5799-476b-8825-fd8c3798daf5 req-96e6ce01-c97f-4130-91db-88129b7ccc95 service placement] 10.222.0.13 "GET /placement/allocations/1fe81d79-3cf8-4935-9ded-c657ae5fb11a" status: 200 len: 258 microversion: 1.28
Oct 29 20:46:57.896595 ncdv-master-1 devstack@placement-api.service[123767]: [pid: 123767|app: 0|req: 22/42] 10.222.0.13 () {60 vars in 1377 bytes} [Sat Oct 29 20:46:57 2022] GET /placement/allocations/1fe81d79-3cf8-4935-9ded-c657ae5fb11a => generated 258 bytes in 18 msecs (HTTP/1.1 200) 8 headers in 296 bytes (1 switches on core 0)
Oct 29 20:46:58.162531 ncdv-master-1 devstack@placement-api.service[123768]: DEBUG placement.requestlog [req-98c5927d-5799-476b-8825-fd8c3798daf5 req-d1812728-5ca0-4c4f-8b45-8c22c3c8ed9a None None] Starting request: 10.222.0.13 "GET /placement/resource_providers/57908c28-b329-4567-b95d-a8109fcbe171/allocations" {{(pid=123768) __call__ /opt/stack/placement/placement/requestlog.py:55}}
Oct 29 20:46:58.185167 ncdv-master-1 devstack@placement-api.service[123768]: INFO placement.requestlog [req-98c5927d-5799-476b-8825-fd8c3798daf5 req-d1812728-5ca0-4c4f-8b45-8c22c3c8ed9a service placement] 10.222.0.13 "GET /placement/resource_providers/57908c28-b329-4567-b95d-a8109fcbe171/allocations" status: 200 len: 153 microversion: 1.0
Oct 29 20:46:58.185869 ncdv-master-1 devstack@placement-api.service[123768]: [pid: 123768|app: 0|req: 21/43] 10.222.0.13 () {58 vars in 1390 bytes} [Sat Oct 29 20:46:58 2022] GET /placement/resource_providers/57908c28-b329-4567-b95d-a8109fcbe171/allocations => generated 153 bytes in 24 msecs (HTTP/1.1 200) 6 headers in 224 bytes (1 switches on core 0)
Oct 29 20:46:58.198617 ncdv-master-1 devstack@placement-api.service[123767]: DEBUG placement.requestlog [req-98c5927d-5799-476b-8825-fd8c3798daf5 req-314fb58b-67d9-4069-a88f-500c85ba545a None None] Starting request: 10.222.0.13 "GET /placement/allocations/1fe81d79-3cf8-4935-9ded-c657ae5fb11a" {{(pid=123767) __call__ /opt/stack/placement/placement/requestlog.py:55}}
Oct 29 20:46:58.220151 ncdv-master-1 devstack@placement-api.service[123767]: INFO placement.requestlog [req-98c5927d-5799-476b-8825-fd8c3798daf5 req-314fb58b-67d9-4069-a88f-500c85ba545a service placement] 10.222.0.13 "GET /placement/allocations/1fe81d79-3cf8-4935-9ded-c657ae5fb11a" status: 200 len: 258 microversion: 1.28
Oct 29 20:46:58.220682 ncdv-master-1 devstack@placement-api.service[123767]: [pid: 123767|app: 0|req: 23/44] 10.222.0.13 () {60 vars in 1377 bytes} [Sat Oct 29 20:46:58 2022] GET /placement/allocations/1fe81d79-3cf8-4935-9ded-c657ae5fb11a => generated 258 bytes in 22 msecs (HTTP/1.1 200) 8 headers in 296 bytes (1 switches on core 0)
Oct 29 20:47:05.933385 ncdv-master-1 devstack@placement-api.service[123768]: DEBUG placement.requestlog [req-8a024f73-db57-4511-8c6a-429eb5e27897 req-14ba80a2-b036-4d83-9d16-fa2724e102ac None None] Starting request: 10.222.0.36 "GET /placement/allocation_candidates?limit=1000&resources=DISK_GB%3A1%2CMEMORY_MB%3A1024%2CVCPU%3A1&root_required=%21COMPUTE_STATUS_DISABLED" {{(pid=123768) __call__ /opt/stack/placement/placement/requestlog.py:55}}
Oct 29 20:47:05.986352 ncdv-master-1 devstack@placement-api.service[123768]: DEBUG placement.objects.research_context [req-8a024f73-db57-4511-8c6a-429eb5e27897 req-14ba80a2-b036-4d83-9d16-fa2724e102ac service placement] getting providers with 1 DISK_GB {{(pid=123768) __init__ /opt/stack/placement/placement/objects/research_context.py:136}}
Oct 29 20:47:05.993436 ncdv-master-1 devstack@placement-api.service[123768]: DEBUG placement.objects.research_context [req-8a024f73-db57-4511-8c6a-429eb5e27897 req-14ba80a2-b036-4d83-9d16-fa2724e102ac service placement] getting providers with 1024 MEMORY_MB {{(pid=123768) __init__ /opt/stack/placement/placement/objects/research_context.py:136}}
Oct 29 20:47:06.004316 ncdv-master-1 devstack@placement-api.service[123768]: DEBUG placement.objects.research_context [req-8a024f73-db57-4511-8c6a-429eb5e27897 req-14ba80a2-b036-4d83-9d16-fa2724e102ac service placement] getting providers with 1 VCPU {{(pid=123768) __init__ /opt/stack/placement/placement/objects/research_context.py:136}}
Oct 29 20:47:06.015721 ncdv-master-1 devstack@placement-api.service[123768]: DEBUG placement.objects.research_context [req-8a024f73-db57-4511-8c6a-429eb5e27897 req-14ba80a2-b036-4d83-9d16-fa2724e102ac service placement] found 2 providers with available 1 DISK_GB {{(pid=123768) get_provider_ids_matching /opt/stack/placement/placement/objects/research_context.py:563}}
Oct 29 20:47:06.016000 ncdv-master-1 devstack@placement-api.service[123768]: DEBUG placement.objects.research_context [req-8a024f73-db57-4511-8c6a-429eb5e27897 req-14ba80a2-b036-4d83-9d16-fa2724e102ac service placement] found 2 providers with available 1024 MEMORY_MB {{(pid=123768) get_provider_ids_matching /opt/stack/placement/placement/objects/research_context.py:563}}
Oct 29 20:47:06.016275 ncdv-master-1 devstack@placement-api.service[123768]: DEBUG placement.objects.research_context [req-8a024f73-db57-4511-8c6a-429eb5e27897 req-14ba80a2-b036-4d83-9d16-fa2724e102ac service placement] found 2 providers after filtering by previous result {{(pid=123768) get_provider_ids_matching /opt/stack/placement/placement/objects/research_context.py:594}}
Oct 29 20:47:06.016539 ncdv-master-1 devstack@placement-api.service[123768]: DEBUG placement.objects.research_context [req-8a024f73-db57-4511-8c6a-429eb5e27897 req-14ba80a2-b036-4d83-9d16-fa2724e102ac service placement] found 2 providers with available 1 VCPU {{(pid=123768) get_provider_ids_matching /opt/stack/placement/placement/objects/research_context.py:563}}
Oct 29 20:47:06.016802 ncdv-master-1 devstack@placement-api.service[123768]: DEBUG placement.objects.research_context [req-8a024f73-db57-4511-8c6a-429eb5e27897 req-14ba80a2-b036-4d83-9d16-fa2724e102ac service placement] found 2 providers after filtering by previous result {{(pid=123768) get_provider_ids_matching /opt/stack/placement/placement/objects/research_context.py:594}}
Oct 29 20:47:06.032850 ncdv-master-1 devstack@placement-api.service[123768]: DEBUG placement.objects.allocation_candidate [req-8a024f73-db57-4511-8c6a-429eb5e27897 req-14ba80a2-b036-4d83-9d16-fa2724e102ac service placement] RequestGroup(use_same_provider=False, resources={DISK_GB:1, MEMORY_MB:1024, VCPU:1}, traits=(), aggregates=[]) (suffix '') returned 2 matches {{(pid=123768) _get_by_requests /opt/stack/placement/placement/objects/allocation_candidate.py:156}}
Oct 29 20:47:06.033325 ncdv-master-1 devstack@placement-api.service[123768]: DEBUG placement.objects.allocation_candidate [req-8a024f73-db57-4511-8c6a-429eb5e27897 req-14ba80a2-b036-4d83-9d16-fa2724e102ac service placement] Merging candidates yields 2 allocation requests and 2 provider summaries {{(pid=123768) _merge_candidates /opt/stack/placement/placement/objects/allocation_candidate.py:809}}
Oct 29 20:47:06.035600 ncdv-master-1 devstack@placement-api.service[123768]: INFO placement.requestlog [req-8a024f73-db57-4511-8c6a-429eb5e27897 req-14ba80a2-b036-4d83-9d16-fa2724e102ac service placement] 10.222.0.36 "GET /placement/allocation_candidates?limit=1000&resources=DISK_GB%3A1%2CMEMORY_MB%3A1024%2CVCPU%3A1&root_required=%21COMPUTE_STATUS_DISABLED" status: 200 len: 1306 microversion: 1.36
Oct 29 20:47:06.035843 ncdv-master-1 devstack@placement-api.service[123768]: [pid: 123768|app: 0|req: 22/45] 10.222.0.36 () {60 vars in 1506 bytes} [Sat Oct 29 20:47:05 2022] GET /placement/allocation_candidates?limit=1000&resources=DISK_GB%3A1%2CMEMORY_MB%3A1024%2CVCPU%3A1&root_required=%21COMPUTE_STATUS_DISABLED => generated 1306 bytes in 103 msecs (HTTP/1.1 200) 8 headers in 297 bytes (1 switches on core 0)
Oct 29 20:47:06.338612 ncdv-master-1 devstack@placement-api.service[123767]: DEBUG placement.requestlog [req-8a024f73-db57-4511-8c6a-429eb5e27897 req-aff90719-f01e-4178-a2d1-edf02414c995 None None] Starting request: 10.222.0.36 "GET /placement/allocations/081ac346-df70-4c2f-803e-94f0d633b72a" {{(pid=123767) __call__ /opt/stack/placement/placement/requestlog.py:55}}
Oct 29 20:47:06.357361 ncdv-master-1 devstack@placement-api.service[123767]: INFO placement.requestlog [req-8a024f73-db57-4511-8c6a-429eb5e27897 req-aff90719-f01e-4178-a2d1-edf02414c995 service placement] 10.222.0.36 "GET /placement/allocations/081ac346-df70-4c2f-803e-94f0d633b72a" status: 200 len: 19 microversion: 1.28
Oct 29 20:47:06.358078 ncdv-master-1 devstack@placement-api.service[123767]: [pid: 123767|app: 0|req: 24/46] 10.222.0.36 () {60 vars in 1380 bytes} [Sat Oct 29 20:47:06 2022] GET /placement/allocations/081ac346-df70-4c2f-803e-94f0d633b72a => generated 19 bytes in 20 msecs (HTTP/1.1 200) 8 headers in 295 bytes (1 switches on core 0)
Oct 29 20:47:06.392267 ncdv-master-1 devstack@placement-api.service[123768]: DEBUG placement.requestlog [req-8a024f73-db57-4511-8c6a-429eb5e27897 req-9df23df6-ba2e-4cd6-94a6-ed2da2eea2f7 None None] Starting request: 10.222.0.36 "PUT /placement/allocations/081ac346-df70-4c2f-803e-94f0d633b72a" {{(pid=123768) __call__ /opt/stack/placement/placement/requestlog.py:55}}
Oct 29 20:47:06.559051 ncdv-master-1 devstack@placement-api.service[123768]: DEBUG dbcounter [-] [123768] Writing DB stats placement:SELECT=79,placement:DELETE=4,placement:UPDATE=5,placement:INSERT=12 {{(pid=123768) stat_writer /usr/local/lib/python3.8/dist-packages/dbcounter.py:114}}
Oct 29 20:47:06.564523 ncdv-master-1 devstack@placement-api.service[123768]: DEBUG placement.handlers.allocation [req-8a024f73-db57-4511-8c6a-429eb5e27897 req-9df23df6-ba2e-4cd6-94a6-ed2da2eea2f7 service placement] Successfully wrote allocations [, , ] {{(pid=123768) _update_consumers_and_create_allocations /opt/stack/placement/placement/handlers/allocation.py:462}}
Oct 29 20:47:06.569784 ncdv-master-1 devstack@placement-api.service[123768]: INFO placement.requestlog [req-8a024f73-db57-4511-8c6a-429eb5e27897 req-9df23df6-ba2e-4cd6-94a6-ed2da2eea2f7 service placement] 10.222.0.36 "PUT /placement/allocations/081ac346-df70-4c2f-803e-94f0d633b72a" status: 204 len: 0 microversion: 1.36
Oct 29 20:47:06.572183 ncdv-master-1 devstack@placement-api.service[123768]: [pid: 123768|app: 0|req: 23/47] 10.222.0.36 () {64 vars in 1433 bytes} [Sat Oct 29 20:47:06 2022] PUT /placement/allocations/081ac346-df70-4c2f-803e-94f0d633b72a => generated 0 bytes in 178 msecs (HTTP/1.1 204) 5 headers in 199 bytes (1 switches on core 0)
Oct 29 20:47:06.720407 ncdv-master-1 devstack@placement-api.service[123767]: DEBUG placement.requestlog [req-7937336d-7668-41e8-b1ac-200d17fffe53 req-04dcb7c0-ea9e-4a02-8d9e-ea01f54dbd30 None None] Starting request: 10.222.0.36 "GET /placement/allocation_candidates?limit=1000&resources=DISK_GB%3A1%2CMEMORY_MB%3A1024%2CVCPU%3A1&root_required=%21COMPUTE_STATUS_DISABLED" {{(pid=123767) __call__ /opt/stack/placement/placement/requestlog.py:55}}
Oct 29 20:47:06.847884 ncdv-master-1 devstack@placement-api.service[123767]: DEBUG placement.objects.research_context [req-7937336d-7668-41e8-b1ac-200d17fffe53 req-04dcb7c0-ea9e-4a02-8d9e-ea01f54dbd30 service placement] getting providers with 1 DISK_GB {{(pid=123767) __init__ /opt/stack/placement/placement/objects/research_context.py:136}}
Oct 29 20:47:06.868259 ncdv-master-1 devstack@placement-api.service[123767]: DEBUG placement.objects.research_context [req-7937336d-7668-41e8-b1ac-200d17fffe53 req-04dcb7c0-ea9e-4a02-8d9e-ea01f54dbd30 service placement] getting providers with 1024 MEMORY_MB {{(pid=123767) __init__ /opt/stack/placement/placement/objects/research_context.py:136}}
Oct 29 20:47:06.883412 ncdv-master-1 devstack@placement-api.service[123767]: DEBUG placement.objects.research_context [req-7937336d-7668-41e8-b1ac-200d17fffe53 req-04dcb7c0-ea9e-4a02-8d9e-ea01f54dbd30 service placement] getting providers with 1 VCPU {{(pid=123767) __init__ /opt/stack/placement/placement/objects/research_context.py:136}}
Oct 29 20:47:06.890464 ncdv-master-1 devstack@placement-api.service[123767]: DEBUG placement.objects.research_context [req-7937336d-7668-41e8-b1ac-200d17fffe53 req-04dcb7c0-ea9e-4a02-8d9e-ea01f54dbd30 service placement] found 2 providers with available 1 DISK_GB {{(pid=123767) get_provider_ids_matching /opt/stack/placement/placement/objects/research_context.py:563}}
Oct 29 20:47:06.891594 ncdv-master-1 devstack@placement-api.service[123767]: DEBUG placement.objects.research_context [req-7937336d-7668-41e8-b1ac-200d17fffe53 req-04dcb7c0-ea9e-4a02-8d9e-ea01f54dbd30 service placement] found 2 providers with available 1024 MEMORY_MB {{(pid=123767) get_provider_ids_matching /opt/stack/placement/placement/objects/research_context.py:563}}
Oct 29 20:47:06.892586 ncdv-master-1 devstack@placement-api.service[123767]: DEBUG placement.objects.research_context [req-7937336d-7668-41e8-b1ac-200d17fffe53 req-04dcb7c0-ea9e-4a02-8d9e-ea01f54dbd30 service placement] found 2 providers after filtering by previous result {{(pid=123767) get_provider_ids_matching /opt/stack/placement/placement/objects/research_context.py:594}}
Oct 29 20:47:06.899332 ncdv-master-1 devstack@placement-api.service[123767]: DEBUG placement.objects.research_context [req-7937336d-7668-41e8-b1ac-200d17fffe53 req-04dcb7c0-ea9e-4a02-8d9e-ea01f54dbd30 service placement] found 2 providers with available 1 VCPU {{(pid=123767) get_provider_ids_matching /opt/stack/placement/placement/objects/research_context.py:563}}
Oct 29 20:47:06.899937 ncdv-master-1 devstack@placement-api.service[123767]: DEBUG placement.objects.research_context [req-7937336d-7668-41e8-b1ac-200d17fffe53 req-04dcb7c0-ea9e-4a02-8d9e-ea01f54dbd30 service placement] found 2 providers after filtering by previous result {{(pid=123767) get_provider_ids_matching /opt/stack/placement/placement/objects/research_context.py:594}}
Oct 29 20:47:06.927463 ncdv-master-1 devstack@placement-api.service[123767]: DEBUG placement.objects.allocation_candidate [req-7937336d-7668-41e8-b1ac-200d17fffe53 req-04dcb7c0-ea9e-4a02-8d9e-ea01f54dbd30 service placement] RequestGroup(use_same_provider=False, resources={DISK_GB:1, MEMORY_MB:1024, VCPU:1}, traits=(), aggregates=[]) (suffix '') returned 2 matches {{(pid=123767) _get_by_requests /opt/stack/placement/placement/objects/allocation_candidate.py:156}}
Oct 29 20:47:06.929185 ncdv-master-1 devstack@placement-api.service[123767]: DEBUG placement.objects.allocation_candidate [req-7937336d-7668-41e8-b1ac-200d17fffe53 req-04dcb7c0-ea9e-4a02-8d9e-ea01f54dbd30 service placement] Merging candidates yields 2 allocation requests and 2 provider summaries {{(pid=123767) _merge_candidates /opt/stack/placement/placement/objects/allocation_candidate.py:809}}
Oct 29 20:47:06.941279 ncdv-master-1 devstack@placement-api.service[123767]: INFO placement.requestlog [req-7937336d-7668-41e8-b1ac-200d17fffe53 req-04dcb7c0-ea9e-4a02-8d9e-ea01f54dbd30 service placement] 10.222.0.36 "GET /placement/allocation_candidates?limit=1000&resources=DISK_GB%3A1%2CMEMORY_MB%3A1024%2CVCPU%3A1&root_required=%21COMPUTE_STATUS_DISABLED" status: 200 len: 1309 microversion: 1.36
Oct 29 20:47:06.942139 ncdv-master-1 devstack@placement-api.service[123767]: [pid: 123767|app: 0|req: 25/48] 10.222.0.36 () {60 vars in 1506 bytes} [Sat Oct 29 20:47:06 2022] GET /placement/allocation_candidates?limit=1000&resources=DISK_GB%3A1%2CMEMORY_MB%3A1024%2CVCPU%3A1&root_required=%21COMPUTE_STATUS_DISABLED => generated 1309 bytes in 222 msecs (HTTP/1.1 200) 8 headers in 297 bytes (1 switches on core 0)
Oct 29 20:47:07.043562 ncdv-master-1 devstack@placement-api.service[123768]: DEBUG placement.requestlog [req-7937336d-7668-41e8-b1ac-200d17fffe53 req-3cb30e22-ca65-44a9-8aca-07926327cb19 None None] Starting request: 10.222.0.36 "GET /placement/allocations/6fd41c42-c3e8-4772-a06f-edbb7a2e709c" {{(pid=123768) __call__ /opt/stack/placement/placement/requestlog.py:55}}
Oct 29 20:47:07.070697 ncdv-master-1 devstack@placement-api.service[123768]: INFO placement.requestlog [req-7937336d-7668-41e8-b1ac-200d17fffe53 req-3cb30e22-ca65-44a9-8aca-07926327cb19 service placement] 10.222.0.36 "GET /placement/allocations/6fd41c42-c3e8-4772-a06f-edbb7a2e709c" status: 200 len: 19 microversion: 1.28
Oct 29 20:47:07.072085 ncdv-master-1 devstack@placement-api.service[123768]: [pid: 123768|app: 0|req: 24/49] 10.222.0.36 () {60 vars in 1380 bytes} [Sat Oct 29 20:47:07 2022] GET /placement/allocations/6fd41c42-c3e8-4772-a06f-edbb7a2e709c => generated 19 bytes in 30 msecs (HTTP/1.1 200) 8 headers in 295 bytes (1 switches on core 0)
Oct 29 20:47:07.079983 ncdv-master-1 devstack@placement-api.service[123767]: DEBUG placement.requestlog [req-7937336d-7668-41e8-b1ac-200d17fffe53 req-fb07e8c2-21e0-4af4-bdeb-e9db2c333a58 None None] Starting request: 10.222.0.36 "PUT /placement/allocations/6fd41c42-c3e8-4772-a06f-edbb7a2e709c" {{(pid=123767) __call__ /opt/stack/placement/placement/requestlog.py:55}}
Oct 29 20:47:07.345896 ncdv-master-1 devstack@placement-api.service[123767]: DEBUG placement.handlers.allocation [req-7937336d-7668-41e8-b1ac-200d17fffe53 req-fb07e8c2-21e0-4af4-bdeb-e9db2c333a58 service placement] Successfully wrote allocations [, , ] {{(pid=123767) _update_consumers_and_create_allocations /opt/stack/placement/placement/handlers/allocation.py:462}}
Oct 29 20:47:07.353018 ncdv-master-1 devstack@placement-api.service[123767]: INFO placement.requestlog [req-7937336d-7668-41e8-b1ac-200d17fffe53 req-fb07e8c2-21e0-4af4-bdeb-e9db2c333a58 service placement] 10.222.0.36 "PUT /placement/allocations/6fd41c42-c3e8-4772-a06f-edbb7a2e709c" status: 204 len: 0 microversion: 1.36
Oct 29 20:47:07.366964 ncdv-master-1 devstack@placement-api.service[123767]: [pid: 123767|app: 0|req: 26/50] 10.222.0.36 () {64 vars in 1433 bytes} [Sat Oct 29 20:47:07 2022] PUT /placement/allocations/6fd41c42-c3e8-4772-a06f-edbb7a2e709c => generated 0 bytes in 275 msecs (HTTP/1.1 204) 5 headers in 199 bytes (1 switches on core 0)
Oct 29 20:47:07.522864 ncdv-master-1 devstack@placement-api.service[123768]: DEBUG placement.requestlog [req-8a024f73-db57-4511-8c6a-429eb5e27897 req-44aaac30-781a-430c-a557-a04945a151d1 None None] Starting request: 10.222.0.16 "GET /placement/allocations/081ac346-df70-4c2f-803e-94f0d633b72a" {{(pid=123768) __call__ /opt/stack/placement/placement/requestlog.py:55}}
Oct 29 20:47:07.564509 ncdv-master-1 devstack@placement-api.service[123768]: INFO placement.requestlog [req-8a024f73-db57-4511-8c6a-429eb5e27897 req-44aaac30-781a-430c-a557-a04945a151d1 service placement] 10.222.0.16 "GET /placement/allocations/081ac346-df70-4c2f-803e-94f0d633b72a" status: 200 len: 258 microversion: 1.28
Oct 29 20:47:07.571009 ncdv-master-1 devstack@placement-api.service[123768]: [pid: 123768|app: 0|req: 25/51] 10.222.0.16 () {60 vars in 1377 bytes} [Sat Oct 29 20:47:07 2022] GET /placement/allocations/081ac346-df70-4c2f-803e-94f0d633b72a => generated 258 bytes in 48 msecs (HTTP/1.1 200) 8 headers in 296 bytes (1 switches on core 0)
Oct 29 20:47:07.865249 ncdv-master-1 devstack@placement-api.service[123767]: DEBUG placement.requestlog [req-8a024f73-db57-4511-8c6a-429eb5e27897 req-cfbb831a-7101-49b9-a341-9b490c027726 None None] Starting request: 10.222.0.16 "GET /placement/resource_providers/43153bc9-9d96-4773-a55a-051f37212523/allocations" {{(pid=123767) __call__ /opt/stack/placement/placement/requestlog.py:55}}
Oct 29 20:47:07.919159 ncdv-master-1 devstack@placement-api.service[123767]: INFO placement.requestlog [req-8a024f73-db57-4511-8c6a-429eb5e27897 req-cfbb831a-7101-49b9-a341-9b490c027726 service placement] 10.222.0.16 "GET /placement/resource_providers/43153bc9-9d96-4773-a55a-051f37212523/allocations" status: 200 len: 254 microversion: 1.0
Oct 29 20:47:07.922580 ncdv-master-1 devstack@placement-api.service[123767]: [pid: 123767|app: 0|req: 27/52] 10.222.0.16 () {58 vars in 1390 bytes} [Sat Oct 29 20:47:07 2022] GET /placement/resource_providers/43153bc9-9d96-4773-a55a-051f37212523/allocations => generated 254 bytes in 57 msecs (HTTP/1.1 200) 6 headers in 224 bytes (1 switches on core 0)
Oct 29 20:47:07.927115 ncdv-master-1 devstack@placement-api.service[123768]: DEBUG placement.requestlog [req-8a024f73-db57-4511-8c6a-429eb5e27897 req-e20c237f-e9f4-466e-906f-83d80c51c62e None None] Starting request: 10.222.0.16 "GET /placement/allocations/6fd41c42-c3e8-4772-a06f-edbb7a2e709c" {{(pid=123768) __call__ /opt/stack/placement/placement/requestlog.py:55}}
Oct 29 20:47:07.957709 ncdv-master-1 devstack@placement-api.service[123768]: INFO placement.requestlog [req-8a024f73-db57-4511-8c6a-429eb5e27897 req-e20c237f-e9f4-466e-906f-83d80c51c62e service placement] 10.222.0.16 "GET /placement/allocations/6fd41c42-c3e8-4772-a06f-edbb7a2e709c" status: 200 len: 258 microversion: 1.28
Oct 29 20:47:07.961137 ncdv-master-1 devstack@placement-api.service[123768]: [pid: 123768|app: 0|req: 26/53] 10.222.0.16 () {60 vars in 1377 bytes} [Sat Oct 29 20:47:07 2022] GET /placement/allocations/6fd41c42-c3e8-4772-a06f-edbb7a2e709c => generated 258 bytes in 32 msecs (HTTP/1.1 200) 8 headers in 296 bytes (1 switches on core 0)
Oct 29 20:47:07.979047 ncdv-master-1 devstack@placement-api.service[123767]: DEBUG placement.requestlog [req-8a024f73-db57-4511-8c6a-429eb5e27897 req-6846d6b9-4515-4c6e-af55-8ee27fc44dd1 None None] Starting request: 10.222.0.16 "GET /placement/allocations/081ac346-df70-4c2f-803e-94f0d633b72a" {{(pid=123767) __call__ /opt/stack/placement/placement/requestlog.py:55}}
Oct 29 20:47:08.023355 ncdv-master-1 devstack@placement-api.service[123767]: INFO placement.requestlog [req-8a024f73-db57-4511-8c6a-429eb5e27897 req-6846d6b9-4515-4c6e-af55-8ee27fc44dd1 service placement] 10.222.0.16 "GET /placement/allocations/081ac346-df70-4c2f-803e-94f0d633b72a" status: 200 len: 258 microversion: 1.28
Oct 29 20:47:08.025866 ncdv-master-1 devstack@placement-api.service[123767]: [pid: 123767|app: 0|req: 28/54] 10.222.0.16 () {60 vars in 1377 bytes} [Sat Oct 29 20:47:07 2022] GET /placement/allocations/081ac346-df70-4c2f-803e-94f0d633b72a => generated 258 bytes in 47 msecs (HTTP/1.1 200) 8 headers in 296 bytes (1 switches on core 0)
Oct 29 20:47:08.239970 ncdv-master-1 devstack@placement-api.service[123768]: DEBUG placement.requestlog [req-7937336d-7668-41e8-b1ac-200d17fffe53 req-f0a0f9b5-f4a4-468b-960a-2c5848d9a97f None None] Starting request: 10.222.0.16 "GET /placement/allocations/6fd41c42-c3e8-4772-a06f-edbb7a2e709c" {{(pid=123768) __call__ /opt/stack/placement/placement/requestlog.py:55}}
Oct 29 20:47:08.284110 ncdv-master-1 devstack@placement-api.service[123768]: INFO placement.requestlog [req-7937336d-7668-41e8-b1ac-200d17fffe53 req-f0a0f9b5-f4a4-468b-960a-2c5848d9a97f service placement] 10.222.0.16 "GET /placement/allocations/6fd41c42-c3e8-4772-a06f-edbb7a2e709c" status: 200 len: 258 microversion: 1.28
Oct 29 20:47:08.287792 ncdv-master-1 devstack@placement-api.service[123768]: [pid: 123768|app: 0|req: 27/55] 10.222.0.16 () {60 vars in 1377 bytes} [Sat Oct 29 20:47:08 2022] GET /placement/allocations/6fd41c42-c3e8-4772-a06f-edbb7a2e709c => generated 258 bytes in 48 msecs (HTTP/1.1 200) 8 headers in 296 bytes (1 switches on core 0)
Oct 29 20:47:08.570849 ncdv-master-1 devstack@placement-api.service[123767]: DEBUG placement.requestlog [req-7937336d-7668-41e8-b1ac-200d17fffe53 req-20b3efb1-7d23-4c18-b3e0-58f865dcd91f None None] Starting request: 10.222.0.16 "GET /placement/resource_providers/43153bc9-9d96-4773-a55a-051f37212523/allocations" {{(pid=123767) __call__ /opt/stack/placement/placement/requestlog.py:55}}
Oct 29 20:47:08.617362 ncdv-master-1 devstack@placement-api.service[123767]: INFO placement.requestlog [req-7937336d-7668-41e8-b1ac-200d17fffe53 req-20b3efb1-7d23-4c18-b3e0-58f865dcd91f service placement] 10.222.0.16 "GET /placement/resource_providers/43153bc9-9d96-4773-a55a-051f37212523/allocations" status: 200 len: 254 microversion: 1.0
Oct 29 20:47:08.617786 ncdv-master-1 devstack@placement-api.service[123767]: [pid: 123767|app: 0|req: 29/56] 10.222.0.16 () {58 vars in 1390 bytes} [Sat Oct 29 20:47:08 2022] GET /placement/resource_providers/43153bc9-9d96-4773-a55a-051f37212523/allocations => generated 254 bytes in 47 msecs (HTTP/1.1 200) 6 headers in 224 bytes (1 switches on core 0)
Oct 29 20:47:08.625892 ncdv-master-1 devstack@placement-api.service[123768]: DEBUG placement.requestlog [req-7937336d-7668-41e8-b1ac-200d17fffe53 req-07da1827-eb8c-40c7-93ba-23d281023236 None None] Starting request: 10.222.0.16 "GET /placement/allocations/6fd41c42-c3e8-4772-a06f-edbb7a2e709c" {{(pid=123768) __call__ /opt/stack/placement/placement/requestlog.py:55}}
Oct 29 20:47:08.643488 ncdv-master-1 devstack@placement-api.service[123768]: INFO placement.requestlog [req-7937336d-7668-41e8-b1ac-200d17fffe53 req-07da1827-eb8c-40c7-93ba-23d281023236 service placement] 10.222.0.16 "GET /placement/allocations/6fd41c42-c3e8-4772-a06f-edbb7a2e709c" status: 200 len: 258 microversion: 1.28
Oct 29 20:47:08.644633 ncdv-master-1 devstack@placement-api.service[123768]: [pid: 123768|app: 0|req: 28/57] 10.222.0.16 () {60 vars in 1377 bytes} [Sat Oct 29 20:47:08 2022] GET /placement/allocations/6fd41c42-c3e8-4772-a06f-edbb7a2e709c => generated 258 bytes in 19 msecs (HTTP/1.1 200) 8 headers in 296 bytes (1 switches on core 0)
Oct 29 20:47:08.651065 ncdv-master-1 devstack@placement-api.service[123767]: DEBUG placement.requestlog [req-7937336d-7668-41e8-b1ac-200d17fffe53 req-28892bbb-269d-4280-a7ba-5c5054ad096f None None] Starting request: 10.222.0.16 "GET /placement/allocations/081ac346-df70-4c2f-803e-94f0d633b72a" {{(pid=123767) __call__ /opt/stack/placement/placement/requestlog.py:55}}
Oct 29 20:47:08.678840 ncdv-master-1 devstack@placement-api.service[123767]: INFO placement.requestlog [req-7937336d-7668-41e8-b1ac-200d17fffe53 req-28892bbb-269d-4280-a7ba-5c5054ad096f service placement] 10.222.0.16 "GET /placement/allocations/081ac346-df70-4c2f-803e-94f0d633b72a" status: 200 len: 258 microversion: 1.28
Oct 29 20:47:08.680150 ncdv-master-1 devstack@placement-api.service[123767]: [pid: 123767|app: 0|req: 30/58] 10.222.0.16 () {60 vars in 1377 bytes} [Sat Oct 29 20:47:08 2022] GET /placement/allocations/081ac346-df70-4c2f-803e-94f0d633b72a => generated 258 bytes in 29 msecs (HTTP/1.1 200) 8 headers in 296 bytes (1 switches on core 0)
