Oct 22 20:50:56.787095 ncdv-master-1 devstack@placement-api.service[123610]: DEBUG placement.requestlog [req-8e4c31ed-202b-47f8-ad64-20e1cd34b9af req-2bedd414-d75c-478b-aa84-ca3106442c64 None None] Starting request: 10.222.0.36 "GET /placement/allocations/c475672d-99ba-4c6a-abaa-3332a392534d" {{(pid=123610) __call__ /opt/stack/placement/placement/requestlog.py:55}}
Oct 22 20:50:56.812814 ncdv-master-1 devstack@placement-api.service[123610]: INFO placement.requestlog [req-8e4c31ed-202b-47f8-ad64-20e1cd34b9af req-2bedd414-d75c-478b-aa84-ca3106442c64 service placement] 10.222.0.36 "GET /placement/allocations/c475672d-99ba-4c6a-abaa-3332a392534d" status: 200 len: 259 microversion: 1.28
Oct 22 20:50:56.813907 ncdv-master-1 devstack@placement-api.service[123610]: [pid: 123610|app: 0|req: 100/202] 10.222.0.36 () {60 vars in 1377 bytes} [Sat Oct 22 20:50:56 2022] GET /placement/allocations/c475672d-99ba-4c6a-abaa-3332a392534d => generated 259 bytes in 27 msecs (HTTP/1.1 200) 8 headers in 296 bytes (1 switches on core 0)
Oct 22 20:50:56.821343 ncdv-master-1 devstack@placement-api.service[123611]: DEBUG placement.requestlog [req-8e4c31ed-202b-47f8-ad64-20e1cd34b9af req-dda96e39-b15c-4357-bbeb-9d6c1d3b7fc3 None None] Starting request: 10.222.0.36 "GET /placement/allocations/fe83cd49-4ceb-49aa-a775-cc2a4229fd76" {{(pid=123611) __call__ /opt/stack/placement/placement/requestlog.py:55}}
Oct 22 20:50:56.849061 ncdv-master-1 devstack@placement-api.service[123611]: INFO placement.requestlog [req-8e4c31ed-202b-47f8-ad64-20e1cd34b9af req-dda96e39-b15c-4357-bbeb-9d6c1d3b7fc3 service placement] 10.222.0.36 "GET /placement/allocations/fe83cd49-4ceb-49aa-a775-cc2a4229fd76" status: 200 len: 259 microversion: 1.28
Oct 22 20:50:56.850771 ncdv-master-1 devstack@placement-api.service[123611]: [pid: 123611|app: 0|req: 103/203] 10.222.0.36 () {60 vars in 1377 bytes} [Sat Oct 22 20:50:56 2022] GET /placement/allocations/fe83cd49-4ceb-49aa-a775-cc2a4229fd76 => generated 259 bytes in 29 msecs (HTTP/1.1 200) 8 headers in 296 bytes (1 switches on core 0)
Oct 22 20:50:56.856687 ncdv-master-1 devstack@placement-api.service[123610]: DEBUG placement.requestlog [req-8e4c31ed-202b-47f8-ad64-20e1cd34b9af req-57157ddc-0176-415e-9ec1-4c8660481cee None None] Starting request: 10.222.0.36 "GET /placement/allocations/1d613848-05f4-478f-a569-b4c50576edb7" {{(pid=123610) __call__ /opt/stack/placement/placement/requestlog.py:55}}
Oct 22 20:50:56.877032 ncdv-master-1 devstack@placement-api.service[123610]: INFO placement.requestlog [req-8e4c31ed-202b-47f8-ad64-20e1cd34b9af req-57157ddc-0176-415e-9ec1-4c8660481cee service placement] 10.222.0.36 "GET /placement/allocations/1d613848-05f4-478f-a569-b4c50576edb7" status: 200 len: 259 microversion: 1.28
Oct 22 20:50:56.878298 ncdv-master-1 devstack@placement-api.service[123610]: [pid: 123610|app: 0|req: 101/204] 10.222.0.36 () {60 vars in 1377 bytes} [Sat Oct 22 20:50:56 2022] GET /placement/allocations/1d613848-05f4-478f-a569-b4c50576edb7 => generated 259 bytes in 22 msecs (HTTP/1.1 200) 8 headers in 296 bytes (1 switches on core 0)
Oct 22 20:50:56.905249 ncdv-master-1 devstack@placement-api.service[123611]: DEBUG placement.requestlog [req-8e4c31ed-202b-47f8-ad64-20e1cd34b9af req-2a9b8b74-3929-4a1e-95d3-449bfcfd80fd None None] Starting request: 10.222.0.36 "GET /placement/allocations/254dfdd3-3716-43cf-aadc-f678aff08d27" {{(pid=123611) __call__ /opt/stack/placement/placement/requestlog.py:55}}
Oct 22 20:50:56.932184 ncdv-master-1 devstack@placement-api.service[123611]: INFO placement.requestlog [req-8e4c31ed-202b-47f8-ad64-20e1cd34b9af req-2a9b8b74-3929-4a1e-95d3-449bfcfd80fd service placement] 10.222.0.36 "GET /placement/allocations/254dfdd3-3716-43cf-aadc-f678aff08d27" status: 200 len: 259 microversion: 1.28
Oct 22 20:50:56.933134 ncdv-master-1 devstack@placement-api.service[123611]: [pid: 123611|app: 0|req: 104/205] 10.222.0.36 () {60 vars in 1377 bytes} [Sat Oct 22 20:50:56 2022] GET /placement/allocations/254dfdd3-3716-43cf-aadc-f678aff08d27 => generated 259 bytes in 28 msecs (HTTP/1.1 200) 8 headers in 296 bytes (1 switches on core 0)
Oct 22 20:50:56.943136 ncdv-master-1 devstack@placement-api.service[123610]: DEBUG placement.requestlog [req-8e4c31ed-202b-47f8-ad64-20e1cd34b9af req-126de1d2-6e41-45f3-8d47-a04eb0c22364 None None] Starting request: 10.222.0.36 "GET /placement/allocations/69ed98a2-c208-4765-88b1-3e76a09cc481" {{(pid=123610) __call__ /opt/stack/placement/placement/requestlog.py:55}}
Oct 22 20:50:56.975713 ncdv-master-1 devstack@placement-api.service[123610]: INFO placement.requestlog [req-8e4c31ed-202b-47f8-ad64-20e1cd34b9af req-126de1d2-6e41-45f3-8d47-a04eb0c22364 service placement] 10.222.0.36 "GET /placement/allocations/69ed98a2-c208-4765-88b1-3e76a09cc481" status: 200 len: 259 microversion: 1.28
Oct 22 20:50:57.001475 ncdv-master-1 devstack@placement-api.service[123610]: [pid: 123610|app: 0|req: 102/206] 10.222.0.36 () {60 vars in 1377 bytes} [Sat Oct 22 20:50:56 2022] GET /placement/allocations/69ed98a2-c208-4765-88b1-3e76a09cc481 => generated 259 bytes in 58 msecs (HTTP/1.1 200) 8 headers in 296 bytes (1 switches on core 0)
Oct 22 20:50:57.009308 ncdv-master-1 devstack@placement-api.service[123611]: DEBUG placement.requestlog [req-8e4c31ed-202b-47f8-ad64-20e1cd34b9af req-70a0eee1-6d08-4b02-bccf-e499f1222faf None None] Starting request: 10.222.0.36 "GET /placement/allocations/4c53f81e-f4d8-4b41-b03a-ba9acb867226" {{(pid=123611) __call__ /opt/stack/placement/placement/requestlog.py:55}}
Oct 22 20:50:57.044061 ncdv-master-1 devstack@placement-api.service[123611]: INFO placement.requestlog [req-8e4c31ed-202b-47f8-ad64-20e1cd34b9af req-70a0eee1-6d08-4b02-bccf-e499f1222faf service placement] 10.222.0.36 "GET /placement/allocations/4c53f81e-f4d8-4b41-b03a-ba9acb867226" status: 200 len: 259 microversion: 1.28
Oct 22 20:50:57.047728 ncdv-master-1 devstack@placement-api.service[123611]: [pid: 123611|app: 0|req: 105/207] 10.222.0.36 () {60 vars in 1377 bytes} [Sat Oct 22 20:50:57 2022] GET /placement/allocations/4c53f81e-f4d8-4b41-b03a-ba9acb867226 => generated 259 bytes in 39 msecs (HTTP/1.1 200) 8 headers in 296 bytes (1 switches on core 0)
Oct 22 20:50:57.166032 ncdv-master-1 devstack@placement-api.service[123610]: DEBUG placement.requestlog [req-af0e7905-7b8d-4267-b19f-91b94a9980db req-18979fb1-bc7f-4f15-a189-9c20b2838961 None None] Starting request: 10.222.0.18 "GET /placement/allocation_candidates?resources=DISK_GB%3A1%2CMEMORY_MB%3A1024%2CVCPU%3A1&root_required=%21COMPUTE_STATUS_DISABLED" {{(pid=123610) __call__ /opt/stack/placement/placement/requestlog.py:55}}
Oct 22 20:50:57.333616 ncdv-master-1 devstack@placement-api.service[123610]: DEBUG placement.objects.research_context [req-af0e7905-7b8d-4267-b19f-91b94a9980db req-18979fb1-bc7f-4f15-a189-9c20b2838961 service placement] getting providers with 1 DISK_GB {{(pid=123610) __init__ /opt/stack/placement/placement/objects/research_context.py:136}}
Oct 22 20:50:57.368616 ncdv-master-1 devstack@placement-api.service[123610]: DEBUG placement.objects.research_context [req-af0e7905-7b8d-4267-b19f-91b94a9980db req-18979fb1-bc7f-4f15-a189-9c20b2838961 service placement] getting providers with 1024 MEMORY_MB {{(pid=123610) __init__ /opt/stack/placement/placement/objects/research_context.py:136}}
Oct 22 20:50:57.394305 ncdv-master-1 devstack@placement-api.service[123610]: DEBUG placement.objects.research_context [req-af0e7905-7b8d-4267-b19f-91b94a9980db req-18979fb1-bc7f-4f15-a189-9c20b2838961 service placement] getting providers with 1 VCPU {{(pid=123610) __init__ /opt/stack/placement/placement/objects/research_context.py:136}}
Oct 22 20:50:57.409794 ncdv-master-1 devstack@placement-api.service[123610]: DEBUG placement.objects.research_context [req-af0e7905-7b8d-4267-b19f-91b94a9980db req-18979fb1-bc7f-4f15-a189-9c20b2838961 service placement] found 2 providers with available 1 DISK_GB {{(pid=123610) get_provider_ids_matching /opt/stack/placement/placement/objects/research_context.py:563}}
Oct 22 20:50:57.412031 ncdv-master-1 devstack@placement-api.service[123610]: DEBUG placement.objects.research_context [req-af0e7905-7b8d-4267-b19f-91b94a9980db req-18979fb1-bc7f-4f15-a189-9c20b2838961 service placement] found 2 providers with available 1024 MEMORY_MB {{(pid=123610) get_provider_ids_matching /opt/stack/placement/placement/objects/research_context.py:563}}
Oct 22 20:50:57.412534 ncdv-master-1 devstack@placement-api.service[123610]: DEBUG placement.objects.research_context [req-af0e7905-7b8d-4267-b19f-91b94a9980db req-18979fb1-bc7f-4f15-a189-9c20b2838961 service placement] found 2 providers after filtering by previous result {{(pid=123610) get_provider_ids_matching /opt/stack/placement/placement/objects/research_context.py:594}}
Oct 22 20:50:57.413105 ncdv-master-1 devstack@placement-api.service[123610]: DEBUG placement.objects.research_context [req-af0e7905-7b8d-4267-b19f-91b94a9980db req-18979fb1-bc7f-4f15-a189-9c20b2838961 service placement] found 2 providers with available 1 VCPU {{(pid=123610) get_provider_ids_matching /opt/stack/placement/placement/objects/research_context.py:563}}
Oct 22 20:50:57.413592 ncdv-master-1 devstack@placement-api.service[123610]: DEBUG placement.objects.research_context [req-af0e7905-7b8d-4267-b19f-91b94a9980db req-18979fb1-bc7f-4f15-a189-9c20b2838961 service placement] found 2 providers after filtering by previous result {{(pid=123610) get_provider_ids_matching /opt/stack/placement/placement/objects/research_context.py:594}}
Oct 22 20:50:57.435938 ncdv-master-1 devstack@placement-api.service[123610]: DEBUG placement.objects.allocation_candidate [req-af0e7905-7b8d-4267-b19f-91b94a9980db req-18979fb1-bc7f-4f15-a189-9c20b2838961 service placement] RequestGroup(use_same_provider=False, resources={DISK_GB:1, MEMORY_MB:1024, VCPU:1}, traits=(), aggregates=[]) (suffix '') returned 2 matches {{(pid=123610) _get_by_requests /opt/stack/placement/placement/objects/allocation_candidate.py:156}}
Oct 22 20:50:57.436616 ncdv-master-1 devstack@placement-api.service[123610]: DEBUG placement.objects.allocation_candidate [req-af0e7905-7b8d-4267-b19f-91b94a9980db req-18979fb1-bc7f-4f15-a189-9c20b2838961 service placement] Merging candidates yields 2 allocation requests and 2 provider summaries {{(pid=123610) _merge_candidates /opt/stack/placement/placement/objects/allocation_candidate.py:809}}
Oct 22 20:50:57.438821 ncdv-master-1 devstack@placement-api.service[123610]: INFO placement.requestlog [req-af0e7905-7b8d-4267-b19f-91b94a9980db req-18979fb1-bc7f-4f15-a189-9c20b2838961 service placement] 10.222.0.18 "GET /placement/allocation_candidates?resources=DISK_GB%3A1%2CMEMORY_MB%3A1024%2CVCPU%3A1&root_required=%21COMPUTE_STATUS_DISABLED" status: 200 len: 1309 microversion: 1.36
Oct 22 20:50:57.447805 ncdv-master-1 devstack@placement-api.service[123610]: [pid: 123610|app: 0|req: 103/208] 10.222.0.18 () {60 vars in 1484 bytes} [Sat Oct 22 20:50:57 2022] GET /placement/allocation_candidates?resources=DISK_GB%3A1%2CMEMORY_MB%3A1024%2CVCPU%3A1&root_required=%21COMPUTE_STATUS_DISABLED => generated 1309 bytes in 281 msecs (HTTP/1.1 200) 8 headers in 297 bytes (1 switches on core 0)
Oct 22 20:50:57.769342 ncdv-master-1 devstack@placement-api.service[123611]: DEBUG placement.requestlog [req-af0e7905-7b8d-4267-b19f-91b94a9980db req-0a64ec30-0dc2-45c3-a7c3-cbc2f56b0a9e None None] Starting request: 10.222.0.18 "GET /placement/allocations/d992dc02-b690-452b-aaf2-1473b69a75cb" {{(pid=123611) __call__ /opt/stack/placement/placement/requestlog.py:55}}
Oct 22 20:50:57.792013 ncdv-master-1 devstack@placement-api.service[123611]: INFO placement.requestlog [req-af0e7905-7b8d-4267-b19f-91b94a9980db req-0a64ec30-0dc2-45c3-a7c3-cbc2f56b0a9e service placement] 10.222.0.18 "GET /placement/allocations/d992dc02-b690-452b-aaf2-1473b69a75cb" status: 200 len: 19 microversion: 1.28
Oct 22 20:50:57.792805 ncdv-master-1 devstack@placement-api.service[123611]: [pid: 123611|app: 0|req: 106/209] 10.222.0.18 () {60 vars in 1380 bytes} [Sat Oct 22 20:50:57 2022] GET /placement/allocations/d992dc02-b690-452b-aaf2-1473b69a75cb => generated 19 bytes in 24 msecs (HTTP/1.1 200) 8 headers in 295 bytes (1 switches on core 0)
Oct 22 20:50:57.800609 ncdv-master-1 devstack@placement-api.service[123610]: DEBUG placement.requestlog [req-af0e7905-7b8d-4267-b19f-91b94a9980db req-c79b30b1-e60b-4ce1-b2b4-55b441778e02 None None] Starting request: 10.222.0.18 "PUT /placement/allocations/d992dc02-b690-452b-aaf2-1473b69a75cb" {{(pid=123610) __call__ /opt/stack/placement/placement/requestlog.py:55}}
Oct 22 20:50:57.976248 ncdv-master-1 devstack@placement-api.service[123610]: DEBUG placement.handlers.allocation [req-af0e7905-7b8d-4267-b19f-91b94a9980db req-c79b30b1-e60b-4ce1-b2b4-55b441778e02 service placement] Successfully wrote allocations [, , ] {{(pid=123610) _update_consumers_and_create_allocations /opt/stack/placement/placement/handlers/allocation.py:462}}
Oct 22 20:50:57.989007 ncdv-master-1 devstack@placement-api.service[123610]: INFO placement.requestlog [req-af0e7905-7b8d-4267-b19f-91b94a9980db req-c79b30b1-e60b-4ce1-b2b4-55b441778e02 service placement] 10.222.0.18 "PUT /placement/allocations/d992dc02-b690-452b-aaf2-1473b69a75cb" status: 204 len: 0 microversion: 1.36
Oct 22 20:50:57.989805 ncdv-master-1 devstack@placement-api.service[123610]: [pid: 123610|app: 0|req: 104/210] 10.222.0.18 () {64 vars in 1433 bytes} [Sat Oct 22 20:50:57 2022] PUT /placement/allocations/d992dc02-b690-452b-aaf2-1473b69a75cb => generated 0 bytes in 189 msecs (HTTP/1.1 204) 5 headers in 199 bytes (1 switches on core 0)
Oct 22 20:50:58.003889 ncdv-master-1 devstack@placement-api.service[123611]: DEBUG placement.requestlog [req-af0e7905-7b8d-4267-b19f-91b94a9980db req-63229aa7-50e2-45d6-83af-184914889784 None None] Starting request: 10.222.0.18 "GET /placement/allocations/0923f68f-d334-4133-824a-7830b65acc28" {{(pid=123611) __call__ /opt/stack/placement/placement/requestlog.py:55}}
Oct 22 20:50:58.024584 ncdv-master-1 devstack@placement-api.service[123611]: INFO placement.requestlog [req-af0e7905-7b8d-4267-b19f-91b94a9980db req-63229aa7-50e2-45d6-83af-184914889784 service placement] 10.222.0.18 "GET /placement/allocations/0923f68f-d334-4133-824a-7830b65acc28" status: 200 len: 19 microversion: 1.28
Oct 22 20:50:58.025637 ncdv-master-1 devstack@placement-api.service[123611]: [pid: 123611|app: 0|req: 107/211] 10.222.0.18 () {60 vars in 1380 bytes} [Sat Oct 22 20:50:58 2022] GET /placement/allocations/0923f68f-d334-4133-824a-7830b65acc28 => generated 19 bytes in 22 msecs (HTTP/1.1 200) 8 headers in 295 bytes (1 switches on core 0)
Oct 22 20:50:58.032940 ncdv-master-1 devstack@placement-api.service[123610]: DEBUG placement.requestlog [req-af0e7905-7b8d-4267-b19f-91b94a9980db req-bb2ab066-bf5c-41a8-a632-7467a45291da None None] Starting request: 10.222.0.18 "PUT /placement/allocations/0923f68f-d334-4133-824a-7830b65acc28" {{(pid=123610) __call__ /opt/stack/placement/placement/requestlog.py:55}}
Oct 22 20:50:58.159467 ncdv-master-1 devstack@placement-api.service[123610]: DEBUG placement.handlers.allocation [req-af0e7905-7b8d-4267-b19f-91b94a9980db req-bb2ab066-bf5c-41a8-a632-7467a45291da service placement] Successfully wrote allocations [, , ] {{(pid=123610) _update_consumers_and_create_allocations /opt/stack/placement/placement/handlers/allocation.py:462}}
Oct 22 20:50:58.169141 ncdv-master-1 devstack@placement-api.service[123610]: INFO placement.requestlog [req-af0e7905-7b8d-4267-b19f-91b94a9980db req-bb2ab066-bf5c-41a8-a632-7467a45291da service placement] 10.222.0.18 "PUT /placement/allocations/0923f68f-d334-4133-824a-7830b65acc28" status: 204 len: 0 microversion: 1.36
Oct 22 20:50:58.170983 ncdv-master-1 devstack@placement-api.service[123610]: [pid: 123610|app: 0|req: 105/212] 10.222.0.18 () {64 vars in 1433 bytes} [Sat Oct 22 20:50:58 2022] PUT /placement/allocations/0923f68f-d334-4133-824a-7830b65acc28 => generated 0 bytes in 138 msecs (HTTP/1.1 204) 5 headers in 199 bytes (1 switches on core 0)
Oct 22 20:50:59.312944 ncdv-master-1 devstack@placement-api.service[123611]: DEBUG placement.requestlog [req-af0e7905-7b8d-4267-b19f-91b94a9980db req-e68d957f-8787-4cbe-b627-f701e32b794e None None] Starting request: 10.222.0.15 "GET /placement/allocations/0923f68f-d334-4133-824a-7830b65acc28" {{(pid=123611) __call__ /opt/stack/placement/placement/requestlog.py:55}}
Oct 22 20:50:59.324917 ncdv-master-1 devstack@placement-api.service[123610]: DEBUG placement.requestlog [req-af0e7905-7b8d-4267-b19f-91b94a9980db req-096a62da-f271-45e1-9429-215475d693b8 None None] Starting request: 10.222.0.15 "GET /placement/allocations/d992dc02-b690-452b-aaf2-1473b69a75cb" {{(pid=123610) __call__ /opt/stack/placement/placement/requestlog.py:55}}
Oct 22 20:50:59.337098 ncdv-master-1 devstack@placement-api.service[123611]: INFO placement.requestlog [req-af0e7905-7b8d-4267-b19f-91b94a9980db req-e68d957f-8787-4cbe-b627-f701e32b794e service placement] 10.222.0.15 "GET /placement/allocations/0923f68f-d334-4133-824a-7830b65acc28" status: 200 len: 259 microversion: 1.28
Oct 22 20:50:59.339702 ncdv-master-1 devstack@placement-api.service[123611]: [pid: 123611|app: 0|req: 108/213] 10.222.0.15 () {60 vars in 1377 bytes} [Sat Oct 22 20:50:59 2022] GET /placement/allocations/0923f68f-d334-4133-824a-7830b65acc28 => generated 259 bytes in 27 msecs (HTTP/1.1 200) 8 headers in 296 bytes (1 switches on core 0)
Oct 22 20:50:59.390212 ncdv-master-1 devstack@placement-api.service[123610]: INFO placement.requestlog [req-af0e7905-7b8d-4267-b19f-91b94a9980db req-096a62da-f271-45e1-9429-215475d693b8 service placement] 10.222.0.15 "GET /placement/allocations/d992dc02-b690-452b-aaf2-1473b69a75cb" status: 200 len: 259 microversion: 1.28
Oct 22 20:50:59.393333 ncdv-master-1 devstack@placement-api.service[123610]: [pid: 123610|app: 0|req: 106/214] 10.222.0.15 () {60 vars in 1377 bytes} [Sat Oct 22 20:50:59 2022] GET /placement/allocations/d992dc02-b690-452b-aaf2-1473b69a75cb => generated 259 bytes in 67 msecs (HTTP/1.1 200) 8 headers in 296 bytes (1 switches on core 0)
Oct 22 20:50:59.658885 ncdv-master-1 devstack@placement-api.service[123611]: DEBUG placement.requestlog [req-af0e7905-7b8d-4267-b19f-91b94a9980db req-e00f1107-33c6-4556-884c-d3b33cdd9781 None None] Starting request: 10.222.0.15 "GET /placement/resource_providers/82b2e70d-e53b-42b2-b365-9fc3a40c7b32/allocations" {{(pid=123611) __call__ /opt/stack/placement/placement/requestlog.py:55}}
Oct 22 20:50:59.688932 ncdv-master-1 devstack@placement-api.service[123611]: INFO placement.requestlog [req-af0e7905-7b8d-4267-b19f-91b94a9980db req-e00f1107-33c6-4556-884c-d3b33cdd9781 service placement] 10.222.0.15 "GET /placement/resource_providers/82b2e70d-e53b-42b2-b365-9fc3a40c7b32/allocations" status: 200 len: 558 microversion: 1.0
Oct 22 20:50:59.689392 ncdv-master-1 devstack@placement-api.service[123611]: [pid: 123611|app: 0|req: 109/215] 10.222.0.15 () {58 vars in 1390 bytes} [Sat Oct 22 20:50:59 2022] GET /placement/resource_providers/82b2e70d-e53b-42b2-b365-9fc3a40c7b32/allocations => generated 558 bytes in 31 msecs (HTTP/1.1 200) 6 headers in 224 bytes (1 switches on core 0)
Oct 22 20:50:59.789737 ncdv-master-1 devstack@placement-api.service[123610]: DEBUG placement.requestlog [req-af0e7905-7b8d-4267-b19f-91b94a9980db req-1de4dc9f-5f81-4bda-b7b1-7502a13f9d6e None None] Starting request: 10.222.0.15 "GET /placement/allocations/0923f68f-d334-4133-824a-7830b65acc28" {{(pid=123610) __call__ /opt/stack/placement/placement/requestlog.py:55}}
Oct 22 20:50:59.801934 ncdv-master-1 devstack@placement-api.service[123610]: DEBUG dbcounter [-] [123610] Writing DB stats placement:DELETE=7,placement:SELECT=75,placement:INSERT=12,placement:UPDATE=6 {{(pid=123610) stat_writer /usr/local/lib/python3.8/dist-packages/dbcounter.py:114}}
Oct 22 20:50:59.818508 ncdv-master-1 devstack@placement-api.service[123610]: INFO placement.requestlog [req-af0e7905-7b8d-4267-b19f-91b94a9980db req-1de4dc9f-5f81-4bda-b7b1-7502a13f9d6e service placement] 10.222.0.15 "GET /placement/allocations/0923f68f-d334-4133-824a-7830b65acc28" status: 200 len: 259 microversion: 1.28
Oct 22 20:50:59.819548 ncdv-master-1 devstack@placement-api.service[123610]: [pid: 123610|app: 0|req: 107/216] 10.222.0.15 () {60 vars in 1377 bytes} [Sat Oct 22 20:50:59 2022] GET /placement/allocations/0923f68f-d334-4133-824a-7830b65acc28 => generated 259 bytes in 31 msecs (HTTP/1.1 200) 8 headers in 296 bytes (1 switches on core 0)
Oct 22 20:50:59.830169 ncdv-master-1 devstack@placement-api.service[123611]: DEBUG placement.requestlog [req-af0e7905-7b8d-4267-b19f-91b94a9980db req-6576e8b9-4c8a-4c77-b07a-7c269d8a4dd7 None None] Starting request: 10.222.0.15 "GET /placement/allocations/65381d5e-1265-418b-ac70-4ef749d9af14" {{(pid=123611) __call__ /opt/stack/placement/placement/requestlog.py:55}}
Oct 22 20:50:59.856383 ncdv-master-1 devstack@placement-api.service[123611]: INFO placement.requestlog [req-af0e7905-7b8d-4267-b19f-91b94a9980db req-6576e8b9-4c8a-4c77-b07a-7c269d8a4dd7 service placement] 10.222.0.15 "GET /placement/allocations/65381d5e-1265-418b-ac70-4ef749d9af14" status: 200 len: 259 microversion: 1.28
Oct 22 20:50:59.857074 ncdv-master-1 devstack@placement-api.service[123611]: [pid: 123611|app: 0|req: 110/217] 10.222.0.15 () {60 vars in 1377 bytes} [Sat Oct 22 20:50:59 2022] GET /placement/allocations/65381d5e-1265-418b-ac70-4ef749d9af14 => generated 259 bytes in 27 msecs (HTTP/1.1 200) 8 headers in 296 bytes (1 switches on core 0)
Oct 22 20:50:59.870762 ncdv-master-1 devstack@placement-api.service[123610]: DEBUG placement.requestlog [req-af0e7905-7b8d-4267-b19f-91b94a9980db req-009785e2-7516-472a-b4de-eac1538f5770 None None] Starting request: 10.222.0.15 "GET /placement/allocations/a0e5e911-b98c-4535-ba1f-5d62bd7be0cc" {{(pid=123610) __call__ /opt/stack/placement/placement/requestlog.py:55}}
Oct 22 20:50:59.893626 ncdv-master-1 devstack@placement-api.service[123610]: INFO placement.requestlog [req-af0e7905-7b8d-4267-b19f-91b94a9980db req-009785e2-7516-472a-b4de-eac1538f5770 service placement] 10.222.0.15 "GET /placement/allocations/a0e5e911-b98c-4535-ba1f-5d62bd7be0cc" status: 200 len: 259 microversion: 1.28
Oct 22 20:50:59.894687 ncdv-master-1 devstack@placement-api.service[123610]: [pid: 123610|app: 0|req: 108/218] 10.222.0.15 () {60 vars in 1377 bytes} [Sat Oct 22 20:50:59 2022] GET /placement/allocations/a0e5e911-b98c-4535-ba1f-5d62bd7be0cc => generated 259 bytes in 24 msecs (HTTP/1.1 200) 8 headers in 296 bytes (1 switches on core 0)
Oct 22 20:50:59.902617 ncdv-master-1 devstack@placement-api.service[123611]: DEBUG placement.requestlog [req-af0e7905-7b8d-4267-b19f-91b94a9980db req-9f91acce-15c9-4d95-810f-4a2a781a910b None None] Starting request: 10.222.0.15 "GET /placement/allocations/2fd5e1d6-d8ce-4329-be1a-af924811d81c" {{(pid=123611) __call__ /opt/stack/placement/placement/requestlog.py:55}}
Oct 22 20:50:59.926303 ncdv-master-1 devstack@placement-api.service[123611]: INFO placement.requestlog [req-af0e7905-7b8d-4267-b19f-91b94a9980db req-9f91acce-15c9-4d95-810f-4a2a781a910b service placement] 10.222.0.15 "GET /placement/allocations/2fd5e1d6-d8ce-4329-be1a-af924811d81c" status: 200 len: 259 microversion: 1.28
Oct 22 20:50:59.926813 ncdv-master-1 devstack@placement-api.service[123611]: [pid: 123611|app: 0|req: 111/219] 10.222.0.15 () {60 vars in 1377 bytes} [Sat Oct 22 20:50:59 2022] GET /placement/allocations/2fd5e1d6-d8ce-4329-be1a-af924811d81c => generated 259 bytes in 24 msecs (HTTP/1.1 200) 8 headers in 296 bytes (1 switches on core 0)
Oct 22 20:50:59.937196 ncdv-master-1 devstack@placement-api.service[123610]: DEBUG placement.requestlog [req-af0e7905-7b8d-4267-b19f-91b94a9980db req-856b2bfa-e78e-453a-bff8-7d3b33afe8b9 None None] Starting request: 10.222.0.15 "GET /placement/allocations/d992dc02-b690-452b-aaf2-1473b69a75cb" {{(pid=123610) __call__ /opt/stack/placement/placement/requestlog.py:55}}
Oct 22 20:50:59.960250 ncdv-master-1 devstack@placement-api.service[123610]: INFO placement.requestlog [req-af0e7905-7b8d-4267-b19f-91b94a9980db req-856b2bfa-e78e-453a-bff8-7d3b33afe8b9 service placement] 10.222.0.15 "GET /placement/allocations/d992dc02-b690-452b-aaf2-1473b69a75cb" status: 200 len: 259 microversion: 1.28
Oct 22 20:50:59.960637 ncdv-master-1 devstack@placement-api.service[123610]: [pid: 123610|app: 0|req: 109/220] 10.222.0.15 () {60 vars in 1377 bytes} [Sat Oct 22 20:50:59 2022] GET /placement/allocations/d992dc02-b690-452b-aaf2-1473b69a75cb => generated 259 bytes in 24 msecs (HTTP/1.1 200) 8 headers in 296 bytes (1 switches on core 0)
Oct 22 20:51:00.456963 ncdv-master-1 devstack@placement-api.service[123611]: DEBUG placement.requestlog [req-af0e7905-7b8d-4267-b19f-91b94a9980db req-ec2d5ccb-f8dd-4e79-ad38-d44b948c6621 None None] Starting request: 10.222.0.15 "GET /placement/resource_providers/82b2e70d-e53b-42b2-b365-9fc3a40c7b32/allocations" {{(pid=123611) __call__ /opt/stack/placement/placement/requestlog.py:55}}
Oct 22 20:51:00.498464 ncdv-master-1 devstack@placement-api.service[123611]: INFO placement.requestlog [req-af0e7905-7b8d-4267-b19f-91b94a9980db req-ec2d5ccb-f8dd-4e79-ad38-d44b948c6621 service placement] 10.222.0.15 "GET /placement/resource_providers/82b2e70d-e53b-42b2-b365-9fc3a40c7b32/allocations" status: 200 len: 558 microversion: 1.0
Oct 22 20:51:00.502056 ncdv-master-1 devstack@placement-api.service[123611]: [pid: 123611|app: 0|req: 112/221] 10.222.0.15 () {58 vars in 1390 bytes} [Sat Oct 22 20:51:00 2022] GET /placement/resource_providers/82b2e70d-e53b-42b2-b365-9fc3a40c7b32/allocations => generated 558 bytes in 45 msecs (HTTP/1.1 200) 6 headers in 224 bytes (1 switches on core 0)
Oct 22 20:51:00.508774 ncdv-master-1 devstack@placement-api.service[123610]: DEBUG placement.requestlog [req-af0e7905-7b8d-4267-b19f-91b94a9980db req-17a5e687-fcfb-41fe-b1df-fbeab96321a6 None None] Starting request: 10.222.0.15 "GET /placement/allocations/0923f68f-d334-4133-824a-7830b65acc28" {{(pid=123610) __call__ /opt/stack/placement/placement/requestlog.py:55}}
Oct 22 20:51:00.550474 ncdv-master-1 devstack@placement-api.service[123610]: INFO placement.requestlog [req-af0e7905-7b8d-4267-b19f-91b94a9980db req-17a5e687-fcfb-41fe-b1df-fbeab96321a6 service placement] 10.222.0.15 "GET /placement/allocations/0923f68f-d334-4133-824a-7830b65acc28" status: 200 len: 259 microversion: 1.28
Oct 22 20:51:00.551993 ncdv-master-1 devstack@placement-api.service[123610]: [pid: 123610|app: 0|req: 110/222] 10.222.0.15 () {60 vars in 1377 bytes} [Sat Oct 22 20:51:00 2022] GET /placement/allocations/0923f68f-d334-4133-824a-7830b65acc28 => generated 259 bytes in 43 msecs (HTTP/1.1 200) 8 headers in 296 bytes (1 switches on core 0)
Oct 22 20:51:00.560003 ncdv-master-1 devstack@placement-api.service[123611]: DEBUG placement.requestlog [req-af0e7905-7b8d-4267-b19f-91b94a9980db req-e6f08696-68c2-4497-ae5d-804b157ce19b None None] Starting request: 10.222.0.15 "GET /placement/allocations/65381d5e-1265-418b-ac70-4ef749d9af14" {{(pid=123611) __call__ /opt/stack/placement/placement/requestlog.py:55}}
Oct 22 20:51:00.576154 ncdv-master-1 devstack@placement-api.service[123611]: DEBUG dbcounter [-] [123611] Writing DB stats placement:SELECT=90,placement:INSERT=6,placement:DELETE=2,placement:UPDATE=2 {{(pid=123611) stat_writer /usr/local/lib/python3.8/dist-packages/dbcounter.py:114}}
Oct 22 20:51:00.610796 ncdv-master-1 devstack@placement-api.service[123611]: INFO placement.requestlog [req-af0e7905-7b8d-4267-b19f-91b94a9980db req-e6f08696-68c2-4497-ae5d-804b157ce19b service placement] 10.222.0.15 "GET /placement/allocations/65381d5e-1265-418b-ac70-4ef749d9af14" status: 200 len: 259 microversion: 1.28
Oct 22 20:51:00.611802 ncdv-master-1 devstack@placement-api.service[123611]: [pid: 123611|app: 0|req: 113/223] 10.222.0.15 () {60 vars in 1377 bytes} [Sat Oct 22 20:51:00 2022] GET /placement/allocations/65381d5e-1265-418b-ac70-4ef749d9af14 => generated 259 bytes in 52 msecs (HTTP/1.1 200) 8 headers in 296 bytes (2 switches on core 0)
Oct 22 20:51:00.637639 ncdv-master-1 devstack@placement-api.service[123610]: DEBUG placement.requestlog [req-af0e7905-7b8d-4267-b19f-91b94a9980db req-567d433e-cdef-4f4d-8f10-0ef5897c5ae5 None None] Starting request: 10.222.0.15 "GET /placement/allocations/a0e5e911-b98c-4535-ba1f-5d62bd7be0cc" {{(pid=123610) __call__ /opt/stack/placement/placement/requestlog.py:55}}
Oct 22 20:51:00.664869 ncdv-master-1 devstack@placement-api.service[123610]: INFO placement.requestlog [req-af0e7905-7b8d-4267-b19f-91b94a9980db req-567d433e-cdef-4f4d-8f10-0ef5897c5ae5 service placement] 10.222.0.15 "GET /placement/allocations/a0e5e911-b98c-4535-ba1f-5d62bd7be0cc" status: 200 len: 259 microversion: 1.28
Oct 22 20:51:00.666342 ncdv-master-1 devstack@placement-api.service[123610]: [pid: 123610|app: 0|req: 111/224] 10.222.0.15 () {60 vars in 1377 bytes} [Sat Oct 22 20:51:00 2022] GET /placement/allocations/a0e5e911-b98c-4535-ba1f-5d62bd7be0cc => generated 259 bytes in 29 msecs (HTTP/1.1 200) 8 headers in 296 bytes (1 switches on core 0)
Oct 22 20:51:00.691674 ncdv-master-1 devstack@placement-api.service[123611]: DEBUG placement.requestlog [req-af0e7905-7b8d-4267-b19f-91b94a9980db req-65fe1be2-04f0-4736-9f1c-8919d639fcd4 None None] Starting request: 10.222.0.15 "GET /placement/allocations/2fd5e1d6-d8ce-4329-be1a-af924811d81c" {{(pid=123611) __call__ /opt/stack/placement/placement/requestlog.py:55}}
Oct 22 20:51:00.717769 ncdv-master-1 devstack@placement-api.service[123611]: INFO placement.requestlog [req-af0e7905-7b8d-4267-b19f-91b94a9980db req-65fe1be2-04f0-4736-9f1c-8919d639fcd4 service placement] 10.222.0.15 "GET /placement/allocations/2fd5e1d6-d8ce-4329-be1a-af924811d81c" status: 200 len: 259 microversion: 1.28
Oct 22 20:51:00.718476 ncdv-master-1 devstack@placement-api.service[123611]: [pid: 123611|app: 0|req: 114/225] 10.222.0.15 () {60 vars in 1377 bytes} [Sat Oct 22 20:51:00 2022] GET /placement/allocations/2fd5e1d6-d8ce-4329-be1a-af924811d81c => generated 259 bytes in 30 msecs (HTTP/1.1 200) 8 headers in 296 bytes (1 switches on core 0)
Oct 22 20:51:00.730999 ncdv-master-1 devstack@placement-api.service[123610]: DEBUG placement.requestlog [req-af0e7905-7b8d-4267-b19f-91b94a9980db req-584b54a5-e0c1-4ccb-9ea5-952b0ae1ce22 None None] Starting request: 10.222.0.15 "GET /placement/allocations/d992dc02-b690-452b-aaf2-1473b69a75cb" {{(pid=123610) __call__ /opt/stack/placement/placement/requestlog.py:55}}
Oct 22 20:51:00.756646 ncdv-master-1 devstack@placement-api.service[123610]: INFO placement.requestlog [req-af0e7905-7b8d-4267-b19f-91b94a9980db req-584b54a5-e0c1-4ccb-9ea5-952b0ae1ce22 service placement] 10.222.0.15 "GET /placement/allocations/d992dc02-b690-452b-aaf2-1473b69a75cb" status: 200 len: 259 microversion: 1.28
Oct 22 20:51:00.757468 ncdv-master-1 devstack@placement-api.service[123610]: [pid: 123610|app: 0|req: 112/226] 10.222.0.15 () {60 vars in 1377 bytes} [Sat Oct 22 20:51:00 2022] GET /placement/allocations/d992dc02-b690-452b-aaf2-1473b69a75cb => generated 259 bytes in 27 msecs (HTTP/1.1 200) 8 headers in 296 bytes (1 switches on core 0)
Oct 22 20:51:09.791096 ncdv-master-1 devstack@placement-api.service[123611]: DEBUG placement.requestlog [req-39764ac6-cf59-4d8d-901a-1d8492eeb3bc req-3f0933c2-6f20-4b38-96db-6dce7489870b None None] Starting request: 10.222.0.18 "GET /placement/allocation_candidates?limit=1000&resources=MEMORY_MB%3A1024%2CVCPU%3A1&root_required=%21COMPUTE_STATUS_DISABLED" {{(pid=123611) __call__ /opt/stack/placement/placement/requestlog.py:55}}
Oct 22 20:51:09.847558 ncdv-master-1 devstack@placement-api.service[123611]: DEBUG placement.objects.research_context [req-39764ac6-cf59-4d8d-901a-1d8492eeb3bc req-3f0933c2-6f20-4b38-96db-6dce7489870b service placement] getting providers with 1024 MEMORY_MB {{(pid=123611) __init__ /opt/stack/placement/placement/objects/research_context.py:136}}
Oct 22 20:51:09.853793 ncdv-master-1 devstack@placement-api.service[123611]: DEBUG placement.objects.research_context [req-39764ac6-cf59-4d8d-901a-1d8492eeb3bc req-3f0933c2-6f20-4b38-96db-6dce7489870b service placement] getting providers with 1 VCPU {{(pid=123611) __init__ /opt/stack/placement/placement/objects/research_context.py:136}}
Oct 22 20:51:09.859599 ncdv-master-1 devstack@placement-api.service[123611]: DEBUG placement.objects.research_context [req-39764ac6-cf59-4d8d-901a-1d8492eeb3bc req-3f0933c2-6f20-4b38-96db-6dce7489870b service placement] found 2 providers with available 1024 MEMORY_MB {{(pid=123611) get_provider_ids_matching /opt/stack/placement/placement/objects/research_context.py:563}}
Oct 22 20:51:09.859887 ncdv-master-1 devstack@placement-api.service[123611]: DEBUG placement.objects.research_context [req-39764ac6-cf59-4d8d-901a-1d8492eeb3bc req-3f0933c2-6f20-4b38-96db-6dce7489870b service placement] found 2 providers with available 1 VCPU {{(pid=123611) get_provider_ids_matching /opt/stack/placement/placement/objects/research_context.py:563}}
Oct 22 20:51:09.860141 ncdv-master-1 devstack@placement-api.service[123611]: DEBUG placement.objects.research_context [req-39764ac6-cf59-4d8d-901a-1d8492eeb3bc req-3f0933c2-6f20-4b38-96db-6dce7489870b service placement] found 2 providers after filtering by previous result {{(pid=123611) get_provider_ids_matching /opt/stack/placement/placement/objects/research_context.py:594}}
Oct 22 20:51:09.871229 ncdv-master-1 devstack@placement-api.service[123611]: DEBUG placement.objects.allocation_candidate [req-39764ac6-cf59-4d8d-901a-1d8492eeb3bc req-3f0933c2-6f20-4b38-96db-6dce7489870b service placement] RequestGroup(use_same_provider=False, resources={MEMORY_MB:1024, VCPU:1}, traits=(), aggregates=[]) (suffix '') returned 2 matches {{(pid=123611) _get_by_requests /opt/stack/placement/placement/objects/allocation_candidate.py:156}}
Oct 22 20:51:09.871617 ncdv-master-1 devstack@placement-api.service[123611]: DEBUG placement.objects.allocation_candidate [req-39764ac6-cf59-4d8d-901a-1d8492eeb3bc req-3f0933c2-6f20-4b38-96db-6dce7489870b service placement] Merging candidates yields 2 allocation requests and 2 provider summaries {{(pid=123611) _merge_candidates /opt/stack/placement/placement/objects/allocation_candidate.py:809}}
Oct 22 20:51:09.873183 ncdv-master-1 devstack@placement-api.service[123611]: INFO placement.requestlog [req-39764ac6-cf59-4d8d-901a-1d8492eeb3bc req-3f0933c2-6f20-4b38-96db-6dce7489870b service placement] 10.222.0.18 "GET /placement/allocation_candidates?limit=1000&resources=MEMORY_MB%3A1024%2CVCPU%3A1&root_required=%21COMPUTE_STATUS_DISABLED" status: 200 len: 1281 microversion: 1.36
Oct 22 20:51:09.873735 ncdv-master-1 devstack@placement-api.service[123611]: [pid: 123611|app: 0|req: 115/227] 10.222.0.18 () {60 vars in 1478 bytes} [Sat Oct 22 20:51:09 2022] GET /placement/allocation_candidates?limit=1000&resources=MEMORY_MB%3A1024%2CVCPU%3A1&root_required=%21COMPUTE_STATUS_DISABLED => generated 1281 bytes in 83 msecs (HTTP/1.1 200) 8 headers in 297 bytes (1 switches on core 0)
Oct 22 20:51:09.982805 ncdv-master-1 devstack@placement-api.service[123610]: DEBUG placement.requestlog [req-39764ac6-cf59-4d8d-901a-1d8492eeb3bc req-b6749b21-910e-4d2b-8f7c-75c4b19b2392 None None] Starting request: 10.222.0.18 "GET /placement/allocations/58846d5b-1bfa-42cd-92a3-546b110ff64b" {{(pid=123610) __call__ /opt/stack/placement/placement/requestlog.py:55}}
Oct 22 20:51:10.002813 ncdv-master-1 devstack@placement-api.service[123610]: INFO placement.requestlog [req-39764ac6-cf59-4d8d-901a-1d8492eeb3bc req-b6749b21-910e-4d2b-8f7c-75c4b19b2392 service placement] 10.222.0.18 "GET /placement/allocations/58846d5b-1bfa-42cd-92a3-546b110ff64b" status: 200 len: 19 microversion: 1.28
Oct 22 20:51:10.003303 ncdv-master-1 devstack@placement-api.service[123610]: [pid: 123610|app: 0|req: 113/228] 10.222.0.18 () {60 vars in 1380 bytes} [Sat Oct 22 20:51:09 2022] GET /placement/allocations/58846d5b-1bfa-42cd-92a3-546b110ff64b => generated 19 bytes in 21 msecs (HTTP/1.1 200) 8 headers in 295 bytes (1 switches on core 0)
Oct 22 20:51:10.010543 ncdv-master-1 devstack@placement-api.service[123611]: DEBUG placement.requestlog [req-39764ac6-cf59-4d8d-901a-1d8492eeb3bc req-f1209ee2-a8ad-4410-95c5-f224ddbcbe98 None None] Starting request: 10.222.0.18 "PUT /placement/allocations/58846d5b-1bfa-42cd-92a3-546b110ff64b" {{(pid=123611) __call__ /opt/stack/placement/placement/requestlog.py:55}}
Oct 22 20:51:10.109955 ncdv-master-1 devstack@placement-api.service[123611]: DEBUG placement.handlers.allocation [req-39764ac6-cf59-4d8d-901a-1d8492eeb3bc req-f1209ee2-a8ad-4410-95c5-f224ddbcbe98 service placement] Successfully wrote allocations [, ] {{(pid=123611) _update_consumers_and_create_allocations /opt/stack/placement/placement/handlers/allocation.py:462}}
Oct 22 20:51:10.116335 ncdv-master-1 devstack@placement-api.service[123611]: INFO placement.requestlog [req-39764ac6-cf59-4d8d-901a-1d8492eeb3bc req-f1209ee2-a8ad-4410-95c5-f224ddbcbe98 service placement] 10.222.0.18 "PUT /placement/allocations/58846d5b-1bfa-42cd-92a3-546b110ff64b" status: 204 len: 0 microversion: 1.36
Oct 22 20:51:10.116915 ncdv-master-1 devstack@placement-api.service[123611]: [pid: 123611|app: 0|req: 116/229] 10.222.0.18 () {64 vars in 1433 bytes} [Sat Oct 22 20:51:10 2022] PUT /placement/allocations/58846d5b-1bfa-42cd-92a3-546b110ff64b => generated 0 bytes in 107 msecs (HTTP/1.1 204) 5 headers in 199 bytes (2 switches on core 0)
Oct 22 20:51:10.549305 ncdv-master-1 devstack@placement-api.service[123610]: DEBUG placement.requestlog [req-ece5bb64-f995-4ac3-9651-11e2a42aa697 req-2f767327-1724-4c2f-bed9-d04350ce3fe1 None None] Starting request: 10.222.0.15 "GET /placement/resource_providers/82b2e70d-e53b-42b2-b365-9fc3a40c7b32/allocations" {{(pid=123610) __call__ /opt/stack/placement/placement/requestlog.py:55}}
Oct 22 20:51:10.787879 ncdv-master-1 devstack@placement-api.service[123610]: INFO placement.requestlog [req-ece5bb64-f995-4ac3-9651-11e2a42aa697 req-2f767327-1724-4c2f-bed9-d04350ce3fe1 service placement] 10.222.0.15 "GET /placement/resource_providers/82b2e70d-e53b-42b2-b365-9fc3a40c7b32/allocations" status: 200 len: 558 microversion: 1.0
Oct 22 20:51:10.788649 ncdv-master-1 devstack@placement-api.service[123610]: [pid: 123610|app: 0|req: 114/230] 10.222.0.15 () {58 vars in 1390 bytes} [Sat Oct 22 20:51:10 2022] GET /placement/resource_providers/82b2e70d-e53b-42b2-b365-9fc3a40c7b32/allocations => generated 558 bytes in 240 msecs (HTTP/1.1 200) 6 headers in 224 bytes (2 switches on core 0)
Oct 22 20:51:10.848436 ncdv-master-1 devstack@placement-api.service[123611]: DEBUG placement.requestlog [req-39764ac6-cf59-4d8d-901a-1d8492eeb3bc req-0c7c3227-f3ad-4354-ac69-a39c89e9acfa None None] Starting request: 10.222.0.36 "GET /placement/allocations/58846d5b-1bfa-42cd-92a3-546b110ff64b" {{(pid=123611) __call__ /opt/stack/placement/placement/requestlog.py:55}}
Oct 22 20:51:10.855331 ncdv-master-1 devstack@placement-api.service[123610]: DEBUG placement.requestlog [req-ece5bb64-f995-4ac3-9651-11e2a42aa697 req-bfe8caee-49f8-43f2-ac03-dc7d6019624b None None] Starting request: 10.222.0.15 "GET /placement/resource_providers?in_tree=82b2e70d-e53b-42b2-b365-9fc3a40c7b32" {{(pid=123610) __call__ /opt/stack/placement/placement/requestlog.py:55}}
Oct 22 20:51:10.866863 ncdv-master-1 devstack@placement-api.service[123611]: INFO placement.requestlog [req-39764ac6-cf59-4d8d-901a-1d8492eeb3bc req-0c7c3227-f3ad-4354-ac69-a39c89e9acfa service placement] 10.222.0.36 "GET /placement/allocations/58846d5b-1bfa-42cd-92a3-546b110ff64b" status: 200 len: 245 microversion: 1.28
Oct 22 20:51:10.867718 ncdv-master-1 devstack@placement-api.service[123611]: [pid: 123611|app: 0|req: 117/231] 10.222.0.36 () {60 vars in 1377 bytes} [Sat Oct 22 20:51:10 2022] GET /placement/allocations/58846d5b-1bfa-42cd-92a3-546b110ff64b => generated 245 bytes in 20 msecs (HTTP/1.1 200) 8 headers in 296 bytes (1 switches on core 0)
Oct 22 20:51:10.905552 ncdv-master-1 devstack@placement-api.service[123610]: INFO placement.requestlog [req-ece5bb64-f995-4ac3-9651-11e2a42aa697 req-bfe8caee-49f8-43f2-ac03-dc7d6019624b service placement] 10.222.0.15 "GET /placement/resource_providers?in_tree=82b2e70d-e53b-42b2-b365-9fc3a40c7b32" status: 200 len: 863 microversion: 1.14
Oct 22 20:51:10.906264 ncdv-master-1 devstack@placement-api.service[123610]: [pid: 123610|app: 0|req: 115/232] 10.222.0.15 () {60 vars in 1376 bytes} [Sat Oct 22 20:51:10 2022] GET /placement/resource_providers?in_tree=82b2e70d-e53b-42b2-b365-9fc3a40c7b32 => generated 863 bytes in 51 msecs (HTTP/1.1 200) 6 headers in 225 bytes (1 switches on core 0)
Oct 22 20:51:11.035624 ncdv-master-1 devstack@placement-api.service[123611]: DEBUG placement.requestlog [req-39764ac6-cf59-4d8d-901a-1d8492eeb3bc req-c0f95775-8d26-4b0d-a6e5-89f8cf5323cc None None] Starting request: 10.222.0.36 "GET /placement/resource_providers/f4f18686-9f51-4c82-af4c-0f0c6765a1ba/allocations" {{(pid=123611) __call__ /opt/stack/placement/placement/requestlog.py:55}}
Oct 22 20:51:11.071296 ncdv-master-1 devstack@placement-api.service[123611]: INFO placement.requestlog [req-39764ac6-cf59-4d8d-901a-1d8492eeb3bc req-c0f95775-8d26-4b0d-a6e5-89f8cf5323cc service placement] 10.222.0.36 "GET /placement/resource_providers/f4f18686-9f51-4c82-af4c-0f0c6765a1ba/allocations" status: 200 len: 746 microversion: 1.0
Oct 22 20:51:11.071812 ncdv-master-1 devstack@placement-api.service[123611]: [pid: 123611|app: 0|req: 118/233] 10.222.0.36 () {58 vars in 1390 bytes} [Sat Oct 22 20:51:11 2022] GET /placement/resource_providers/f4f18686-9f51-4c82-af4c-0f0c6765a1ba/allocations => generated 746 bytes in 36 msecs (HTTP/1.1 200) 6 headers in 224 bytes (1 switches on core 0)
Oct 22 20:51:11.532525 ncdv-master-1 devstack@placement-api.service[123610]: DEBUG placement.requestlog [req-39764ac6-cf59-4d8d-901a-1d8492eeb3bc req-f4bda19f-b148-485c-9176-8361c523479f None None] Starting request: 10.222.0.36 "GET /placement/allocations/c475672d-99ba-4c6a-abaa-3332a392534d" {{(pid=123610) __call__ /opt/stack/placement/placement/requestlog.py:55}}
Oct 22 20:51:11.792841 ncdv-master-1 devstack@placement-api.service[123610]: INFO placement.requestlog [req-39764ac6-cf59-4d8d-901a-1d8492eeb3bc req-f4bda19f-b148-485c-9176-8361c523479f service placement] 10.222.0.36 "GET /placement/allocations/c475672d-99ba-4c6a-abaa-3332a392534d" status: 200 len: 259 microversion: 1.28
Oct 22 20:51:11.793204 ncdv-master-1 devstack@placement-api.service[123610]: [pid: 123610|app: 0|req: 116/234] 10.222.0.36 () {60 vars in 1377 bytes} [Sat Oct 22 20:51:11 2022] GET /placement/allocations/c475672d-99ba-4c6a-abaa-3332a392534d => generated 259 bytes in 261 msecs (HTTP/1.1 200) 8 headers in 296 bytes (2 switches on core 0)
Oct 22 20:51:11.803017 ncdv-master-1 devstack@placement-api.service[123611]: DEBUG placement.requestlog [req-39764ac6-cf59-4d8d-901a-1d8492eeb3bc req-39c8e2dc-8f5e-4f43-a4d6-7d14d1bfbd6e None None] Starting request: 10.222.0.36 "GET /placement/allocations/58846d5b-1bfa-42cd-92a3-546b110ff64b" {{(pid=123611) __call__ /opt/stack/placement/placement/requestlog.py:55}}
Oct 22 20:51:11.828062 ncdv-master-1 devstack@placement-api.service[123611]: INFO placement.requestlog [req-39764ac6-cf59-4d8d-901a-1d8492eeb3bc req-39c8e2dc-8f5e-4f43-a4d6-7d14d1bfbd6e service placement] 10.222.0.36 "GET /placement/allocations/58846d5b-1bfa-42cd-92a3-546b110ff64b" status: 200 len: 245 microversion: 1.28
Oct 22 20:51:11.829008 ncdv-master-1 devstack@placement-api.service[123611]: [pid: 123611|app: 0|req: 119/235] 10.222.0.36 () {60 vars in 1377 bytes} [Sat Oct 22 20:51:11 2022] GET /placement/allocations/58846d5b-1bfa-42cd-92a3-546b110ff64b => generated 245 bytes in 26 msecs (HTTP/1.1 200) 8 headers in 296 bytes (1 switches on core 0)
Oct 22 20:51:11.833740 ncdv-master-1 devstack@placement-api.service[123610]: DEBUG placement.requestlog [req-ece5bb64-f995-4ac3-9651-11e2a42aa697 req-ea9125bc-1fed-45de-b9a1-66f2ce283d7d None None] Starting request: 10.222.0.15 "GET /placement/resource_providers/82b2e70d-e53b-42b2-b365-9fc3a40c7b32/inventories" {{(pid=123610) __call__ /opt/stack/placement/placement/requestlog.py:55}}
Oct 22 20:51:11.868243 ncdv-master-1 devstack@placement-api.service[123610]: INFO placement.requestlog [req-ece5bb64-f995-4ac3-9651-11e2a42aa697 req-ea9125bc-1fed-45de-b9a1-66f2ce283d7d service placement] 10.222.0.15 "GET /placement/resource_providers/82b2e70d-e53b-42b2-b365-9fc3a40c7b32/inventories" status: 200 len: 397 microversion: 1.0
Oct 22 20:51:11.869115 ncdv-master-1 devstack@placement-api.service[123610]: [pid: 123610|app: 0|req: 117/236] 10.222.0.15 () {58 vars in 1390 bytes} [Sat Oct 22 20:51:11 2022] GET /placement/resource_providers/82b2e70d-e53b-42b2-b365-9fc3a40c7b32/inventories => generated 397 bytes in 36 msecs (HTTP/1.1 200) 6 headers in 224 bytes (1 switches on core 0)
Oct 22 20:51:11.879498 ncdv-master-1 devstack@placement-api.service[123611]: DEBUG placement.requestlog [req-ece5bb64-f995-4ac3-9651-11e2a42aa697 req-28739fae-2e4e-4262-95e2-c4cc4b259544 None None] Starting request: 10.222.0.15 "GET /placement/resource_providers/82b2e70d-e53b-42b2-b365-9fc3a40c7b32/aggregates" {{(pid=123611) __call__ /opt/stack/placement/placement/requestlog.py:55}}
Oct 22 20:51:11.901243 ncdv-master-1 devstack@placement-api.service[123610]: DEBUG placement.requestlog [req-39764ac6-cf59-4d8d-901a-1d8492eeb3bc req-1dd63f09-9ae3-4dbc-9c26-d984266b2e77 None None] Starting request: 10.222.0.36 "GET /placement/allocations/fe83cd49-4ceb-49aa-a775-cc2a4229fd76" {{(pid=123610) __call__ /opt/stack/placement/placement/requestlog.py:55}}
Oct 22 20:51:11.918466 ncdv-master-1 devstack@placement-api.service[123611]: INFO placement.requestlog [req-ece5bb64-f995-4ac3-9651-11e2a42aa697 req-28739fae-2e4e-4262-95e2-c4cc4b259544 service placement] 10.222.0.15 "GET /placement/resource_providers/82b2e70d-e53b-42b2-b365-9fc3a40c7b32/aggregates" status: 200 len: 54 microversion: 1.19
Oct 22 20:51:11.921270 ncdv-master-1 devstack@placement-api.service[123611]: [pid: 123611|app: 0|req: 120/237] 10.222.0.15 () {60 vars in 1431 bytes} [Sat Oct 22 20:51:11 2022] GET /placement/resource_providers/82b2e70d-e53b-42b2-b365-9fc3a40c7b32/aggregates => generated 54 bytes in 42 msecs (HTTP/1.1 200) 8 headers in 295 bytes (1 switches on core 0)
Oct 22 20:51:11.935717 ncdv-master-1 devstack@placement-api.service[123610]: INFO placement.requestlog [req-39764ac6-cf59-4d8d-901a-1d8492eeb3bc req-1dd63f09-9ae3-4dbc-9c26-d984266b2e77 service placement] 10.222.0.36 "GET /placement/allocations/fe83cd49-4ceb-49aa-a775-cc2a4229fd76" status: 200 len: 259 microversion: 1.28
Oct 22 20:51:11.936705 ncdv-master-1 devstack@placement-api.service[123610]: [pid: 123610|app: 0|req: 118/238] 10.222.0.36 () {60 vars in 1377 bytes} [Sat Oct 22 20:51:11 2022] GET /placement/allocations/fe83cd49-4ceb-49aa-a775-cc2a4229fd76 => generated 259 bytes in 36 msecs (HTTP/1.1 200) 8 headers in 296 bytes (1 switches on core 0)
Oct 22 20:51:11.949790 ncdv-master-1 devstack@placement-api.service[123611]: DEBUG placement.requestlog [req-ece5bb64-f995-4ac3-9651-11e2a42aa697 req-5493c5fb-d74d-4e53-b83d-9fce4b0bdd0d None None] Starting request: 10.222.0.15 "GET /placement/resource_providers/82b2e70d-e53b-42b2-b365-9fc3a40c7b32/traits" {{(pid=123611) __call__ /opt/stack/placement/placement/requestlog.py:55}}
Oct 22 20:51:12.001546 ncdv-master-1 devstack@placement-api.service[123611]: INFO placement.requestlog [req-ece5bb64-f995-4ac3-9651-11e2a42aa697 req-5493c5fb-d74d-4e53-b83d-9fce4b0bdd0d service placement] 10.222.0.15 "GET /placement/resource_providers/82b2e70d-e53b-42b2-b365-9fc3a40c7b32/traits" status: 200 len: 212 microversion: 1.6
Oct 22 20:51:12.002426 ncdv-master-1 devstack@placement-api.service[123611]: [pid: 123611|app: 0|req: 121/239] 10.222.0.15 () {60 vars in 1418 bytes} [Sat Oct 22 20:51:11 2022] GET /placement/resource_providers/82b2e70d-e53b-42b2-b365-9fc3a40c7b32/traits => generated 212 bytes in 54 msecs (HTTP/1.1 200) 6 headers in 224 bytes (1 switches on core 0)
Oct 22 20:51:12.021568 ncdv-master-1 devstack@placement-api.service[123610]: DEBUG placement.requestlog [req-ece5bb64-f995-4ac3-9651-11e2a42aa697 req-5defd3d2-f137-4f84-8a75-65cece2daf89 None None] Starting request: 10.222.0.15 "GET /placement/resource_providers/82b2e70d-e53b-42b2-b365-9fc3a40c7b32/allocations" {{(pid=123610) __call__ /opt/stack/placement/placement/requestlog.py:55}}
Oct 22 20:51:12.032178 ncdv-master-1 devstack@placement-api.service[123611]: DEBUG placement.requestlog [req-39764ac6-cf59-4d8d-901a-1d8492eeb3bc req-e054219d-e01a-48cf-8dbd-285a3a1bcb06 None None] Starting request: 10.222.0.36 "GET /placement/allocations/1d613848-05f4-478f-a569-b4c50576edb7" {{(pid=123611) __call__ /opt/stack/placement/placement/requestlog.py:55}}
Oct 22 20:51:12.057049 ncdv-master-1 devstack@placement-api.service[123611]: INFO placement.requestlog [req-39764ac6-cf59-4d8d-901a-1d8492eeb3bc req-e054219d-e01a-48cf-8dbd-285a3a1bcb06 service placement] 10.222.0.36 "GET /placement/allocations/1d613848-05f4-478f-a569-b4c50576edb7" status: 200 len: 259 microversion: 1.28
Oct 22 20:51:12.058423 ncdv-master-1 devstack@placement-api.service[123611]: [pid: 123611|app: 0|req: 122/240] 10.222.0.36 () {60 vars in 1377 bytes} [Sat Oct 22 20:51:12 2022] GET /placement/allocations/1d613848-05f4-478f-a569-b4c50576edb7 => generated 259 bytes in 29 msecs (HTTP/1.1 200) 8 headers in 296 bytes (1 switches on core 0)
Oct 22 20:51:12.067517 ncdv-master-1 devstack@placement-api.service[123611]: DEBUG placement.requestlog [req-39764ac6-cf59-4d8d-901a-1d8492eeb3bc req-8e392f9f-40aa-4a75-ae95-ec729dc904e4 None None] Starting request: 10.222.0.36 "GET /placement/allocations/254dfdd3-3716-43cf-aadc-f678aff08d27" {{(pid=123611) __call__ /opt/stack/placement/placement/requestlog.py:55}}
