Oct 08 20:59:26.532101 ncdv-master-1 devstack@placement-api.service[125327]: INFO placement.requestlog [req-fb50df14-658b-44ba-9d2d-e3810f7569a5 req-17c5f5fb-9b68-45da-904a-0227213eb32c service placement] 10.222.0.45 "GET /placement/resource_providers?in_tree=b99753ea-e256-4e43-b179-bdb36c3e01a0" status: 200 len: 863 microversion: 1.14
Oct 08 20:59:26.536307 ncdv-master-1 devstack@placement-api.service[125327]: [pid: 125327|app: 0|req: 506/1007] 10.222.0.45 () {60 vars in 1376 bytes} [Sat Oct 8 20:59:26 2022] GET /placement/resource_providers?in_tree=b99753ea-e256-4e43-b179-bdb36c3e01a0 => generated 863 bytes in 84 msecs (HTTP/1.1 200) 6 headers in 225 bytes (1 switches on core 0)
Oct 08 20:59:26.544513 ncdv-master-1 devstack@placement-api.service[125328]: DEBUG placement.requestlog [req-fb50df14-658b-44ba-9d2d-e3810f7569a5 req-3346cf2b-9021-40d2-bef8-e3bc052783d6 None None] Starting request: 10.222.0.45 "GET /placement/resource_providers/b99753ea-e256-4e43-b179-bdb36c3e01a0/inventories" {{(pid=125328) __call__ /opt/stack/placement/placement/requestlog.py:55}}
Oct 08 20:59:26.553878 ncdv-master-1 devstack@placement-api.service[125328]: DEBUG dbcounter [-] [125328] Writing DB stats placement:SELECT=88,placement:DELETE=4,placement:INSERT=6,placement:UPDATE=2 {{(pid=125328) stat_writer /usr/local/lib/python3.8/dist-packages/dbcounter.py:114}}
Oct 08 20:59:26.630798 ncdv-master-1 devstack@placement-api.service[125328]: INFO placement.requestlog [req-fb50df14-658b-44ba-9d2d-e3810f7569a5 req-3346cf2b-9021-40d2-bef8-e3bc052783d6 service placement] 10.222.0.45 "GET /placement/resource_providers/b99753ea-e256-4e43-b179-bdb36c3e01a0/inventories" status: 200 len: 397 microversion: 1.0
Oct 08 20:59:26.639758 ncdv-master-1 devstack@placement-api.service[125328]: [pid: 125328|app: 0|req: 502/1008] 10.222.0.45 () {58 vars in 1390 bytes} [Sat Oct 8 20:59:26 2022] GET /placement/resource_providers/b99753ea-e256-4e43-b179-bdb36c3e01a0/inventories => generated 397 bytes in 96 msecs (HTTP/1.1 200) 6 headers in 224 bytes (2 switches on core 0)
Oct 08 20:59:26.651533 ncdv-master-1 devstack@placement-api.service[125327]: DEBUG placement.requestlog [req-fb50df14-658b-44ba-9d2d-e3810f7569a5 req-0f2542d0-cc7c-421f-92ff-798cecea84f2 None None] Starting request: 10.222.0.45 "GET /placement/resource_providers/b99753ea-e256-4e43-b179-bdb36c3e01a0/aggregates" {{(pid=125327) __call__ /opt/stack/placement/placement/requestlog.py:55}}
Oct 08 20:59:26.669024 ncdv-master-1 devstack@placement-api.service[125327]: DEBUG dbcounter [-] [125327] Writing DB stats placement:SELECT=92,placement:INSERT=4,placement:DELETE=2,placement:UPDATE=2 {{(pid=125327) stat_writer /usr/local/lib/python3.8/dist-packages/dbcounter.py:114}}
Oct 08 20:59:26.699357 ncdv-master-1 devstack@placement-api.service[125327]: INFO placement.requestlog [req-fb50df14-658b-44ba-9d2d-e3810f7569a5 req-0f2542d0-cc7c-421f-92ff-798cecea84f2 service placement] 10.222.0.45 "GET /placement/resource_providers/b99753ea-e256-4e43-b179-bdb36c3e01a0/aggregates" status: 200 len: 54 microversion: 1.19
Oct 08 20:59:26.700028 ncdv-master-1 devstack@placement-api.service[125327]: [pid: 125327|app: 0|req: 507/1009] 10.222.0.45 () {60 vars in 1431 bytes} [Sat Oct 8 20:59:26 2022] GET /placement/resource_providers/b99753ea-e256-4e43-b179-bdb36c3e01a0/aggregates => generated 54 bytes in 49 msecs (HTTP/1.1 200) 8 headers in 295 bytes (2 switches on core 0)
Oct 08 20:59:26.726736 ncdv-master-1 devstack@placement-api.service[125328]: DEBUG placement.requestlog [req-fb50df14-658b-44ba-9d2d-e3810f7569a5 req-e8a8376e-ce6e-47aa-87a9-7f6ea2a71cfd None None] Starting request: 10.222.0.45 "GET /placement/resource_providers/b99753ea-e256-4e43-b179-bdb36c3e01a0/traits" {{(pid=125328) __call__ /opt/stack/placement/placement/requestlog.py:55}}
Oct 08 20:59:26.805447 ncdv-master-1 devstack@placement-api.service[125327]: DEBUG placement.requestlog [req-5ebbfc3f-b74a-4f73-877e-e563feb8cd8c req-95b84aa9-d9cc-4cd6-9268-6e6266b358f5 None None] Starting request: 10.222.0.50 "GET /placement/resource_providers/a41d0382-68d1-476d-8c0a-f7ab76a39bb6/allocations" {{(pid=125327) __call__ /opt/stack/placement/placement/requestlog.py:55}}
Oct 08 20:59:26.857464 ncdv-master-1 devstack@placement-api.service[125328]: INFO placement.requestlog [req-fb50df14-658b-44ba-9d2d-e3810f7569a5 req-e8a8376e-ce6e-47aa-87a9-7f6ea2a71cfd service placement] 10.222.0.45 "GET /placement/resource_providers/b99753ea-e256-4e43-b179-bdb36c3e01a0/traits" status: 200 len: 212 microversion: 1.6
Oct 08 20:59:26.858228 ncdv-master-1 devstack@placement-api.service[125328]: [pid: 125328|app: 0|req: 503/1010] 10.222.0.45 () {60 vars in 1418 bytes} [Sat Oct 8 20:59:26 2022] GET /placement/resource_providers/b99753ea-e256-4e43-b179-bdb36c3e01a0/traits => generated 212 bytes in 132 msecs (HTTP/1.1 200) 6 headers in 224 bytes (2 switches on core 0)
Oct 08 20:59:26.861057 ncdv-master-1 devstack@placement-api.service[125327]: INFO placement.requestlog [req-5ebbfc3f-b74a-4f73-877e-e563feb8cd8c req-95b84aa9-d9cc-4cd6-9268-6e6266b358f5 service placement] 10.222.0.50 "GET /placement/resource_providers/a41d0382-68d1-476d-8c0a-f7ab76a39bb6/allocations" status: 200 len: 645 microversion: 1.0
Oct 08 20:59:26.863023 ncdv-master-1 devstack@placement-api.service[125327]: [pid: 125327|app: 0|req: 508/1011] 10.222.0.50 () {58 vars in 1390 bytes} [Sat Oct 8 20:59:26 2022] GET /placement/resource_providers/a41d0382-68d1-476d-8c0a-f7ab76a39bb6/allocations => generated 645 bytes in 58 msecs (HTTP/1.1 200) 6 headers in 224 bytes (1 switches on core 0)
Oct 08 20:59:26.871090 ncdv-master-1 devstack@placement-api.service[125327]: DEBUG placement.requestlog [req-5ebbfc3f-b74a-4f73-877e-e563feb8cd8c req-9e84b654-508e-4ddb-a4d1-3a14e344bfdc None None] Starting request: 10.222.0.50 "GET /placement/allocations/84a8a931-6a18-4ef4-9e3c-63cf4054ea43" {{(pid=125327) __call__ /opt/stack/placement/placement/requestlog.py:55}}
Oct 08 20:59:26.871366 ncdv-master-1 devstack@placement-api.service[125328]: DEBUG placement.requestlog [req-fb50df14-658b-44ba-9d2d-e3810f7569a5 req-a6b72e31-6aea-4e32-b6c6-da56be4b5c8f None None] Starting request: 10.222.0.45 "GET /placement/resource_providers/b99753ea-e256-4e43-b179-bdb36c3e01a0/allocations" {{(pid=125328) __call__ /opt/stack/placement/placement/requestlog.py:55}}
Oct 08 20:59:26.912999 ncdv-master-1 devstack@placement-api.service[125327]: INFO placement.requestlog [req-5ebbfc3f-b74a-4f73-877e-e563feb8cd8c req-9e84b654-508e-4ddb-a4d1-3a14e344bfdc service placement] 10.222.0.50 "GET /placement/allocations/84a8a931-6a18-4ef4-9e3c-63cf4054ea43" status: 200 len: 259 microversion: 1.28
Oct 08 20:59:26.913942 ncdv-master-1 devstack@placement-api.service[125327]: [pid: 125327|app: 0|req: 509/1012] 10.222.0.50 () {60 vars in 1377 bytes} [Sat Oct 8 20:59:26 2022] GET /placement/allocations/84a8a931-6a18-4ef4-9e3c-63cf4054ea43 => generated 259 bytes in 43 msecs (HTTP/1.1 200) 8 headers in 296 bytes (1 switches on core 0)
Oct 08 20:59:26.925777 ncdv-master-1 devstack@placement-api.service[125327]: DEBUG placement.requestlog [req-5ebbfc3f-b74a-4f73-877e-e563feb8cd8c req-22a096ca-8d90-4b43-9fac-da1aa611e1e1 None None] Starting request: 10.222.0.50 "GET /placement/allocations/50c38cf5-c054-447c-99a8-10bae624b09a" {{(pid=125327) __call__ /opt/stack/placement/placement/requestlog.py:55}}
Oct 08 20:59:26.966926 ncdv-master-1 devstack@placement-api.service[125328]: INFO placement.requestlog [req-fb50df14-658b-44ba-9d2d-e3810f7569a5 req-a6b72e31-6aea-4e32-b6c6-da56be4b5c8f service placement] 10.222.0.45 "GET /placement/resource_providers/b99753ea-e256-4e43-b179-bdb36c3e01a0/allocations" status: 200 len: 342 microversion: 1.0
Oct 08 20:59:26.972322 ncdv-master-1 devstack@placement-api.service[125328]: [pid: 125328|app: 0|req: 504/1013] 10.222.0.45 () {58 vars in 1390 bytes} [Sat Oct 8 20:59:26 2022] GET /placement/resource_providers/b99753ea-e256-4e43-b179-bdb36c3e01a0/allocations => generated 342 bytes in 103 msecs (HTTP/1.1 200) 6 headers in 224 bytes (1 switches on core 0)
Oct 08 20:59:26.982550 ncdv-master-1 devstack@placement-api.service[125327]: INFO placement.requestlog [req-5ebbfc3f-b74a-4f73-877e-e563feb8cd8c req-22a096ca-8d90-4b43-9fac-da1aa611e1e1 service placement] 10.222.0.50 "GET /placement/allocations/50c38cf5-c054-447c-99a8-10bae624b09a" status: 200 len: 259 microversion: 1.28
Oct 08 20:59:26.985067 ncdv-master-1 devstack@placement-api.service[125327]: [pid: 125327|app: 0|req: 510/1014] 10.222.0.50 () {60 vars in 1377 bytes} [Sat Oct 8 20:59:26 2022] GET /placement/allocations/50c38cf5-c054-447c-99a8-10bae624b09a => generated 259 bytes in 61 msecs (HTTP/1.1 200) 8 headers in 296 bytes (1 switches on core 0)
Oct 08 20:59:26.992683 ncdv-master-1 devstack@placement-api.service[125328]: DEBUG placement.requestlog [req-fb50df14-658b-44ba-9d2d-e3810f7569a5 req-881747fc-7288-45bd-8114-b6214bf0b133 None None] Starting request: 10.222.0.45 "GET /placement/allocations/8ceaf7df-4795-4969-be16-a2a1b94a3fa6" {{(pid=125328) __call__ /opt/stack/placement/placement/requestlog.py:55}}
Oct 08 20:59:27.002126 ncdv-master-1 devstack@placement-api.service[125327]: DEBUG placement.requestlog [req-5ebbfc3f-b74a-4f73-877e-e563feb8cd8c req-38481bde-117d-4067-afef-de95fc1717e0 None None] Starting request: 10.222.0.50 "GET /placement/allocations/4be597d7-a3dd-44f3-9d17-946635bea8e6" {{(pid=125327) __call__ /opt/stack/placement/placement/requestlog.py:55}}
Oct 08 20:59:27.045549 ncdv-master-1 devstack@placement-api.service[125328]: INFO placement.requestlog [req-fb50df14-658b-44ba-9d2d-e3810f7569a5 req-881747fc-7288-45bd-8114-b6214bf0b133 service placement] 10.222.0.45 "GET /placement/allocations/8ceaf7df-4795-4969-be16-a2a1b94a3fa6" status: 200 len: 259 microversion: 1.28
Oct 08 20:59:27.045949 ncdv-master-1 devstack@placement-api.service[125328]: [pid: 125328|app: 0|req: 505/1015] 10.222.0.45 () {60 vars in 1377 bytes} [Sat Oct 8 20:59:26 2022] GET /placement/allocations/8ceaf7df-4795-4969-be16-a2a1b94a3fa6 => generated 259 bytes in 54 msecs (HTTP/1.1 200) 8 headers in 296 bytes (1 switches on core 0)
Oct 08 20:59:27.059893 ncdv-master-1 devstack@placement-api.service[125327]: INFO placement.requestlog [req-5ebbfc3f-b74a-4f73-877e-e563feb8cd8c req-38481bde-117d-4067-afef-de95fc1717e0 service placement] 10.222.0.50 "GET /placement/allocations/4be597d7-a3dd-44f3-9d17-946635bea8e6" status: 200 len: 259 microversion: 1.28
Oct 08 20:59:27.061161 ncdv-master-1 devstack@placement-api.service[125327]: [pid: 125327|app: 0|req: 511/1016] 10.222.0.50 () {60 vars in 1377 bytes} [Sat Oct 8 20:59:27 2022] GET /placement/allocations/4be597d7-a3dd-44f3-9d17-946635bea8e6 => generated 259 bytes in 59 msecs (HTTP/1.1 200) 8 headers in 296 bytes (1 switches on core 0)
Oct 08 20:59:27.068701 ncdv-master-1 devstack@placement-api.service[125328]: DEBUG placement.requestlog [req-5ebbfc3f-b74a-4f73-877e-e563feb8cd8c req-3e74349c-477a-4264-bcf6-1d7eca99b2c0 None None] Starting request: 10.222.0.50 "GET /placement/allocations/d8acc5d9-a0cf-41ec-8d80-b0bcb2c905bd" {{(pid=125328) __call__ /opt/stack/placement/placement/requestlog.py:55}}
Oct 08 20:59:27.083857 ncdv-master-1 devstack@placement-api.service[125327]: DEBUG placement.requestlog [req-fb50df14-658b-44ba-9d2d-e3810f7569a5 req-6009e6db-e58a-434e-ae0f-0be6899f6dc4 None None] Starting request: 10.222.0.45 "GET /placement/allocations/c9f0e1d2-6f87-485d-bff6-0ea83899b705" {{(pid=125327) __call__ /opt/stack/placement/placement/requestlog.py:55}}
Oct 08 20:59:27.115490 ncdv-master-1 devstack@placement-api.service[125328]: INFO placement.requestlog [req-5ebbfc3f-b74a-4f73-877e-e563feb8cd8c req-3e74349c-477a-4264-bcf6-1d7eca99b2c0 service placement] 10.222.0.50 "GET /placement/allocations/d8acc5d9-a0cf-41ec-8d80-b0bcb2c905bd" status: 200 len: 259 microversion: 1.28
Oct 08 20:59:27.116495 ncdv-master-1 devstack@placement-api.service[125328]: [pid: 125328|app: 0|req: 506/1017] 10.222.0.50 () {60 vars in 1377 bytes} [Sat Oct 8 20:59:27 2022] GET /placement/allocations/d8acc5d9-a0cf-41ec-8d80-b0bcb2c905bd => generated 259 bytes in 48 msecs (HTTP/1.1 200) 8 headers in 296 bytes (1 switches on core 0)
Oct 08 20:59:27.124756 ncdv-master-1 devstack@placement-api.service[125328]: DEBUG placement.requestlog [req-5ebbfc3f-b74a-4f73-877e-e563feb8cd8c req-622bde38-e0e5-4264-9c41-8bb967f14c46 None None] Starting request: 10.222.0.50 "GET /placement/allocations/edebb288-3d28-4432-b9fd-d74cfb2de586" {{(pid=125328) __call__ /opt/stack/placement/placement/requestlog.py:55}}
Oct 08 20:59:27.130757 ncdv-master-1 devstack@placement-api.service[125327]: INFO placement.requestlog [req-fb50df14-658b-44ba-9d2d-e3810f7569a5 req-6009e6db-e58a-434e-ae0f-0be6899f6dc4 service placement] 10.222.0.45 "GET /placement/allocations/c9f0e1d2-6f87-485d-bff6-0ea83899b705" status: 200 len: 245 microversion: 1.28
Oct 08 20:59:27.141478 ncdv-master-1 devstack@placement-api.service[125327]: [pid: 125327|app: 0|req: 512/1018] 10.222.0.45 () {60 vars in 1377 bytes} [Sat Oct 8 20:59:27 2022] GET /placement/allocations/c9f0e1d2-6f87-485d-bff6-0ea83899b705 => generated 245 bytes in 58 msecs (HTTP/1.1 200) 8 headers in 296 bytes (1 switches on core 0)
Oct 08 20:59:27.155034 ncdv-master-1 devstack@placement-api.service[125327]: DEBUG placement.requestlog [req-fb50df14-658b-44ba-9d2d-e3810f7569a5 req-876c5ee5-219d-4c66-80f1-3d58d8d17546 None None] Starting request: 10.222.0.45 "GET /placement/allocations/37daee2e-9629-4664-a85d-da2e8aa5ea2e" {{(pid=125327) __call__ /opt/stack/placement/placement/requestlog.py:55}}
Oct 08 20:59:27.193604 ncdv-master-1 devstack@placement-api.service[125328]: INFO placement.requestlog [req-5ebbfc3f-b74a-4f73-877e-e563feb8cd8c req-622bde38-e0e5-4264-9c41-8bb967f14c46 service placement] 10.222.0.50 "GET /placement/allocations/edebb288-3d28-4432-b9fd-d74cfb2de586" status: 200 len: 259 microversion: 1.28
Oct 08 20:59:27.196326 ncdv-master-1 devstack@placement-api.service[125328]: [pid: 125328|app: 0|req: 507/1019] 10.222.0.50 () {60 vars in 1377 bytes} [Sat Oct 8 20:59:27 2022] GET /placement/allocations/edebb288-3d28-4432-b9fd-d74cfb2de586 => generated 259 bytes in 72 msecs (HTTP/1.1 200) 8 headers in 296 bytes (1 switches on core 0)
Oct 08 20:59:27.205253 ncdv-master-1 devstack@placement-api.service[125328]: DEBUG placement.requestlog [req-5ebbfc3f-b74a-4f73-877e-e563feb8cd8c req-8168614f-3113-4e8c-93d0-a85697fb4da2 None None] Starting request: 10.222.0.50 "GET /placement/allocations/ceced78a-58d9-4175-b4fe-0d085be62c94" {{(pid=125328) __call__ /opt/stack/placement/placement/requestlog.py:55}}
Oct 08 20:59:27.216975 ncdv-master-1 devstack@placement-api.service[125327]: INFO placement.requestlog [req-fb50df14-658b-44ba-9d2d-e3810f7569a5 req-876c5ee5-219d-4c66-80f1-3d58d8d17546 service placement] 10.222.0.45 "GET /placement/allocations/37daee2e-9629-4664-a85d-da2e8aa5ea2e" status: 200 len: 259 microversion: 1.28
Oct 08 20:59:27.218042 ncdv-master-1 devstack@placement-api.service[125327]: [pid: 125327|app: 0|req: 513/1020] 10.222.0.45 () {60 vars in 1377 bytes} [Sat Oct 8 20:59:27 2022] GET /placement/allocations/37daee2e-9629-4664-a85d-da2e8aa5ea2e => generated 259 bytes in 63 msecs (HTTP/1.1 200) 8 headers in 296 bytes (1 switches on core 0)
Oct 08 20:59:27.244761 ncdv-master-1 devstack@placement-api.service[125328]: INFO placement.requestlog [req-5ebbfc3f-b74a-4f73-877e-e563feb8cd8c req-8168614f-3113-4e8c-93d0-a85697fb4da2 service placement] 10.222.0.50 "GET /placement/allocations/ceced78a-58d9-4175-b4fe-0d085be62c94" status: 200 len: 245 microversion: 1.28
Oct 08 20:59:27.249000 ncdv-master-1 devstack@placement-api.service[125328]: [pid: 125328|app: 0|req: 508/1021] 10.222.0.50 () {60 vars in 1377 bytes} [Sat Oct 8 20:59:27 2022] GET /placement/allocations/ceced78a-58d9-4175-b4fe-0d085be62c94 => generated 245 bytes in 44 msecs (HTTP/1.1 200) 8 headers in 296 bytes (1 switches on core 0)
Oct 08 20:59:32.658832 ncdv-master-1 devstack@placement-api.service[125327]: DEBUG placement.requestlog [req-c492c5a0-4fc7-4050-a6c7-b9638234d0a2 req-8bfde48d-a091-41eb-8482-56ffb31c4eb5 None None] Starting request: 10.222.0.26 "GET /placement/allocation_candidates?limit=1000&resources=DISK_GB%3A1%2CMEMORY_MB%3A1024%2CVCPU%3A1&root_required=%21COMPUTE_STATUS_DISABLED" {{(pid=125327) __call__ /opt/stack/placement/placement/requestlog.py:55}}
Oct 08 20:59:32.773075 ncdv-master-1 devstack@placement-api.service[125327]: DEBUG placement.objects.research_context [req-c492c5a0-4fc7-4050-a6c7-b9638234d0a2 req-8bfde48d-a091-41eb-8482-56ffb31c4eb5 service placement] getting providers with 1 DISK_GB {{(pid=125327) __init__ /opt/stack/placement/placement/objects/research_context.py:136}}
Oct 08 20:59:32.788186 ncdv-master-1 devstack@placement-api.service[125327]: DEBUG placement.objects.research_context [req-c492c5a0-4fc7-4050-a6c7-b9638234d0a2 req-8bfde48d-a091-41eb-8482-56ffb31c4eb5 service placement] getting providers with 1024 MEMORY_MB {{(pid=125327) __init__ /opt/stack/placement/placement/objects/research_context.py:136}}
Oct 08 20:59:32.798063 ncdv-master-1 devstack@placement-api.service[125327]: DEBUG placement.objects.research_context [req-c492c5a0-4fc7-4050-a6c7-b9638234d0a2 req-8bfde48d-a091-41eb-8482-56ffb31c4eb5 service placement] getting providers with 1 VCPU {{(pid=125327) __init__ /opt/stack/placement/placement/objects/research_context.py:136}}
Oct 08 20:59:32.812491 ncdv-master-1 devstack@placement-api.service[125327]: DEBUG placement.objects.research_context [req-c492c5a0-4fc7-4050-a6c7-b9638234d0a2 req-8bfde48d-a091-41eb-8482-56ffb31c4eb5 service placement] found 2 providers with available 1 DISK_GB {{(pid=125327) get_provider_ids_matching /opt/stack/placement/placement/objects/research_context.py:563}}
Oct 08 20:59:32.812829 ncdv-master-1 devstack@placement-api.service[125327]: DEBUG placement.objects.research_context [req-c492c5a0-4fc7-4050-a6c7-b9638234d0a2 req-8bfde48d-a091-41eb-8482-56ffb31c4eb5 service placement] found 2 providers with available 1024 MEMORY_MB {{(pid=125327) get_provider_ids_matching /opt/stack/placement/placement/objects/research_context.py:563}}
Oct 08 20:59:32.813363 ncdv-master-1 devstack@placement-api.service[125327]: DEBUG placement.objects.research_context [req-c492c5a0-4fc7-4050-a6c7-b9638234d0a2 req-8bfde48d-a091-41eb-8482-56ffb31c4eb5 service placement] found 2 providers after filtering by previous result {{(pid=125327) get_provider_ids_matching /opt/stack/placement/placement/objects/research_context.py:594}}
Oct 08 20:59:32.813634 ncdv-master-1 devstack@placement-api.service[125327]: DEBUG placement.objects.research_context [req-c492c5a0-4fc7-4050-a6c7-b9638234d0a2 req-8bfde48d-a091-41eb-8482-56ffb31c4eb5 service placement] found 2 providers with available 1 VCPU {{(pid=125327) get_provider_ids_matching /opt/stack/placement/placement/objects/research_context.py:563}}
Oct 08 20:59:32.814054 ncdv-master-1 devstack@placement-api.service[125327]: DEBUG placement.objects.research_context [req-c492c5a0-4fc7-4050-a6c7-b9638234d0a2 req-8bfde48d-a091-41eb-8482-56ffb31c4eb5 service placement] found 2 providers after filtering by previous result {{(pid=125327) get_provider_ids_matching /opt/stack/placement/placement/objects/research_context.py:594}}
Oct 08 20:59:32.837687 ncdv-master-1 devstack@placement-api.service[125327]: DEBUG placement.objects.allocation_candidate [req-c492c5a0-4fc7-4050-a6c7-b9638234d0a2 req-8bfde48d-a091-41eb-8482-56ffb31c4eb5 service placement] RequestGroup(use_same_provider=False, resources={DISK_GB:1, MEMORY_MB:1024, VCPU:1}, traits=(), aggregates=[]) (suffix '') returned 2 matches {{(pid=125327) _get_by_requests /opt/stack/placement/placement/objects/allocation_candidate.py:156}}
Oct 08 20:59:32.838611 ncdv-master-1 devstack@placement-api.service[125327]: DEBUG placement.objects.allocation_candidate [req-c492c5a0-4fc7-4050-a6c7-b9638234d0a2 req-8bfde48d-a091-41eb-8482-56ffb31c4eb5 service placement] Merging candidates yields 2 allocation requests and 2 provider summaries {{(pid=125327) _merge_candidates /opt/stack/placement/placement/objects/allocation_candidate.py:809}}
Oct 08 20:59:32.840696 ncdv-master-1 devstack@placement-api.service[125327]: INFO placement.requestlog [req-c492c5a0-4fc7-4050-a6c7-b9638234d0a2 req-8bfde48d-a091-41eb-8482-56ffb31c4eb5 service placement] 10.222.0.26 "GET /placement/allocation_candidates?limit=1000&resources=DISK_GB%3A1%2CMEMORY_MB%3A1024%2CVCPU%3A1&root_required=%21COMPUTE_STATUS_DISABLED" status: 200 len: 1309 microversion: 1.36
Oct 08 20:59:32.842463 ncdv-master-1 devstack@placement-api.service[125327]: [pid: 125327|app: 0|req: 514/1022] 10.222.0.26 () {60 vars in 1506 bytes} [Sat Oct 8 20:59:32 2022] GET /placement/allocation_candidates?limit=1000&resources=DISK_GB%3A1%2CMEMORY_MB%3A1024%2CVCPU%3A1&root_required=%21COMPUTE_STATUS_DISABLED => generated 1309 bytes in 184 msecs (HTTP/1.1 200) 8 headers in 297 bytes (1 switches on core 0)
Oct 08 20:59:32.981966 ncdv-master-1 devstack@placement-api.service[125328]: DEBUG placement.requestlog [req-c492c5a0-4fc7-4050-a6c7-b9638234d0a2 req-e0157926-5260-4c74-86a4-ff3d306318b7 None None] Starting request: 10.222.0.26 "GET /placement/allocations/f38fc6d8-db15-4fcc-becb-9eff61447f11" {{(pid=125328) __call__ /opt/stack/placement/placement/requestlog.py:55}}
Oct 08 20:59:33.011877 ncdv-master-1 devstack@placement-api.service[125328]: INFO placement.requestlog [req-c492c5a0-4fc7-4050-a6c7-b9638234d0a2 req-e0157926-5260-4c74-86a4-ff3d306318b7 service placement] 10.222.0.26 "GET /placement/allocations/f38fc6d8-db15-4fcc-becb-9eff61447f11" status: 200 len: 19 microversion: 1.28
Oct 08 20:59:33.012552 ncdv-master-1 devstack@placement-api.service[125328]: [pid: 125328|app: 0|req: 509/1023] 10.222.0.26 () {60 vars in 1380 bytes} [Sat Oct 8 20:59:32 2022] GET /placement/allocations/f38fc6d8-db15-4fcc-becb-9eff61447f11 => generated 19 bytes in 31 msecs (HTTP/1.1 200) 8 headers in 295 bytes (1 switches on core 0)
Oct 08 20:59:33.019966 ncdv-master-1 devstack@placement-api.service[125327]: DEBUG placement.requestlog [req-c492c5a0-4fc7-4050-a6c7-b9638234d0a2 req-03356767-5cee-499f-a9f3-244b25d4a40d None None] Starting request: 10.222.0.26 "PUT /placement/allocations/f38fc6d8-db15-4fcc-becb-9eff61447f11" {{(pid=125327) __call__ /opt/stack/placement/placement/requestlog.py:55}}
Oct 08 20:59:33.298406 ncdv-master-1 devstack@placement-api.service[125327]: DEBUG placement.handlers.allocation [req-c492c5a0-4fc7-4050-a6c7-b9638234d0a2 req-03356767-5cee-499f-a9f3-244b25d4a40d service placement] Successfully wrote allocations [, , ] {{(pid=125327) _update_consumers_and_create_allocations /opt/stack/placement/placement/handlers/allocation.py:462}}
Oct 08 20:59:33.310038 ncdv-master-1 devstack@placement-api.service[125327]: INFO placement.requestlog [req-c492c5a0-4fc7-4050-a6c7-b9638234d0a2 req-03356767-5cee-499f-a9f3-244b25d4a40d service placement] 10.222.0.26 "PUT /placement/allocations/f38fc6d8-db15-4fcc-becb-9eff61447f11" status: 204 len: 0 microversion: 1.36
Oct 08 20:59:33.312469 ncdv-master-1 devstack@placement-api.service[125327]: [pid: 125327|app: 0|req: 515/1024] 10.222.0.26 () {64 vars in 1433 bytes} [Sat Oct 8 20:59:33 2022] PUT /placement/allocations/f38fc6d8-db15-4fcc-becb-9eff61447f11 => generated 0 bytes in 293 msecs (HTTP/1.1 204) 5 headers in 199 bytes (1 switches on core 0)
Oct 08 20:59:33.909197 ncdv-master-1 devstack@placement-api.service[125328]: DEBUG placement.requestlog [req-c492c5a0-4fc7-4050-a6c7-b9638234d0a2 req-1f40bcb1-566c-495b-b938-cf4f23fded7f None None] Starting request: 10.222.0.45 "GET /placement/allocations/f38fc6d8-db15-4fcc-becb-9eff61447f11" {{(pid=125328) __call__ /opt/stack/placement/placement/requestlog.py:55}}
Oct 08 20:59:33.965947 ncdv-master-1 devstack@placement-api.service[125328]: INFO placement.requestlog [req-c492c5a0-4fc7-4050-a6c7-b9638234d0a2 req-1f40bcb1-566c-495b-b938-cf4f23fded7f service placement] 10.222.0.45 "GET /placement/allocations/f38fc6d8-db15-4fcc-becb-9eff61447f11" status: 200 len: 259 microversion: 1.28
Oct 08 20:59:33.966915 ncdv-master-1 devstack@placement-api.service[125328]: [pid: 125328|app: 0|req: 510/1025] 10.222.0.45 () {60 vars in 1377 bytes} [Sat Oct 8 20:59:33 2022] GET /placement/allocations/f38fc6d8-db15-4fcc-becb-9eff61447f11 => generated 259 bytes in 58 msecs (HTTP/1.1 200) 8 headers in 296 bytes (1 switches on core 0)
Oct 08 20:59:34.311645 ncdv-master-1 devstack@placement-api.service[125327]: DEBUG placement.requestlog [req-c492c5a0-4fc7-4050-a6c7-b9638234d0a2 req-d963d6d0-d06d-467e-975f-236f33725abe None None] Starting request: 10.222.0.45 "GET /placement/resource_providers/b99753ea-e256-4e43-b179-bdb36c3e01a0/allocations" {{(pid=125327) __call__ /opt/stack/placement/placement/requestlog.py:55}}
Oct 08 20:59:34.357044 ncdv-master-1 devstack@placement-api.service[125327]: INFO placement.requestlog [req-c492c5a0-4fc7-4050-a6c7-b9638234d0a2 req-d963d6d0-d06d-467e-975f-236f33725abe service placement] 10.222.0.45 "GET /placement/resource_providers/b99753ea-e256-4e43-b179-bdb36c3e01a0/allocations" status: 200 len: 443 microversion: 1.0
Oct 08 20:59:34.369039 ncdv-master-1 devstack@placement-api.service[125327]: [pid: 125327|app: 0|req: 516/1026] 10.222.0.45 () {58 vars in 1390 bytes} [Sat Oct 8 20:59:34 2022] GET /placement/resource_providers/b99753ea-e256-4e43-b179-bdb36c3e01a0/allocations => generated 443 bytes in 56 msecs (HTTP/1.1 200) 6 headers in 224 bytes (1 switches on core 0)
Oct 08 20:59:34.376166 ncdv-master-1 devstack@placement-api.service[125328]: DEBUG placement.requestlog [req-c492c5a0-4fc7-4050-a6c7-b9638234d0a2 req-ca04b39b-c0a8-4b95-b1ce-f78903867112 None None] Starting request: 10.222.0.45 "GET /placement/allocations/8ceaf7df-4795-4969-be16-a2a1b94a3fa6" {{(pid=125328) __call__ /opt/stack/placement/placement/requestlog.py:55}}
Oct 08 20:59:34.404444 ncdv-master-1 devstack@placement-api.service[125328]: INFO placement.requestlog [req-c492c5a0-4fc7-4050-a6c7-b9638234d0a2 req-ca04b39b-c0a8-4b95-b1ce-f78903867112 service placement] 10.222.0.45 "GET /placement/allocations/8ceaf7df-4795-4969-be16-a2a1b94a3fa6" status: 200 len: 259 microversion: 1.28
Oct 08 20:59:34.405547 ncdv-master-1 devstack@placement-api.service[125328]: [pid: 125328|app: 0|req: 511/1027] 10.222.0.45 () {60 vars in 1377 bytes} [Sat Oct 8 20:59:34 2022] GET /placement/allocations/8ceaf7df-4795-4969-be16-a2a1b94a3fa6 => generated 259 bytes in 30 msecs (HTTP/1.1 200) 8 headers in 296 bytes (1 switches on core 0)
Oct 08 20:59:34.416721 ncdv-master-1 devstack@placement-api.service[125327]: DEBUG placement.requestlog [req-c492c5a0-4fc7-4050-a6c7-b9638234d0a2 req-5953ea03-87f1-47a3-802f-efef28eff195 None None] Starting request: 10.222.0.45 "GET /placement/allocations/c9f0e1d2-6f87-485d-bff6-0ea83899b705" {{(pid=125327) __call__ /opt/stack/placement/placement/requestlog.py:55}}
Oct 08 20:59:34.453217 ncdv-master-1 devstack@placement-api.service[125327]: INFO placement.requestlog [req-c492c5a0-4fc7-4050-a6c7-b9638234d0a2 req-5953ea03-87f1-47a3-802f-efef28eff195 service placement] 10.222.0.45 "GET /placement/allocations/c9f0e1d2-6f87-485d-bff6-0ea83899b705" status: 200 len: 245 microversion: 1.28
Oct 08 20:59:34.457834 ncdv-master-1 devstack@placement-api.service[125327]: [pid: 125327|app: 0|req: 517/1028] 10.222.0.45 () {60 vars in 1377 bytes} [Sat Oct 8 20:59:34 2022] GET /placement/allocations/c9f0e1d2-6f87-485d-bff6-0ea83899b705 => generated 245 bytes in 42 msecs (HTTP/1.1 200) 8 headers in 296 bytes (1 switches on core 0)
Oct 08 20:59:34.465232 ncdv-master-1 devstack@placement-api.service[125328]: DEBUG placement.requestlog [req-c492c5a0-4fc7-4050-a6c7-b9638234d0a2 req-0cc98321-a576-4ae0-b4b0-5bded7ba259e None None] Starting request: 10.222.0.45 "GET /placement/allocations/f38fc6d8-db15-4fcc-becb-9eff61447f11" {{(pid=125328) __call__ /opt/stack/placement/placement/requestlog.py:55}}
Oct 08 20:59:34.502290 ncdv-master-1 devstack@placement-api.service[125328]: INFO placement.requestlog [req-c492c5a0-4fc7-4050-a6c7-b9638234d0a2 req-0cc98321-a576-4ae0-b4b0-5bded7ba259e service placement] 10.222.0.45 "GET /placement/allocations/f38fc6d8-db15-4fcc-becb-9eff61447f11" status: 200 len: 259 microversion: 1.28
Oct 08 20:59:34.503918 ncdv-master-1 devstack@placement-api.service[125328]: [pid: 125328|app: 0|req: 512/1029] 10.222.0.45 () {60 vars in 1377 bytes} [Sat Oct 8 20:59:34 2022] GET /placement/allocations/f38fc6d8-db15-4fcc-becb-9eff61447f11 => generated 259 bytes in 39 msecs (HTTP/1.1 200) 8 headers in 296 bytes (1 switches on core 0)
Oct 08 20:59:34.512044 ncdv-master-1 devstack@placement-api.service[125327]: DEBUG placement.requestlog [req-c492c5a0-4fc7-4050-a6c7-b9638234d0a2 req-4ad601e9-c5c1-4d21-a057-05ff13abf909 None None] Starting request: 10.222.0.45 "GET /placement/allocations/37daee2e-9629-4664-a85d-da2e8aa5ea2e" {{(pid=125327) __call__ /opt/stack/placement/placement/requestlog.py:55}}
Oct 08 20:59:34.565051 ncdv-master-1 devstack@placement-api.service[125327]: INFO placement.requestlog [req-c492c5a0-4fc7-4050-a6c7-b9638234d0a2 req-4ad601e9-c5c1-4d21-a057-05ff13abf909 service placement] 10.222.0.45 "GET /placement/allocations/37daee2e-9629-4664-a85d-da2e8aa5ea2e" status: 200 len: 259 microversion: 1.28
Oct 08 20:59:34.566008 ncdv-master-1 devstack@placement-api.service[125327]: [pid: 125327|app: 0|req: 518/1030] 10.222.0.45 () {60 vars in 1377 bytes} [Sat Oct 8 20:59:34 2022] GET /placement/allocations/37daee2e-9629-4664-a85d-da2e8aa5ea2e => generated 259 bytes in 55 msecs (HTTP/1.1 200) 8 headers in 296 bytes (1 switches on core 0)
Oct 08 20:59:35.921662 ncdv-master-1 devstack@placement-api.service[125328]: DEBUG placement.requestlog [req-1fdc0dc1-385f-4557-939f-a74f724f4d4b req-b0a7496f-bbb9-43f8-82e4-7a012b96977d None None] Starting request: 10.222.0.26 "GET /placement/allocation_candidates?limit=1000&resources=DISK_GB%3A1%2CMEMORY_MB%3A1024%2CVCPU%3A1&root_required=%21COMPUTE_STATUS_DISABLED" {{(pid=125328) __call__ /opt/stack/placement/placement/requestlog.py:55}}
Oct 08 20:59:36.123197 ncdv-master-1 devstack@placement-api.service[125328]: DEBUG placement.objects.research_context [req-1fdc0dc1-385f-4557-939f-a74f724f4d4b req-b0a7496f-bbb9-43f8-82e4-7a012b96977d service placement] getting providers with 1 DISK_GB {{(pid=125328) __init__ /opt/stack/placement/placement/objects/research_context.py:136}}
Oct 08 20:59:36.145384 ncdv-master-1 devstack@placement-api.service[125328]: DEBUG placement.objects.research_context [req-1fdc0dc1-385f-4557-939f-a74f724f4d4b req-b0a7496f-bbb9-43f8-82e4-7a012b96977d service placement] getting providers with 1024 MEMORY_MB {{(pid=125328) __init__ /opt/stack/placement/placement/objects/research_context.py:136}}
Oct 08 20:59:36.162809 ncdv-master-1 devstack@placement-api.service[125328]: DEBUG placement.objects.research_context [req-1fdc0dc1-385f-4557-939f-a74f724f4d4b req-b0a7496f-bbb9-43f8-82e4-7a012b96977d service placement] getting providers with 1 VCPU {{(pid=125328) __init__ /opt/stack/placement/placement/objects/research_context.py:136}}
Oct 08 20:59:36.176255 ncdv-master-1 devstack@placement-api.service[125328]: DEBUG placement.objects.research_context [req-1fdc0dc1-385f-4557-939f-a74f724f4d4b req-b0a7496f-bbb9-43f8-82e4-7a012b96977d service placement] found 2 providers with available 1 DISK_GB {{(pid=125328) get_provider_ids_matching /opt/stack/placement/placement/objects/research_context.py:563}}
Oct 08 20:59:36.176534 ncdv-master-1 devstack@placement-api.service[125328]: DEBUG placement.objects.research_context [req-1fdc0dc1-385f-4557-939f-a74f724f4d4b req-b0a7496f-bbb9-43f8-82e4-7a012b96977d service placement] found 2 providers with available 1024 MEMORY_MB {{(pid=125328) get_provider_ids_matching /opt/stack/placement/placement/objects/research_context.py:563}}
Oct 08 20:59:36.182701 ncdv-master-1 devstack@placement-api.service[125328]: DEBUG placement.objects.research_context [req-1fdc0dc1-385f-4557-939f-a74f724f4d4b req-b0a7496f-bbb9-43f8-82e4-7a012b96977d service placement] found 2 providers after filtering by previous result {{(pid=125328) get_provider_ids_matching /opt/stack/placement/placement/objects/research_context.py:594}}
Oct 08 20:59:36.182982 ncdv-master-1 devstack@placement-api.service[125328]: DEBUG placement.objects.research_context [req-1fdc0dc1-385f-4557-939f-a74f724f4d4b req-b0a7496f-bbb9-43f8-82e4-7a012b96977d service placement] found 2 providers with available 1 VCPU {{(pid=125328) get_provider_ids_matching /opt/stack/placement/placement/objects/research_context.py:563}}
Oct 08 20:59:36.183308 ncdv-master-1 devstack@placement-api.service[125328]: DEBUG placement.objects.research_context [req-1fdc0dc1-385f-4557-939f-a74f724f4d4b req-b0a7496f-bbb9-43f8-82e4-7a012b96977d service placement] found 2 providers after filtering by previous result {{(pid=125328) get_provider_ids_matching /opt/stack/placement/placement/objects/research_context.py:594}}
Oct 08 20:59:36.220295 ncdv-master-1 devstack@placement-api.service[125328]: DEBUG placement.objects.allocation_candidate [req-1fdc0dc1-385f-4557-939f-a74f724f4d4b req-b0a7496f-bbb9-43f8-82e4-7a012b96977d service placement] RequestGroup(use_same_provider=False, resources={DISK_GB:1, MEMORY_MB:1024, VCPU:1}, traits=(), aggregates=[]) (suffix '') returned 2 matches {{(pid=125328) _get_by_requests /opt/stack/placement/placement/objects/allocation_candidate.py:156}}
Oct 08 20:59:36.221089 ncdv-master-1 devstack@placement-api.service[125328]: DEBUG placement.objects.allocation_candidate [req-1fdc0dc1-385f-4557-939f-a74f724f4d4b req-b0a7496f-bbb9-43f8-82e4-7a012b96977d service placement] Merging candidates yields 2 allocation requests and 2 provider summaries {{(pid=125328) _merge_candidates /opt/stack/placement/placement/objects/allocation_candidate.py:809}}
Oct 08 20:59:36.223949 ncdv-master-1 devstack@placement-api.service[125328]: INFO placement.requestlog [req-1fdc0dc1-385f-4557-939f-a74f724f4d4b req-b0a7496f-bbb9-43f8-82e4-7a012b96977d service placement] 10.222.0.26 "GET /placement/allocation_candidates?limit=1000&resources=DISK_GB%3A1%2CMEMORY_MB%3A1024%2CVCPU%3A1&root_required=%21COMPUTE_STATUS_DISABLED" status: 200 len: 1309 microversion: 1.36
Oct 08 20:59:36.245501 ncdv-master-1 devstack@placement-api.service[125328]: [pid: 125328|app: 0|req: 513/1031] 10.222.0.26 () {60 vars in 1506 bytes} [Sat Oct 8 20:59:35 2022] GET /placement/allocation_candidates?limit=1000&resources=DISK_GB%3A1%2CMEMORY_MB%3A1024%2CVCPU%3A1&root_required=%21COMPUTE_STATUS_DISABLED => generated 1309 bytes in 321 msecs (HTTP/1.1 200) 8 headers in 297 bytes (1 switches on core 0)
Oct 08 20:59:36.383331 ncdv-master-1 devstack@placement-api.service[125327]: DEBUG placement.requestlog [req-1fdc0dc1-385f-4557-939f-a74f724f4d4b req-5cfca284-3bf9-48de-9dd1-4321ae0a3bfd None None] Starting request: 10.222.0.26 "GET /placement/allocations/579b0f8b-ccae-4c2b-bb48-1da1aaf6a138" {{(pid=125327) __call__ /opt/stack/placement/placement/requestlog.py:55}}
Oct 08 20:59:36.409823 ncdv-master-1 devstack@placement-api.service[125327]: INFO placement.requestlog [req-1fdc0dc1-385f-4557-939f-a74f724f4d4b req-5cfca284-3bf9-48de-9dd1-4321ae0a3bfd service placement] 10.222.0.26 "GET /placement/allocations/579b0f8b-ccae-4c2b-bb48-1da1aaf6a138" status: 200 len: 19 microversion: 1.28
Oct 08 20:59:36.410655 ncdv-master-1 devstack@placement-api.service[125327]: [pid: 125327|app: 0|req: 519/1032] 10.222.0.26 () {60 vars in 1380 bytes} [Sat Oct 8 20:59:36 2022] GET /placement/allocations/579b0f8b-ccae-4c2b-bb48-1da1aaf6a138 => generated 19 bytes in 28 msecs (HTTP/1.1 200) 8 headers in 295 bytes (1 switches on core 0)
Oct 08 20:59:36.417151 ncdv-master-1 devstack@placement-api.service[125328]: DEBUG placement.requestlog [req-1fdc0dc1-385f-4557-939f-a74f724f4d4b req-cf3982f5-e730-43e6-9681-a94207aba821 None None] Starting request: 10.222.0.26 "PUT /placement/allocations/579b0f8b-ccae-4c2b-bb48-1da1aaf6a138" {{(pid=125328) __call__ /opt/stack/placement/placement/requestlog.py:55}}
Oct 08 20:59:36.574687 ncdv-master-1 devstack@placement-api.service[125328]: DEBUG placement.handlers.allocation [req-1fdc0dc1-385f-4557-939f-a74f724f4d4b req-cf3982f5-e730-43e6-9681-a94207aba821 service placement] Successfully wrote allocations [, , ] {{(pid=125328) _update_consumers_and_create_allocations /opt/stack/placement/placement/handlers/allocation.py:462}}
Oct 08 20:59:36.586207 ncdv-master-1 devstack@placement-api.service[125328]: INFO placement.requestlog [req-1fdc0dc1-385f-4557-939f-a74f724f4d4b req-cf3982f5-e730-43e6-9681-a94207aba821 service placement] 10.222.0.26 "PUT /placement/allocations/579b0f8b-ccae-4c2b-bb48-1da1aaf6a138" status: 204 len: 0 microversion: 1.36
Oct 08 20:59:36.587173 ncdv-master-1 devstack@placement-api.service[125328]: [pid: 125328|app: 0|req: 514/1033] 10.222.0.26 () {64 vars in 1433 bytes} [Sat Oct 8 20:59:36 2022] PUT /placement/allocations/579b0f8b-ccae-4c2b-bb48-1da1aaf6a138 => generated 0 bytes in 170 msecs (HTTP/1.1 204) 5 headers in 199 bytes (2 switches on core 0)
Oct 08 20:59:37.174209 ncdv-master-1 devstack@placement-api.service[125327]: DEBUG placement.requestlog [req-1fdc0dc1-385f-4557-939f-a74f724f4d4b req-64434c6c-91c6-4360-a379-46170c4300d5 None None] Starting request: 10.222.0.45 "GET /placement/allocations/579b0f8b-ccae-4c2b-bb48-1da1aaf6a138" {{(pid=125327) __call__ /opt/stack/placement/placement/requestlog.py:55}}
Oct 08 20:59:37.202615 ncdv-master-1 devstack@placement-api.service[125327]: INFO placement.requestlog [req-1fdc0dc1-385f-4557-939f-a74f724f4d4b req-64434c6c-91c6-4360-a379-46170c4300d5 service placement] 10.222.0.45 "GET /placement/allocations/579b0f8b-ccae-4c2b-bb48-1da1aaf6a138" status: 200 len: 259 microversion: 1.28
Oct 08 20:59:37.204008 ncdv-master-1 devstack@placement-api.service[125327]: [pid: 125327|app: 0|req: 520/1034] 10.222.0.45 () {60 vars in 1377 bytes} [Sat Oct 8 20:59:37 2022] GET /placement/allocations/579b0f8b-ccae-4c2b-bb48-1da1aaf6a138 => generated 259 bytes in 29 msecs (HTTP/1.1 200) 8 headers in 296 bytes (2 switches on core 0)
Oct 08 20:59:37.424190 ncdv-master-1 devstack@placement-api.service[125328]: DEBUG placement.requestlog [req-1fdc0dc1-385f-4557-939f-a74f724f4d4b req-e8cc0681-ef0e-4457-a54c-b5507d9d20d7 None None] Starting request: 10.222.0.45 "GET /placement/resource_providers/b99753ea-e256-4e43-b179-bdb36c3e01a0/allocations" {{(pid=125328) __call__ /opt/stack/placement/placement/requestlog.py:55}}
Oct 08 20:59:37.459220 ncdv-master-1 devstack@placement-api.service[125328]: INFO placement.requestlog [req-1fdc0dc1-385f-4557-939f-a74f724f4d4b req-e8cc0681-ef0e-4457-a54c-b5507d9d20d7 service placement] 10.222.0.45 "GET /placement/resource_providers/b99753ea-e256-4e43-b179-bdb36c3e01a0/allocations" status: 200 len: 544 microversion: 1.0
Oct 08 20:59:37.459953 ncdv-master-1 devstack@placement-api.service[125328]: [pid: 125328|app: 0|req: 515/1035] 10.222.0.45 () {58 vars in 1390 bytes} [Sat Oct 8 20:59:37 2022] GET /placement/resource_providers/b99753ea-e256-4e43-b179-bdb36c3e01a0/allocations => generated 544 bytes in 36 msecs (HTTP/1.1 200) 6 headers in 224 bytes (1 switches on core 0)
Oct 08 20:59:37.471326 ncdv-master-1 devstack@placement-api.service[125327]: DEBUG placement.requestlog [req-1fdc0dc1-385f-4557-939f-a74f724f4d4b req-5735ed9e-2235-48ac-9dc9-042f9102ab3a None None] Starting request: 10.222.0.45 "GET /placement/allocations/8ceaf7df-4795-4969-be16-a2a1b94a3fa6" {{(pid=125327) __call__ /opt/stack/placement/placement/requestlog.py:55}}
Oct 08 20:59:37.489587 ncdv-master-1 devstack@placement-api.service[125327]: INFO placement.requestlog [req-1fdc0dc1-385f-4557-939f-a74f724f4d4b req-5735ed9e-2235-48ac-9dc9-042f9102ab3a service placement] 10.222.0.45 "GET /placement/allocations/8ceaf7df-4795-4969-be16-a2a1b94a3fa6" status: 200 len: 259 microversion: 1.28
Oct 08 20:59:37.490755 ncdv-master-1 devstack@placement-api.service[125327]: [pid: 125327|app: 0|req: 521/1036] 10.222.0.45 () {60 vars in 1377 bytes} [Sat Oct 8 20:59:37 2022] GET /placement/allocations/8ceaf7df-4795-4969-be16-a2a1b94a3fa6 => generated 259 bytes in 20 msecs (HTTP/1.1 200) 8 headers in 296 bytes (1 switches on core 0)
Oct 08 20:59:37.508331 ncdv-master-1 devstack@placement-api.service[125328]: DEBUG placement.requestlog [req-1fdc0dc1-385f-4557-939f-a74f724f4d4b req-32f43c0e-516d-4c1a-9bc4-ab778f2a2757 None None] Starting request: 10.222.0.45 "GET /placement/allocations/c9f0e1d2-6f87-485d-bff6-0ea83899b705" {{(pid=125328) __call__ /opt/stack/placement/placement/requestlog.py:55}}
Oct 08 20:59:37.543262 ncdv-master-1 devstack@placement-api.service[125328]: INFO placement.requestlog [req-1fdc0dc1-385f-4557-939f-a74f724f4d4b req-32f43c0e-516d-4c1a-9bc4-ab778f2a2757 service placement] 10.222.0.45 "GET /placement/allocations/c9f0e1d2-6f87-485d-bff6-0ea83899b705" status: 200 len: 245 microversion: 1.28
Oct 08 20:59:37.545509 ncdv-master-1 devstack@placement-api.service[125328]: [pid: 125328|app: 0|req: 516/1037] 10.222.0.45 () {60 vars in 1377 bytes} [Sat Oct 8 20:59:37 2022] GET /placement/allocations/c9f0e1d2-6f87-485d-bff6-0ea83899b705 => generated 245 bytes in 37 msecs (HTTP/1.1 200) 8 headers in 296 bytes (1 switches on core 0)
Oct 08 20:59:37.566324 ncdv-master-1 devstack@placement-api.service[125327]: DEBUG placement.requestlog [req-1fdc0dc1-385f-4557-939f-a74f724f4d4b req-ba4a2a5a-ad8e-46ca-966f-54f09969290b None None] Starting request: 10.222.0.45 "GET /placement/allocations/f38fc6d8-db15-4fcc-becb-9eff61447f11" {{(pid=125327) __call__ /opt/stack/placement/placement/requestlog.py:55}}
Oct 08 20:59:37.603497 ncdv-master-1 devstack@placement-api.service[125327]: INFO placement.requestlog [req-1fdc0dc1-385f-4557-939f-a74f724f4d4b req-ba4a2a5a-ad8e-46ca-966f-54f09969290b service placement] 10.222.0.45 "GET /placement/allocations/f38fc6d8-db15-4fcc-becb-9eff61447f11" status: 200 len: 259 microversion: 1.28
Oct 08 20:59:37.606416 ncdv-master-1 devstack@placement-api.service[125327]: [pid: 125327|app: 0|req: 522/1038] 10.222.0.45 () {60 vars in 1377 bytes} [Sat Oct 8 20:59:37 2022] GET /placement/allocations/f38fc6d8-db15-4fcc-becb-9eff61447f11 => generated 259 bytes in 40 msecs (HTTP/1.1 200) 8 headers in 296 bytes (1 switches on core 0)
Oct 08 20:59:37.642724 ncdv-master-1 devstack@placement-api.service[125328]: DEBUG placement.requestlog [req-1fdc0dc1-385f-4557-939f-a74f724f4d4b req-d8456812-a772-457a-8ab7-b7d111bb7925 None None] Starting request: 10.222.0.45 "GET /placement/allocations/579b0f8b-ccae-4c2b-bb48-1da1aaf6a138" {{(pid=125328) __call__ /opt/stack/placement/placement/requestlog.py:55}}
Oct 08 20:59:37.676148 ncdv-master-1 devstack@placement-api.service[125328]: INFO placement.requestlog [req-1fdc0dc1-385f-4557-939f-a74f724f4d4b req-d8456812-a772-457a-8ab7-b7d111bb7925 service placement] 10.222.0.45 "GET /placement/allocations/579b0f8b-ccae-4c2b-bb48-1da1aaf6a138" status: 200 len: 259 microversion: 1.28
Oct 08 20:59:37.676535 ncdv-master-1 devstack@placement-api.service[125328]: [pid: 125328|app: 0|req: 517/1039] 10.222.0.45 () {60 vars in 1377 bytes} [Sat Oct 8 20:59:37 2022] GET /placement/allocations/579b0f8b-ccae-4c2b-bb48-1da1aaf6a138 => generated 259 bytes in 34 msecs (HTTP/1.1 200) 8 headers in 296 bytes (1 switches on core 0)
Oct 08 20:59:37.686175 ncdv-master-1 devstack@placement-api.service[125327]: DEBUG placement.requestlog [req-1fdc0dc1-385f-4557-939f-a74f724f4d4b req-0677d2ac-0b2a-431f-9688-524f0de3373b None None] Starting request: 10.222.0.45 "GET /placement/allocations/37daee2e-9629-4664-a85d-da2e8aa5ea2e" {{(pid=125327) __call__ /opt/stack/placement/placement/requestlog.py:55}}
Oct 08 20:59:37.724237 ncdv-master-1 devstack@placement-api.service[125327]: INFO placement.requestlog [req-1fdc0dc1-385f-4557-939f-a74f724f4d4b req-0677d2ac-0b2a-431f-9688-524f0de3373b service placement] 10.222.0.45 "GET /placement/allocations/37daee2e-9629-4664-a85d-da2e8aa5ea2e" status: 200 len: 259 microversion: 1.28
Oct 08 20:59:37.727169 ncdv-master-1 devstack@placement-api.service[125327]: [pid: 125327|app: 0|req: 523/1040] 10.222.0.45 () {60 vars in 1377 bytes} [Sat Oct 8 20:59:37 2022] GET /placement/allocations/37daee2e-9629-4664-a85d-da2e8aa5ea2e => generated 259 bytes in 41 msecs (HTTP/1.1 200) 8 headers in 296 bytes (1 switches on core 0)
Oct 08 20:59:38.433164 ncdv-master-1 devstack@placement-api.service[125328]: DEBUG placement.requestlog [req-b82d0dd9-c72a-4d5d-8019-160b53269ea1 req-366898e0-75b1-49e3-befe-144e6edf8075 None None] Starting request: 10.222.0.26 "GET /placement/allocation_candidates?limit=1000&resources=DISK_GB%3A1%2CMEMORY_MB%3A1024%2CVCPU%3A1&root_required=%21COMPUTE_STATUS_DISABLED" {{(pid=125328) __call__ /opt/stack/placement/placement/requestlog.py:55}}
Oct 08 20:59:38.535163 ncdv-master-1 devstack@placement-api.service[125328]: DEBUG dbcounter [-] [125328] Writing DB stats placement:SELECT=90,placement:INSERT=6,placement:DELETE=2,placement:UPDATE=2 {{(pid=125328) stat_writer /usr/local/lib/python3.8/dist-packages/dbcounter.py:114}}
Oct 08 20:59:38.551650 ncdv-master-1 devstack@placement-api.service[125328]: DEBUG placement.objects.research_context [req-b82d0dd9-c72a-4d5d-8019-160b53269ea1 req-366898e0-75b1-49e3-befe-144e6edf8075 service placement] getting providers with 1 DISK_GB {{(pid=125328) __init__ /opt/stack/placement/placement/objects/research_context.py:136}}
Oct 08 20:59:38.570203 ncdv-master-1 devstack@placement-api.service[125328]: DEBUG placement.objects.research_context [req-b82d0dd9-c72a-4d5d-8019-160b53269ea1 req-366898e0-75b1-49e3-befe-144e6edf8075 service placement] getting providers with 1024 MEMORY_MB {{(pid=125328) __init__ /opt/stack/placement/placement/objects/research_context.py:136}}
Oct 08 20:59:38.579172 ncdv-master-1 devstack@placement-api.service[125328]: DEBUG placement.objects.research_context [req-b82d0dd9-c72a-4d5d-8019-160b53269ea1 req-366898e0-75b1-49e3-befe-144e6edf8075 service placement] getting providers with 1 VCPU {{(pid=125328) __init__ /opt/stack/placement/placement/objects/research_context.py:136}}
Oct 08 20:59:38.594516 ncdv-master-1 devstack@placement-api.service[125328]: DEBUG placement.objects.research_context [req-b82d0dd9-c72a-4d5d-8019-160b53269ea1 req-366898e0-75b1-49e3-befe-144e6edf8075 service placement] found 2 providers with available 1 DISK_GB {{(pid=125328) get_provider_ids_matching /opt/stack/placement/placement/objects/research_context.py:563}}
Oct 08 20:59:38.597402 ncdv-master-1 devstack@placement-api.service[125328]: DEBUG placement.objects.research_context [req-b82d0dd9-c72a-4d5d-8019-160b53269ea1 req-366898e0-75b1-49e3-befe-144e6edf8075 service placement] found 2 providers with available 1024 MEMORY_MB {{(pid=125328) get_provider_ids_matching /opt/stack/placement/placement/objects/research_context.py:563}}
Oct 08 20:59:38.598514 ncdv-master-1 devstack@placement-api.service[125328]: DEBUG placement.objects.research_context [req-b82d0dd9-c72a-4d5d-8019-160b53269ea1 req-366898e0-75b1-49e3-befe-144e6edf8075 service placement] found 2 providers after filtering by previous result {{(pid=125328) get_provider_ids_matching /opt/stack/placement/placement/objects/research_context.py:594}}
Oct 08 20:59:38.598936 ncdv-master-1 devstack@placement-api.service[125328]: DEBUG placement.objects.research_context [req-b82d0dd9-c72a-4d5d-8019-160b53269ea1 req-366898e0-75b1-49e3-befe-144e6edf8075 service placement] found 2 providers with available 1 VCPU {{(pid=125328) get_provider_ids_matching /opt/stack/placement/placement/objects/research_context.py:563}}
Oct 08 20:59:38.599303 ncdv-master-1 devstack@placement-api.service[125328]: DEBUG placement.objects.research_context [req-b82d0dd9-c72a-4d5d-8019-160b53269ea1 req-366898e0-75b1-49e3-befe-144e6edf8075 service placement] found 2 providers after filtering by previous result {{(pid=125328) get_provider_ids_matching /opt/stack/placement/placement/objects/research_context.py:594}}
Oct 08 20:59:38.657721 ncdv-master-1 devstack@placement-api.service[125328]: DEBUG placement.objects.allocation_candidate [req-b82d0dd9-c72a-4d5d-8019-160b53269ea1 req-366898e0-75b1-49e3-befe-144e6edf8075 service placement] RequestGroup(use_same_provider=False, resources={DISK_GB:1, MEMORY_MB:1024, VCPU:1}, traits=(), aggregates=[]) (suffix '') returned 2 matches {{(pid=125328) _get_by_requests /opt/stack/placement/placement/objects/allocation_candidate.py:156}}
Oct 08 20:59:38.658994 ncdv-master-1 devstack@placement-api.service[125328]: DEBUG placement.objects.allocation_candidate [req-b82d0dd9-c72a-4d5d-8019-160b53269ea1 req-366898e0-75b1-49e3-befe-144e6edf8075 service placement] Merging candidates yields 2 allocation requests and 2 provider summaries {{(pid=125328) _merge_candidates /opt/stack/placement/placement/objects/allocation_candidate.py:809}}
Oct 08 20:59:38.664219 ncdv-master-1 devstack@placement-api.service[125328]: INFO placement.requestlog [req-b82d0dd9-c72a-4d5d-8019-160b53269ea1 req-366898e0-75b1-49e3-befe-144e6edf8075 service placement] 10.222.0.26 "GET /placement/allocation_candidates?limit=1000&resources=DISK_GB%3A1%2CMEMORY_MB%3A1024%2CVCPU%3A1&root_required=%21COMPUTE_STATUS_DISABLED" status: 200 len: 1309 microversion: 1.36
Oct 08 20:59:38.665704 ncdv-master-1 devstack@placement-api.service[125328]: [pid: 125328|app: 0|req: 518/1041] 10.222.0.26 () {60 vars in 1506 bytes} [Sat Oct 8 20:59:38 2022] GET /placement/allocation_candidates?limit=1000&resources=DISK_GB%3A1%2CMEMORY_MB%3A1024%2CVCPU%3A1&root_required=%21COMPUTE_STATUS_DISABLED => generated 1309 bytes in 233 msecs (HTTP/1.1 200) 8 headers in 297 bytes (1 switches on core 0)
Oct 08 20:59:38.775028 ncdv-master-1 devstack@placement-api.service[125327]: DEBUG placement.requestlog [req-b82d0dd9-c72a-4d5d-8019-160b53269ea1 req-68162bc7-4e31-40af-bdd3-6e1102f3e9b9 None None] Starting request: 10.222.0.26 "GET /placement/allocations/75ebfbfd-9cd9-4dd9-a6e1-f4c138255a0a" {{(pid=125327) __call__ /opt/stack/placement/placement/requestlog.py:55}}
