Oct 08 20:57:35.278622 ncdv-master-1 devstack@placement-api.service[125328]: INFO placement.requestlog [req-eed4e1d7-b847-4ffa-a07a-6f53e26b2336 req-a850b2cc-8e1a-4fdd-a599-602594d81d21 service placement] 10.222.0.45 "GET /placement/allocations/0568d34c-9aa0-452f-b5c5-b3fc19ebbf15" status: 200 len: 259 microversion: 1.28
Oct 08 20:57:35.281658 ncdv-master-1 devstack@placement-api.service[125328]: [pid: 125328|app: 0|req: 374/754] 10.222.0.45 () {60 vars in 1377 bytes} [Sat Oct 8 20:57:35 2022] GET /placement/allocations/0568d34c-9aa0-452f-b5c5-b3fc19ebbf15 => generated 259 bytes in 80 msecs (HTTP/1.1 200) 8 headers in 296 bytes (1 switches on core 0)
Oct 08 20:57:35.300567 ncdv-master-1 devstack@placement-api.service[125328]: DEBUG placement.requestlog [req-eed4e1d7-b847-4ffa-a07a-6f53e26b2336 req-365def74-457a-4411-b19a-41c450cac578 None None] Starting request: 10.222.0.45 "GET /placement/allocations/279361ef-2171-49e1-9f33-eadbf5dc0313" {{(pid=125328) __call__ /opt/stack/placement/placement/requestlog.py:55}}
Oct 08 20:57:35.324068 ncdv-master-1 devstack@placement-api.service[125327]: INFO placement.requestlog [req-a5361091-c2a3-4a96-a3a3-29dd25bfff71 req-6ff437fb-2de2-4a73-a5ca-490a1c71765f service placement] 10.222.0.26 "GET /placement/allocations/e5389d1b-b9f3-491a-898c-be611599d73a" status: 200 len: 19 microversion: 1.28
Oct 08 20:57:35.329220 ncdv-master-1 devstack@placement-api.service[125327]: [pid: 125327|app: 0|req: 381/755] 10.222.0.26 () {60 vars in 1380 bytes} [Sat Oct 8 20:57:35 2022] GET /placement/allocations/e5389d1b-b9f3-491a-898c-be611599d73a => generated 19 bytes in 53 msecs (HTTP/1.1 200) 8 headers in 295 bytes (1 switches on core 0)
Oct 08 20:57:35.336387 ncdv-master-1 devstack@placement-api.service[125327]: DEBUG placement.requestlog [req-a5361091-c2a3-4a96-a3a3-29dd25bfff71 req-122caaac-8d94-4714-9ae0-2f34ed6f4b2f None None] Starting request: 10.222.0.26 "PUT /placement/allocations/e5389d1b-b9f3-491a-898c-be611599d73a" {{(pid=125327) __call__ /opt/stack/placement/placement/requestlog.py:55}}
Oct 08 20:57:35.358010 ncdv-master-1 devstack@placement-api.service[125328]: INFO placement.requestlog [req-eed4e1d7-b847-4ffa-a07a-6f53e26b2336 req-365def74-457a-4411-b19a-41c450cac578 service placement] 10.222.0.45 "GET /placement/allocations/279361ef-2171-49e1-9f33-eadbf5dc0313" status: 200 len: 259 microversion: 1.28
Oct 08 20:57:35.359078 ncdv-master-1 devstack@placement-api.service[125328]: [pid: 125328|app: 0|req: 375/756] 10.222.0.45 () {60 vars in 1377 bytes} [Sat Oct 8 20:57:35 2022] GET /placement/allocations/279361ef-2171-49e1-9f33-eadbf5dc0313 => generated 259 bytes in 60 msecs (HTTP/1.1 200) 8 headers in 296 bytes (1 switches on core 0)
Oct 08 20:57:35.371061 ncdv-master-1 devstack@placement-api.service[125328]: DEBUG placement.requestlog [req-eed4e1d7-b847-4ffa-a07a-6f53e26b2336 req-9207c8d5-cfd8-4e2e-9ba0-6f56a5597c7e None None] Starting request: 10.222.0.45 "GET /placement/allocations/19327d3e-de51-432b-b594-cb9a1bfe2f49" {{(pid=125328) __call__ /opt/stack/placement/placement/requestlog.py:55}}
Oct 08 20:57:35.430491 ncdv-master-1 devstack@placement-api.service[125328]: INFO placement.requestlog [req-eed4e1d7-b847-4ffa-a07a-6f53e26b2336 req-9207c8d5-cfd8-4e2e-9ba0-6f56a5597c7e service placement] 10.222.0.45 "GET /placement/allocations/19327d3e-de51-432b-b594-cb9a1bfe2f49" status: 200 len: 259 microversion: 1.28
Oct 08 20:57:35.432520 ncdv-master-1 devstack@placement-api.service[125328]: [pid: 125328|app: 0|req: 376/757] 10.222.0.45 () {60 vars in 1377 bytes} [Sat Oct 8 20:57:35 2022] GET /placement/allocations/19327d3e-de51-432b-b594-cb9a1bfe2f49 => generated 259 bytes in 62 msecs (HTTP/1.1 200) 8 headers in 296 bytes (1 switches on core 0)
Oct 08 20:57:35.444376 ncdv-master-1 devstack@placement-api.service[125328]: DEBUG placement.requestlog [req-eed4e1d7-b847-4ffa-a07a-6f53e26b2336 req-eb3747ab-9b87-4274-9cef-16dc6fe54ee0 None None] Starting request: 10.222.0.45 "GET /placement/allocations/24d7af5b-10ba-4df7-a95d-bcd0b2104f37" {{(pid=125328) __call__ /opt/stack/placement/placement/requestlog.py:55}}
Oct 08 20:57:35.483521 ncdv-master-1 devstack@placement-api.service[125328]: INFO placement.requestlog [req-eed4e1d7-b847-4ffa-a07a-6f53e26b2336 req-eb3747ab-9b87-4274-9cef-16dc6fe54ee0 service placement] 10.222.0.45 "GET /placement/allocations/24d7af5b-10ba-4df7-a95d-bcd0b2104f37" status: 200 len: 259 microversion: 1.28
Oct 08 20:57:35.488982 ncdv-master-1 devstack@placement-api.service[125328]: [pid: 125328|app: 0|req: 377/758] 10.222.0.45 () {60 vars in 1377 bytes} [Sat Oct 8 20:57:35 2022] GET /placement/allocations/24d7af5b-10ba-4df7-a95d-bcd0b2104f37 => generated 259 bytes in 48 msecs (HTTP/1.1 200) 8 headers in 296 bytes (1 switches on core 0)
Oct 08 20:57:35.523346 ncdv-master-1 devstack@placement-api.service[125328]: DEBUG placement.requestlog [req-eed4e1d7-b847-4ffa-a07a-6f53e26b2336 req-202ada9b-4187-4063-8a37-945ebae7d8fa None None] Starting request: 10.222.0.45 "GET /placement/allocations/a80fbf87-8203-4e6c-bee7-fe781bfccff1" {{(pid=125328) __call__ /opt/stack/placement/placement/requestlog.py:55}}
Oct 08 20:57:35.541227 ncdv-master-1 devstack@placement-api.service[125327]: DEBUG placement.handlers.allocation [req-a5361091-c2a3-4a96-a3a3-29dd25bfff71 req-122caaac-8d94-4714-9ae0-2f34ed6f4b2f service placement] Successfully wrote allocations [, , ] {{(pid=125327) _update_consumers_and_create_allocations /opt/stack/placement/placement/handlers/allocation.py:462}}
Oct 08 20:57:35.550432 ncdv-master-1 devstack@placement-api.service[125327]: INFO placement.requestlog [req-a5361091-c2a3-4a96-a3a3-29dd25bfff71 req-122caaac-8d94-4714-9ae0-2f34ed6f4b2f service placement] 10.222.0.26 "PUT /placement/allocations/e5389d1b-b9f3-491a-898c-be611599d73a" status: 204 len: 0 microversion: 1.36
Oct 08 20:57:35.551962 ncdv-master-1 devstack@placement-api.service[125327]: [pid: 125327|app: 0|req: 382/759] 10.222.0.26 () {64 vars in 1433 bytes} [Sat Oct 8 20:57:35 2022] PUT /placement/allocations/e5389d1b-b9f3-491a-898c-be611599d73a => generated 0 bytes in 216 msecs (HTTP/1.1 204) 5 headers in 199 bytes (2 switches on core 0)
Oct 08 20:57:35.552881 ncdv-master-1 devstack@placement-api.service[125327]: DEBUG placement.requestlog [req-b837ef4e-b8d4-4017-bf56-be42eb329d7c req-906dd604-1914-4d5f-9074-7dd6af517b2a None None] Starting request: 10.222.0.45 "GET /placement/allocations/19327d3e-de51-432b-b594-cb9a1bfe2f49" {{(pid=125327) __call__ /opt/stack/placement/placement/requestlog.py:55}}
Oct 08 20:57:35.574788 ncdv-master-1 devstack@placement-api.service[125327]: INFO placement.requestlog [req-b837ef4e-b8d4-4017-bf56-be42eb329d7c req-906dd604-1914-4d5f-9074-7dd6af517b2a service placement] 10.222.0.45 "GET /placement/allocations/19327d3e-de51-432b-b594-cb9a1bfe2f49" status: 200 len: 259 microversion: 1.28
Oct 08 20:57:35.575230 ncdv-master-1 devstack@placement-api.service[125327]: [pid: 125327|app: 0|req: 383/760] 10.222.0.45 () {60 vars in 1377 bytes} [Sat Oct 8 20:57:35 2022] GET /placement/allocations/19327d3e-de51-432b-b594-cb9a1bfe2f49 => generated 259 bytes in 22 msecs (HTTP/1.1 200) 8 headers in 296 bytes (1 switches on core 0)
Oct 08 20:57:35.600697 ncdv-master-1 devstack@placement-api.service[125328]: INFO placement.requestlog [req-eed4e1d7-b847-4ffa-a07a-6f53e26b2336 req-202ada9b-4187-4063-8a37-945ebae7d8fa service placement] 10.222.0.45 "GET /placement/allocations/a80fbf87-8203-4e6c-bee7-fe781bfccff1" status: 200 len: 259 microversion: 1.28
Oct 08 20:57:35.602596 ncdv-master-1 devstack@placement-api.service[125328]: [pid: 125328|app: 0|req: 378/761] 10.222.0.45 () {60 vars in 1377 bytes} [Sat Oct 8 20:57:35 2022] GET /placement/allocations/a80fbf87-8203-4e6c-bee7-fe781bfccff1 => generated 259 bytes in 80 msecs (HTTP/1.1 200) 8 headers in 296 bytes (2 switches on core 0)
Oct 08 20:57:36.371176 ncdv-master-1 devstack@placement-api.service[125327]: DEBUG placement.requestlog [req-a5361091-c2a3-4a96-a3a3-29dd25bfff71 req-cf8c8230-0f08-4f14-aa7a-904856f63571 None None] Starting request: 10.222.0.50 "GET /placement/allocations/e5389d1b-b9f3-491a-898c-be611599d73a" {{(pid=125327) __call__ /opt/stack/placement/placement/requestlog.py:55}}
Oct 08 20:57:36.435053 ncdv-master-1 devstack@placement-api.service[125327]: DEBUG dbcounter [-] [125327] Writing DB stats placement:SELECT=80,placement:INSERT=12,placement:DELETE=4,placement:UPDATE=4 {{(pid=125327) stat_writer /usr/local/lib/python3.8/dist-packages/dbcounter.py:114}}
Oct 08 20:57:36.466642 ncdv-master-1 devstack@placement-api.service[125327]: INFO placement.requestlog [req-a5361091-c2a3-4a96-a3a3-29dd25bfff71 req-cf8c8230-0f08-4f14-aa7a-904856f63571 service placement] 10.222.0.50 "GET /placement/allocations/e5389d1b-b9f3-491a-898c-be611599d73a" status: 200 len: 259 microversion: 1.28
Oct 08 20:57:36.472875 ncdv-master-1 devstack@placement-api.service[125327]: [pid: 125327|app: 0|req: 384/762] 10.222.0.50 () {60 vars in 1377 bytes} [Sat Oct 8 20:57:36 2022] GET /placement/allocations/e5389d1b-b9f3-491a-898c-be611599d73a => generated 259 bytes in 102 msecs (HTTP/1.1 200) 8 headers in 296 bytes (1 switches on core 0)
Oct 08 20:57:36.700304 ncdv-master-1 devstack@placement-api.service[125328]: DEBUG placement.requestlog [req-a5361091-c2a3-4a96-a3a3-29dd25bfff71 req-80a46691-7acf-4d37-a4c3-d225c7d601d0 None None] Starting request: 10.222.0.50 "GET /placement/resource_providers/a41d0382-68d1-476d-8c0a-f7ab76a39bb6/allocations" {{(pid=125328) __call__ /opt/stack/placement/placement/requestlog.py:55}}
Oct 08 20:57:36.754772 ncdv-master-1 devstack@placement-api.service[125328]: INFO placement.requestlog [req-a5361091-c2a3-4a96-a3a3-29dd25bfff71 req-80a46691-7acf-4d37-a4c3-d225c7d601d0 service placement] 10.222.0.50 "GET /placement/resource_providers/a41d0382-68d1-476d-8c0a-f7ab76a39bb6/allocations" status: 200 len: 819 microversion: 1.0
Oct 08 20:57:36.755751 ncdv-master-1 devstack@placement-api.service[125328]: [pid: 125328|app: 0|req: 379/763] 10.222.0.50 () {58 vars in 1390 bytes} [Sat Oct 8 20:57:36 2022] GET /placement/resource_providers/a41d0382-68d1-476d-8c0a-f7ab76a39bb6/allocations => generated 819 bytes in 56 msecs (HTTP/1.1 200) 6 headers in 224 bytes (1 switches on core 0)
Oct 08 20:57:36.763250 ncdv-master-1 devstack@placement-api.service[125327]: DEBUG placement.requestlog [req-a5361091-c2a3-4a96-a3a3-29dd25bfff71 req-6e318b3f-6dbf-401d-8274-885fc22b75c6 None None] Starting request: 10.222.0.50 "GET /placement/allocations/139f7ae3-b380-4114-a566-6d496d4957f4" {{(pid=125327) __call__ /opt/stack/placement/placement/requestlog.py:55}}
Oct 08 20:57:36.782234 ncdv-master-1 devstack@placement-api.service[125328]: DEBUG placement.requestlog [req-22236678-434b-45bb-acf2-5f0fa3b3e593 req-45b51ba5-59f3-49cf-a212-2cc558cbb0e2 None None] Starting request: 10.222.0.45 "GET /placement/allocations/ade13174-68e5-46a7-b3bd-cf2995b39a00" {{(pid=125328) __call__ /opt/stack/placement/placement/requestlog.py:55}}
Oct 08 20:57:36.815251 ncdv-master-1 devstack@placement-api.service[125327]: INFO placement.requestlog [req-a5361091-c2a3-4a96-a3a3-29dd25bfff71 req-6e318b3f-6dbf-401d-8274-885fc22b75c6 service placement] 10.222.0.50 "GET /placement/allocations/139f7ae3-b380-4114-a566-6d496d4957f4" status: 200 len: 259 microversion: 1.28
Oct 08 20:57:36.817625 ncdv-master-1 devstack@placement-api.service[125327]: [pid: 125327|app: 0|req: 385/764] 10.222.0.50 () {60 vars in 1377 bytes} [Sat Oct 8 20:57:36 2022] GET /placement/allocations/139f7ae3-b380-4114-a566-6d496d4957f4 => generated 259 bytes in 54 msecs (HTTP/1.1 200) 8 headers in 296 bytes (2 switches on core 0)
Oct 08 20:57:36.820030 ncdv-master-1 devstack@placement-api.service[125328]: INFO placement.requestlog [req-22236678-434b-45bb-acf2-5f0fa3b3e593 req-45b51ba5-59f3-49cf-a212-2cc558cbb0e2 service placement] 10.222.0.45 "GET /placement/allocations/ade13174-68e5-46a7-b3bd-cf2995b39a00" status: 200 len: 245 microversion: 1.28
Oct 08 20:57:36.820491 ncdv-master-1 devstack@placement-api.service[125328]: [pid: 125328|app: 0|req: 380/765] 10.222.0.45 () {60 vars in 1377 bytes} [Sat Oct 8 20:57:36 2022] GET /placement/allocations/ade13174-68e5-46a7-b3bd-cf2995b39a00 => generated 245 bytes in 39 msecs (HTTP/1.1 200) 8 headers in 296 bytes (2 switches on core 0)
Oct 08 20:57:36.823129 ncdv-master-1 devstack@placement-api.service[125327]: DEBUG placement.requestlog [req-a5361091-c2a3-4a96-a3a3-29dd25bfff71 req-150fa9a0-e9d0-49ce-b611-137ed11e0a44 None None] Starting request: 10.222.0.50 "GET /placement/allocations/f04fdc43-98fc-4bfc-a0f6-6efb9d2ee5bc" {{(pid=125327) __call__ /opt/stack/placement/placement/requestlog.py:55}}
Oct 08 20:57:36.834976 ncdv-master-1 devstack@placement-api.service[125328]: DEBUG placement.requestlog [req-22236678-434b-45bb-acf2-5f0fa3b3e593 req-30da20ff-a0f3-4696-a7ac-031f659d90fb None None] Starting request: 10.222.0.45 "GET /placement/allocations/ade13174-68e5-46a7-b3bd-cf2995b39a00" {{(pid=125328) __call__ /opt/stack/placement/placement/requestlog.py:55}}
Oct 08 20:57:36.893430 ncdv-master-1 devstack@placement-api.service[125327]: INFO placement.requestlog [req-a5361091-c2a3-4a96-a3a3-29dd25bfff71 req-150fa9a0-e9d0-49ce-b611-137ed11e0a44 service placement] 10.222.0.50 "GET /placement/allocations/f04fdc43-98fc-4bfc-a0f6-6efb9d2ee5bc" status: 200 len: 259 microversion: 1.28
Oct 08 20:57:36.900133 ncdv-master-1 devstack@placement-api.service[125327]: [pid: 125327|app: 0|req: 386/766] 10.222.0.50 () {60 vars in 1377 bytes} [Sat Oct 8 20:57:36 2022] GET /placement/allocations/f04fdc43-98fc-4bfc-a0f6-6efb9d2ee5bc => generated 259 bytes in 77 msecs (HTTP/1.1 200) 8 headers in 296 bytes (1 switches on core 0)
Oct 08 20:57:36.904455 ncdv-master-1 devstack@placement-api.service[125327]: DEBUG placement.requestlog [req-b837ef4e-b8d4-4017-bf56-be42eb329d7c req-632dce48-debb-4d23-bf6a-9520a1d74f9b None None] Starting request: 10.222.0.45 "GET /placement/resource_providers/b99753ea-e256-4e43-b179-bdb36c3e01a0/allocations" {{(pid=125327) __call__ /opt/stack/placement/placement/requestlog.py:55}}
Oct 08 20:57:36.915883 ncdv-master-1 devstack@placement-api.service[125328]: INFO placement.requestlog [req-22236678-434b-45bb-acf2-5f0fa3b3e593 req-30da20ff-a0f3-4696-a7ac-031f659d90fb service placement] 10.222.0.45 "GET /placement/allocations/ade13174-68e5-46a7-b3bd-cf2995b39a00" status: 200 len: 245 microversion: 1.28
Oct 08 20:57:36.918197 ncdv-master-1 devstack@placement-api.service[125328]: [pid: 125328|app: 0|req: 381/767] 10.222.0.45 () {60 vars in 1377 bytes} [Sat Oct 8 20:57:36 2022] GET /placement/allocations/ade13174-68e5-46a7-b3bd-cf2995b39a00 => generated 245 bytes in 84 msecs (HTTP/1.1 200) 8 headers in 296 bytes (1 switches on core 0)
Oct 08 20:57:36.919609 ncdv-master-1 devstack@placement-api.service[125328]: DEBUG placement.requestlog [req-a5361091-c2a3-4a96-a3a3-29dd25bfff71 req-1cffa542-f0ef-4456-9268-625466336929 None None] Starting request: 10.222.0.50 "GET /placement/allocations/57016fcf-2d2c-488c-9af6-0530ebc199f6" {{(pid=125328) __call__ /opt/stack/placement/placement/requestlog.py:55}}
Oct 08 20:57:36.983818 ncdv-master-1 devstack@placement-api.service[125328]: INFO placement.requestlog [req-a5361091-c2a3-4a96-a3a3-29dd25bfff71 req-1cffa542-f0ef-4456-9268-625466336929 service placement] 10.222.0.50 "GET /placement/allocations/57016fcf-2d2c-488c-9af6-0530ebc199f6" status: 200 len: 259 microversion: 1.28
Oct 08 20:57:36.986482 ncdv-master-1 devstack@placement-api.service[125328]: [pid: 125328|app: 0|req: 382/768] 10.222.0.50 () {60 vars in 1377 bytes} [Sat Oct 8 20:57:36 2022] GET /placement/allocations/57016fcf-2d2c-488c-9af6-0530ebc199f6 => generated 259 bytes in 68 msecs (HTTP/1.1 200) 8 headers in 296 bytes (1 switches on core 0)
Oct 08 20:57:36.989847 ncdv-master-1 devstack@placement-api.service[125328]: DEBUG placement.requestlog [req-22236678-434b-45bb-acf2-5f0fa3b3e593 req-f908fbb0-391f-4b50-9085-016fb44acbc6 None None] Starting request: 10.222.0.45 "GET /placement/allocations/e2d1c93f-8392-4f67-a29e-05164828f9d8" {{(pid=125328) __call__ /opt/stack/placement/placement/requestlog.py:55}}
Oct 08 20:57:37.030432 ncdv-master-1 devstack@placement-api.service[125327]: INFO placement.requestlog [req-b837ef4e-b8d4-4017-bf56-be42eb329d7c req-632dce48-debb-4d23-bf6a-9520a1d74f9b service placement] 10.222.0.45 "GET /placement/resource_providers/b99753ea-e256-4e43-b179-bdb36c3e01a0/allocations" status: 200 len: 746 microversion: 1.0
Oct 08 20:57:37.037745 ncdv-master-1 devstack@placement-api.service[125327]: [pid: 125327|app: 0|req: 387/769] 10.222.0.45 () {58 vars in 1390 bytes} [Sat Oct 8 20:57:36 2022] GET /placement/resource_providers/b99753ea-e256-4e43-b179-bdb36c3e01a0/allocations => generated 746 bytes in 136 msecs (HTTP/1.1 200) 6 headers in 224 bytes (1 switches on core 0)
Oct 08 20:57:37.044024 ncdv-master-1 devstack@placement-api.service[125327]: DEBUG placement.requestlog [req-a5361091-c2a3-4a96-a3a3-29dd25bfff71 req-93c5905d-1524-4892-bbe4-11f31e59045e None None] Starting request: 10.222.0.50 "GET /placement/allocations/e5389d1b-b9f3-491a-898c-be611599d73a" {{(pid=125327) __call__ /opt/stack/placement/placement/requestlog.py:55}}
Oct 08 20:57:37.054499 ncdv-master-1 devstack@placement-api.service[125328]: INFO placement.requestlog [req-22236678-434b-45bb-acf2-5f0fa3b3e593 req-f908fbb0-391f-4b50-9085-016fb44acbc6 service placement] 10.222.0.45 "GET /placement/allocations/e2d1c93f-8392-4f67-a29e-05164828f9d8" status: 200 len: 245 microversion: 1.28
Oct 08 20:57:37.056982 ncdv-master-1 devstack@placement-api.service[125328]: [pid: 125328|app: 0|req: 383/770] 10.222.0.45 () {60 vars in 1377 bytes} [Sat Oct 8 20:57:36 2022] GET /placement/allocations/e2d1c93f-8392-4f67-a29e-05164828f9d8 => generated 245 bytes in 68 msecs (HTTP/1.1 200) 8 headers in 296 bytes (1 switches on core 0)
Oct 08 20:57:37.089382 ncdv-master-1 devstack@placement-api.service[125327]: INFO placement.requestlog [req-a5361091-c2a3-4a96-a3a3-29dd25bfff71 req-93c5905d-1524-4892-bbe4-11f31e59045e service placement] 10.222.0.50 "GET /placement/allocations/e5389d1b-b9f3-491a-898c-be611599d73a" status: 200 len: 259 microversion: 1.28
Oct 08 20:57:37.090319 ncdv-master-1 devstack@placement-api.service[125327]: [pid: 125327|app: 0|req: 388/771] 10.222.0.50 () {60 vars in 1377 bytes} [Sat Oct 8 20:57:37 2022] GET /placement/allocations/e5389d1b-b9f3-491a-898c-be611599d73a => generated 259 bytes in 48 msecs (HTTP/1.1 200) 8 headers in 296 bytes (1 switches on core 0)
Oct 08 20:57:37.096893 ncdv-master-1 devstack@placement-api.service[125328]: DEBUG placement.requestlog [req-a5361091-c2a3-4a96-a3a3-29dd25bfff71 req-69e9407d-2e34-4f9b-b004-b38735adfbd2 None None] Starting request: 10.222.0.50 "GET /placement/allocations/e2d1c93f-8392-4f67-a29e-05164828f9d8" {{(pid=125328) __call__ /opt/stack/placement/placement/requestlog.py:55}}
Oct 08 20:57:37.145694 ncdv-master-1 devstack@placement-api.service[125328]: INFO placement.requestlog [req-a5361091-c2a3-4a96-a3a3-29dd25bfff71 req-69e9407d-2e34-4f9b-b004-b38735adfbd2 service placement] 10.222.0.50 "GET /placement/allocations/e2d1c93f-8392-4f67-a29e-05164828f9d8" status: 200 len: 245 microversion: 1.28
Oct 08 20:57:37.146000 ncdv-master-1 devstack@placement-api.service[125328]: [pid: 125328|app: 0|req: 384/772] 10.222.0.50 () {60 vars in 1377 bytes} [Sat Oct 8 20:57:37 2022] GET /placement/allocations/e2d1c93f-8392-4f67-a29e-05164828f9d8 => generated 245 bytes in 49 msecs (HTTP/1.1 200) 8 headers in 296 bytes (1 switches on core 0)
Oct 08 20:57:37.152506 ncdv-master-1 devstack@placement-api.service[125327]: DEBUG placement.requestlog [req-a5361091-c2a3-4a96-a3a3-29dd25bfff71 req-6d9a25b5-dceb-439a-a9eb-1bcc472e5d36 None None] Starting request: 10.222.0.50 "GET /placement/allocations/74bdac1c-9b70-46f7-b671-9752894d8980" {{(pid=125327) __call__ /opt/stack/placement/placement/requestlog.py:55}}
Oct 08 20:57:37.180031 ncdv-master-1 devstack@placement-api.service[125327]: INFO placement.requestlog [req-a5361091-c2a3-4a96-a3a3-29dd25bfff71 req-6d9a25b5-dceb-439a-a9eb-1bcc472e5d36 service placement] 10.222.0.50 "GET /placement/allocations/74bdac1c-9b70-46f7-b671-9752894d8980" status: 200 len: 245 microversion: 1.28
Oct 08 20:57:37.180971 ncdv-master-1 devstack@placement-api.service[125327]: [pid: 125327|app: 0|req: 389/773] 10.222.0.50 () {60 vars in 1377 bytes} [Sat Oct 8 20:57:37 2022] GET /placement/allocations/74bdac1c-9b70-46f7-b671-9752894d8980 => generated 245 bytes in 29 msecs (HTTP/1.1 200) 8 headers in 296 bytes (1 switches on core 0)
Oct 08 20:57:37.188454 ncdv-master-1 devstack@placement-api.service[125328]: DEBUG placement.requestlog [req-a5361091-c2a3-4a96-a3a3-29dd25bfff71 req-8fb52831-78ea-4b0d-82f2-71956b162d33 None None] Starting request: 10.222.0.50 "GET /placement/allocations/ceced78a-58d9-4175-b4fe-0d085be62c94" {{(pid=125328) __call__ /opt/stack/placement/placement/requestlog.py:55}}
Oct 08 20:57:37.206539 ncdv-master-1 devstack@placement-api.service[125327]: DEBUG placement.requestlog [req-b837ef4e-b8d4-4017-bf56-be42eb329d7c req-ac66411f-341e-45ac-b6cc-5f602cb73e5c None None] Starting request: 10.222.0.45 "GET /placement/allocations/e338d559-3f7c-4cc8-95c6-face79e11ca2" {{(pid=125327) __call__ /opt/stack/placement/placement/requestlog.py:55}}
Oct 08 20:57:37.231213 ncdv-master-1 devstack@placement-api.service[125327]: INFO placement.requestlog [req-b837ef4e-b8d4-4017-bf56-be42eb329d7c req-ac66411f-341e-45ac-b6cc-5f602cb73e5c service placement] 10.222.0.45 "GET /placement/allocations/e338d559-3f7c-4cc8-95c6-face79e11ca2" status: 200 len: 259 microversion: 1.28
Oct 08 20:57:37.231708 ncdv-master-1 devstack@placement-api.service[125327]: [pid: 125327|app: 0|req: 390/774] 10.222.0.45 () {60 vars in 1377 bytes} [Sat Oct 8 20:57:37 2022] GET /placement/allocations/e338d559-3f7c-4cc8-95c6-face79e11ca2 => generated 259 bytes in 25 msecs (HTTP/1.1 200) 8 headers in 296 bytes (1 switches on core 0)
Oct 08 20:57:37.232380 ncdv-master-1 devstack@placement-api.service[125327]: DEBUG placement.requestlog [req-22236678-434b-45bb-acf2-5f0fa3b3e593 req-54abfce3-caac-4edd-91d2-784c53838094 None None] Starting request: 10.222.0.45 "POST /placement/allocations" {{(pid=125327) __call__ /opt/stack/placement/placement/requestlog.py:55}}
Oct 08 20:57:37.233676 ncdv-master-1 devstack@placement-api.service[125328]: INFO placement.requestlog [req-a5361091-c2a3-4a96-a3a3-29dd25bfff71 req-8fb52831-78ea-4b0d-82f2-71956b162d33 service placement] 10.222.0.50 "GET /placement/allocations/ceced78a-58d9-4175-b4fe-0d085be62c94" status: 200 len: 245 microversion: 1.28
Oct 08 20:57:37.234786 ncdv-master-1 devstack@placement-api.service[125328]: [pid: 125328|app: 0|req: 385/775] 10.222.0.50 () {60 vars in 1377 bytes} [Sat Oct 8 20:57:37 2022] GET /placement/allocations/ceced78a-58d9-4175-b4fe-0d085be62c94 => generated 245 bytes in 47 msecs (HTTP/1.1 200) 8 headers in 296 bytes (1 switches on core 0)
Oct 08 20:57:37.242540 ncdv-master-1 devstack@placement-api.service[125328]: DEBUG placement.requestlog [req-a5361091-c2a3-4a96-a3a3-29dd25bfff71 req-80fa85f9-1a92-4a0b-9c41-885b6ca3ef63 None None] Starting request: 10.222.0.50 "GET /placement/allocations/b5452da7-7cb6-493b-a5d1-4c60ed1e342c" {{(pid=125328) __call__ /opt/stack/placement/placement/requestlog.py:55}}
Oct 08 20:57:37.286066 ncdv-master-1 devstack@placement-api.service[125328]: INFO placement.requestlog [req-a5361091-c2a3-4a96-a3a3-29dd25bfff71 req-80fa85f9-1a92-4a0b-9c41-885b6ca3ef63 service placement] 10.222.0.50 "GET /placement/allocations/b5452da7-7cb6-493b-a5d1-4c60ed1e342c" status: 200 len: 259 microversion: 1.28
Oct 08 20:57:37.287145 ncdv-master-1 devstack@placement-api.service[125328]: [pid: 125328|app: 0|req: 386/776] 10.222.0.50 () {60 vars in 1377 bytes} [Sat Oct 8 20:57:37 2022] GET /placement/allocations/b5452da7-7cb6-493b-a5d1-4c60ed1e342c => generated 259 bytes in 45 msecs (HTTP/1.1 200) 8 headers in 296 bytes (1 switches on core 0)
Oct 08 20:57:37.288788 ncdv-master-1 devstack@placement-api.service[125328]: DEBUG placement.requestlog [req-b837ef4e-b8d4-4017-bf56-be42eb329d7c req-f4e2a88f-cb88-4374-a8fb-f00fedfdbf35 None None] Starting request: 10.222.0.45 "GET /placement/allocations/ade13174-68e5-46a7-b3bd-cf2995b39a00" {{(pid=125328) __call__ /opt/stack/placement/placement/requestlog.py:55}}
Oct 08 20:57:37.347916 ncdv-master-1 devstack@placement-api.service[125328]: INFO placement.requestlog [req-b837ef4e-b8d4-4017-bf56-be42eb329d7c req-f4e2a88f-cb88-4374-a8fb-f00fedfdbf35 service placement] 10.222.0.45 "GET /placement/allocations/ade13174-68e5-46a7-b3bd-cf2995b39a00" status: 200 len: 245 microversion: 1.28
Oct 08 20:57:37.347916 ncdv-master-1 devstack@placement-api.service[125328]: [pid: 125328|app: 0|req: 387/777] 10.222.0.45 () {60 vars in 1377 bytes} [Sat Oct 8 20:57:37 2022] GET /placement/allocations/ade13174-68e5-46a7-b3bd-cf2995b39a00 => generated 245 bytes in 59 msecs (HTTP/1.1 200) 8 headers in 296 bytes (1 switches on core 0)
Oct 08 20:57:37.366211 ncdv-master-1 devstack@placement-api.service[125328]: DEBUG placement.requestlog [req-b837ef4e-b8d4-4017-bf56-be42eb329d7c req-d132c83c-0e25-4e8a-a3b3-5f175a293f18 None None] Starting request: 10.222.0.45 "GET /placement/allocations/0568d34c-9aa0-452f-b5c5-b3fc19ebbf15" {{(pid=125328) __call__ /opt/stack/placement/placement/requestlog.py:55}}
Oct 08 20:57:37.398267 ncdv-master-1 devstack@placement-api.service[125328]: INFO placement.requestlog [req-b837ef4e-b8d4-4017-bf56-be42eb329d7c req-d132c83c-0e25-4e8a-a3b3-5f175a293f18 service placement] 10.222.0.45 "GET /placement/allocations/0568d34c-9aa0-452f-b5c5-b3fc19ebbf15" status: 200 len: 259 microversion: 1.28
Oct 08 20:57:37.399055 ncdv-master-1 devstack@placement-api.service[125328]: [pid: 125328|app: 0|req: 388/778] 10.222.0.45 () {60 vars in 1377 bytes} [Sat Oct 8 20:57:37 2022] GET /placement/allocations/0568d34c-9aa0-452f-b5c5-b3fc19ebbf15 => generated 259 bytes in 33 msecs (HTTP/1.1 200) 8 headers in 296 bytes (1 switches on core 0)
Oct 08 20:57:37.413867 ncdv-master-1 devstack@placement-api.service[125328]: DEBUG placement.requestlog [req-b837ef4e-b8d4-4017-bf56-be42eb329d7c req-5b9e6d68-422b-4d44-9327-f6ac29564e66 None None] Starting request: 10.222.0.45 "GET /placement/allocations/279361ef-2171-49e1-9f33-eadbf5dc0313" {{(pid=125328) __call__ /opt/stack/placement/placement/requestlog.py:55}}
Oct 08 20:57:37.430704 ncdv-master-1 devstack@placement-api.service[125327]: DEBUG placement.handlers.allocation [req-22236678-434b-45bb-acf2-5f0fa3b3e593 req-54abfce3-caac-4edd-91d2-784c53838094 service placement] Successfully wrote allocations [, , , ] {{(pid=125327) _update_consumers_and_create_allocations /opt/stack/placement/placement/handlers/allocation.py:572}}
Oct 08 20:57:37.431885 ncdv-master-1 devstack@placement-api.service[125328]: DEBUG dbcounter [-] [125328] Writing DB stats placement:SELECT=90,placement:INSERT=6,placement:DELETE=2,placement:UPDATE=2 {{(pid=125328) stat_writer /usr/local/lib/python3.8/dist-packages/dbcounter.py:114}}
Oct 08 20:57:37.437406 ncdv-master-1 devstack@placement-api.service[125327]: INFO placement.requestlog [req-22236678-434b-45bb-acf2-5f0fa3b3e593 req-54abfce3-caac-4edd-91d2-784c53838094 service placement] 10.222.0.45 "POST /placement/allocations" status: 204 len: 0 microversion: 1.28
Oct 08 20:57:37.438430 ncdv-master-1 devstack@placement-api.service[125327]: [pid: 125327|app: 0|req: 391/779] 10.222.0.45 () {64 vars in 1320 bytes} [Sat Oct 8 20:57:37 2022] POST /placement/allocations => generated 0 bytes in 206 msecs (HTTP/1.1 204) 5 headers in 199 bytes (1 switches on core 0)
Oct 08 20:57:37.450701 ncdv-master-1 devstack@placement-api.service[125328]: INFO placement.requestlog [req-b837ef4e-b8d4-4017-bf56-be42eb329d7c req-5b9e6d68-422b-4d44-9327-f6ac29564e66 service placement] 10.222.0.45 "GET /placement/allocations/279361ef-2171-49e1-9f33-eadbf5dc0313" status: 200 len: 259 microversion: 1.28
Oct 08 20:57:37.451086 ncdv-master-1 devstack@placement-api.service[125328]: [pid: 125328|app: 0|req: 389/780] 10.222.0.45 () {60 vars in 1377 bytes} [Sat Oct 8 20:57:37 2022] GET /placement/allocations/279361ef-2171-49e1-9f33-eadbf5dc0313 => generated 259 bytes in 38 msecs (HTTP/1.1 200) 8 headers in 296 bytes (2 switches on core 0)
Oct 08 20:57:37.472885 ncdv-master-1 devstack@placement-api.service[125327]: DEBUG placement.requestlog [req-b837ef4e-b8d4-4017-bf56-be42eb329d7c req-e0f68de8-b9e9-443b-be91-c3e568fbd5c9 None None] Starting request: 10.222.0.45 "GET /placement/allocations/19327d3e-de51-432b-b594-cb9a1bfe2f49" {{(pid=125327) __call__ /opt/stack/placement/placement/requestlog.py:55}}
Oct 08 20:57:37.504869 ncdv-master-1 devstack@placement-api.service[125327]: INFO placement.requestlog [req-b837ef4e-b8d4-4017-bf56-be42eb329d7c req-e0f68de8-b9e9-443b-be91-c3e568fbd5c9 service placement] 10.222.0.45 "GET /placement/allocations/19327d3e-de51-432b-b594-cb9a1bfe2f49" status: 200 len: 259 microversion: 1.28
Oct 08 20:57:37.506966 ncdv-master-1 devstack@placement-api.service[125327]: [pid: 125327|app: 0|req: 392/781] 10.222.0.45 () {60 vars in 1377 bytes} [Sat Oct 8 20:57:37 2022] GET /placement/allocations/19327d3e-de51-432b-b594-cb9a1bfe2f49 => generated 259 bytes in 34 msecs (HTTP/1.1 200) 8 headers in 296 bytes (1 switches on core 0)
Oct 08 20:57:37.517133 ncdv-master-1 devstack@placement-api.service[125328]: DEBUG placement.requestlog [req-b837ef4e-b8d4-4017-bf56-be42eb329d7c req-88bc98e4-7047-4271-9c58-c671971549fa None None] Starting request: 10.222.0.45 "GET /placement/allocations/24d7af5b-10ba-4df7-a95d-bcd0b2104f37" {{(pid=125328) __call__ /opt/stack/placement/placement/requestlog.py:55}}
Oct 08 20:57:37.544698 ncdv-master-1 devstack@placement-api.service[125328]: INFO placement.requestlog [req-b837ef4e-b8d4-4017-bf56-be42eb329d7c req-88bc98e4-7047-4271-9c58-c671971549fa service placement] 10.222.0.45 "GET /placement/allocations/24d7af5b-10ba-4df7-a95d-bcd0b2104f37" status: 200 len: 259 microversion: 1.28
Oct 08 20:57:37.545568 ncdv-master-1 devstack@placement-api.service[125328]: [pid: 125328|app: 0|req: 390/782] 10.222.0.45 () {60 vars in 1377 bytes} [Sat Oct 8 20:57:37 2022] GET /placement/allocations/24d7af5b-10ba-4df7-a95d-bcd0b2104f37 => generated 259 bytes in 29 msecs (HTTP/1.1 200) 8 headers in 296 bytes (1 switches on core 0)
Oct 08 20:57:37.569572 ncdv-master-1 devstack@placement-api.service[125327]: DEBUG placement.requestlog [req-b837ef4e-b8d4-4017-bf56-be42eb329d7c req-7cf27389-25eb-480b-b831-1440199b7404 None None] Starting request: 10.222.0.45 "GET /placement/allocations/a80fbf87-8203-4e6c-bee7-fe781bfccff1" {{(pid=125327) __call__ /opt/stack/placement/placement/requestlog.py:55}}
Oct 08 20:57:37.592087 ncdv-master-1 devstack@placement-api.service[125327]: INFO placement.requestlog [req-b837ef4e-b8d4-4017-bf56-be42eb329d7c req-7cf27389-25eb-480b-b831-1440199b7404 service placement] 10.222.0.45 "GET /placement/allocations/a80fbf87-8203-4e6c-bee7-fe781bfccff1" status: 200 len: 259 microversion: 1.28
Oct 08 20:57:37.592938 ncdv-master-1 devstack@placement-api.service[125327]: [pid: 125327|app: 0|req: 393/783] 10.222.0.45 () {60 vars in 1377 bytes} [Sat Oct 8 20:57:37 2022] GET /placement/allocations/a80fbf87-8203-4e6c-bee7-fe781bfccff1 => generated 259 bytes in 24 msecs (HTTP/1.1 200) 8 headers in 296 bytes (2 switches on core 0)
Oct 08 20:57:46.761706 ncdv-master-1 devstack@placement-api.service[125328]: DEBUG placement.requestlog [req-91e54ea6-fc1f-4936-8a45-516c01122475 req-f1757fb7-df94-405b-b9ef-e67e0e82ae1e None None] Starting request: 10.222.0.45 "GET /placement/resource_providers/b99753ea-e256-4e43-b179-bdb36c3e01a0/allocations" {{(pid=125328) __call__ /opt/stack/placement/placement/requestlog.py:55}}
Oct 08 20:57:46.797894 ncdv-master-1 devstack@placement-api.service[125328]: INFO placement.requestlog [req-91e54ea6-fc1f-4936-8a45-516c01122475 req-f1757fb7-df94-405b-b9ef-e67e0e82ae1e service placement] 10.222.0.45 "GET /placement/resource_providers/b99753ea-e256-4e43-b179-bdb36c3e01a0/allocations" status: 200 len: 746 microversion: 1.0
Oct 08 20:57:46.798848 ncdv-master-1 devstack@placement-api.service[125328]: [pid: 125328|app: 0|req: 391/784] 10.222.0.45 () {58 vars in 1390 bytes} [Sat Oct 8 20:57:46 2022] GET /placement/resource_providers/b99753ea-e256-4e43-b179-bdb36c3e01a0/allocations => generated 746 bytes in 38 msecs (HTTP/1.1 200) 6 headers in 224 bytes (1 switches on core 0)
Oct 08 20:57:46.834557 ncdv-master-1 devstack@placement-api.service[125327]: DEBUG placement.requestlog [req-91e54ea6-fc1f-4936-8a45-516c01122475 req-9f9ca300-b8cc-42b6-9534-361e242a9139 None None] Starting request: 10.222.0.45 "GET /placement/allocations/e338d559-3f7c-4cc8-95c6-face79e11ca2" {{(pid=125327) __call__ /opt/stack/placement/placement/requestlog.py:55}}
Oct 08 20:57:46.852834 ncdv-master-1 devstack@placement-api.service[125327]: INFO placement.requestlog [req-91e54ea6-fc1f-4936-8a45-516c01122475 req-9f9ca300-b8cc-42b6-9534-361e242a9139 service placement] 10.222.0.45 "GET /placement/allocations/e338d559-3f7c-4cc8-95c6-face79e11ca2" status: 200 len: 259 microversion: 1.28
Oct 08 20:57:46.853225 ncdv-master-1 devstack@placement-api.service[125327]: [pid: 125327|app: 0|req: 394/785] 10.222.0.45 () {60 vars in 1377 bytes} [Sat Oct 8 20:57:46 2022] GET /placement/allocations/e338d559-3f7c-4cc8-95c6-face79e11ca2 => generated 259 bytes in 19 msecs (HTTP/1.1 200) 8 headers in 296 bytes (1 switches on core 0)
Oct 08 20:57:46.862297 ncdv-master-1 devstack@placement-api.service[125328]: DEBUG placement.requestlog [req-91e54ea6-fc1f-4936-8a45-516c01122475 req-b984f1c0-0e6d-4e44-b7db-2becc607afa6 None None] Starting request: 10.222.0.45 "GET /placement/allocations/0568d34c-9aa0-452f-b5c5-b3fc19ebbf15" {{(pid=125328) __call__ /opt/stack/placement/placement/requestlog.py:55}}
Oct 08 20:57:46.888076 ncdv-master-1 devstack@placement-api.service[125328]: INFO placement.requestlog [req-91e54ea6-fc1f-4936-8a45-516c01122475 req-b984f1c0-0e6d-4e44-b7db-2becc607afa6 service placement] 10.222.0.45 "GET /placement/allocations/0568d34c-9aa0-452f-b5c5-b3fc19ebbf15" status: 200 len: 259 microversion: 1.28
Oct 08 20:57:46.888830 ncdv-master-1 devstack@placement-api.service[125328]: [pid: 125328|app: 0|req: 392/786] 10.222.0.45 () {60 vars in 1377 bytes} [Sat Oct 8 20:57:46 2022] GET /placement/allocations/0568d34c-9aa0-452f-b5c5-b3fc19ebbf15 => generated 259 bytes in 28 msecs (HTTP/1.1 200) 8 headers in 296 bytes (2 switches on core 0)
Oct 08 20:57:46.914002 ncdv-master-1 devstack@placement-api.service[125327]: DEBUG placement.requestlog [req-91e54ea6-fc1f-4936-8a45-516c01122475 req-5a7ebab4-1d3c-4589-9c3f-e7431e64cfe7 None None] Starting request: 10.222.0.45 "GET /placement/allocations/e2d1c93f-8392-4f67-a29e-05164828f9d8" {{(pid=125327) __call__ /opt/stack/placement/placement/requestlog.py:55}}
Oct 08 20:57:46.934338 ncdv-master-1 devstack@placement-api.service[125327]: INFO placement.requestlog [req-91e54ea6-fc1f-4936-8a45-516c01122475 req-5a7ebab4-1d3c-4589-9c3f-e7431e64cfe7 service placement] 10.222.0.45 "GET /placement/allocations/e2d1c93f-8392-4f67-a29e-05164828f9d8" status: 200 len: 245 microversion: 1.28
Oct 08 20:57:46.935272 ncdv-master-1 devstack@placement-api.service[125327]: [pid: 125327|app: 0|req: 395/787] 10.222.0.45 () {60 vars in 1377 bytes} [Sat Oct 8 20:57:46 2022] GET /placement/allocations/e2d1c93f-8392-4f67-a29e-05164828f9d8 => generated 245 bytes in 22 msecs (HTTP/1.1 200) 8 headers in 296 bytes (1 switches on core 0)
Oct 08 20:57:46.947507 ncdv-master-1 devstack@placement-api.service[125328]: DEBUG placement.requestlog [req-91e54ea6-fc1f-4936-8a45-516c01122475 req-b5a14604-f6b9-4bc6-a0b0-1f8ce165dd03 None None] Starting request: 10.222.0.45 "GET /placement/allocations/279361ef-2171-49e1-9f33-eadbf5dc0313" {{(pid=125328) __call__ /opt/stack/placement/placement/requestlog.py:55}}
Oct 08 20:57:47.000076 ncdv-master-1 devstack@placement-api.service[125328]: INFO placement.requestlog [req-91e54ea6-fc1f-4936-8a45-516c01122475 req-b5a14604-f6b9-4bc6-a0b0-1f8ce165dd03 service placement] 10.222.0.45 "GET /placement/allocations/279361ef-2171-49e1-9f33-eadbf5dc0313" status: 200 len: 259 microversion: 1.28
Oct 08 20:57:47.001098 ncdv-master-1 devstack@placement-api.service[125328]: [pid: 125328|app: 0|req: 393/788] 10.222.0.45 () {60 vars in 1377 bytes} [Sat Oct 8 20:57:46 2022] GET /placement/allocations/279361ef-2171-49e1-9f33-eadbf5dc0313 => generated 259 bytes in 54 msecs (HTTP/1.1 200) 8 headers in 296 bytes (1 switches on core 0)
Oct 08 20:57:47.961445 ncdv-master-1 devstack@placement-api.service[125327]: DEBUG placement.requestlog [req-91e54ea6-fc1f-4936-8a45-516c01122475 req-385cdd70-90d3-4c0a-8201-f255bd72c89e None None] Starting request: 10.222.0.45 "GET /placement/allocations/19327d3e-de51-432b-b594-cb9a1bfe2f49" {{(pid=125327) __call__ /opt/stack/placement/placement/requestlog.py:55}}
Oct 08 20:57:48.044421 ncdv-master-1 devstack@placement-api.service[125327]: INFO placement.requestlog [req-91e54ea6-fc1f-4936-8a45-516c01122475 req-385cdd70-90d3-4c0a-8201-f255bd72c89e service placement] 10.222.0.45 "GET /placement/allocations/19327d3e-de51-432b-b594-cb9a1bfe2f49" status: 200 len: 259 microversion: 1.28
Oct 08 20:57:48.044827 ncdv-master-1 devstack@placement-api.service[125327]: [pid: 125327|app: 0|req: 396/789] 10.222.0.45 () {60 vars in 1377 bytes} [Sat Oct 8 20:57:47 2022] GET /placement/allocations/19327d3e-de51-432b-b594-cb9a1bfe2f49 => generated 259 bytes in 85 msecs (HTTP/1.1 200) 8 headers in 296 bytes (1 switches on core 0)
Oct 08 20:57:49.300958 ncdv-master-1 devstack@placement-api.service[125328]: DEBUG placement.requestlog [req-91e54ea6-fc1f-4936-8a45-516c01122475 req-995753c8-4602-470b-83ef-777e434812ca None None] Starting request: 10.222.0.45 "GET /placement/allocations/24d7af5b-10ba-4df7-a95d-bcd0b2104f37" {{(pid=125328) __call__ /opt/stack/placement/placement/requestlog.py:55}}
Oct 08 20:57:49.354108 ncdv-master-1 devstack@placement-api.service[125328]: INFO placement.requestlog [req-91e54ea6-fc1f-4936-8a45-516c01122475 req-995753c8-4602-470b-83ef-777e434812ca service placement] 10.222.0.45 "GET /placement/allocations/24d7af5b-10ba-4df7-a95d-bcd0b2104f37" status: 200 len: 259 microversion: 1.28
Oct 08 20:57:49.356970 ncdv-master-1 devstack@placement-api.service[125328]: [pid: 125328|app: 0|req: 394/790] 10.222.0.45 () {60 vars in 1377 bytes} [Sat Oct 8 20:57:49 2022] GET /placement/allocations/24d7af5b-10ba-4df7-a95d-bcd0b2104f37 => generated 259 bytes in 55 msecs (HTTP/1.1 200) 8 headers in 296 bytes (1 switches on core 0)
Oct 08 20:57:49.383987 ncdv-master-1 devstack@placement-api.service[125327]: DEBUG placement.requestlog [req-91e54ea6-fc1f-4936-8a45-516c01122475 req-0cc7236a-5593-4267-958e-a4bafadf87c9 None None] Starting request: 10.222.0.45 "GET /placement/allocations/a80fbf87-8203-4e6c-bee7-fe781bfccff1" {{(pid=125327) __call__ /opt/stack/placement/placement/requestlog.py:55}}
Oct 08 20:57:49.410522 ncdv-master-1 devstack@placement-api.service[125327]: INFO placement.requestlog [req-91e54ea6-fc1f-4936-8a45-516c01122475 req-0cc7236a-5593-4267-958e-a4bafadf87c9 service placement] 10.222.0.45 "GET /placement/allocations/a80fbf87-8203-4e6c-bee7-fe781bfccff1" status: 200 len: 259 microversion: 1.28
Oct 08 20:57:49.413496 ncdv-master-1 devstack@placement-api.service[125327]: [pid: 125327|app: 0|req: 397/791] 10.222.0.45 () {60 vars in 1377 bytes} [Sat Oct 8 20:57:49 2022] GET /placement/allocations/a80fbf87-8203-4e6c-bee7-fe781bfccff1 => generated 259 bytes in 30 msecs (HTTP/1.1 200) 8 headers in 296 bytes (1 switches on core 0)
Oct 08 20:57:49.445981 ncdv-master-1 devstack@placement-api.service[125328]: DEBUG placement.requestlog [req-2dc23d17-9344-4195-8ea3-8f9a7ce96e16 req-fdeab398-8055-4548-b966-baa20882daee None None] Starting request: 10.222.0.26 "GET /placement/allocations/74bdac1c-9b70-46f7-b671-9752894d8980" {{(pid=125328) __call__ /opt/stack/placement/placement/requestlog.py:55}}
Oct 08 20:57:49.474045 ncdv-master-1 devstack@placement-api.service[125328]: INFO placement.requestlog [req-2dc23d17-9344-4195-8ea3-8f9a7ce96e16 req-fdeab398-8055-4548-b966-baa20882daee service placement] 10.222.0.26 "GET /placement/allocations/74bdac1c-9b70-46f7-b671-9752894d8980" status: 200 len: 245 microversion: 1.28
Oct 08 20:57:49.474704 ncdv-master-1 devstack@placement-api.service[125328]: [pid: 125328|app: 0|req: 395/792] 10.222.0.26 () {60 vars in 1380 bytes} [Sat Oct 8 20:57:49 2022] GET /placement/allocations/74bdac1c-9b70-46f7-b671-9752894d8980 => generated 245 bytes in 29 msecs (HTTP/1.1 200) 8 headers in 296 bytes (1 switches on core 0)
Oct 08 20:57:49.493024 ncdv-master-1 devstack@placement-api.service[125327]: DEBUG placement.requestlog [req-2dc23d17-9344-4195-8ea3-8f9a7ce96e16 req-5dcf3a19-daaa-4e9d-afdb-a3ea45ba0b69 None None] Starting request: 10.222.0.26 "GET /placement/allocations/74bdac1c-9b70-46f7-b671-9752894d8980" {{(pid=125327) __call__ /opt/stack/placement/placement/requestlog.py:55}}
Oct 08 20:57:49.532994 ncdv-master-1 devstack@placement-api.service[125327]: INFO placement.requestlog [req-2dc23d17-9344-4195-8ea3-8f9a7ce96e16 req-5dcf3a19-daaa-4e9d-afdb-a3ea45ba0b69 service placement] 10.222.0.26 "GET /placement/allocations/74bdac1c-9b70-46f7-b671-9752894d8980" status: 200 len: 245 microversion: 1.28
Oct 08 20:57:49.540940 ncdv-master-1 devstack@placement-api.service[125327]: [pid: 125327|app: 0|req: 398/793] 10.222.0.26 () {60 vars in 1380 bytes} [Sat Oct 8 20:57:49 2022] GET /placement/allocations/74bdac1c-9b70-46f7-b671-9752894d8980 => generated 245 bytes in 48 msecs (HTTP/1.1 200) 8 headers in 296 bytes (1 switches on core 0)
Oct 08 20:57:49.541802 ncdv-master-1 devstack@placement-api.service[125328]: DEBUG placement.requestlog [req-2dc23d17-9344-4195-8ea3-8f9a7ce96e16 req-f6b17018-accc-4ef2-a046-12bfa180f475 None None] Starting request: 10.222.0.26 "GET /placement/allocations/b437d232-7c3f-4d63-9b82-2e662cd6c95b" {{(pid=125328) __call__ /opt/stack/placement/placement/requestlog.py:55}}
Oct 08 20:57:49.553297 ncdv-master-1 devstack@placement-api.service[125328]: INFO placement.requestlog [req-2dc23d17-9344-4195-8ea3-8f9a7ce96e16 req-f6b17018-accc-4ef2-a046-12bfa180f475 service placement] 10.222.0.26 "GET /placement/allocations/b437d232-7c3f-4d63-9b82-2e662cd6c95b" status: 200 len: 19 microversion: 1.28
Oct 08 20:57:49.559665 ncdv-master-1 devstack@placement-api.service[125328]: [pid: 125328|app: 0|req: 396/794] 10.222.0.26 () {60 vars in 1380 bytes} [Sat Oct 8 20:57:49 2022] GET /placement/allocations/b437d232-7c3f-4d63-9b82-2e662cd6c95b => generated 19 bytes in 18 msecs (HTTP/1.1 200) 8 headers in 295 bytes (2 switches on core 0)
Oct 08 20:57:49.560625 ncdv-master-1 devstack@placement-api.service[125327]: DEBUG placement.requestlog [req-2dc23d17-9344-4195-8ea3-8f9a7ce96e16 req-f1671e17-c3f7-45c1-80d0-3bd4d7fa68d8 None None] Starting request: 10.222.0.26 "POST /placement/allocations" {{(pid=125327) __call__ /opt/stack/placement/placement/requestlog.py:55}}
Oct 08 20:57:49.659636 ncdv-master-1 devstack@placement-api.service[125327]: DEBUG dbcounter [-] [125327] Writing DB stats placement:SELECT=91,placement:DELETE=3,placement:INSERT=3,placement:UPDATE=3 {{(pid=125327) stat_writer /usr/local/lib/python3.8/dist-packages/dbcounter.py:114}}
Oct 08 20:57:49.702986 ncdv-master-1 devstack@placement-api.service[125327]: DEBUG placement.handlers.allocation [req-2dc23d17-9344-4195-8ea3-8f9a7ce96e16 req-f1671e17-c3f7-45c1-80d0-3bd4d7fa68d8 service placement] Successfully wrote allocations [, , , ] {{(pid=125327) _update_consumers_and_create_allocations /opt/stack/placement/placement/handlers/allocation.py:572}}
Oct 08 20:57:49.710850 ncdv-master-1 devstack@placement-api.service[125327]: INFO placement.requestlog [req-2dc23d17-9344-4195-8ea3-8f9a7ce96e16 req-f1671e17-c3f7-45c1-80d0-3bd4d7fa68d8 service placement] 10.222.0.26 "POST /placement/allocations" status: 204 len: 0 microversion: 1.28
Oct 08 20:57:49.711393 ncdv-master-1 devstack@placement-api.service[125327]: [pid: 125327|app: 0|req: 399/795] 10.222.0.26 () {64 vars in 1323 bytes} [Sat Oct 8 20:57:49 2022] POST /placement/allocations => generated 0 bytes in 151 msecs (HTTP/1.1 204) 5 headers in 199 bytes (1 switches on core 0)
Oct 08 20:57:49.741055 ncdv-master-1 devstack@placement-api.service[125328]: DEBUG placement.requestlog [req-91e54ea6-fc1f-4936-8a45-516c01122475 req-126f14df-535a-455d-9a32-316b45280eaa None None] Starting request: 10.222.0.45 "DELETE /placement/allocations/e2d1c93f-8392-4f67-a29e-05164828f9d8" {{(pid=125328) __call__ /opt/stack/placement/placement/requestlog.py:55}}
Oct 08 20:57:49.753358 ncdv-master-1 devstack@placement-api.service[125327]: DEBUG placement.requestlog [req-2dc23d17-9344-4195-8ea3-8f9a7ce96e16 req-c736a83c-46c6-43bb-b79c-dc4297df0209 None None] Starting request: 10.222.0.26 "GET /placement/allocations/74bdac1c-9b70-46f7-b671-9752894d8980" {{(pid=125327) __call__ /opt/stack/placement/placement/requestlog.py:55}}
Oct 08 20:57:49.769881 ncdv-master-1 devstack@placement-api.service[125327]: INFO placement.requestlog [req-2dc23d17-9344-4195-8ea3-8f9a7ce96e16 req-c736a83c-46c6-43bb-b79c-dc4297df0209 service placement] 10.222.0.26 "GET /placement/allocations/74bdac1c-9b70-46f7-b671-9752894d8980" status: 200 len: 19 microversion: 1.28
Oct 08 20:57:49.771459 ncdv-master-1 devstack@placement-api.service[125327]: [pid: 125327|app: 0|req: 400/796] 10.222.0.26 () {60 vars in 1380 bytes} [Sat Oct 8 20:57:49 2022] GET /placement/allocations/74bdac1c-9b70-46f7-b671-9752894d8980 => generated 19 bytes in 18 msecs (HTTP/1.1 200) 8 headers in 295 bytes (2 switches on core 0)
Oct 08 20:57:49.778207 ncdv-master-1 devstack@placement-api.service[125327]: DEBUG placement.requestlog [req-2dc23d17-9344-4195-8ea3-8f9a7ce96e16 req-18f29c2a-ad96-48d8-bb13-b08cba4b7976 None None] Starting request: 10.222.0.26 "PUT /placement/allocations/74bdac1c-9b70-46f7-b671-9752894d8980" {{(pid=125327) __call__ /opt/stack/placement/placement/requestlog.py:55}}
Oct 08 20:57:49.808899 ncdv-master-1 devstack@placement-api.service[125328]: DEBUG placement.handlers.allocation [req-91e54ea6-fc1f-4936-8a45-516c01122475 req-126f14df-535a-455d-9a32-316b45280eaa service placement] Successfully deleted allocations [, ] {{(pid=125328) delete_allocations /opt/stack/placement/placement/handlers/allocation.py:627}}
Oct 08 20:57:49.809446 ncdv-master-1 devstack@placement-api.service[125328]: INFO placement.requestlog [req-91e54ea6-fc1f-4936-8a45-516c01122475 req-126f14df-535a-455d-9a32-316b45280eaa service placement] 10.222.0.45 "DELETE /placement/allocations/e2d1c93f-8392-4f67-a29e-05164828f9d8" status: 204 len: 0 microversion: 1.0
Oct 08 20:57:49.810293 ncdv-master-1 devstack@placement-api.service[125328]: [pid: 125328|app: 0|req: 397/797] 10.222.0.45 () {60 vars in 1355 bytes} [Sat Oct 8 20:57:49 2022] DELETE /placement/allocations/e2d1c93f-8392-4f67-a29e-05164828f9d8 => generated 0 bytes in 70 msecs (HTTP/1.1 204) 5 headers in 198 bytes (1 switches on core 0)
Oct 08 20:57:49.932760 ncdv-master-1 devstack@placement-api.service[125327]: DEBUG placement.handlers.allocation [req-2dc23d17-9344-4195-8ea3-8f9a7ce96e16 req-18f29c2a-ad96-48d8-bb13-b08cba4b7976 service placement] Successfully wrote allocations [, ] {{(pid=125327) _update_consumers_and_create_allocations /opt/stack/placement/placement/handlers/allocation.py:462}}
Oct 08 20:57:49.946010 ncdv-master-1 devstack@placement-api.service[125327]: INFO placement.requestlog [req-2dc23d17-9344-4195-8ea3-8f9a7ce96e16 req-18f29c2a-ad96-48d8-bb13-b08cba4b7976 service placement] 10.222.0.26 "PUT /placement/allocations/74bdac1c-9b70-46f7-b671-9752894d8980" status: 204 len: 0 microversion: 1.28
Oct 08 20:57:49.954247 ncdv-master-1 devstack@placement-api.service[125327]: [pid: 125327|app: 0|req: 401/798] 10.222.0.26 () {64 vars in 1433 bytes} [Sat Oct 8 20:57:49 2022] PUT /placement/allocations/74bdac1c-9b70-46f7-b671-9752894d8980 => generated 0 bytes in 169 msecs (HTTP/1.1 204) 5 headers in 199 bytes (2 switches on core 0)
Oct 08 20:57:50.167524 ncdv-master-1 devstack@placement-api.service[125328]: DEBUG placement.requestlog [req-2dc23d17-9344-4195-8ea3-8f9a7ce96e16 req-8a1e08af-e30c-46ea-8b12-31f1357da7c3 None None] Starting request: 10.222.0.45 "GET /placement/allocations/74bdac1c-9b70-46f7-b671-9752894d8980" {{(pid=125328) __call__ /opt/stack/placement/placement/requestlog.py:55}}
Oct 08 20:57:50.203620 ncdv-master-1 devstack@placement-api.service[125328]: INFO placement.requestlog [req-2dc23d17-9344-4195-8ea3-8f9a7ce96e16 req-8a1e08af-e30c-46ea-8b12-31f1357da7c3 service placement] 10.222.0.45 "GET /placement/allocations/74bdac1c-9b70-46f7-b671-9752894d8980" status: 200 len: 245 microversion: 1.28
Oct 08 20:57:50.204022 ncdv-master-1 devstack@placement-api.service[125328]: [pid: 125328|app: 0|req: 398/799] 10.222.0.45 () {60 vars in 1377 bytes} [Sat Oct 8 20:57:50 2022] GET /placement/allocations/74bdac1c-9b70-46f7-b671-9752894d8980 => generated 245 bytes in 37 msecs (HTTP/1.1 200) 8 headers in 296 bytes (1 switches on core 0)
Oct 08 20:57:51.428735 ncdv-master-1 devstack@placement-api.service[125327]: DEBUG placement.requestlog [req-fea3f52a-3a98-40ef-b7bd-848160035d5f req-3c25a155-4268-468f-9d7f-60a7a3300aee None None] Starting request: 10.222.0.45 "GET /placement/resource_providers/b99753ea-e256-4e43-b179-bdb36c3e01a0/allocations" {{(pid=125327) __call__ /opt/stack/placement/placement/requestlog.py:55}}
Oct 08 20:57:51.507105 ncdv-master-1 devstack@placement-api.service[125327]: INFO placement.requestlog [req-fea3f52a-3a98-40ef-b7bd-848160035d5f req-3c25a155-4268-468f-9d7f-60a7a3300aee service placement] 10.222.0.45 "GET /placement/resource_providers/b99753ea-e256-4e43-b179-bdb36c3e01a0/allocations" status: 200 len: 746 microversion: 1.0
