Sep 27 10:02:30.404573 ncdv-master-1 devstack@placement-api.service[130412]: DEBUG placement.objects.research_context [req-59910464-d10a-422a-837a-3717ea7dee64 req-d738c84f-1d24-48f3-887d-6bb76a9e8071 service placement] getting providers with 1 VCPU {{(pid=130412) __init__ /opt/stack/placement/placement/objects/research_context.py:136}}
Sep 27 10:02:30.415790 ncdv-master-1 devstack@placement-api.service[130412]: DEBUG placement.objects.research_context [req-59910464-d10a-422a-837a-3717ea7dee64 req-d738c84f-1d24-48f3-887d-6bb76a9e8071 service placement] found 2 providers with available 1 DISK_GB {{(pid=130412) get_provider_ids_matching /opt/stack/placement/placement/objects/research_context.py:563}}
Sep 27 10:02:30.416198 ncdv-master-1 devstack@placement-api.service[130412]: DEBUG placement.objects.research_context [req-59910464-d10a-422a-837a-3717ea7dee64 req-d738c84f-1d24-48f3-887d-6bb76a9e8071 service placement] found 2 providers with available 1024 MEMORY_MB {{(pid=130412) get_provider_ids_matching /opt/stack/placement/placement/objects/research_context.py:563}}
Sep 27 10:02:30.416563 ncdv-master-1 devstack@placement-api.service[130412]: DEBUG placement.objects.research_context [req-59910464-d10a-422a-837a-3717ea7dee64 req-d738c84f-1d24-48f3-887d-6bb76a9e8071 service placement] found 2 providers after filtering by previous result {{(pid=130412) get_provider_ids_matching /opt/stack/placement/placement/objects/research_context.py:594}}
Sep 27 10:02:30.416935 ncdv-master-1 devstack@placement-api.service[130412]: DEBUG placement.objects.research_context [req-59910464-d10a-422a-837a-3717ea7dee64 req-d738c84f-1d24-48f3-887d-6bb76a9e8071 service placement] found 2 providers with available 1 VCPU {{(pid=130412) get_provider_ids_matching /opt/stack/placement/placement/objects/research_context.py:563}}
Sep 27 10:02:30.417295 ncdv-master-1 devstack@placement-api.service[130412]: DEBUG placement.objects.research_context [req-59910464-d10a-422a-837a-3717ea7dee64 req-d738c84f-1d24-48f3-887d-6bb76a9e8071 service placement] found 2 providers after filtering by previous result {{(pid=130412) get_provider_ids_matching /opt/stack/placement/placement/objects/research_context.py:594}}
Sep 27 10:02:30.535260 ncdv-master-1 devstack@placement-api.service[130412]: DEBUG placement.objects.allocation_candidate [req-59910464-d10a-422a-837a-3717ea7dee64 req-d738c84f-1d24-48f3-887d-6bb76a9e8071 service placement] RequestGroup(use_same_provider=False, resources={DISK_GB:1, MEMORY_MB:1024, VCPU:1}, traits=(), aggregates=[]) (suffix '') returned 2 matches {{(pid=130412) _get_by_requests /opt/stack/placement/placement/objects/allocation_candidate.py:156}}
Sep 27 10:02:30.535869 ncdv-master-1 devstack@placement-api.service[130412]: DEBUG placement.objects.allocation_candidate [req-59910464-d10a-422a-837a-3717ea7dee64 req-d738c84f-1d24-48f3-887d-6bb76a9e8071 service placement] Merging candidates yields 2 allocation requests and 2 provider summaries {{(pid=130412) _merge_candidates /opt/stack/placement/placement/objects/allocation_candidate.py:809}}
Sep 27 10:02:30.538974 ncdv-master-1 devstack@placement-api.service[130412]: INFO placement.requestlog [req-59910464-d10a-422a-837a-3717ea7dee64 req-d738c84f-1d24-48f3-887d-6bb76a9e8071 service placement] 10.222.0.26 "GET /placement/allocation_candidates?limit=1000&resources=DISK_GB%3A1%2CMEMORY_MB%3A1024%2CVCPU%3A1&root_required=%21COMPUTE_STATUS_DISABLED" status: 200 len: 1309 microversion: 1.36
Sep 27 10:02:30.539504 ncdv-master-1 devstack@placement-api.service[130412]: [pid: 130412|app: 0|req: 442/888] 10.222.0.26 () {60 vars in 1506 bytes} [Tue Sep 27 10:02:30 2022] GET /placement/allocation_candidates?limit=1000&resources=DISK_GB%3A1%2CMEMORY_MB%3A1024%2CVCPU%3A1&root_required=%21COMPUTE_STATUS_DISABLED => generated 1309 bytes in 225 msecs (HTTP/1.1 200) 8 headers in 297 bytes (1 switches on core 0)
Sep 27 10:02:30.689649 ncdv-master-1 devstack@placement-api.service[130413]: DEBUG placement.requestlog [req-59910464-d10a-422a-837a-3717ea7dee64 req-5c586b87-9f47-4312-8cf7-7d3ae1d8f9c1 None None] Starting request: 10.222.0.26 "GET /placement/allocations/3a955d66-3892-4838-ad7d-cc9e431a03e1" {{(pid=130413) __call__ /opt/stack/placement/placement/requestlog.py:55}}
Sep 27 10:02:30.706116 ncdv-master-1 devstack@placement-api.service[130413]: INFO placement.requestlog [req-59910464-d10a-422a-837a-3717ea7dee64 req-5c586b87-9f47-4312-8cf7-7d3ae1d8f9c1 service placement] 10.222.0.26 "GET /placement/allocations/3a955d66-3892-4838-ad7d-cc9e431a03e1" status: 200 len: 19 microversion: 1.28
Sep 27 10:02:30.708399 ncdv-master-1 devstack@placement-api.service[130413]: [pid: 130413|app: 0|req: 447/889] 10.222.0.26 () {60 vars in 1380 bytes} [Tue Sep 27 10:02:30 2022] GET /placement/allocations/3a955d66-3892-4838-ad7d-cc9e431a03e1 => generated 19 bytes in 19 msecs (HTTP/1.1 200) 8 headers in 295 bytes (1 switches on core 0)
Sep 27 10:02:30.716535 ncdv-master-1 devstack@placement-api.service[130412]: DEBUG placement.requestlog [req-59910464-d10a-422a-837a-3717ea7dee64 req-c6f41884-c79a-47f6-b9e0-4580f281c6d6 None None] Starting request: 10.222.0.26 "PUT /placement/allocations/3a955d66-3892-4838-ad7d-cc9e431a03e1" {{(pid=130412) __call__ /opt/stack/placement/placement/requestlog.py:55}}
Sep 27 10:02:30.854527 ncdv-master-1 devstack@placement-api.service[130412]: DEBUG placement.handlers.allocation [req-59910464-d10a-422a-837a-3717ea7dee64 req-c6f41884-c79a-47f6-b9e0-4580f281c6d6 service placement] Successfully wrote allocations [, , ] {{(pid=130412) _update_consumers_and_create_allocations /opt/stack/placement/placement/handlers/allocation.py:462}}
Sep 27 10:02:30.868915 ncdv-master-1 devstack@placement-api.service[130412]: INFO placement.requestlog [req-59910464-d10a-422a-837a-3717ea7dee64 req-c6f41884-c79a-47f6-b9e0-4580f281c6d6 service placement] 10.222.0.26 "PUT /placement/allocations/3a955d66-3892-4838-ad7d-cc9e431a03e1" status: 204 len: 0 microversion: 1.36
Sep 27 10:02:30.869765 ncdv-master-1 devstack@placement-api.service[130412]: [pid: 130412|app: 0|req: 443/890] 10.222.0.26 () {64 vars in 1433 bytes} [Tue Sep 27 10:02:30 2022] PUT /placement/allocations/3a955d66-3892-4838-ad7d-cc9e431a03e1 => generated 0 bytes in 154 msecs (HTTP/1.1 204) 5 headers in 199 bytes (1 switches on core 0)
Sep 27 10:02:31.384123 ncdv-master-1 devstack@placement-api.service[130413]: DEBUG placement.requestlog [req-59910464-d10a-422a-837a-3717ea7dee64 req-3f467976-acee-47b1-b912-e2204f8e7b93 None None] Starting request: 10.222.0.16 "GET /placement/allocations/3a955d66-3892-4838-ad7d-cc9e431a03e1" {{(pid=130413) __call__ /opt/stack/placement/placement/requestlog.py:55}}
Sep 27 10:02:31.404604 ncdv-master-1 devstack@placement-api.service[130413]: INFO placement.requestlog [req-59910464-d10a-422a-837a-3717ea7dee64 req-3f467976-acee-47b1-b912-e2204f8e7b93 service placement] 10.222.0.16 "GET /placement/allocations/3a955d66-3892-4838-ad7d-cc9e431a03e1" status: 200 len: 259 microversion: 1.28
Sep 27 10:02:31.405477 ncdv-master-1 devstack@placement-api.service[130413]: [pid: 130413|app: 0|req: 448/891] 10.222.0.16 () {60 vars in 1377 bytes} [Tue Sep 27 10:02:31 2022] GET /placement/allocations/3a955d66-3892-4838-ad7d-cc9e431a03e1 => generated 259 bytes in 22 msecs (HTTP/1.1 200) 8 headers in 296 bytes (1 switches on core 0)
Sep 27 10:02:31.620860 ncdv-master-1 devstack@placement-api.service[130412]: DEBUG placement.requestlog [req-59910464-d10a-422a-837a-3717ea7dee64 req-e450f9f7-2c1b-4e7a-af4c-f8fd847461b6 None None] Starting request: 10.222.0.16 "GET /placement/resource_providers/eb6179c5-d095-4b3b-8878-a5e743ce9d07/allocations" {{(pid=130412) __call__ /opt/stack/placement/placement/requestlog.py:55}}
Sep 27 10:02:31.668765 ncdv-master-1 devstack@placement-api.service[130412]: INFO placement.requestlog [req-59910464-d10a-422a-837a-3717ea7dee64 req-e450f9f7-2c1b-4e7a-af4c-f8fd847461b6 service placement] 10.222.0.16 "GET /placement/resource_providers/eb6179c5-d095-4b3b-8878-a5e743ce9d07/allocations" status: 200 len: 759 microversion: 1.0
Sep 27 10:02:31.669446 ncdv-master-1 devstack@placement-api.service[130412]: [pid: 130412|app: 0|req: 444/892] 10.222.0.16 () {58 vars in 1390 bytes} [Tue Sep 27 10:02:31 2022] GET /placement/resource_providers/eb6179c5-d095-4b3b-8878-a5e743ce9d07/allocations => generated 759 bytes in 49 msecs (HTTP/1.1 200) 6 headers in 224 bytes (1 switches on core 0)
Sep 27 10:02:31.676392 ncdv-master-1 devstack@placement-api.service[130413]: DEBUG placement.requestlog [req-59910464-d10a-422a-837a-3717ea7dee64 req-224e4eea-4911-4d40-b848-42924ebeb7f2 None None] Starting request: 10.222.0.16 "GET /placement/allocations/9edcd7b8-f01b-4529-b9c1-3729e79ec760" {{(pid=130413) __call__ /opt/stack/placement/placement/requestlog.py:55}}
Sep 27 10:02:31.696791 ncdv-master-1 devstack@placement-api.service[130413]: INFO placement.requestlog [req-59910464-d10a-422a-837a-3717ea7dee64 req-224e4eea-4911-4d40-b848-42924ebeb7f2 service placement] 10.222.0.16 "GET /placement/allocations/9edcd7b8-f01b-4529-b9c1-3729e79ec760" status: 200 len: 259 microversion: 1.28
Sep 27 10:02:31.697624 ncdv-master-1 devstack@placement-api.service[130413]: [pid: 130413|app: 0|req: 449/893] 10.222.0.16 () {60 vars in 1377 bytes} [Tue Sep 27 10:02:31 2022] GET /placement/allocations/9edcd7b8-f01b-4529-b9c1-3729e79ec760 => generated 259 bytes in 21 msecs (HTTP/1.1 200) 8 headers in 296 bytes (1 switches on core 0)
Sep 27 10:02:31.705957 ncdv-master-1 devstack@placement-api.service[130412]: DEBUG placement.requestlog [req-59910464-d10a-422a-837a-3717ea7dee64 req-6db881ea-890a-4436-ba25-1161aa0fa4c1 None None] Starting request: 10.222.0.16 "GET /placement/allocations/3a955d66-3892-4838-ad7d-cc9e431a03e1" {{(pid=130412) __call__ /opt/stack/placement/placement/requestlog.py:55}}
Sep 27 10:02:31.750350 ncdv-master-1 devstack@placement-api.service[130412]: DEBUG dbcounter [-] [130412] Writing DB stats placement:SELECT=90,placement:INSERT=6,placement:DELETE=2,placement:UPDATE=2 {{(pid=130412) stat_writer /usr/local/lib/python3.8/dist-packages/dbcounter.py:114}}
Sep 27 10:02:31.760452 ncdv-master-1 devstack@placement-api.service[130412]: INFO placement.requestlog [req-59910464-d10a-422a-837a-3717ea7dee64 req-6db881ea-890a-4436-ba25-1161aa0fa4c1 service placement] 10.222.0.16 "GET /placement/allocations/3a955d66-3892-4838-ad7d-cc9e431a03e1" status: 200 len: 259 microversion: 1.28
Sep 27 10:02:31.764481 ncdv-master-1 devstack@placement-api.service[130412]: [pid: 130412|app: 0|req: 445/894] 10.222.0.16 () {60 vars in 1377 bytes} [Tue Sep 27 10:02:31 2022] GET /placement/allocations/3a955d66-3892-4838-ad7d-cc9e431a03e1 => generated 259 bytes in 59 msecs (HTTP/1.1 200) 8 headers in 296 bytes (1 switches on core 0)
Sep 27 10:02:31.773890 ncdv-master-1 devstack@placement-api.service[130413]: DEBUG placement.requestlog [req-59910464-d10a-422a-837a-3717ea7dee64 req-8a9396d7-36ae-4fcf-a0e8-ef019db9c827 None None] Starting request: 10.222.0.16 "GET /placement/allocations/69ea013c-5143-45ff-81a2-3ed97a8659cd" {{(pid=130413) __call__ /opt/stack/placement/placement/requestlog.py:55}}
Sep 27 10:02:31.795475 ncdv-master-1 devstack@placement-api.service[130413]: INFO placement.requestlog [req-59910464-d10a-422a-837a-3717ea7dee64 req-8a9396d7-36ae-4fcf-a0e8-ef019db9c827 service placement] 10.222.0.16 "GET /placement/allocations/69ea013c-5143-45ff-81a2-3ed97a8659cd" status: 200 len: 259 microversion: 1.28
Sep 27 10:02:31.796547 ncdv-master-1 devstack@placement-api.service[130413]: [pid: 130413|app: 0|req: 450/895] 10.222.0.16 () {60 vars in 1377 bytes} [Tue Sep 27 10:02:31 2022] GET /placement/allocations/69ea013c-5143-45ff-81a2-3ed97a8659cd => generated 259 bytes in 23 msecs (HTTP/1.1 200) 8 headers in 296 bytes (1 switches on core 0)
Sep 27 10:02:31.804471 ncdv-master-1 devstack@placement-api.service[130412]: DEBUG placement.requestlog [req-59910464-d10a-422a-837a-3717ea7dee64 req-7d49375d-79b9-4872-822b-5dcb783e5d8f None None] Starting request: 10.222.0.16 "GET /placement/allocations/11a0d56b-3e1f-40e7-9e3c-30fca67df25e" {{(pid=130412) __call__ /opt/stack/placement/placement/requestlog.py:55}}
Sep 27 10:02:31.834863 ncdv-master-1 devstack@placement-api.service[130412]: INFO placement.requestlog [req-59910464-d10a-422a-837a-3717ea7dee64 req-7d49375d-79b9-4872-822b-5dcb783e5d8f service placement] 10.222.0.16 "GET /placement/allocations/11a0d56b-3e1f-40e7-9e3c-30fca67df25e" status: 200 len: 259 microversion: 1.28
Sep 27 10:02:31.835462 ncdv-master-1 devstack@placement-api.service[130412]: [pid: 130412|app: 0|req: 446/896] 10.222.0.16 () {60 vars in 1377 bytes} [Tue Sep 27 10:02:31 2022] GET /placement/allocations/11a0d56b-3e1f-40e7-9e3c-30fca67df25e => generated 259 bytes in 31 msecs (HTTP/1.1 200) 8 headers in 296 bytes (1 switches on core 0)
Sep 27 10:02:31.843053 ncdv-master-1 devstack@placement-api.service[130413]: DEBUG placement.requestlog [req-59910464-d10a-422a-837a-3717ea7dee64 req-262fcf23-7c8a-4932-83ac-86f7c85c3291 None None] Starting request: 10.222.0.16 "GET /placement/allocations/48f61d6b-3985-49a2-9eb9-dd250711cdf4" {{(pid=130413) __call__ /opt/stack/placement/placement/requestlog.py:55}}
Sep 27 10:02:31.869155 ncdv-master-1 devstack@placement-api.service[130413]: INFO placement.requestlog [req-59910464-d10a-422a-837a-3717ea7dee64 req-262fcf23-7c8a-4932-83ac-86f7c85c3291 service placement] 10.222.0.16 "GET /placement/allocations/48f61d6b-3985-49a2-9eb9-dd250711cdf4" status: 200 len: 258 microversion: 1.28
Sep 27 10:02:31.870039 ncdv-master-1 devstack@placement-api.service[130413]: [pid: 130413|app: 0|req: 451/897] 10.222.0.16 () {60 vars in 1377 bytes} [Tue Sep 27 10:02:31 2022] GET /placement/allocations/48f61d6b-3985-49a2-9eb9-dd250711cdf4 => generated 258 bytes in 27 msecs (HTTP/1.1 200) 8 headers in 296 bytes (1 switches on core 0)
Sep 27 10:02:31.880781 ncdv-master-1 devstack@placement-api.service[130412]: DEBUG placement.requestlog [req-59910464-d10a-422a-837a-3717ea7dee64 req-665a31fd-9d42-48aa-89d1-9bc3adefbd5c None None] Starting request: 10.222.0.16 "GET /placement/allocations/9a2aa469-5c5e-4a03-b09e-8e6b2252d615" {{(pid=130412) __call__ /opt/stack/placement/placement/requestlog.py:55}}
Sep 27 10:02:31.905735 ncdv-master-1 devstack@placement-api.service[130412]: INFO placement.requestlog [req-59910464-d10a-422a-837a-3717ea7dee64 req-665a31fd-9d42-48aa-89d1-9bc3adefbd5c service placement] 10.222.0.16 "GET /placement/allocations/9a2aa469-5c5e-4a03-b09e-8e6b2252d615" status: 200 len: 259 microversion: 1.28
Sep 27 10:02:31.906119 ncdv-master-1 devstack@placement-api.service[130412]: [pid: 130412|app: 0|req: 447/898] 10.222.0.16 () {60 vars in 1377 bytes} [Tue Sep 27 10:02:31 2022] GET /placement/allocations/9a2aa469-5c5e-4a03-b09e-8e6b2252d615 => generated 259 bytes in 26 msecs (HTTP/1.1 200) 8 headers in 296 bytes (1 switches on core 0)
Sep 27 10:02:31.915276 ncdv-master-1 devstack@placement-api.service[130413]: DEBUG placement.requestlog [req-59910464-d10a-422a-837a-3717ea7dee64 req-ef56cf64-8c8c-43cc-8791-aacb597dcc82 None None] Starting request: 10.222.0.16 "GET /placement/allocations/f1ff4a24-1251-4827-955f-159c665a1d57" {{(pid=130413) __call__ /opt/stack/placement/placement/requestlog.py:55}}
Sep 27 10:02:31.936290 ncdv-master-1 devstack@placement-api.service[130413]: INFO placement.requestlog [req-59910464-d10a-422a-837a-3717ea7dee64 req-ef56cf64-8c8c-43cc-8791-aacb597dcc82 service placement] 10.222.0.16 "GET /placement/allocations/f1ff4a24-1251-4827-955f-159c665a1d57" status: 200 len: 259 microversion: 1.28
Sep 27 10:02:31.937108 ncdv-master-1 devstack@placement-api.service[130413]: [pid: 130413|app: 0|req: 452/899] 10.222.0.16 () {60 vars in 1377 bytes} [Tue Sep 27 10:02:31 2022] GET /placement/allocations/f1ff4a24-1251-4827-955f-159c665a1d57 => generated 259 bytes in 23 msecs (HTTP/1.1 200) 8 headers in 296 bytes (1 switches on core 0)
Sep 27 10:02:36.335108 ncdv-master-1 devstack@placement-api.service[130412]: DEBUG placement.requestlog [None req-5bff47dd-dfe8-4aa4-bb1e-bddd0b78fee6 None None] Starting request: 10.222.0.26 "GET /placement/resource_providers/e97b171e-ed90-49b6-99ac-5dcb8ed63e07/aggregates" {{(pid=130412) __call__ /opt/stack/placement/placement/requestlog.py:55}}
Sep 27 10:02:36.356543 ncdv-master-1 devstack@placement-api.service[130412]: INFO placement.requestlog [None req-5bff47dd-dfe8-4aa4-bb1e-bddd0b78fee6 service placement] 10.222.0.26 "GET /placement/resource_providers/e97b171e-ed90-49b6-99ac-5dcb8ed63e07/aggregates" status: 404 len: 235 microversion: 1.1
Sep 27 10:02:36.366635 ncdv-master-1 devstack@placement-api.service[130412]: [pid: 130412|app: 0|req: 448/900] 10.222.0.26 () {58 vars in 1362 bytes} [Tue Sep 27 10:02:36 2022] GET /placement/resource_providers/e97b171e-ed90-49b6-99ac-5dcb8ed63e07/aggregates => generated 235 bytes in 33 msecs (HTTP/1.1 404) 5 headers in 202 bytes (1 switches on core 0)
Sep 27 10:02:36.379900 ncdv-master-1 devstack@placement-api.service[130413]: DEBUG placement.requestlog [None req-1001ff71-bcec-46d5-a5e6-3470a363f54e None None] Starting request: 10.222.0.26 "DELETE /placement/resource_providers/e97b171e-ed90-49b6-99ac-5dcb8ed63e07" {{(pid=130413) __call__ /opt/stack/placement/placement/requestlog.py:55}}
Sep 27 10:02:36.397196 ncdv-master-1 devstack@placement-api.service[130413]: DEBUG placement.wsgi_wrapper [None req-1001ff71-bcec-46d5-a5e6-3470a363f54e service placement] Placement API returning an error response: No resource provider with uuid e97b171e-ed90-49b6-99ac-5dcb8ed63e07 found for delete {{(pid=130413) call_func /opt/stack/placement/placement/wsgi_wrapper.py:31}}
Sep 27 10:02:36.399689 ncdv-master-1 devstack@placement-api.service[130413]: INFO placement.requestlog [None req-1001ff71-bcec-46d5-a5e6-3470a363f54e service placement] 10.222.0.26 "DELETE /placement/resource_providers/e97b171e-ed90-49b6-99ac-5dcb8ed63e07" status: 404 len: 246 microversion: 1.1
Sep 27 10:02:36.400829 ncdv-master-1 devstack@placement-api.service[130413]: [pid: 130413|app: 0|req: 453/901] 10.222.0.26 () {60 vars in 1351 bytes} [Tue Sep 27 10:02:36 2022] DELETE /placement/resource_providers/e97b171e-ed90-49b6-99ac-5dcb8ed63e07 => generated 246 bytes in 21 msecs (HTTP/1.1 404) 6 headers in 231 bytes (1 switches on core 0)
Sep 27 10:02:40.867126 ncdv-master-1 devstack@placement-api.service[130412]: DEBUG placement.requestlog [req-697ab865-9c58-4fc3-a95d-44b516462efa req-bd45c2da-85de-482e-bc2c-94bdda30222c None None] Starting request: 10.222.0.26 "GET /placement/allocation_candidates?limit=1000&resources=DISK_GB%3A1%2CMEMORY_MB%3A1024%2CVCPU%3A1&root_required=%21COMPUTE_STATUS_DISABLED" {{(pid=130412) __call__ /opt/stack/placement/placement/requestlog.py:55}}
Sep 27 10:02:40.944149 ncdv-master-1 devstack@placement-api.service[130412]: DEBUG placement.objects.research_context [req-697ab865-9c58-4fc3-a95d-44b516462efa req-bd45c2da-85de-482e-bc2c-94bdda30222c service placement] getting providers with 1 DISK_GB {{(pid=130412) __init__ /opt/stack/placement/placement/objects/research_context.py:136}}
Sep 27 10:02:40.957699 ncdv-master-1 devstack@placement-api.service[130412]: DEBUG placement.objects.research_context [req-697ab865-9c58-4fc3-a95d-44b516462efa req-bd45c2da-85de-482e-bc2c-94bdda30222c service placement] getting providers with 1024 MEMORY_MB {{(pid=130412) __init__ /opt/stack/placement/placement/objects/research_context.py:136}}
Sep 27 10:02:40.988072 ncdv-master-1 devstack@placement-api.service[130412]: DEBUG placement.objects.research_context [req-697ab865-9c58-4fc3-a95d-44b516462efa req-bd45c2da-85de-482e-bc2c-94bdda30222c service placement] getting providers with 1 VCPU {{(pid=130412) __init__ /opt/stack/placement/placement/objects/research_context.py:136}}
Sep 27 10:02:41.000575 ncdv-master-1 devstack@placement-api.service[130412]: DEBUG placement.objects.research_context [req-697ab865-9c58-4fc3-a95d-44b516462efa req-bd45c2da-85de-482e-bc2c-94bdda30222c service placement] found 2 providers with available 1 DISK_GB {{(pid=130412) get_provider_ids_matching /opt/stack/placement/placement/objects/research_context.py:563}}
Sep 27 10:02:41.000880 ncdv-master-1 devstack@placement-api.service[130412]: DEBUG placement.objects.research_context [req-697ab865-9c58-4fc3-a95d-44b516462efa req-bd45c2da-85de-482e-bc2c-94bdda30222c service placement] found 2 providers with available 1024 MEMORY_MB {{(pid=130412) get_provider_ids_matching /opt/stack/placement/placement/objects/research_context.py:563}}
Sep 27 10:02:41.002612 ncdv-master-1 devstack@placement-api.service[130412]: DEBUG placement.objects.research_context [req-697ab865-9c58-4fc3-a95d-44b516462efa req-bd45c2da-85de-482e-bc2c-94bdda30222c service placement] found 2 providers after filtering by previous result {{(pid=130412) get_provider_ids_matching /opt/stack/placement/placement/objects/research_context.py:594}}
Sep 27 10:02:41.003075 ncdv-master-1 devstack@placement-api.service[130412]: DEBUG placement.objects.research_context [req-697ab865-9c58-4fc3-a95d-44b516462efa req-bd45c2da-85de-482e-bc2c-94bdda30222c service placement] found 2 providers with available 1 VCPU {{(pid=130412) get_provider_ids_matching /opt/stack/placement/placement/objects/research_context.py:563}}
Sep 27 10:02:41.010334 ncdv-master-1 devstack@placement-api.service[130412]: DEBUG placement.objects.research_context [req-697ab865-9c58-4fc3-a95d-44b516462efa req-bd45c2da-85de-482e-bc2c-94bdda30222c service placement] found 2 providers after filtering by previous result {{(pid=130412) get_provider_ids_matching /opt/stack/placement/placement/objects/research_context.py:594}}
Sep 27 10:02:41.028697 ncdv-master-1 devstack@placement-api.service[130412]: DEBUG placement.objects.allocation_candidate [req-697ab865-9c58-4fc3-a95d-44b516462efa req-bd45c2da-85de-482e-bc2c-94bdda30222c service placement] RequestGroup(use_same_provider=False, resources={DISK_GB:1, MEMORY_MB:1024, VCPU:1}, traits=(), aggregates=[]) (suffix '') returned 2 matches {{(pid=130412) _get_by_requests /opt/stack/placement/placement/objects/allocation_candidate.py:156}}
Sep 27 10:02:41.029266 ncdv-master-1 devstack@placement-api.service[130412]: DEBUG placement.objects.allocation_candidate [req-697ab865-9c58-4fc3-a95d-44b516462efa req-bd45c2da-85de-482e-bc2c-94bdda30222c service placement] Merging candidates yields 2 allocation requests and 2 provider summaries {{(pid=130412) _merge_candidates /opt/stack/placement/placement/objects/allocation_candidate.py:809}}
Sep 27 10:02:41.031305 ncdv-master-1 devstack@placement-api.service[130412]: INFO placement.requestlog [req-697ab865-9c58-4fc3-a95d-44b516462efa req-bd45c2da-85de-482e-bc2c-94bdda30222c service placement] 10.222.0.26 "GET /placement/allocation_candidates?limit=1000&resources=DISK_GB%3A1%2CMEMORY_MB%3A1024%2CVCPU%3A1&root_required=%21COMPUTE_STATUS_DISABLED" status: 200 len: 1309 microversion: 1.36
Sep 27 10:02:41.032261 ncdv-master-1 devstack@placement-api.service[130412]: [pid: 130412|app: 0|req: 449/902] 10.222.0.26 () {60 vars in 1506 bytes} [Tue Sep 27 10:02:40 2022] GET /placement/allocation_candidates?limit=1000&resources=DISK_GB%3A1%2CMEMORY_MB%3A1024%2CVCPU%3A1&root_required=%21COMPUTE_STATUS_DISABLED => generated 1309 bytes in 166 msecs (HTTP/1.1 200) 8 headers in 297 bytes (1 switches on core 0)
Sep 27 10:02:41.167742 ncdv-master-1 devstack@placement-api.service[130413]: DEBUG placement.requestlog [req-697ab865-9c58-4fc3-a95d-44b516462efa req-a41f88d1-62e5-4182-afd9-44aade78e68c None None] Starting request: 10.222.0.26 "GET /placement/allocations/6d511fc6-80ab-458e-88a6-593374a3e01c" {{(pid=130413) __call__ /opt/stack/placement/placement/requestlog.py:55}}
Sep 27 10:02:41.206162 ncdv-master-1 devstack@placement-api.service[130413]: INFO placement.requestlog [req-697ab865-9c58-4fc3-a95d-44b516462efa req-a41f88d1-62e5-4182-afd9-44aade78e68c service placement] 10.222.0.26 "GET /placement/allocations/6d511fc6-80ab-458e-88a6-593374a3e01c" status: 200 len: 19 microversion: 1.28
Sep 27 10:02:41.206569 ncdv-master-1 devstack@placement-api.service[130413]: [pid: 130413|app: 0|req: 454/903] 10.222.0.26 () {60 vars in 1380 bytes} [Tue Sep 27 10:02:41 2022] GET /placement/allocations/6d511fc6-80ab-458e-88a6-593374a3e01c => generated 19 bytes in 39 msecs (HTTP/1.1 200) 8 headers in 295 bytes (1 switches on core 0)
Sep 27 10:02:41.219891 ncdv-master-1 devstack@placement-api.service[130412]: DEBUG placement.requestlog [req-697ab865-9c58-4fc3-a95d-44b516462efa req-517e98bd-d294-44a9-8099-5715134faad7 None None] Starting request: 10.222.0.26 "PUT /placement/allocations/6d511fc6-80ab-458e-88a6-593374a3e01c" {{(pid=130412) __call__ /opt/stack/placement/placement/requestlog.py:55}}
Sep 27 10:02:41.390928 ncdv-master-1 devstack@placement-api.service[130412]: DEBUG placement.handlers.allocation [req-697ab865-9c58-4fc3-a95d-44b516462efa req-517e98bd-d294-44a9-8099-5715134faad7 service placement] Successfully wrote allocations [, , ] {{(pid=130412) _update_consumers_and_create_allocations /opt/stack/placement/placement/handlers/allocation.py:462}}
Sep 27 10:02:41.402762 ncdv-master-1 devstack@placement-api.service[130412]: INFO placement.requestlog [req-697ab865-9c58-4fc3-a95d-44b516462efa req-517e98bd-d294-44a9-8099-5715134faad7 service placement] 10.222.0.26 "PUT /placement/allocations/6d511fc6-80ab-458e-88a6-593374a3e01c" status: 204 len: 0 microversion: 1.36
Sep 27 10:02:41.403478 ncdv-master-1 devstack@placement-api.service[130412]: [pid: 130412|app: 0|req: 450/904] 10.222.0.26 () {64 vars in 1433 bytes} [Tue Sep 27 10:02:41 2022] PUT /placement/allocations/6d511fc6-80ab-458e-88a6-593374a3e01c => generated 0 bytes in 184 msecs (HTTP/1.1 204) 5 headers in 199 bytes (1 switches on core 0)
Sep 27 10:02:41.946771 ncdv-master-1 devstack@placement-api.service[130413]: DEBUG placement.requestlog [req-697ab865-9c58-4fc3-a95d-44b516462efa req-1cb4f1fa-d4ca-4427-a888-47e872d2e236 None None] Starting request: 10.222.0.16 "GET /placement/allocations/6d511fc6-80ab-458e-88a6-593374a3e01c" {{(pid=130413) __call__ /opt/stack/placement/placement/requestlog.py:55}}
Sep 27 10:02:41.998882 ncdv-master-1 devstack@placement-api.service[130413]: INFO placement.requestlog [req-697ab865-9c58-4fc3-a95d-44b516462efa req-1cb4f1fa-d4ca-4427-a888-47e872d2e236 service placement] 10.222.0.16 "GET /placement/allocations/6d511fc6-80ab-458e-88a6-593374a3e01c" status: 200 len: 259 microversion: 1.28
Sep 27 10:02:41.999271 ncdv-master-1 devstack@placement-api.service[130413]: [pid: 130413|app: 0|req: 455/905] 10.222.0.16 () {60 vars in 1377 bytes} [Tue Sep 27 10:02:41 2022] GET /placement/allocations/6d511fc6-80ab-458e-88a6-593374a3e01c => generated 259 bytes in 53 msecs (HTTP/1.1 200) 8 headers in 296 bytes (1 switches on core 0)
Sep 27 10:02:42.004439 ncdv-master-1 devstack@placement-api.service[130412]: DEBUG placement.requestlog [req-4541f48f-3703-42c4-a7d9-8a7e7b54291a req-5fc43cc2-1dd7-4def-9cc0-8d18245e0448 None None] Starting request: 10.222.0.26 "GET /placement/allocation_candidates?limit=1000&resources=DISK_GB%3A1%2CMEMORY_MB%3A1024%2CVCPU%3A1&root_required=%21COMPUTE_STATUS_DISABLED" {{(pid=130412) __call__ /opt/stack/placement/placement/requestlog.py:55}}
Sep 27 10:02:42.123661 ncdv-master-1 devstack@placement-api.service[130412]: DEBUG placement.objects.research_context [req-4541f48f-3703-42c4-a7d9-8a7e7b54291a req-5fc43cc2-1dd7-4def-9cc0-8d18245e0448 service placement] getting providers with 1 DISK_GB {{(pid=130412) __init__ /opt/stack/placement/placement/objects/research_context.py:136}}
Sep 27 10:02:42.143924 ncdv-master-1 devstack@placement-api.service[130412]: DEBUG placement.objects.research_context [req-4541f48f-3703-42c4-a7d9-8a7e7b54291a req-5fc43cc2-1dd7-4def-9cc0-8d18245e0448 service placement] getting providers with 1024 MEMORY_MB {{(pid=130412) __init__ /opt/stack/placement/placement/objects/research_context.py:136}}
Sep 27 10:02:42.166852 ncdv-master-1 devstack@placement-api.service[130412]: DEBUG placement.objects.research_context [req-4541f48f-3703-42c4-a7d9-8a7e7b54291a req-5fc43cc2-1dd7-4def-9cc0-8d18245e0448 service placement] getting providers with 1 VCPU {{(pid=130412) __init__ /opt/stack/placement/placement/objects/research_context.py:136}}
Sep 27 10:02:42.186996 ncdv-master-1 devstack@placement-api.service[130412]: DEBUG placement.objects.research_context [req-4541f48f-3703-42c4-a7d9-8a7e7b54291a req-5fc43cc2-1dd7-4def-9cc0-8d18245e0448 service placement] found 2 providers with available 1 DISK_GB {{(pid=130412) get_provider_ids_matching /opt/stack/placement/placement/objects/research_context.py:563}}
Sep 27 10:02:42.187280 ncdv-master-1 devstack@placement-api.service[130412]: DEBUG placement.objects.research_context [req-4541f48f-3703-42c4-a7d9-8a7e7b54291a req-5fc43cc2-1dd7-4def-9cc0-8d18245e0448 service placement] found 2 providers with available 1024 MEMORY_MB {{(pid=130412) get_provider_ids_matching /opt/stack/placement/placement/objects/research_context.py:563}}
Sep 27 10:02:42.187569 ncdv-master-1 devstack@placement-api.service[130412]: DEBUG placement.objects.research_context [req-4541f48f-3703-42c4-a7d9-8a7e7b54291a req-5fc43cc2-1dd7-4def-9cc0-8d18245e0448 service placement] found 2 providers after filtering by previous result {{(pid=130412) get_provider_ids_matching /opt/stack/placement/placement/objects/research_context.py:594}}
Sep 27 10:02:42.187829 ncdv-master-1 devstack@placement-api.service[130412]: DEBUG placement.objects.research_context [req-4541f48f-3703-42c4-a7d9-8a7e7b54291a req-5fc43cc2-1dd7-4def-9cc0-8d18245e0448 service placement] found 2 providers with available 1 VCPU {{(pid=130412) get_provider_ids_matching /opt/stack/placement/placement/objects/research_context.py:563}}
Sep 27 10:02:42.188090 ncdv-master-1 devstack@placement-api.service[130412]: DEBUG placement.objects.research_context [req-4541f48f-3703-42c4-a7d9-8a7e7b54291a req-5fc43cc2-1dd7-4def-9cc0-8d18245e0448 service placement] found 2 providers after filtering by previous result {{(pid=130412) get_provider_ids_matching /opt/stack/placement/placement/objects/research_context.py:594}}
Sep 27 10:02:42.232713 ncdv-master-1 devstack@placement-api.service[130412]: DEBUG placement.objects.allocation_candidate [req-4541f48f-3703-42c4-a7d9-8a7e7b54291a req-5fc43cc2-1dd7-4def-9cc0-8d18245e0448 service placement] RequestGroup(use_same_provider=False, resources={DISK_GB:1, MEMORY_MB:1024, VCPU:1}, traits=(), aggregates=[]) (suffix '') returned 2 matches {{(pid=130412) _get_by_requests /opt/stack/placement/placement/objects/allocation_candidate.py:156}}
Sep 27 10:02:42.233096 ncdv-master-1 devstack@placement-api.service[130412]: DEBUG placement.objects.allocation_candidate [req-4541f48f-3703-42c4-a7d9-8a7e7b54291a req-5fc43cc2-1dd7-4def-9cc0-8d18245e0448 service placement] Merging candidates yields 2 allocation requests and 2 provider summaries {{(pid=130412) _merge_candidates /opt/stack/placement/placement/objects/allocation_candidate.py:809}}
Sep 27 10:02:42.238945 ncdv-master-1 devstack@placement-api.service[130412]: INFO placement.requestlog [req-4541f48f-3703-42c4-a7d9-8a7e7b54291a req-5fc43cc2-1dd7-4def-9cc0-8d18245e0448 service placement] 10.222.0.26 "GET /placement/allocation_candidates?limit=1000&resources=DISK_GB%3A1%2CMEMORY_MB%3A1024%2CVCPU%3A1&root_required=%21COMPUTE_STATUS_DISABLED" status: 200 len: 1309 microversion: 1.36
Sep 27 10:02:42.240895 ncdv-master-1 devstack@placement-api.service[130412]: [pid: 130412|app: 0|req: 451/906] 10.222.0.26 () {60 vars in 1506 bytes} [Tue Sep 27 10:02:42 2022] GET /placement/allocation_candidates?limit=1000&resources=DISK_GB%3A1%2CMEMORY_MB%3A1024%2CVCPU%3A1&root_required=%21COMPUTE_STATUS_DISABLED => generated 1309 bytes in 237 msecs (HTTP/1.1 200) 8 headers in 297 bytes (1 switches on core 0)
Sep 27 10:02:42.244368 ncdv-master-1 devstack@placement-api.service[130413]: DEBUG placement.requestlog [req-3f402c75-6a1a-4a7c-9f28-d8e54c9b5aee req-8269145d-baf9-4be2-ab40-37ca46a3664d None None] Starting request: 10.222.0.16 "GET /placement/allocations/9a2aa469-5c5e-4a03-b09e-8e6b2252d615" {{(pid=130413) __call__ /opt/stack/placement/placement/requestlog.py:55}}
Sep 27 10:02:42.273461 ncdv-master-1 devstack@placement-api.service[130413]: DEBUG dbcounter [-] [130413] Writing DB stats placement:SELECT=96,placement:DELETE=4 {{(pid=130413) stat_writer /usr/local/lib/python3.8/dist-packages/dbcounter.py:114}}
Sep 27 10:02:42.285170 ncdv-master-1 devstack@placement-api.service[130413]: INFO placement.requestlog [req-3f402c75-6a1a-4a7c-9f28-d8e54c9b5aee req-8269145d-baf9-4be2-ab40-37ca46a3664d service placement] 10.222.0.16 "GET /placement/allocations/9a2aa469-5c5e-4a03-b09e-8e6b2252d615" status: 200 len: 259 microversion: 1.28
Sep 27 10:02:42.285570 ncdv-master-1 devstack@placement-api.service[130413]: [pid: 130413|app: 0|req: 456/907] 10.222.0.16 () {60 vars in 1377 bytes} [Tue Sep 27 10:02:42 2022] GET /placement/allocations/9a2aa469-5c5e-4a03-b09e-8e6b2252d615 => generated 259 bytes in 42 msecs (HTTP/1.1 200) 8 headers in 296 bytes (1 switches on core 0)
Sep 27 10:02:42.428728 ncdv-master-1 devstack@placement-api.service[130412]: DEBUG placement.requestlog [req-4541f48f-3703-42c4-a7d9-8a7e7b54291a req-35d289d7-3f9a-43ff-94fe-c26f4c8556f7 None None] Starting request: 10.222.0.26 "GET /placement/allocations/96553659-f775-4568-a1a1-c3a9237df534" {{(pid=130412) __call__ /opt/stack/placement/placement/requestlog.py:55}}
Sep 27 10:02:42.443658 ncdv-master-1 devstack@placement-api.service[130412]: INFO placement.requestlog [req-4541f48f-3703-42c4-a7d9-8a7e7b54291a req-35d289d7-3f9a-43ff-94fe-c26f4c8556f7 service placement] 10.222.0.26 "GET /placement/allocations/96553659-f775-4568-a1a1-c3a9237df534" status: 200 len: 19 microversion: 1.28
Sep 27 10:02:42.455576 ncdv-master-1 devstack@placement-api.service[130412]: [pid: 130412|app: 0|req: 452/908] 10.222.0.26 () {60 vars in 1380 bytes} [Tue Sep 27 10:02:42 2022] GET /placement/allocations/96553659-f775-4568-a1a1-c3a9237df534 => generated 19 bytes in 27 msecs (HTTP/1.1 200) 8 headers in 295 bytes (1 switches on core 0)
Sep 27 10:02:42.457060 ncdv-master-1 devstack@placement-api.service[130413]: DEBUG placement.requestlog [req-4541f48f-3703-42c4-a7d9-8a7e7b54291a req-1e8ea842-0659-4e89-936d-7e503cf4b037 None None] Starting request: 10.222.0.26 "PUT /placement/allocations/96553659-f775-4568-a1a1-c3a9237df534" {{(pid=130413) __call__ /opt/stack/placement/placement/requestlog.py:55}}
Sep 27 10:02:42.548742 ncdv-master-1 devstack@placement-api.service[130413]: DEBUG placement.handlers.allocation [req-4541f48f-3703-42c4-a7d9-8a7e7b54291a req-1e8ea842-0659-4e89-936d-7e503cf4b037 service placement] Successfully wrote allocations [, , ] {{(pid=130413) _update_consumers_and_create_allocations /opt/stack/placement/placement/handlers/allocation.py:462}}
Sep 27 10:02:42.556330 ncdv-master-1 devstack@placement-api.service[130413]: INFO placement.requestlog [req-4541f48f-3703-42c4-a7d9-8a7e7b54291a req-1e8ea842-0659-4e89-936d-7e503cf4b037 service placement] 10.222.0.26 "PUT /placement/allocations/96553659-f775-4568-a1a1-c3a9237df534" status: 204 len: 0 microversion: 1.36
Sep 27 10:02:42.567174 ncdv-master-1 devstack@placement-api.service[130413]: [pid: 130413|app: 0|req: 457/909] 10.222.0.26 () {64 vars in 1433 bytes} [Tue Sep 27 10:02:42 2022] PUT /placement/allocations/96553659-f775-4568-a1a1-c3a9237df534 => generated 0 bytes in 100 msecs (HTTP/1.1 204) 5 headers in 199 bytes (1 switches on core 0)
Sep 27 10:02:43.210403 ncdv-master-1 devstack@placement-api.service[130412]: DEBUG placement.requestlog [req-4541f48f-3703-42c4-a7d9-8a7e7b54291a req-7acffea3-1524-41c3-9329-54acd09f3663 None None] Starting request: 10.222.0.55 "GET /placement/allocations/96553659-f775-4568-a1a1-c3a9237df534" {{(pid=130412) __call__ /opt/stack/placement/placement/requestlog.py:55}}
Sep 27 10:02:43.239357 ncdv-master-1 devstack@placement-api.service[130412]: INFO placement.requestlog [req-4541f48f-3703-42c4-a7d9-8a7e7b54291a req-7acffea3-1524-41c3-9329-54acd09f3663 service placement] 10.222.0.55 "GET /placement/allocations/96553659-f775-4568-a1a1-c3a9237df534" status: 200 len: 259 microversion: 1.28
Sep 27 10:02:43.240195 ncdv-master-1 devstack@placement-api.service[130412]: [pid: 130412|app: 0|req: 453/910] 10.222.0.55 () {60 vars in 1377 bytes} [Tue Sep 27 10:02:43 2022] GET /placement/allocations/96553659-f775-4568-a1a1-c3a9237df534 => generated 259 bytes in 30 msecs (HTTP/1.1 200) 8 headers in 296 bytes (1 switches on core 0)
Sep 27 10:02:43.458436 ncdv-master-1 devstack@placement-api.service[130413]: DEBUG placement.requestlog [req-4541f48f-3703-42c4-a7d9-8a7e7b54291a req-0a28e460-ae6d-4a17-bf6b-f1704d30b014 None None] Starting request: 10.222.0.55 "GET /placement/resource_providers/735b43eb-e1d6-4ab0-9e55-7e7ad6c7cd4a/allocations" {{(pid=130413) __call__ /opt/stack/placement/placement/requestlog.py:55}}
Sep 27 10:02:43.486736 ncdv-master-1 devstack@placement-api.service[130412]: DEBUG placement.requestlog [req-a4205d77-77a0-477b-b1ac-38830e243433 req-38d4f902-d152-4f36-8ac3-356b02402aed None None] Starting request: 10.222.0.26 "GET /placement/allocation_candidates?limit=1000&resources=DISK_GB%3A1%2CMEMORY_MB%3A512%2CVCPU%3A1&root_required=%21COMPUTE_STATUS_DISABLED" {{(pid=130412) __call__ /opt/stack/placement/placement/requestlog.py:55}}
Sep 27 10:02:43.505095 ncdv-master-1 devstack@placement-api.service[130413]: INFO placement.requestlog [req-4541f48f-3703-42c4-a7d9-8a7e7b54291a req-0a28e460-ae6d-4a17-bf6b-f1704d30b014 service placement] 10.222.0.55 "GET /placement/resource_providers/735b43eb-e1d6-4ab0-9e55-7e7ad6c7cd4a/allocations" status: 200 len: 861 microversion: 1.0
Sep 27 10:02:43.505821 ncdv-master-1 devstack@placement-api.service[130413]: [pid: 130413|app: 0|req: 458/911] 10.222.0.55 () {58 vars in 1390 bytes} [Tue Sep 27 10:02:43 2022] GET /placement/resource_providers/735b43eb-e1d6-4ab0-9e55-7e7ad6c7cd4a/allocations => generated 861 bytes in 47 msecs (HTTP/1.1 200) 6 headers in 224 bytes (1 switches on core 0)
Sep 27 10:02:43.513840 ncdv-master-1 devstack@placement-api.service[130413]: DEBUG placement.requestlog [req-4541f48f-3703-42c4-a7d9-8a7e7b54291a req-48bcabd0-2351-4958-b5af-4c3009e831d0 None None] Starting request: 10.222.0.55 "GET /placement/allocations/0fa79578-f299-4e5d-8dea-8bd1ca1c31d1" {{(pid=130413) __call__ /opt/stack/placement/placement/requestlog.py:55}}
Sep 27 10:02:43.545095 ncdv-master-1 devstack@placement-api.service[130413]: INFO placement.requestlog [req-4541f48f-3703-42c4-a7d9-8a7e7b54291a req-48bcabd0-2351-4958-b5af-4c3009e831d0 service placement] 10.222.0.55 "GET /placement/allocations/0fa79578-f299-4e5d-8dea-8bd1ca1c31d1" status: 200 len: 259 microversion: 1.28
Sep 27 10:02:43.546435 ncdv-master-1 devstack@placement-api.service[130413]: [pid: 130413|app: 0|req: 459/912] 10.222.0.55 () {60 vars in 1377 bytes} [Tue Sep 27 10:02:43 2022] GET /placement/allocations/0fa79578-f299-4e5d-8dea-8bd1ca1c31d1 => generated 259 bytes in 33 msecs (HTTP/1.1 200) 8 headers in 296 bytes (2 switches on core 0)
Sep 27 10:02:43.554244 ncdv-master-1 devstack@placement-api.service[130413]: DEBUG placement.requestlog [req-4541f48f-3703-42c4-a7d9-8a7e7b54291a req-d1f5fef4-8fc1-4190-ba36-813964f8159e None None] Starting request: 10.222.0.55 "GET /placement/allocations/96553659-f775-4568-a1a1-c3a9237df534" {{(pid=130413) __call__ /opt/stack/placement/placement/requestlog.py:55}}
Sep 27 10:02:43.576964 ncdv-master-1 devstack@placement-api.service[130412]: DEBUG placement.objects.research_context [req-a4205d77-77a0-477b-b1ac-38830e243433 req-38d4f902-d152-4f36-8ac3-356b02402aed service placement] getting providers with 1 DISK_GB {{(pid=130412) __init__ /opt/stack/placement/placement/objects/research_context.py:136}}
Sep 27 10:02:43.584879 ncdv-master-1 devstack@placement-api.service[130412]: DEBUG placement.objects.research_context [req-a4205d77-77a0-477b-b1ac-38830e243433 req-38d4f902-d152-4f36-8ac3-356b02402aed service placement] getting providers with 512 MEMORY_MB {{(pid=130412) __init__ /opt/stack/placement/placement/objects/research_context.py:136}}
Sep 27 10:02:43.585620 ncdv-master-1 devstack@placement-api.service[130413]: INFO placement.requestlog [req-4541f48f-3703-42c4-a7d9-8a7e7b54291a req-d1f5fef4-8fc1-4190-ba36-813964f8159e service placement] 10.222.0.55 "GET /placement/allocations/96553659-f775-4568-a1a1-c3a9237df534" status: 200 len: 259 microversion: 1.28
Sep 27 10:02:43.586434 ncdv-master-1 devstack@placement-api.service[130413]: [pid: 130413|app: 0|req: 460/913] 10.222.0.55 () {60 vars in 1377 bytes} [Tue Sep 27 10:02:43 2022] GET /placement/allocations/96553659-f775-4568-a1a1-c3a9237df534 => generated 259 bytes in 32 msecs (HTTP/1.1 200) 8 headers in 296 bytes (2 switches on core 0)
Sep 27 10:02:43.594809 ncdv-master-1 devstack@placement-api.service[130413]: DEBUG placement.requestlog [req-4541f48f-3703-42c4-a7d9-8a7e7b54291a req-89b1d729-97fa-43d6-a0c2-f97950bac410 None None] Starting request: 10.222.0.55 "GET /placement/allocations/16cd150f-c67a-4a9e-9654-ba6bb9e1517a" {{(pid=130413) __call__ /opt/stack/placement/placement/requestlog.py:55}}
Sep 27 10:02:43.609596 ncdv-master-1 devstack@placement-api.service[130412]: DEBUG placement.objects.research_context [req-a4205d77-77a0-477b-b1ac-38830e243433 req-38d4f902-d152-4f36-8ac3-356b02402aed service placement] getting providers with 1 VCPU {{(pid=130412) __init__ /opt/stack/placement/placement/objects/research_context.py:136}}
Sep 27 10:02:43.623918 ncdv-master-1 devstack@placement-api.service[130412]: DEBUG placement.objects.research_context [req-a4205d77-77a0-477b-b1ac-38830e243433 req-38d4f902-d152-4f36-8ac3-356b02402aed service placement] found 2 providers with available 1 DISK_GB {{(pid=130412) get_provider_ids_matching /opt/stack/placement/placement/objects/research_context.py:563}}
Sep 27 10:02:43.626291 ncdv-master-1 devstack@placement-api.service[130412]: DEBUG placement.objects.research_context [req-a4205d77-77a0-477b-b1ac-38830e243433 req-38d4f902-d152-4f36-8ac3-356b02402aed service placement] found 2 providers with available 512 MEMORY_MB {{(pid=130412) get_provider_ids_matching /opt/stack/placement/placement/objects/research_context.py:563}}
Sep 27 10:02:43.628448 ncdv-master-1 devstack@placement-api.service[130412]: DEBUG placement.objects.research_context [req-a4205d77-77a0-477b-b1ac-38830e243433 req-38d4f902-d152-4f36-8ac3-356b02402aed service placement] found 2 providers after filtering by previous result {{(pid=130412) get_provider_ids_matching /opt/stack/placement/placement/objects/research_context.py:594}}
Sep 27 10:02:43.628944 ncdv-master-1 devstack@placement-api.service[130412]: DEBUG placement.objects.research_context [req-a4205d77-77a0-477b-b1ac-38830e243433 req-38d4f902-d152-4f36-8ac3-356b02402aed service placement] found 2 providers with available 1 VCPU {{(pid=130412) get_provider_ids_matching /opt/stack/placement/placement/objects/research_context.py:563}}
Sep 27 10:02:43.629390 ncdv-master-1 devstack@placement-api.service[130412]: DEBUG placement.objects.research_context [req-a4205d77-77a0-477b-b1ac-38830e243433 req-38d4f902-d152-4f36-8ac3-356b02402aed service placement] found 2 providers after filtering by previous result {{(pid=130412) get_provider_ids_matching /opt/stack/placement/placement/objects/research_context.py:594}}
Sep 27 10:02:43.631642 ncdv-master-1 devstack@placement-api.service[130413]: INFO placement.requestlog [req-4541f48f-3703-42c4-a7d9-8a7e7b54291a req-89b1d729-97fa-43d6-a0c2-f97950bac410 service placement] 10.222.0.55 "GET /placement/allocations/16cd150f-c67a-4a9e-9654-ba6bb9e1517a" status: 200 len: 259 microversion: 1.28
Sep 27 10:02:43.633146 ncdv-master-1 devstack@placement-api.service[130413]: [pid: 130413|app: 0|req: 461/914] 10.222.0.55 () {60 vars in 1377 bytes} [Tue Sep 27 10:02:43 2022] GET /placement/allocations/16cd150f-c67a-4a9e-9654-ba6bb9e1517a => generated 259 bytes in 39 msecs (HTTP/1.1 200) 8 headers in 296 bytes (1 switches on core 0)
Sep 27 10:02:43.652611 ncdv-master-1 devstack@placement-api.service[130413]: DEBUG placement.requestlog [req-4541f48f-3703-42c4-a7d9-8a7e7b54291a req-1d8bd464-2a02-4058-8195-b0b9bace67b1 None None] Starting request: 10.222.0.55 "GET /placement/allocations/9e5fc0fa-8f9f-42b3-92a0-c70da75ea8b1" {{(pid=130413) __call__ /opt/stack/placement/placement/requestlog.py:55}}
Sep 27 10:02:43.652891 ncdv-master-1 devstack@placement-api.service[130412]: DEBUG placement.objects.allocation_candidate [req-a4205d77-77a0-477b-b1ac-38830e243433 req-38d4f902-d152-4f36-8ac3-356b02402aed service placement] RequestGroup(use_same_provider=False, resources={DISK_GB:1, MEMORY_MB:512, VCPU:1}, traits=(), aggregates=[]) (suffix '') returned 2 matches {{(pid=130412) _get_by_requests /opt/stack/placement/placement/objects/allocation_candidate.py:156}}
Sep 27 10:02:43.652891 ncdv-master-1 devstack@placement-api.service[130412]: DEBUG placement.objects.allocation_candidate [req-a4205d77-77a0-477b-b1ac-38830e243433 req-38d4f902-d152-4f36-8ac3-356b02402aed service placement] Merging candidates yields 2 allocation requests and 2 provider summaries {{(pid=130412) _merge_candidates /opt/stack/placement/placement/objects/allocation_candidate.py:809}}
Sep 27 10:02:43.664502 ncdv-master-1 devstack@placement-api.service[130412]: INFO placement.requestlog [req-a4205d77-77a0-477b-b1ac-38830e243433 req-38d4f902-d152-4f36-8ac3-356b02402aed service placement] 10.222.0.26 "GET /placement/allocation_candidates?limit=1000&resources=DISK_GB%3A1%2CMEMORY_MB%3A512%2CVCPU%3A1&root_required=%21COMPUTE_STATUS_DISABLED" status: 200 len: 1307 microversion: 1.36
Sep 27 10:02:43.664502 ncdv-master-1 devstack@placement-api.service[130412]: [pid: 130412|app: 0|req: 454/915] 10.222.0.26 () {60 vars in 1504 bytes} [Tue Sep 27 10:02:43 2022] GET /placement/allocation_candidates?limit=1000&resources=DISK_GB%3A1%2CMEMORY_MB%3A512%2CVCPU%3A1&root_required=%21COMPUTE_STATUS_DISABLED => generated 1307 bytes in 177 msecs (HTTP/1.1 200) 8 headers in 297 bytes (2 switches on core 0)
Sep 27 10:02:43.670221 ncdv-master-1 devstack@placement-api.service[130413]: INFO placement.requestlog [req-4541f48f-3703-42c4-a7d9-8a7e7b54291a req-1d8bd464-2a02-4058-8195-b0b9bace67b1 service placement] 10.222.0.55 "GET /placement/allocations/9e5fc0fa-8f9f-42b3-92a0-c70da75ea8b1" status: 200 len: 259 microversion: 1.28
Sep 27 10:02:43.671185 ncdv-master-1 devstack@placement-api.service[130413]: [pid: 130413|app: 0|req: 462/916] 10.222.0.55 () {60 vars in 1377 bytes} [Tue Sep 27 10:02:43 2022] GET /placement/allocations/9e5fc0fa-8f9f-42b3-92a0-c70da75ea8b1 => generated 259 bytes in 30 msecs (HTTP/1.1 200) 8 headers in 296 bytes (1 switches on core 0)
Sep 27 10:02:43.686997 ncdv-master-1 devstack@placement-api.service[130412]: DEBUG placement.requestlog [req-4541f48f-3703-42c4-a7d9-8a7e7b54291a req-1f128828-0a6e-4ea9-a218-ff0c4e23ab8b None None] Starting request: 10.222.0.55 "GET /placement/allocations/706e3141-43af-4a6b-8789-dea152d0312a" {{(pid=130412) __call__ /opt/stack/placement/placement/requestlog.py:55}}
Sep 27 10:02:43.688357 ncdv-master-1 devstack@placement-api.service[130413]: DEBUG placement.requestlog [req-697ab865-9c58-4fc3-a95d-44b516462efa req-343ab54f-147c-444e-9f28-ba24f2430113 None None] Starting request: 10.222.0.16 "GET /placement/resource_providers/eb6179c5-d095-4b3b-8878-a5e743ce9d07/allocations" {{(pid=130413) __call__ /opt/stack/placement/placement/requestlog.py:55}}
Sep 27 10:02:43.720808 ncdv-master-1 devstack@placement-api.service[130412]: INFO placement.requestlog [req-4541f48f-3703-42c4-a7d9-8a7e7b54291a req-1f128828-0a6e-4ea9-a218-ff0c4e23ab8b service placement] 10.222.0.55 "GET /placement/allocations/706e3141-43af-4a6b-8789-dea152d0312a" status: 200 len: 259 microversion: 1.28
Sep 27 10:02:43.722515 ncdv-master-1 devstack@placement-api.service[130412]: [pid: 130412|app: 0|req: 455/917] 10.222.0.55 () {60 vars in 1377 bytes} [Tue Sep 27 10:02:43 2022] GET /placement/allocations/706e3141-43af-4a6b-8789-dea152d0312a => generated 259 bytes in 36 msecs (HTTP/1.1 200) 8 headers in 296 bytes (1 switches on core 0)
Sep 27 10:02:43.731471 ncdv-master-1 devstack@placement-api.service[130412]: DEBUG placement.requestlog [req-4541f48f-3703-42c4-a7d9-8a7e7b54291a req-caa8e69f-aa0d-4209-a1d8-79f6df2aceb8 None None] Starting request: 10.222.0.55 "GET /placement/allocations/7e4cc7a3-b633-4618-889d-b0092fe5ede3" {{(pid=130412) __call__ /opt/stack/placement/placement/requestlog.py:55}}
Sep 27 10:02:43.736342 ncdv-master-1 devstack@placement-api.service[130413]: INFO placement.requestlog [req-697ab865-9c58-4fc3-a95d-44b516462efa req-343ab54f-147c-444e-9f28-ba24f2430113 service placement] 10.222.0.16 "GET /placement/resource_providers/eb6179c5-d095-4b3b-8878-a5e743ce9d07/allocations" status: 200 len: 860 microversion: 1.0
Sep 27 10:02:43.737545 ncdv-master-1 devstack@placement-api.service[130413]: [pid: 130413|app: 0|req: 463/918] 10.222.0.16 () {58 vars in 1390 bytes} [Tue Sep 27 10:02:43 2022] GET /placement/resource_providers/eb6179c5-d095-4b3b-8878-a5e743ce9d07/allocations => generated 860 bytes in 50 msecs (HTTP/1.1 200) 6 headers in 224 bytes (1 switches on core 0)
Sep 27 10:02:43.766074 ncdv-master-1 devstack@placement-api.service[130412]: INFO placement.requestlog [req-4541f48f-3703-42c4-a7d9-8a7e7b54291a req-caa8e69f-aa0d-4209-a1d8-79f6df2aceb8 service placement] 10.222.0.55 "GET /placement/allocations/7e4cc7a3-b633-4618-889d-b0092fe5ede3" status: 200 len: 259 microversion: 1.28
Sep 27 10:02:43.768384 ncdv-master-1 devstack@placement-api.service[130412]: [pid: 130412|app: 0|req: 456/919] 10.222.0.55 () {60 vars in 1377 bytes} [Tue Sep 27 10:02:43 2022] GET /placement/allocations/7e4cc7a3-b633-4618-889d-b0092fe5ede3 => generated 259 bytes in 36 msecs (HTTP/1.1 200) 8 headers in 296 bytes (1 switches on core 0)
