Sep 27 10:03:27.052252 ncdv-master-1 devstack@placement-api.service[130412]: DEBUG placement.requestlog [req-85255f8c-3684-4251-9264-23200a848da8 req-b60f0a0b-4c5e-4d5c-adde-04af2d9995c1 None None] Starting request: 10.222.0.16 "GET /placement/allocations/f1ff4a24-1251-4827-955f-159c665a1d57" {{(pid=130412) __call__ /opt/stack/placement/placement/requestlog.py:55}}
Sep 27 10:03:27.081416 ncdv-master-1 devstack@placement-api.service[130412]: INFO placement.requestlog [req-85255f8c-3684-4251-9264-23200a848da8 req-b60f0a0b-4c5e-4d5c-adde-04af2d9995c1 service placement] 10.222.0.16 "GET /placement/allocations/f1ff4a24-1251-4827-955f-159c665a1d57" status: 200 len: 259 microversion: 1.28
Sep 27 10:03:27.082122 ncdv-master-1 devstack@placement-api.service[130412]: [pid: 130412|app: 0|req: 523/1053] 10.222.0.16 () {60 vars in 1377 bytes} [Tue Sep 27 10:03:27 2022] GET /placement/allocations/f1ff4a24-1251-4827-955f-159c665a1d57 => generated 259 bytes in 30 msecs (HTTP/1.1 200) 8 headers in 296 bytes (1 switches on core 0)
Sep 27 10:03:27.557981 ncdv-master-1 devstack@placement-api.service[130413]: DEBUG placement.requestlog [req-85255f8c-3684-4251-9264-23200a848da8 req-91090cbb-ebcd-4e91-9edb-dde58994ad39 None None] Starting request: 10.222.0.16 "DELETE /placement/allocations/48f61d6b-3985-49a2-9eb9-dd250711cdf4" {{(pid=130413) __call__ /opt/stack/placement/placement/requestlog.py:55}}
Sep 27 10:03:27.571668 ncdv-master-1 devstack@placement-api.service[130413]: DEBUG dbcounter [-] [130413] Writing DB stats placement:SELECT=98,placement:DELETE=2 {{(pid=130413) stat_writer /usr/local/lib/python3.8/dist-packages/dbcounter.py:114}}
Sep 27 10:03:27.629370 ncdv-master-1 devstack@placement-api.service[130413]: DEBUG placement.handlers.allocation [req-85255f8c-3684-4251-9264-23200a848da8 req-91090cbb-ebcd-4e91-9edb-dde58994ad39 service placement] Successfully deleted allocations [, , ] {{(pid=130413) delete_allocations /opt/stack/placement/placement/handlers/allocation.py:627}}
Sep 27 10:03:27.630602 ncdv-master-1 devstack@placement-api.service[130413]: INFO placement.requestlog [req-85255f8c-3684-4251-9264-23200a848da8 req-91090cbb-ebcd-4e91-9edb-dde58994ad39 service placement] 10.222.0.16 "DELETE /placement/allocations/48f61d6b-3985-49a2-9eb9-dd250711cdf4" status: 204 len: 0 microversion: 1.0
Sep 27 10:03:27.630819 ncdv-master-1 devstack@placement-api.service[130413]: [pid: 130413|app: 0|req: 531/1054] 10.222.0.16 () {60 vars in 1355 bytes} [Tue Sep 27 10:03:27 2022] DELETE /placement/allocations/48f61d6b-3985-49a2-9eb9-dd250711cdf4 => generated 0 bytes in 74 msecs (HTTP/1.1 204) 5 headers in 198 bytes (1 switches on core 0)
Sep 27 10:03:32.711818 ncdv-master-1 devstack@placement-api.service[130412]: DEBUG placement.requestlog [req-acc70bda-b11e-4b79-93f2-5199a7b3396b req-cd1a2192-65a8-4fc6-b28b-813f2805bac8 None None] Starting request: 10.222.0.55 "GET /placement/resource_providers/735b43eb-e1d6-4ab0-9e55-7e7ad6c7cd4a/allocations" {{(pid=130412) __call__ /opt/stack/placement/placement/requestlog.py:55}}
Sep 27 10:03:32.766156 ncdv-master-1 devstack@placement-api.service[130412]: INFO placement.requestlog [req-acc70bda-b11e-4b79-93f2-5199a7b3396b req-cd1a2192-65a8-4fc6-b28b-813f2805bac8 service placement] 10.222.0.55 "GET /placement/resource_providers/735b43eb-e1d6-4ab0-9e55-7e7ad6c7cd4a/allocations" status: 200 len: 861 microversion: 1.0
Sep 27 10:03:32.767139 ncdv-master-1 devstack@placement-api.service[130412]: [pid: 130412|app: 0|req: 524/1055] 10.222.0.55 () {58 vars in 1390 bytes} [Tue Sep 27 10:03:32 2022] GET /placement/resource_providers/735b43eb-e1d6-4ab0-9e55-7e7ad6c7cd4a/allocations => generated 861 bytes in 56 msecs (HTTP/1.1 200) 6 headers in 224 bytes (1 switches on core 0)
Sep 27 10:03:32.775437 ncdv-master-1 devstack@placement-api.service[130413]: DEBUG placement.requestlog [req-acc70bda-b11e-4b79-93f2-5199a7b3396b req-8dcc6a3d-384a-4edd-b52d-ad7a816f1596 None None] Starting request: 10.222.0.55 "GET /placement/allocations/96553659-f775-4568-a1a1-c3a9237df534" {{(pid=130413) __call__ /opt/stack/placement/placement/requestlog.py:55}}
Sep 27 10:03:32.818051 ncdv-master-1 devstack@placement-api.service[130413]: INFO placement.requestlog [req-acc70bda-b11e-4b79-93f2-5199a7b3396b req-8dcc6a3d-384a-4edd-b52d-ad7a816f1596 service placement] 10.222.0.55 "GET /placement/allocations/96553659-f775-4568-a1a1-c3a9237df534" status: 200 len: 259 microversion: 1.28
Sep 27 10:03:32.818594 ncdv-master-1 devstack@placement-api.service[130413]: [pid: 130413|app: 0|req: 532/1056] 10.222.0.55 () {60 vars in 1377 bytes} [Tue Sep 27 10:03:32 2022] GET /placement/allocations/96553659-f775-4568-a1a1-c3a9237df534 => generated 259 bytes in 43 msecs (HTTP/1.1 200) 8 headers in 296 bytes (1 switches on core 0)
Sep 27 10:03:32.827400 ncdv-master-1 devstack@placement-api.service[130412]: DEBUG placement.requestlog [req-acc70bda-b11e-4b79-93f2-5199a7b3396b req-cc82804c-3abe-4720-bb3f-5d2c60699bfa None None] Starting request: 10.222.0.55 "GET /placement/allocations/16cd150f-c67a-4a9e-9654-ba6bb9e1517a" {{(pid=130412) __call__ /opt/stack/placement/placement/requestlog.py:55}}
Sep 27 10:03:32.892023 ncdv-master-1 devstack@placement-api.service[130412]: INFO placement.requestlog [req-acc70bda-b11e-4b79-93f2-5199a7b3396b req-cc82804c-3abe-4720-bb3f-5d2c60699bfa service placement] 10.222.0.55 "GET /placement/allocations/16cd150f-c67a-4a9e-9654-ba6bb9e1517a" status: 200 len: 259 microversion: 1.28
Sep 27 10:03:32.904391 ncdv-master-1 devstack@placement-api.service[130412]: [pid: 130412|app: 0|req: 525/1057] 10.222.0.55 () {60 vars in 1377 bytes} [Tue Sep 27 10:03:32 2022] GET /placement/allocations/16cd150f-c67a-4a9e-9654-ba6bb9e1517a => generated 259 bytes in 77 msecs (HTTP/1.1 200) 8 headers in 296 bytes (1 switches on core 0)
Sep 27 10:03:32.909686 ncdv-master-1 devstack@placement-api.service[130413]: DEBUG placement.requestlog [req-acc70bda-b11e-4b79-93f2-5199a7b3396b req-4f3fd0ae-f180-4dd7-be60-4805a4521ca6 None None] Starting request: 10.222.0.55 "GET /placement/allocations/9997587c-6839-4459-bd4b-b4d4cd6fd09d" {{(pid=130413) __call__ /opt/stack/placement/placement/requestlog.py:55}}
Sep 27 10:03:32.954320 ncdv-master-1 devstack@placement-api.service[130413]: INFO placement.requestlog [req-acc70bda-b11e-4b79-93f2-5199a7b3396b req-4f3fd0ae-f180-4dd7-be60-4805a4521ca6 service placement] 10.222.0.55 "GET /placement/allocations/9997587c-6839-4459-bd4b-b4d4cd6fd09d" status: 200 len: 259 microversion: 1.28
Sep 27 10:03:32.954854 ncdv-master-1 devstack@placement-api.service[130413]: [pid: 130413|app: 0|req: 533/1058] 10.222.0.55 () {60 vars in 1377 bytes} [Tue Sep 27 10:03:32 2022] GET /placement/allocations/9997587c-6839-4459-bd4b-b4d4cd6fd09d => generated 259 bytes in 46 msecs (HTTP/1.1 200) 8 headers in 296 bytes (1 switches on core 0)
Sep 27 10:03:32.962650 ncdv-master-1 devstack@placement-api.service[130412]: DEBUG placement.requestlog [req-acc70bda-b11e-4b79-93f2-5199a7b3396b req-d6dcad71-4c7d-41a8-b21d-f93446e6ecc0 None None] Starting request: 10.222.0.55 "GET /placement/allocations/11a0d56b-3e1f-40e7-9e3c-30fca67df25e" {{(pid=130412) __call__ /opt/stack/placement/placement/requestlog.py:55}}
Sep 27 10:03:32.990417 ncdv-master-1 devstack@placement-api.service[130412]: INFO placement.requestlog [req-acc70bda-b11e-4b79-93f2-5199a7b3396b req-d6dcad71-4c7d-41a8-b21d-f93446e6ecc0 service placement] 10.222.0.55 "GET /placement/allocations/11a0d56b-3e1f-40e7-9e3c-30fca67df25e" status: 200 len: 259 microversion: 1.28
Sep 27 10:03:32.991391 ncdv-master-1 devstack@placement-api.service[130412]: [pid: 130412|app: 0|req: 526/1059] 10.222.0.55 () {60 vars in 1377 bytes} [Tue Sep 27 10:03:32 2022] GET /placement/allocations/11a0d56b-3e1f-40e7-9e3c-30fca67df25e => generated 259 bytes in 29 msecs (HTTP/1.1 200) 8 headers in 296 bytes (1 switches on core 0)
Sep 27 10:03:33.000460 ncdv-master-1 devstack@placement-api.service[130413]: DEBUG placement.requestlog [req-acc70bda-b11e-4b79-93f2-5199a7b3396b req-4c3bf33e-2cb4-4dbc-9d62-866700880c69 None None] Starting request: 10.222.0.55 "GET /placement/allocations/9e5fc0fa-8f9f-42b3-92a0-c70da75ea8b1" {{(pid=130413) __call__ /opt/stack/placement/placement/requestlog.py:55}}
Sep 27 10:03:33.049392 ncdv-master-1 devstack@placement-api.service[130413]: INFO placement.requestlog [req-acc70bda-b11e-4b79-93f2-5199a7b3396b req-4c3bf33e-2cb4-4dbc-9d62-866700880c69 service placement] 10.222.0.55 "GET /placement/allocations/9e5fc0fa-8f9f-42b3-92a0-c70da75ea8b1" status: 200 len: 259 microversion: 1.28
Sep 27 10:03:33.050233 ncdv-master-1 devstack@placement-api.service[130413]: [pid: 130413|app: 0|req: 534/1060] 10.222.0.55 () {60 vars in 1377 bytes} [Tue Sep 27 10:03:32 2022] GET /placement/allocations/9e5fc0fa-8f9f-42b3-92a0-c70da75ea8b1 => generated 259 bytes in 50 msecs (HTTP/1.1 200) 8 headers in 296 bytes (1 switches on core 0)
Sep 27 10:03:33.061250 ncdv-master-1 devstack@placement-api.service[130412]: DEBUG placement.requestlog [req-acc70bda-b11e-4b79-93f2-5199a7b3396b req-286e1d01-f9a1-49a2-be70-3dce7e82fd77 None None] Starting request: 10.222.0.55 "GET /placement/allocations/706e3141-43af-4a6b-8789-dea152d0312a" {{(pid=130412) __call__ /opt/stack/placement/placement/requestlog.py:55}}
Sep 27 10:03:33.091456 ncdv-master-1 devstack@placement-api.service[130412]: INFO placement.requestlog [req-acc70bda-b11e-4b79-93f2-5199a7b3396b req-286e1d01-f9a1-49a2-be70-3dce7e82fd77 service placement] 10.222.0.55 "GET /placement/allocations/706e3141-43af-4a6b-8789-dea152d0312a" status: 200 len: 259 microversion: 1.28
Sep 27 10:03:33.092559 ncdv-master-1 devstack@placement-api.service[130412]: [pid: 130412|app: 0|req: 527/1061] 10.222.0.55 () {60 vars in 1377 bytes} [Tue Sep 27 10:03:33 2022] GET /placement/allocations/706e3141-43af-4a6b-8789-dea152d0312a => generated 259 bytes in 32 msecs (HTTP/1.1 200) 8 headers in 296 bytes (1 switches on core 0)
Sep 27 10:03:33.103614 ncdv-master-1 devstack@placement-api.service[130413]: DEBUG placement.requestlog [req-acc70bda-b11e-4b79-93f2-5199a7b3396b req-fd17cf97-1242-4da1-bf08-73408e506b0a None None] Starting request: 10.222.0.55 "GET /placement/allocations/fcd14928-8ef7-425b-89bb-2c714284e840" {{(pid=130413) __call__ /opt/stack/placement/placement/requestlog.py:55}}
Sep 27 10:03:33.131627 ncdv-master-1 devstack@placement-api.service[130413]: INFO placement.requestlog [req-acc70bda-b11e-4b79-93f2-5199a7b3396b req-fd17cf97-1242-4da1-bf08-73408e506b0a service placement] 10.222.0.55 "GET /placement/allocations/fcd14928-8ef7-425b-89bb-2c714284e840" status: 200 len: 259 microversion: 1.28
Sep 27 10:03:33.132445 ncdv-master-1 devstack@placement-api.service[130413]: [pid: 130413|app: 0|req: 535/1062] 10.222.0.55 () {60 vars in 1377 bytes} [Tue Sep 27 10:03:33 2022] GET /placement/allocations/fcd14928-8ef7-425b-89bb-2c714284e840 => generated 259 bytes in 30 msecs (HTTP/1.1 200) 8 headers in 296 bytes (1 switches on core 0)
Sep 27 10:03:33.182692 ncdv-master-1 devstack@placement-api.service[130412]: DEBUG placement.requestlog [req-acc70bda-b11e-4b79-93f2-5199a7b3396b req-e26cbe6f-b059-4334-a9c6-fc71184f71fc None None] Starting request: 10.222.0.55 "GET /placement/allocations/e8ca3e24-d297-4435-abe8-a70d128f4bb4" {{(pid=130412) __call__ /opt/stack/placement/placement/requestlog.py:55}}
Sep 27 10:03:33.209535 ncdv-master-1 devstack@placement-api.service[130412]: INFO placement.requestlog [req-acc70bda-b11e-4b79-93f2-5199a7b3396b req-e26cbe6f-b059-4334-a9c6-fc71184f71fc service placement] 10.222.0.55 "GET /placement/allocations/e8ca3e24-d297-4435-abe8-a70d128f4bb4" status: 200 len: 259 microversion: 1.28
Sep 27 10:03:33.210483 ncdv-master-1 devstack@placement-api.service[130412]: [pid: 130412|app: 0|req: 528/1063] 10.222.0.55 () {60 vars in 1377 bytes} [Tue Sep 27 10:03:33 2022] GET /placement/allocations/e8ca3e24-d297-4435-abe8-a70d128f4bb4 => generated 259 bytes in 28 msecs (HTTP/1.1 200) 8 headers in 296 bytes (1 switches on core 0)
Sep 27 10:03:33.728546 ncdv-master-1 devstack@placement-api.service[130413]: DEBUG placement.requestlog [req-acc70bda-b11e-4b79-93f2-5199a7b3396b req-f95e5912-6b36-46a0-980d-d9886304a5b7 None None] Starting request: 10.222.0.55 "DELETE /placement/allocations/706e3141-43af-4a6b-8789-dea152d0312a" {{(pid=130413) __call__ /opt/stack/placement/placement/requestlog.py:55}}
Sep 27 10:03:33.783350 ncdv-master-1 devstack@placement-api.service[130413]: DEBUG placement.handlers.allocation [req-acc70bda-b11e-4b79-93f2-5199a7b3396b req-f95e5912-6b36-46a0-980d-d9886304a5b7 service placement] Successfully deleted allocations [, , ] {{(pid=130413) delete_allocations /opt/stack/placement/placement/handlers/allocation.py:627}}
Sep 27 10:03:33.784098 ncdv-master-1 devstack@placement-api.service[130413]: INFO placement.requestlog [req-acc70bda-b11e-4b79-93f2-5199a7b3396b req-f95e5912-6b36-46a0-980d-d9886304a5b7 service placement] 10.222.0.55 "DELETE /placement/allocations/706e3141-43af-4a6b-8789-dea152d0312a" status: 204 len: 0 microversion: 1.0
Sep 27 10:03:33.785354 ncdv-master-1 devstack@placement-api.service[130413]: [pid: 130413|app: 0|req: 536/1064] 10.222.0.55 () {60 vars in 1355 bytes} [Tue Sep 27 10:03:33 2022] DELETE /placement/allocations/706e3141-43af-4a6b-8789-dea152d0312a => generated 0 bytes in 57 msecs (HTTP/1.1 204) 5 headers in 198 bytes (2 switches on core 0)
Sep 27 10:03:35.244871 ncdv-master-1 devstack@placement-api.service[130412]: DEBUG placement.requestlog [None req-193a8246-7c3d-42d6-9392-1645ad28f2c3 None None] Starting request: 10.222.0.26 "GET /placement/resource_providers/ab213e07-96a1-4de9-abf9-6fd0a56bad37/aggregates" {{(pid=130412) __call__ /opt/stack/placement/placement/requestlog.py:55}}
Sep 27 10:03:35.265268 ncdv-master-1 devstack@placement-api.service[130412]: INFO placement.requestlog [None req-193a8246-7c3d-42d6-9392-1645ad28f2c3 service placement] 10.222.0.26 "GET /placement/resource_providers/ab213e07-96a1-4de9-abf9-6fd0a56bad37/aggregates" status: 404 len: 235 microversion: 1.1
Sep 27 10:03:35.266250 ncdv-master-1 devstack@placement-api.service[130412]: [pid: 130412|app: 0|req: 529/1065] 10.222.0.26 () {58 vars in 1362 bytes} [Tue Sep 27 10:03:35 2022] GET /placement/resource_providers/ab213e07-96a1-4de9-abf9-6fd0a56bad37/aggregates => generated 235 bytes in 22 msecs (HTTP/1.1 404) 5 headers in 202 bytes (1 switches on core 0)
Sep 27 10:03:35.367415 ncdv-master-1 devstack@placement-api.service[130413]: DEBUG placement.requestlog [None req-2d86ea1e-9bff-4966-90e0-3335cdd42782 None None] Starting request: 10.222.0.26 "DELETE /placement/resource_providers/ab213e07-96a1-4de9-abf9-6fd0a56bad37" {{(pid=130413) __call__ /opt/stack/placement/placement/requestlog.py:55}}
Sep 27 10:03:35.389771 ncdv-master-1 devstack@placement-api.service[130413]: DEBUG placement.wsgi_wrapper [None req-2d86ea1e-9bff-4966-90e0-3335cdd42782 service placement] Placement API returning an error response: No resource provider with uuid ab213e07-96a1-4de9-abf9-6fd0a56bad37 found for delete {{(pid=130413) call_func /opt/stack/placement/placement/wsgi_wrapper.py:31}}
Sep 27 10:03:35.390912 ncdv-master-1 devstack@placement-api.service[130413]: INFO placement.requestlog [None req-2d86ea1e-9bff-4966-90e0-3335cdd42782 service placement] 10.222.0.26 "DELETE /placement/resource_providers/ab213e07-96a1-4de9-abf9-6fd0a56bad37" status: 404 len: 246 microversion: 1.1
Sep 27 10:03:35.392031 ncdv-master-1 devstack@placement-api.service[130413]: [pid: 130413|app: 0|req: 537/1066] 10.222.0.26 () {60 vars in 1351 bytes} [Tue Sep 27 10:03:35 2022] DELETE /placement/resource_providers/ab213e07-96a1-4de9-abf9-6fd0a56bad37 => generated 246 bytes in 25 msecs (HTTP/1.1 404) 6 headers in 231 bytes (1 switches on core 0)
Sep 27 10:03:42.223696 ncdv-master-1 devstack@placement-api.service[130412]: DEBUG placement.requestlog [req-ef825c53-5608-46e2-a88f-8fbe6a020005 req-7c64a308-2709-4a80-83f3-20d0c8333063 None None] Starting request: 10.222.0.26 "GET /placement/allocation_candidates?limit=1000&resources=DISK_GB%3A1%2CMEMORY_MB%3A1024%2CVCPU%3A1&root_required=%21COMPUTE_STATUS_DISABLED" {{(pid=130412) __call__ /opt/stack/placement/placement/requestlog.py:55}}
Sep 27 10:03:42.294069 ncdv-master-1 devstack@placement-api.service[130412]: DEBUG placement.objects.research_context [req-ef825c53-5608-46e2-a88f-8fbe6a020005 req-7c64a308-2709-4a80-83f3-20d0c8333063 service placement] getting providers with 1 DISK_GB {{(pid=130412) __init__ /opt/stack/placement/placement/objects/research_context.py:136}}
Sep 27 10:03:42.302385 ncdv-master-1 devstack@placement-api.service[130412]: DEBUG placement.objects.research_context [req-ef825c53-5608-46e2-a88f-8fbe6a020005 req-7c64a308-2709-4a80-83f3-20d0c8333063 service placement] getting providers with 1024 MEMORY_MB {{(pid=130412) __init__ /opt/stack/placement/placement/objects/research_context.py:136}}
Sep 27 10:03:42.313276 ncdv-master-1 devstack@placement-api.service[130412]: DEBUG placement.objects.research_context [req-ef825c53-5608-46e2-a88f-8fbe6a020005 req-7c64a308-2709-4a80-83f3-20d0c8333063 service placement] getting providers with 1 VCPU {{(pid=130412) __init__ /opt/stack/placement/placement/objects/research_context.py:136}}
Sep 27 10:03:42.323467 ncdv-master-1 devstack@placement-api.service[130412]: DEBUG placement.objects.research_context [req-ef825c53-5608-46e2-a88f-8fbe6a020005 req-7c64a308-2709-4a80-83f3-20d0c8333063 service placement] found 2 providers with available 1 DISK_GB {{(pid=130412) get_provider_ids_matching /opt/stack/placement/placement/objects/research_context.py:563}}
Sep 27 10:03:42.323940 ncdv-master-1 devstack@placement-api.service[130412]: DEBUG placement.objects.research_context [req-ef825c53-5608-46e2-a88f-8fbe6a020005 req-7c64a308-2709-4a80-83f3-20d0c8333063 service placement] found 2 providers with available 1024 MEMORY_MB {{(pid=130412) get_provider_ids_matching /opt/stack/placement/placement/objects/research_context.py:563}}
Sep 27 10:03:42.324381 ncdv-master-1 devstack@placement-api.service[130412]: DEBUG placement.objects.research_context [req-ef825c53-5608-46e2-a88f-8fbe6a020005 req-7c64a308-2709-4a80-83f3-20d0c8333063 service placement] found 2 providers after filtering by previous result {{(pid=130412) get_provider_ids_matching /opt/stack/placement/placement/objects/research_context.py:594}}
Sep 27 10:03:42.324819 ncdv-master-1 devstack@placement-api.service[130412]: DEBUG placement.objects.research_context [req-ef825c53-5608-46e2-a88f-8fbe6a020005 req-7c64a308-2709-4a80-83f3-20d0c8333063 service placement] found 2 providers with available 1 VCPU {{(pid=130412) get_provider_ids_matching /opt/stack/placement/placement/objects/research_context.py:563}}
Sep 27 10:03:42.325247 ncdv-master-1 devstack@placement-api.service[130412]: DEBUG placement.objects.research_context [req-ef825c53-5608-46e2-a88f-8fbe6a020005 req-7c64a308-2709-4a80-83f3-20d0c8333063 service placement] found 2 providers after filtering by previous result {{(pid=130412) get_provider_ids_matching /opt/stack/placement/placement/objects/research_context.py:594}}
Sep 27 10:03:42.346554 ncdv-master-1 devstack@placement-api.service[130412]: DEBUG placement.objects.allocation_candidate [req-ef825c53-5608-46e2-a88f-8fbe6a020005 req-7c64a308-2709-4a80-83f3-20d0c8333063 service placement] RequestGroup(use_same_provider=False, resources={DISK_GB:1, MEMORY_MB:1024, VCPU:1}, traits=(), aggregates=[]) (suffix '') returned 2 matches {{(pid=130412) _get_by_requests /opt/stack/placement/placement/objects/allocation_candidate.py:156}}
Sep 27 10:03:42.346980 ncdv-master-1 devstack@placement-api.service[130412]: DEBUG placement.objects.allocation_candidate [req-ef825c53-5608-46e2-a88f-8fbe6a020005 req-7c64a308-2709-4a80-83f3-20d0c8333063 service placement] Merging candidates yields 2 allocation requests and 2 provider summaries {{(pid=130412) _merge_candidates /opt/stack/placement/placement/objects/allocation_candidate.py:809}}
Sep 27 10:03:42.349270 ncdv-master-1 devstack@placement-api.service[130412]: INFO placement.requestlog [req-ef825c53-5608-46e2-a88f-8fbe6a020005 req-7c64a308-2709-4a80-83f3-20d0c8333063 service placement] 10.222.0.26 "GET /placement/allocation_candidates?limit=1000&resources=DISK_GB%3A1%2CMEMORY_MB%3A1024%2CVCPU%3A1&root_required=%21COMPUTE_STATUS_DISABLED" status: 200 len: 1309 microversion: 1.36
Sep 27 10:03:42.349744 ncdv-master-1 devstack@placement-api.service[130412]: [pid: 130412|app: 0|req: 530/1067] 10.222.0.26 () {60 vars in 1506 bytes} [Tue Sep 27 10:03:42 2022] GET /placement/allocation_candidates?limit=1000&resources=DISK_GB%3A1%2CMEMORY_MB%3A1024%2CVCPU%3A1&root_required=%21COMPUTE_STATUS_DISABLED => generated 1309 bytes in 127 msecs (HTTP/1.1 200) 8 headers in 297 bytes (2 switches on core 0)
Sep 27 10:03:42.417401 ncdv-master-1 devstack@placement-api.service[130413]: DEBUG placement.requestlog [req-ef825c53-5608-46e2-a88f-8fbe6a020005 req-2a623e1c-5319-470b-b2c0-35ce90c2aca7 None None] Starting request: 10.222.0.26 "GET /placement/allocations/14bb2db7-2b1d-46d4-8800-26b149825654" {{(pid=130413) __call__ /opt/stack/placement/placement/requestlog.py:55}}
Sep 27 10:03:42.430607 ncdv-master-1 devstack@placement-api.service[130413]: INFO placement.requestlog [req-ef825c53-5608-46e2-a88f-8fbe6a020005 req-2a623e1c-5319-470b-b2c0-35ce90c2aca7 service placement] 10.222.0.26 "GET /placement/allocations/14bb2db7-2b1d-46d4-8800-26b149825654" status: 200 len: 19 microversion: 1.28
Sep 27 10:03:42.431210 ncdv-master-1 devstack@placement-api.service[130413]: [pid: 130413|app: 0|req: 538/1068] 10.222.0.26 () {60 vars in 1380 bytes} [Tue Sep 27 10:03:42 2022] GET /placement/allocations/14bb2db7-2b1d-46d4-8800-26b149825654 => generated 19 bytes in 14 msecs (HTTP/1.1 200) 8 headers in 295 bytes (2 switches on core 0)
Sep 27 10:03:42.437871 ncdv-master-1 devstack@placement-api.service[130412]: DEBUG placement.requestlog [req-ef825c53-5608-46e2-a88f-8fbe6a020005 req-62e9228d-4d9e-4f69-9114-89e6257fc104 None None] Starting request: 10.222.0.26 "PUT /placement/allocations/14bb2db7-2b1d-46d4-8800-26b149825654" {{(pid=130412) __call__ /opt/stack/placement/placement/requestlog.py:55}}
Sep 27 10:03:42.546878 ncdv-master-1 devstack@placement-api.service[130412]: DEBUG placement.handlers.allocation [req-ef825c53-5608-46e2-a88f-8fbe6a020005 req-62e9228d-4d9e-4f69-9114-89e6257fc104 service placement] Successfully wrote allocations [, , ] {{(pid=130412) _update_consumers_and_create_allocations /opt/stack/placement/placement/handlers/allocation.py:462}}
Sep 27 10:03:42.553513 ncdv-master-1 devstack@placement-api.service[130412]: INFO placement.requestlog [req-ef825c53-5608-46e2-a88f-8fbe6a020005 req-62e9228d-4d9e-4f69-9114-89e6257fc104 service placement] 10.222.0.26 "PUT /placement/allocations/14bb2db7-2b1d-46d4-8800-26b149825654" status: 204 len: 0 microversion: 1.36
Sep 27 10:03:42.554015 ncdv-master-1 devstack@placement-api.service[130412]: [pid: 130412|app: 0|req: 531/1069] 10.222.0.26 () {64 vars in 1433 bytes} [Tue Sep 27 10:03:42 2022] PUT /placement/allocations/14bb2db7-2b1d-46d4-8800-26b149825654 => generated 0 bytes in 116 msecs (HTTP/1.1 204) 5 headers in 199 bytes (1 switches on core 0)
Sep 27 10:03:42.725490 ncdv-master-1 devstack@placement-api.service[130413]: DEBUG placement.requestlog [req-01ed0682-400e-4609-bf3f-f07a7017a89d req-baf2c09d-55d3-4b2e-929e-2c4f67288fbe None None] Starting request: 10.222.0.26 "GET /placement/allocation_candidates?limit=1000&resources=DISK_GB%3A1%2CMEMORY_MB%3A1024%2CVCPU%3A1&root_required=%21COMPUTE_STATUS_DISABLED" {{(pid=130413) __call__ /opt/stack/placement/placement/requestlog.py:55}}
Sep 27 10:03:42.779516 ncdv-master-1 devstack@placement-api.service[130413]: DEBUG placement.objects.research_context [req-01ed0682-400e-4609-bf3f-f07a7017a89d req-baf2c09d-55d3-4b2e-929e-2c4f67288fbe service placement] getting providers with 1 DISK_GB {{(pid=130413) __init__ /opt/stack/placement/placement/objects/research_context.py:136}}
Sep 27 10:03:42.786417 ncdv-master-1 devstack@placement-api.service[130413]: DEBUG placement.objects.research_context [req-01ed0682-400e-4609-bf3f-f07a7017a89d req-baf2c09d-55d3-4b2e-929e-2c4f67288fbe service placement] getting providers with 1024 MEMORY_MB {{(pid=130413) __init__ /opt/stack/placement/placement/objects/research_context.py:136}}
Sep 27 10:03:42.795184 ncdv-master-1 devstack@placement-api.service[130413]: DEBUG placement.objects.research_context [req-01ed0682-400e-4609-bf3f-f07a7017a89d req-baf2c09d-55d3-4b2e-929e-2c4f67288fbe service placement] getting providers with 1 VCPU {{(pid=130413) __init__ /opt/stack/placement/placement/objects/research_context.py:136}}
Sep 27 10:03:42.808234 ncdv-master-1 devstack@placement-api.service[130413]: DEBUG placement.objects.research_context [req-01ed0682-400e-4609-bf3f-f07a7017a89d req-baf2c09d-55d3-4b2e-929e-2c4f67288fbe service placement] found 2 providers with available 1 DISK_GB {{(pid=130413) get_provider_ids_matching /opt/stack/placement/placement/objects/research_context.py:563}}
Sep 27 10:03:42.808580 ncdv-master-1 devstack@placement-api.service[130413]: DEBUG placement.objects.research_context [req-01ed0682-400e-4609-bf3f-f07a7017a89d req-baf2c09d-55d3-4b2e-929e-2c4f67288fbe service placement] found 2 providers with available 1024 MEMORY_MB {{(pid=130413) get_provider_ids_matching /opt/stack/placement/placement/objects/research_context.py:563}}
Sep 27 10:03:42.809483 ncdv-master-1 devstack@placement-api.service[130413]: DEBUG placement.objects.research_context [req-01ed0682-400e-4609-bf3f-f07a7017a89d req-baf2c09d-55d3-4b2e-929e-2c4f67288fbe service placement] found 2 providers after filtering by previous result {{(pid=130413) get_provider_ids_matching /opt/stack/placement/placement/objects/research_context.py:594}}
Sep 27 10:03:42.810142 ncdv-master-1 devstack@placement-api.service[130413]: DEBUG placement.objects.research_context [req-01ed0682-400e-4609-bf3f-f07a7017a89d req-baf2c09d-55d3-4b2e-929e-2c4f67288fbe service placement] found 2 providers with available 1 VCPU {{(pid=130413) get_provider_ids_matching /opt/stack/placement/placement/objects/research_context.py:563}}
Sep 27 10:03:42.811185 ncdv-master-1 devstack@placement-api.service[130413]: DEBUG placement.objects.research_context [req-01ed0682-400e-4609-bf3f-f07a7017a89d req-baf2c09d-55d3-4b2e-929e-2c4f67288fbe service placement] found 2 providers after filtering by previous result {{(pid=130413) get_provider_ids_matching /opt/stack/placement/placement/objects/research_context.py:594}}
Sep 27 10:03:42.827899 ncdv-master-1 devstack@placement-api.service[130413]: DEBUG placement.objects.allocation_candidate [req-01ed0682-400e-4609-bf3f-f07a7017a89d req-baf2c09d-55d3-4b2e-929e-2c4f67288fbe service placement] RequestGroup(use_same_provider=False, resources={DISK_GB:1, MEMORY_MB:1024, VCPU:1}, traits=(), aggregates=[]) (suffix '') returned 2 matches {{(pid=130413) _get_by_requests /opt/stack/placement/placement/objects/allocation_candidate.py:156}}
Sep 27 10:03:42.828479 ncdv-master-1 devstack@placement-api.service[130413]: DEBUG placement.objects.allocation_candidate [req-01ed0682-400e-4609-bf3f-f07a7017a89d req-baf2c09d-55d3-4b2e-929e-2c4f67288fbe service placement] Merging candidates yields 2 allocation requests and 2 provider summaries {{(pid=130413) _merge_candidates /opt/stack/placement/placement/objects/allocation_candidate.py:809}}
Sep 27 10:03:42.830228 ncdv-master-1 devstack@placement-api.service[130413]: INFO placement.requestlog [req-01ed0682-400e-4609-bf3f-f07a7017a89d req-baf2c09d-55d3-4b2e-929e-2c4f67288fbe service placement] 10.222.0.26 "GET /placement/allocation_candidates?limit=1000&resources=DISK_GB%3A1%2CMEMORY_MB%3A1024%2CVCPU%3A1&root_required=%21COMPUTE_STATUS_DISABLED" status: 200 len: 1309 microversion: 1.36
Sep 27 10:03:42.831917 ncdv-master-1 devstack@placement-api.service[130413]: [pid: 130413|app: 0|req: 539/1070] 10.222.0.26 () {60 vars in 1506 bytes} [Tue Sep 27 10:03:42 2022] GET /placement/allocation_candidates?limit=1000&resources=DISK_GB%3A1%2CMEMORY_MB%3A1024%2CVCPU%3A1&root_required=%21COMPUTE_STATUS_DISABLED => generated 1309 bytes in 107 msecs (HTTP/1.1 200) 8 headers in 297 bytes (1 switches on core 0)
Sep 27 10:03:42.915830 ncdv-master-1 devstack@placement-api.service[130412]: DEBUG placement.requestlog [req-01ed0682-400e-4609-bf3f-f07a7017a89d req-c47a2c00-b577-42ad-bee2-77d00e0108fb None None] Starting request: 10.222.0.26 "GET /placement/allocations/152a5758-d14b-4ca9-917e-f7017c6d99b2" {{(pid=130412) __call__ /opt/stack/placement/placement/requestlog.py:55}}
Sep 27 10:03:42.938984 ncdv-master-1 devstack@placement-api.service[130412]: INFO placement.requestlog [req-01ed0682-400e-4609-bf3f-f07a7017a89d req-c47a2c00-b577-42ad-bee2-77d00e0108fb service placement] 10.222.0.26 "GET /placement/allocations/152a5758-d14b-4ca9-917e-f7017c6d99b2" status: 200 len: 19 microversion: 1.28
Sep 27 10:03:42.939526 ncdv-master-1 devstack@placement-api.service[130412]: [pid: 130412|app: 0|req: 532/1071] 10.222.0.26 () {60 vars in 1380 bytes} [Tue Sep 27 10:03:42 2022] GET /placement/allocations/152a5758-d14b-4ca9-917e-f7017c6d99b2 => generated 19 bytes in 24 msecs (HTTP/1.1 200) 8 headers in 295 bytes (1 switches on core 0)
Sep 27 10:03:42.946218 ncdv-master-1 devstack@placement-api.service[130413]: DEBUG placement.requestlog [req-01ed0682-400e-4609-bf3f-f07a7017a89d req-7bf4b97c-72dd-43b9-ba2c-746e4165b7e2 None None] Starting request: 10.222.0.26 "PUT /placement/allocations/152a5758-d14b-4ca9-917e-f7017c6d99b2" {{(pid=130413) __call__ /opt/stack/placement/placement/requestlog.py:55}}
Sep 27 10:03:43.026974 ncdv-master-1 devstack@placement-api.service[130413]: DEBUG placement.handlers.allocation [req-01ed0682-400e-4609-bf3f-f07a7017a89d req-7bf4b97c-72dd-43b9-ba2c-746e4165b7e2 service placement] Successfully wrote allocations [, , ] {{(pid=130413) _update_consumers_and_create_allocations /opt/stack/placement/placement/handlers/allocation.py:462}}
Sep 27 10:03:43.046497 ncdv-master-1 devstack@placement-api.service[130413]: INFO placement.requestlog [req-01ed0682-400e-4609-bf3f-f07a7017a89d req-7bf4b97c-72dd-43b9-ba2c-746e4165b7e2 service placement] 10.222.0.26 "PUT /placement/allocations/152a5758-d14b-4ca9-917e-f7017c6d99b2" status: 204 len: 0 microversion: 1.36
Sep 27 10:03:43.047233 ncdv-master-1 devstack@placement-api.service[130413]: [pid: 130413|app: 0|req: 540/1072] 10.222.0.26 () {64 vars in 1433 bytes} [Tue Sep 27 10:03:42 2022] PUT /placement/allocations/152a5758-d14b-4ca9-917e-f7017c6d99b2 => generated 0 bytes in 101 msecs (HTTP/1.1 204) 5 headers in 199 bytes (1 switches on core 0)
Sep 27 10:03:44.449871 ncdv-master-1 devstack@placement-api.service[130412]: DEBUG placement.requestlog [None req-e36f4282-a52c-4436-85ed-7858f33bd13a None None] Starting request: 10.222.0.26 "GET /placement/resource_providers/2cd27711-6846-4833-86a1-cccdde2116eb/aggregates" {{(pid=130412) __call__ /opt/stack/placement/placement/requestlog.py:55}}
Sep 27 10:03:44.463956 ncdv-master-1 devstack@placement-api.service[130412]: INFO placement.requestlog [None req-e36f4282-a52c-4436-85ed-7858f33bd13a service placement] 10.222.0.26 "GET /placement/resource_providers/2cd27711-6846-4833-86a1-cccdde2116eb/aggregates" status: 404 len: 235 microversion: 1.1
Sep 27 10:03:44.464494 ncdv-master-1 devstack@placement-api.service[130412]: [pid: 130412|app: 0|req: 533/1073] 10.222.0.26 () {58 vars in 1362 bytes} [Tue Sep 27 10:03:44 2022] GET /placement/resource_providers/2cd27711-6846-4833-86a1-cccdde2116eb/aggregates => generated 235 bytes in 15 msecs (HTTP/1.1 404) 5 headers in 202 bytes (1 switches on core 0)
Sep 27 10:03:44.521930 ncdv-master-1 devstack@placement-api.service[130413]: DEBUG placement.requestlog [None req-c61b356d-d219-4573-9171-c8e06f0c7c5c None None] Starting request: 10.222.0.26 "DELETE /placement/resource_providers/2cd27711-6846-4833-86a1-cccdde2116eb" {{(pid=130413) __call__ /opt/stack/placement/placement/requestlog.py:55}}
Sep 27 10:03:44.544439 ncdv-master-1 devstack@placement-api.service[130413]: DEBUG placement.wsgi_wrapper [None req-c61b356d-d219-4573-9171-c8e06f0c7c5c service placement] Placement API returning an error response: No resource provider with uuid 2cd27711-6846-4833-86a1-cccdde2116eb found for delete {{(pid=130413) call_func /opt/stack/placement/placement/wsgi_wrapper.py:31}}
Sep 27 10:03:44.545608 ncdv-master-1 devstack@placement-api.service[130413]: INFO placement.requestlog [None req-c61b356d-d219-4573-9171-c8e06f0c7c5c service placement] 10.222.0.26 "DELETE /placement/resource_providers/2cd27711-6846-4833-86a1-cccdde2116eb" status: 404 len: 246 microversion: 1.1
Sep 27 10:03:44.545904 ncdv-master-1 devstack@placement-api.service[130413]: [pid: 130413|app: 0|req: 541/1074] 10.222.0.26 () {60 vars in 1351 bytes} [Tue Sep 27 10:03:44 2022] DELETE /placement/resource_providers/2cd27711-6846-4833-86a1-cccdde2116eb => generated 246 bytes in 24 msecs (HTTP/1.1 404) 6 headers in 231 bytes (1 switches on core 0)
Sep 27 10:03:44.561687 ncdv-master-1 devstack@placement-api.service[130413]: DEBUG placement.requestlog [req-01ed0682-400e-4609-bf3f-f07a7017a89d req-23263ce1-7765-4ffa-a79b-7cc63fdb18c8 None None] Starting request: 10.222.0.55 "GET /placement/allocations/152a5758-d14b-4ca9-917e-f7017c6d99b2" {{(pid=130413) __call__ /opt/stack/placement/placement/requestlog.py:55}}
Sep 27 10:03:44.561929 ncdv-master-1 devstack@placement-api.service[130412]: DEBUG placement.requestlog [req-ef825c53-5608-46e2-a88f-8fbe6a020005 req-407f1f05-12a3-4bf0-90a8-9545b7b9fd49 None None] Starting request: 10.222.0.55 "GET /placement/allocations/14bb2db7-2b1d-46d4-8800-26b149825654" {{(pid=130412) __call__ /opt/stack/placement/placement/requestlog.py:55}}
Sep 27 10:03:44.580226 ncdv-master-1 devstack@placement-api.service[130412]: DEBUG dbcounter [-] [130412] Writing DB stats placement:SELECT=90,placement:INSERT=6,placement:DELETE=2,placement:UPDATE=2 {{(pid=130412) stat_writer /usr/local/lib/python3.8/dist-packages/dbcounter.py:114}}
Sep 27 10:03:44.587714 ncdv-master-1 devstack@placement-api.service[130412]: INFO placement.requestlog [req-ef825c53-5608-46e2-a88f-8fbe6a020005 req-407f1f05-12a3-4bf0-90a8-9545b7b9fd49 service placement] 10.222.0.55 "GET /placement/allocations/14bb2db7-2b1d-46d4-8800-26b149825654" status: 200 len: 259 microversion: 1.28
Sep 27 10:03:44.589269 ncdv-master-1 devstack@placement-api.service[130412]: [pid: 130412|app: 0|req: 534/1075] 10.222.0.55 () {60 vars in 1377 bytes} [Tue Sep 27 10:03:44 2022] GET /placement/allocations/14bb2db7-2b1d-46d4-8800-26b149825654 => generated 259 bytes in 28 msecs (HTTP/1.1 200) 8 headers in 296 bytes (1 switches on core 0)
Sep 27 10:03:44.591217 ncdv-master-1 devstack@placement-api.service[130413]: INFO placement.requestlog [req-01ed0682-400e-4609-bf3f-f07a7017a89d req-23263ce1-7765-4ffa-a79b-7cc63fdb18c8 service placement] 10.222.0.55 "GET /placement/allocations/152a5758-d14b-4ca9-917e-f7017c6d99b2" status: 200 len: 259 microversion: 1.28
Sep 27 10:03:44.591487 ncdv-master-1 devstack@placement-api.service[130413]: [pid: 130413|app: 0|req: 542/1076] 10.222.0.55 () {60 vars in 1377 bytes} [Tue Sep 27 10:03:44 2022] GET /placement/allocations/152a5758-d14b-4ca9-917e-f7017c6d99b2 => generated 259 bytes in 30 msecs (HTTP/1.1 200) 8 headers in 296 bytes (1 switches on core 0)
Sep 27 10:03:44.939636 ncdv-master-1 devstack@placement-api.service[130412]: DEBUG placement.requestlog [req-ef825c53-5608-46e2-a88f-8fbe6a020005 req-78afa3b9-1749-4f92-a29a-34ae8fcdb299 None None] Starting request: 10.222.0.55 "GET /placement/resource_providers/735b43eb-e1d6-4ab0-9e55-7e7ad6c7cd4a/allocations" {{(pid=130412) __call__ /opt/stack/placement/placement/requestlog.py:55}}
Sep 27 10:03:45.002593 ncdv-master-1 devstack@placement-api.service[130412]: INFO placement.requestlog [req-ef825c53-5608-46e2-a88f-8fbe6a020005 req-78afa3b9-1749-4f92-a29a-34ae8fcdb299 service placement] 10.222.0.55 "GET /placement/resource_providers/735b43eb-e1d6-4ab0-9e55-7e7ad6c7cd4a/allocations" status: 200 len: 962 microversion: 1.0
Sep 27 10:03:45.003269 ncdv-master-1 devstack@placement-api.service[130412]: [pid: 130412|app: 0|req: 535/1077] 10.222.0.55 () {58 vars in 1390 bytes} [Tue Sep 27 10:03:44 2022] GET /placement/resource_providers/735b43eb-e1d6-4ab0-9e55-7e7ad6c7cd4a/allocations => generated 962 bytes in 64 msecs (HTTP/1.1 200) 6 headers in 224 bytes (1 switches on core 0)
Sep 27 10:03:45.260071 ncdv-master-1 devstack@placement-api.service[130413]: DEBUG placement.requestlog [req-0a8b44ce-0027-4bda-99e9-65d7383b4f01 req-53485047-7544-4eb5-a0bd-51b36d92b699 None None] Starting request: 10.222.0.16 "GET /placement/resource_providers/eb6179c5-d095-4b3b-8878-a5e743ce9d07/allocations" {{(pid=130413) __call__ /opt/stack/placement/placement/requestlog.py:55}}
Sep 27 10:03:45.293082 ncdv-master-1 devstack@placement-api.service[130413]: INFO placement.requestlog [req-0a8b44ce-0027-4bda-99e9-65d7383b4f01 req-53485047-7544-4eb5-a0bd-51b36d92b699 service placement] 10.222.0.16 "GET /placement/resource_providers/eb6179c5-d095-4b3b-8878-a5e743ce9d07/allocations" status: 200 len: 745 microversion: 1.0
Sep 27 10:03:45.294163 ncdv-master-1 devstack@placement-api.service[130413]: [pid: 130413|app: 0|req: 543/1078] 10.222.0.16 () {58 vars in 1390 bytes} [Tue Sep 27 10:03:45 2022] GET /placement/resource_providers/eb6179c5-d095-4b3b-8878-a5e743ce9d07/allocations => generated 745 bytes in 34 msecs (HTTP/1.1 200) 6 headers in 224 bytes (2 switches on core 0)
Sep 27 10:03:45.361461 ncdv-master-1 devstack@placement-api.service[130412]: DEBUG placement.requestlog [req-0a8b44ce-0027-4bda-99e9-65d7383b4f01 req-4b2eb34a-12af-467b-bfeb-034fe2efa8cf None None] Starting request: 10.222.0.16 "GET /placement/resource_providers/eb6179c5-d095-4b3b-8878-a5e743ce9d07/allocations" {{(pid=130412) __call__ /opt/stack/placement/placement/requestlog.py:55}}
Sep 27 10:03:45.420362 ncdv-master-1 devstack@placement-api.service[130412]: INFO placement.requestlog [req-0a8b44ce-0027-4bda-99e9-65d7383b4f01 req-4b2eb34a-12af-467b-bfeb-034fe2efa8cf service placement] 10.222.0.16 "GET /placement/resource_providers/eb6179c5-d095-4b3b-8878-a5e743ce9d07/allocations" status: 200 len: 745 microversion: 1.0
Sep 27 10:03:45.421132 ncdv-master-1 devstack@placement-api.service[130412]: [pid: 130412|app: 0|req: 536/1079] 10.222.0.16 () {58 vars in 1390 bytes} [Tue Sep 27 10:03:45 2022] GET /placement/resource_providers/eb6179c5-d095-4b3b-8878-a5e743ce9d07/allocations => generated 745 bytes in 60 msecs (HTTP/1.1 200) 6 headers in 224 bytes (1 switches on core 0)
Sep 27 10:03:45.437161 ncdv-master-1 devstack@placement-api.service[130413]: DEBUG placement.requestlog [req-0a8b44ce-0027-4bda-99e9-65d7383b4f01 req-a33fd6ec-0300-4398-be47-cd78185242b2 None None] Starting request: 10.222.0.16 "GET /placement/allocations/ba4b5b70-d9bf-43b6-a52e-73be94b31bb1" {{(pid=130413) __call__ /opt/stack/placement/placement/requestlog.py:55}}
Sep 27 10:03:45.459194 ncdv-master-1 devstack@placement-api.service[130413]: INFO placement.requestlog [req-0a8b44ce-0027-4bda-99e9-65d7383b4f01 req-a33fd6ec-0300-4398-be47-cd78185242b2 service placement] 10.222.0.16 "GET /placement/allocations/ba4b5b70-d9bf-43b6-a52e-73be94b31bb1" status: 200 len: 258 microversion: 1.28
Sep 27 10:03:45.459938 ncdv-master-1 devstack@placement-api.service[130413]: [pid: 130413|app: 0|req: 544/1080] 10.222.0.16 () {60 vars in 1377 bytes} [Tue Sep 27 10:03:45 2022] GET /placement/allocations/ba4b5b70-d9bf-43b6-a52e-73be94b31bb1 => generated 258 bytes in 23 msecs (HTTP/1.1 200) 8 headers in 296 bytes (1 switches on core 0)
Sep 27 10:03:45.468768 ncdv-master-1 devstack@placement-api.service[130412]: DEBUG placement.requestlog [req-0a8b44ce-0027-4bda-99e9-65d7383b4f01 req-a33a6552-c07c-47a4-a993-1e2341b27051 None None] Starting request: 10.222.0.16 "GET /placement/allocations/cb6339bd-6a0a-497c-8064-cfcd4030b6c2" {{(pid=130412) __call__ /opt/stack/placement/placement/requestlog.py:55}}
Sep 27 10:03:45.487925 ncdv-master-1 devstack@placement-api.service[130413]: DEBUG placement.requestlog [req-ef825c53-5608-46e2-a88f-8fbe6a020005 req-70e88551-e533-49ab-b1f1-879b41c78b5a None None] Starting request: 10.222.0.55 "GET /placement/allocations/96553659-f775-4568-a1a1-c3a9237df534" {{(pid=130413) __call__ /opt/stack/placement/placement/requestlog.py:55}}
Sep 27 10:03:45.511532 ncdv-master-1 devstack@placement-api.service[130412]: INFO placement.requestlog [req-0a8b44ce-0027-4bda-99e9-65d7383b4f01 req-a33a6552-c07c-47a4-a993-1e2341b27051 service placement] 10.222.0.16 "GET /placement/allocations/cb6339bd-6a0a-497c-8064-cfcd4030b6c2" status: 200 len: 245 microversion: 1.28
Sep 27 10:03:45.513390 ncdv-master-1 devstack@placement-api.service[130412]: [pid: 130412|app: 0|req: 537/1081] 10.222.0.16 () {60 vars in 1377 bytes} [Tue Sep 27 10:03:45 2022] GET /placement/allocations/cb6339bd-6a0a-497c-8064-cfcd4030b6c2 => generated 245 bytes in 45 msecs (HTTP/1.1 200) 8 headers in 296 bytes (1 switches on core 0)
Sep 27 10:03:45.522407 ncdv-master-1 devstack@placement-api.service[130412]: DEBUG placement.requestlog [req-0a8b44ce-0027-4bda-99e9-65d7383b4f01 req-1b1dd0d8-7016-4ab6-b5aa-8c410b129509 None None] Starting request: 10.222.0.16 "GET /placement/allocations/9edcd7b8-f01b-4529-b9c1-3729e79ec760" {{(pid=130412) __call__ /opt/stack/placement/placement/requestlog.py:55}}
Sep 27 10:03:45.543180 ncdv-master-1 devstack@placement-api.service[130413]: INFO placement.requestlog [req-ef825c53-5608-46e2-a88f-8fbe6a020005 req-70e88551-e533-49ab-b1f1-879b41c78b5a service placement] 10.222.0.55 "GET /placement/allocations/96553659-f775-4568-a1a1-c3a9237df534" status: 200 len: 259 microversion: 1.28
Sep 27 10:03:45.545167 ncdv-master-1 devstack@placement-api.service[130413]: [pid: 130413|app: 0|req: 545/1082] 10.222.0.55 () {60 vars in 1377 bytes} [Tue Sep 27 10:03:45 2022] GET /placement/allocations/96553659-f775-4568-a1a1-c3a9237df534 => generated 259 bytes in 58 msecs (HTTP/1.1 200) 8 headers in 296 bytes (2 switches on core 0)
Sep 27 10:03:45.553625 ncdv-master-1 devstack@placement-api.service[130413]: DEBUG placement.requestlog [req-ef825c53-5608-46e2-a88f-8fbe6a020005 req-62da1465-7240-4b51-980e-f78c680987cf None None] Starting request: 10.222.0.55 "GET /placement/allocations/16cd150f-c67a-4a9e-9654-ba6bb9e1517a" {{(pid=130413) __call__ /opt/stack/placement/placement/requestlog.py:55}}
Sep 27 10:03:45.590781 ncdv-master-1 devstack@placement-api.service[130413]: INFO placement.requestlog [req-ef825c53-5608-46e2-a88f-8fbe6a020005 req-62da1465-7240-4b51-980e-f78c680987cf service placement] 10.222.0.55 "GET /placement/allocations/16cd150f-c67a-4a9e-9654-ba6bb9e1517a" status: 200 len: 259 microversion: 1.28
Sep 27 10:03:45.596573 ncdv-master-1 devstack@placement-api.service[130413]: [pid: 130413|app: 0|req: 546/1083] 10.222.0.55 () {60 vars in 1377 bytes} [Tue Sep 27 10:03:45 2022] GET /placement/allocations/16cd150f-c67a-4a9e-9654-ba6bb9e1517a => generated 259 bytes in 38 msecs (HTTP/1.1 200) 8 headers in 296 bytes (1 switches on core 0)
Sep 27 10:03:45.599347 ncdv-master-1 devstack@placement-api.service[130413]: DEBUG placement.requestlog [req-ef825c53-5608-46e2-a88f-8fbe6a020005 req-b417a573-315d-420c-853d-1ba184d49f45 None None] Starting request: 10.222.0.55 "GET /placement/allocations/9997587c-6839-4459-bd4b-b4d4cd6fd09d" {{(pid=130413) __call__ /opt/stack/placement/placement/requestlog.py:55}}
Sep 27 10:03:45.607654 ncdv-master-1 devstack@placement-api.service[130412]: INFO placement.requestlog [req-0a8b44ce-0027-4bda-99e9-65d7383b4f01 req-1b1dd0d8-7016-4ab6-b5aa-8c410b129509 service placement] 10.222.0.16 "GET /placement/allocations/9edcd7b8-f01b-4529-b9c1-3729e79ec760" status: 200 len: 259 microversion: 1.28
Sep 27 10:03:45.614437 ncdv-master-1 devstack@placement-api.service[130412]: [pid: 130412|app: 0|req: 538/1084] 10.222.0.16 () {60 vars in 1377 bytes} [Tue Sep 27 10:03:45 2022] GET /placement/allocations/9edcd7b8-f01b-4529-b9c1-3729e79ec760 => generated 259 bytes in 92 msecs (HTTP/1.1 200) 8 headers in 296 bytes (2 switches on core 0)
Sep 27 10:03:45.616245 ncdv-master-1 devstack@placement-api.service[130412]: DEBUG placement.requestlog [req-0a8b44ce-0027-4bda-99e9-65d7383b4f01 req-15faf931-8571-4292-88ff-139c44bfd7d4 None None] Starting request: 10.222.0.16 "GET /placement/allocations/3a955d66-3892-4838-ad7d-cc9e431a03e1" {{(pid=130412) __call__ /opt/stack/placement/placement/requestlog.py:55}}
Sep 27 10:03:45.648543 ncdv-master-1 devstack@placement-api.service[130412]: INFO placement.requestlog [req-0a8b44ce-0027-4bda-99e9-65d7383b4f01 req-15faf931-8571-4292-88ff-139c44bfd7d4 service placement] 10.222.0.16 "GET /placement/allocations/3a955d66-3892-4838-ad7d-cc9e431a03e1" status: 200 len: 259 microversion: 1.28
Sep 27 10:03:45.649723 ncdv-master-1 devstack@placement-api.service[130412]: [pid: 130412|app: 0|req: 539/1085] 10.222.0.16 () {60 vars in 1377 bytes} [Tue Sep 27 10:03:45 2022] GET /placement/allocations/3a955d66-3892-4838-ad7d-cc9e431a03e1 => generated 259 bytes in 34 msecs (HTTP/1.1 200) 8 headers in 296 bytes (1 switches on core 0)
Sep 27 10:03:45.651290 ncdv-master-1 devstack@placement-api.service[130413]: INFO placement.requestlog [req-ef825c53-5608-46e2-a88f-8fbe6a020005 req-b417a573-315d-420c-853d-1ba184d49f45 service placement] 10.222.0.55 "GET /placement/allocations/9997587c-6839-4459-bd4b-b4d4cd6fd09d" status: 200 len: 259 microversion: 1.28
Sep 27 10:03:45.653065 ncdv-master-1 devstack@placement-api.service[130413]: [pid: 130413|app: 0|req: 547/1086] 10.222.0.55 () {60 vars in 1377 bytes} [Tue Sep 27 10:03:45 2022] GET /placement/allocations/9997587c-6839-4459-bd4b-b4d4cd6fd09d => generated 259 bytes in 54 msecs (HTTP/1.1 200) 8 headers in 296 bytes (1 switches on core 0)
Sep 27 10:03:45.658286 ncdv-master-1 devstack@placement-api.service[130412]: DEBUG placement.requestlog [req-0a8b44ce-0027-4bda-99e9-65d7383b4f01 req-2fb9e43e-a85e-4136-a89a-b36dc4cd889a None None] Starting request: 10.222.0.16 "GET /placement/allocations/6d511fc6-80ab-458e-88a6-593374a3e01c" {{(pid=130412) __call__ /opt/stack/placement/placement/requestlog.py:55}}
Sep 27 10:03:45.659939 ncdv-master-1 devstack@placement-api.service[130413]: DEBUG placement.requestlog [req-ef825c53-5608-46e2-a88f-8fbe6a020005 req-dbb4a869-d0bf-46d7-a7eb-74d6cdc1804e None None] Starting request: 10.222.0.55 "GET /placement/allocations/11a0d56b-3e1f-40e7-9e3c-30fca67df25e" {{(pid=130413) __call__ /opt/stack/placement/placement/requestlog.py:55}}
Sep 27 10:03:45.691893 ncdv-master-1 devstack@placement-api.service[130413]: DEBUG dbcounter [-] [130413] Writing DB stats placement:SELECT=88,placement:DELETE=6,placement:INSERT=4,placement:UPDATE=2 {{(pid=130413) stat_writer /usr/local/lib/python3.8/dist-packages/dbcounter.py:114}}
Sep 27 10:03:45.707420 ncdv-master-1 devstack@placement-api.service[130413]: INFO placement.requestlog [req-ef825c53-5608-46e2-a88f-8fbe6a020005 req-dbb4a869-d0bf-46d7-a7eb-74d6cdc1804e service placement] 10.222.0.55 "GET /placement/allocations/11a0d56b-3e1f-40e7-9e3c-30fca67df25e" status: 200 len: 259 microversion: 1.28
Sep 27 10:03:45.709353 ncdv-master-1 devstack@placement-api.service[130413]: [pid: 130413|app: 0|req: 548/1087] 10.222.0.55 () {60 vars in 1377 bytes} [Tue Sep 27 10:03:45 2022] GET /placement/allocations/11a0d56b-3e1f-40e7-9e3c-30fca67df25e => generated 259 bytes in 50 msecs (HTTP/1.1 200) 8 headers in 296 bytes (1 switches on core 0)
Sep 27 10:03:45.713284 ncdv-master-1 devstack@placement-api.service[130412]: INFO placement.requestlog [req-0a8b44ce-0027-4bda-99e9-65d7383b4f01 req-2fb9e43e-a85e-4136-a89a-b36dc4cd889a service placement] 10.222.0.16 "GET /placement/allocations/6d511fc6-80ab-458e-88a6-593374a3e01c" status: 200 len: 259 microversion: 1.28
Sep 27 10:03:45.713910 ncdv-master-1 devstack@placement-api.service[130412]: [pid: 130412|app: 0|req: 540/1088] 10.222.0.16 () {60 vars in 1377 bytes} [Tue Sep 27 10:03:45 2022] GET /placement/allocations/6d511fc6-80ab-458e-88a6-593374a3e01c => generated 259 bytes in 56 msecs (HTTP/1.1 200) 8 headers in 296 bytes (2 switches on core 0)
Sep 27 10:03:45.716526 ncdv-master-1 devstack@placement-api.service[130413]: DEBUG placement.requestlog [req-ef825c53-5608-46e2-a88f-8fbe6a020005 req-7c7ad0b1-ecc5-40f6-b21c-646ea9ef1d3d None None] Starting request: 10.222.0.55 "GET /placement/allocations/152a5758-d14b-4ca9-917e-f7017c6d99b2" {{(pid=130413) __call__ /opt/stack/placement/placement/requestlog.py:55}}
Sep 27 10:03:45.722629 ncdv-master-1 devstack@placement-api.service[130412]: DEBUG placement.requestlog [req-0a8b44ce-0027-4bda-99e9-65d7383b4f01 req-907a5e2e-171a-45a5-86b3-be0d105ce5f4 None None] Starting request: 10.222.0.16 "GET /placement/allocations/771f6a59-0f14-4d5d-b92a-493406ea8d85" {{(pid=130412) __call__ /opt/stack/placement/placement/requestlog.py:55}}
Sep 27 10:03:45.749281 ncdv-master-1 devstack@placement-api.service[130412]: INFO placement.requestlog [req-0a8b44ce-0027-4bda-99e9-65d7383b4f01 req-907a5e2e-171a-45a5-86b3-be0d105ce5f4 service placement] 10.222.0.16 "GET /placement/allocations/771f6a59-0f14-4d5d-b92a-493406ea8d85" status: 200 len: 259 microversion: 1.28
Sep 27 10:03:45.750668 ncdv-master-1 devstack@placement-api.service[130412]: [pid: 130412|app: 0|req: 541/1089] 10.222.0.16 () {60 vars in 1377 bytes} [Tue Sep 27 10:03:45 2022] GET /placement/allocations/771f6a59-0f14-4d5d-b92a-493406ea8d85 => generated 259 bytes in 27 msecs (HTTP/1.1 200) 8 headers in 296 bytes (1 switches on core 0)
Sep 27 10:03:45.763637 ncdv-master-1 devstack@placement-api.service[130412]: DEBUG placement.requestlog [req-0a8b44ce-0027-4bda-99e9-65d7383b4f01 req-78a5cfa4-4deb-4d99-9354-75bc074521a6 None None] Starting request: 10.222.0.16 "GET /placement/allocations/f1ff4a24-1251-4827-955f-159c665a1d57" {{(pid=130412) __call__ /opt/stack/placement/placement/requestlog.py:55}}
