Aug 20 21:19:20.463178 ncdv-master-1 devstack@placement-api.service[130356]: DEBUG placement.objects.research_context [req-a88f80eb-5da1-496d-9216-26d58d774b89 req-f30637fd-c5f1-4e15-b876-f5f03deb05a4 service placement] found 2 providers with available 1 VCPU {{(pid=130356) get_provider_ids_matching /opt/stack/placement/placement/objects/research_context.py:563}}
Aug 20 21:19:20.463688 ncdv-master-1 devstack@placement-api.service[130356]: DEBUG placement.objects.research_context [req-a88f80eb-5da1-496d-9216-26d58d774b89 req-f30637fd-c5f1-4e15-b876-f5f03deb05a4 service placement] found 2 providers after filtering by previous result {{(pid=130356) get_provider_ids_matching /opt/stack/placement/placement/objects/research_context.py:594}}
Aug 20 21:19:20.486246 ncdv-master-1 devstack@placement-api.service[130356]: DEBUG placement.objects.allocation_candidate [req-a88f80eb-5da1-496d-9216-26d58d774b89 req-f30637fd-c5f1-4e15-b876-f5f03deb05a4 service placement] RequestGroup(use_same_provider=False, resources={DISK_GB:1, MEMORY_MB:1024, VCPU:1}, traits=(), aggregates=[]) (suffix '') returned 2 matches {{(pid=130356) _get_by_requests /opt/stack/placement/placement/objects/allocation_candidate.py:156}}
Aug 20 21:19:20.487178 ncdv-master-1 devstack@placement-api.service[130356]: DEBUG placement.objects.allocation_candidate [req-a88f80eb-5da1-496d-9216-26d58d774b89 req-f30637fd-c5f1-4e15-b876-f5f03deb05a4 service placement] Merging candidates yields 2 allocation requests and 2 provider summaries {{(pid=130356) _merge_candidates /opt/stack/placement/placement/objects/allocation_candidate.py:809}}
Aug 20 21:19:20.489069 ncdv-master-1 devstack@placement-api.service[130356]: INFO placement.requestlog [req-a88f80eb-5da1-496d-9216-26d58d774b89 req-f30637fd-c5f1-4e15-b876-f5f03deb05a4 service placement] 10.222.0.23 "GET /placement/allocation_candidates?limit=1000&resources=DISK_GB%3A1%2CMEMORY_MB%3A1024%2CVCPU%3A1&root_required=%21COMPUTE_STATUS_DISABLED" status: 200 len: 1309 microversion: 1.36
Aug 20 21:19:20.490763 ncdv-master-1 devstack@placement-api.service[130356]: [pid: 130356|app: 0|req: 535/1063] 10.222.0.23 () {60 vars in 1506 bytes} [Sat Aug 20 21:19:20 2022] GET /placement/allocation_candidates?limit=1000&resources=DISK_GB%3A1%2CMEMORY_MB%3A1024%2CVCPU%3A1&root_required=%21COMPUTE_STATUS_DISABLED => generated 1309 bytes in 157 msecs (HTTP/1.1 200) 8 headers in 297 bytes (1 switches on core 0)
Aug 20 21:19:20.593501 ncdv-master-1 devstack@placement-api.service[130357]: DEBUG placement.requestlog [req-a88f80eb-5da1-496d-9216-26d58d774b89 req-ea394815-8ddd-4e12-bc9a-687fba0c1dfe None None] Starting request: 10.222.0.23 "GET /placement/allocations/91d69bd2-e3c1-487f-afd9-6e21ba753ac7" {{(pid=130357) __call__ /opt/stack/placement/placement/requestlog.py:55}}
Aug 20 21:19:20.605994 ncdv-master-1 devstack@placement-api.service[130357]: INFO placement.requestlog [req-a88f80eb-5da1-496d-9216-26d58d774b89 req-ea394815-8ddd-4e12-bc9a-687fba0c1dfe service placement] 10.222.0.23 "GET /placement/allocations/91d69bd2-e3c1-487f-afd9-6e21ba753ac7" status: 200 len: 19 microversion: 1.28
Aug 20 21:19:20.610417 ncdv-master-1 devstack@placement-api.service[130357]: [pid: 130357|app: 0|req: 529/1064] 10.222.0.23 () {60 vars in 1380 bytes} [Sat Aug 20 21:19:20 2022] GET /placement/allocations/91d69bd2-e3c1-487f-afd9-6e21ba753ac7 => generated 19 bytes in 17 msecs (HTTP/1.1 200) 8 headers in 295 bytes (1 switches on core 0)
Aug 20 21:19:20.615647 ncdv-master-1 devstack@placement-api.service[130356]: DEBUG placement.requestlog [req-a88f80eb-5da1-496d-9216-26d58d774b89 req-04c00e94-e3a4-452d-a571-ad5c7dd91d9b None None] Starting request: 10.222.0.23 "PUT /placement/allocations/91d69bd2-e3c1-487f-afd9-6e21ba753ac7" {{(pid=130356) __call__ /opt/stack/placement/placement/requestlog.py:55}}
Aug 20 21:19:20.756833 ncdv-master-1 devstack@placement-api.service[130356]: DEBUG placement.handlers.allocation [req-a88f80eb-5da1-496d-9216-26d58d774b89 req-04c00e94-e3a4-452d-a571-ad5c7dd91d9b service placement] Successfully wrote allocations [, , ] {{(pid=130356) _update_consumers_and_create_allocations /opt/stack/placement/placement/handlers/allocation.py:462}}
Aug 20 21:19:20.767392 ncdv-master-1 devstack@placement-api.service[130356]: INFO placement.requestlog [req-a88f80eb-5da1-496d-9216-26d58d774b89 req-04c00e94-e3a4-452d-a571-ad5c7dd91d9b service placement] 10.222.0.23 "PUT /placement/allocations/91d69bd2-e3c1-487f-afd9-6e21ba753ac7" status: 204 len: 0 microversion: 1.36
Aug 20 21:19:20.768245 ncdv-master-1 devstack@placement-api.service[130356]: [pid: 130356|app: 0|req: 536/1065] 10.222.0.23 () {64 vars in 1433 bytes} [Sat Aug 20 21:19:20 2022] PUT /placement/allocations/91d69bd2-e3c1-487f-afd9-6e21ba753ac7 => generated 0 bytes in 153 msecs (HTTP/1.1 204) 5 headers in 199 bytes (1 switches on core 0)
Aug 20 21:19:21.338615 ncdv-master-1 devstack@placement-api.service[130357]: DEBUG placement.requestlog [req-a88f80eb-5da1-496d-9216-26d58d774b89 req-e673a2bb-4720-4604-9dd4-14aafc8479a8 None None] Starting request: 10.222.0.30 "GET /placement/allocations/91d69bd2-e3c1-487f-afd9-6e21ba753ac7" {{(pid=130357) __call__ /opt/stack/placement/placement/requestlog.py:55}}
Aug 20 21:19:21.389726 ncdv-master-1 devstack@placement-api.service[130357]: INFO placement.requestlog [req-a88f80eb-5da1-496d-9216-26d58d774b89 req-e673a2bb-4720-4604-9dd4-14aafc8479a8 service placement] 10.222.0.30 "GET /placement/allocations/91d69bd2-e3c1-487f-afd9-6e21ba753ac7" status: 200 len: 259 microversion: 1.28
Aug 20 21:19:21.391971 ncdv-master-1 devstack@placement-api.service[130357]: [pid: 130357|app: 0|req: 530/1066] 10.222.0.30 () {60 vars in 1377 bytes} [Sat Aug 20 21:19:21 2022] GET /placement/allocations/91d69bd2-e3c1-487f-afd9-6e21ba753ac7 => generated 259 bytes in 54 msecs (HTTP/1.1 200) 8 headers in 296 bytes (1 switches on core 0)
Aug 20 21:19:26.277340 ncdv-master-1 devstack@placement-api.service[130356]: DEBUG placement.requestlog [req-e14d2b26-3f69-4848-b8fb-c5c3aec542c9 req-b4e95d5e-89e3-4455-b6c4-449845c57087 None None] Starting request: 10.222.0.23 "GET /placement/allocation_candidates?limit=1000&resources=DISK_GB%3A1%2CMEMORY_MB%3A1024%2CVCPU%3A1&root_required=%21COMPUTE_STATUS_DISABLED" {{(pid=130356) __call__ /opt/stack/placement/placement/requestlog.py:55}}
Aug 20 21:19:26.325946 ncdv-master-1 devstack@placement-api.service[130356]: DEBUG placement.objects.research_context [req-e14d2b26-3f69-4848-b8fb-c5c3aec542c9 req-b4e95d5e-89e3-4455-b6c4-449845c57087 service placement] getting providers with 1 DISK_GB {{(pid=130356) __init__ /opt/stack/placement/placement/objects/research_context.py:136}}
Aug 20 21:19:26.332174 ncdv-master-1 devstack@placement-api.service[130356]: DEBUG placement.objects.research_context [req-e14d2b26-3f69-4848-b8fb-c5c3aec542c9 req-b4e95d5e-89e3-4455-b6c4-449845c57087 service placement] getting providers with 1024 MEMORY_MB {{(pid=130356) __init__ /opt/stack/placement/placement/objects/research_context.py:136}}
Aug 20 21:19:26.337789 ncdv-master-1 devstack@placement-api.service[130356]: DEBUG placement.objects.research_context [req-e14d2b26-3f69-4848-b8fb-c5c3aec542c9 req-b4e95d5e-89e3-4455-b6c4-449845c57087 service placement] getting providers with 1 VCPU {{(pid=130356) __init__ /opt/stack/placement/placement/objects/research_context.py:136}}
Aug 20 21:19:26.346054 ncdv-master-1 devstack@placement-api.service[130356]: DEBUG placement.objects.research_context [req-e14d2b26-3f69-4848-b8fb-c5c3aec542c9 req-b4e95d5e-89e3-4455-b6c4-449845c57087 service placement] found 2 providers with available 1 DISK_GB {{(pid=130356) get_provider_ids_matching /opt/stack/placement/placement/objects/research_context.py:563}}
Aug 20 21:19:26.346332 ncdv-master-1 devstack@placement-api.service[130356]: DEBUG placement.objects.research_context [req-e14d2b26-3f69-4848-b8fb-c5c3aec542c9 req-b4e95d5e-89e3-4455-b6c4-449845c57087 service placement] found 2 providers with available 1024 MEMORY_MB {{(pid=130356) get_provider_ids_matching /opt/stack/placement/placement/objects/research_context.py:563}}
Aug 20 21:19:26.346607 ncdv-master-1 devstack@placement-api.service[130356]: DEBUG placement.objects.research_context [req-e14d2b26-3f69-4848-b8fb-c5c3aec542c9 req-b4e95d5e-89e3-4455-b6c4-449845c57087 service placement] found 2 providers after filtering by previous result {{(pid=130356) get_provider_ids_matching /opt/stack/placement/placement/objects/research_context.py:594}}
Aug 20 21:19:26.346861 ncdv-master-1 devstack@placement-api.service[130356]: DEBUG placement.objects.research_context [req-e14d2b26-3f69-4848-b8fb-c5c3aec542c9 req-b4e95d5e-89e3-4455-b6c4-449845c57087 service placement] found 2 providers with available 1 VCPU {{(pid=130356) get_provider_ids_matching /opt/stack/placement/placement/objects/research_context.py:563}}
Aug 20 21:19:26.347117 ncdv-master-1 devstack@placement-api.service[130356]: DEBUG placement.objects.research_context [req-e14d2b26-3f69-4848-b8fb-c5c3aec542c9 req-b4e95d5e-89e3-4455-b6c4-449845c57087 service placement] found 2 providers after filtering by previous result {{(pid=130356) get_provider_ids_matching /opt/stack/placement/placement/objects/research_context.py:594}}
Aug 20 21:19:26.360333 ncdv-master-1 devstack@placement-api.service[130356]: DEBUG placement.objects.allocation_candidate [req-e14d2b26-3f69-4848-b8fb-c5c3aec542c9 req-b4e95d5e-89e3-4455-b6c4-449845c57087 service placement] RequestGroup(use_same_provider=False, resources={DISK_GB:1, MEMORY_MB:1024, VCPU:1}, traits=(), aggregates=[]) (suffix '') returned 2 matches {{(pid=130356) _get_by_requests /opt/stack/placement/placement/objects/allocation_candidate.py:156}}
Aug 20 21:19:26.360985 ncdv-master-1 devstack@placement-api.service[130356]: DEBUG placement.objects.allocation_candidate [req-e14d2b26-3f69-4848-b8fb-c5c3aec542c9 req-b4e95d5e-89e3-4455-b6c4-449845c57087 service placement] Merging candidates yields 2 allocation requests and 2 provider summaries {{(pid=130356) _merge_candidates /opt/stack/placement/placement/objects/allocation_candidate.py:809}}
Aug 20 21:19:26.362729 ncdv-master-1 devstack@placement-api.service[130356]: INFO placement.requestlog [req-e14d2b26-3f69-4848-b8fb-c5c3aec542c9 req-b4e95d5e-89e3-4455-b6c4-449845c57087 service placement] 10.222.0.23 "GET /placement/allocation_candidates?limit=1000&resources=DISK_GB%3A1%2CMEMORY_MB%3A1024%2CVCPU%3A1&root_required=%21COMPUTE_STATUS_DISABLED" status: 200 len: 1309 microversion: 1.36
Aug 20 21:19:26.363616 ncdv-master-1 devstack@placement-api.service[130356]: [pid: 130356|app: 0|req: 537/1067] 10.222.0.23 () {60 vars in 1506 bytes} [Sat Aug 20 21:19:26 2022] GET /placement/allocation_candidates?limit=1000&resources=DISK_GB%3A1%2CMEMORY_MB%3A1024%2CVCPU%3A1&root_required=%21COMPUTE_STATUS_DISABLED => generated 1309 bytes in 87 msecs (HTTP/1.1 200) 8 headers in 297 bytes (1 switches on core 0)
Aug 20 21:19:26.442549 ncdv-master-1 devstack@placement-api.service[130357]: DEBUG placement.requestlog [req-e14d2b26-3f69-4848-b8fb-c5c3aec542c9 req-9479ebaa-0f6d-464c-9b1b-ee83459ca964 None None] Starting request: 10.222.0.23 "GET /placement/allocations/f9486e64-e9fe-4301-bad4-14e15dd91c2c" {{(pid=130357) __call__ /opt/stack/placement/placement/requestlog.py:55}}
Aug 20 21:19:26.455917 ncdv-master-1 devstack@placement-api.service[130357]: INFO placement.requestlog [req-e14d2b26-3f69-4848-b8fb-c5c3aec542c9 req-9479ebaa-0f6d-464c-9b1b-ee83459ca964 service placement] 10.222.0.23 "GET /placement/allocations/f9486e64-e9fe-4301-bad4-14e15dd91c2c" status: 200 len: 19 microversion: 1.28
Aug 20 21:19:26.456547 ncdv-master-1 devstack@placement-api.service[130357]: [pid: 130357|app: 0|req: 531/1068] 10.222.0.23 () {60 vars in 1380 bytes} [Sat Aug 20 21:19:26 2022] GET /placement/allocations/f9486e64-e9fe-4301-bad4-14e15dd91c2c => generated 19 bytes in 14 msecs (HTTP/1.1 200) 8 headers in 295 bytes (1 switches on core 0)
Aug 20 21:19:26.463824 ncdv-master-1 devstack@placement-api.service[130356]: DEBUG placement.requestlog [req-e14d2b26-3f69-4848-b8fb-c5c3aec542c9 req-3cfa725e-ab8a-4262-8a82-0eec8b72760f None None] Starting request: 10.222.0.23 "PUT /placement/allocations/f9486e64-e9fe-4301-bad4-14e15dd91c2c" {{(pid=130356) __call__ /opt/stack/placement/placement/requestlog.py:55}}
Aug 20 21:19:26.539675 ncdv-master-1 devstack@placement-api.service[130356]: DEBUG placement.handlers.allocation [req-e14d2b26-3f69-4848-b8fb-c5c3aec542c9 req-3cfa725e-ab8a-4262-8a82-0eec8b72760f service placement] Successfully wrote allocations [, , ] {{(pid=130356) _update_consumers_and_create_allocations /opt/stack/placement/placement/handlers/allocation.py:462}}
Aug 20 21:19:26.544492 ncdv-master-1 devstack@placement-api.service[130356]: INFO placement.requestlog [req-e14d2b26-3f69-4848-b8fb-c5c3aec542c9 req-3cfa725e-ab8a-4262-8a82-0eec8b72760f service placement] 10.222.0.23 "PUT /placement/allocations/f9486e64-e9fe-4301-bad4-14e15dd91c2c" status: 204 len: 0 microversion: 1.36
Aug 20 21:19:26.545122 ncdv-master-1 devstack@placement-api.service[130356]: [pid: 130356|app: 0|req: 538/1069] 10.222.0.23 () {64 vars in 1433 bytes} [Sat Aug 20 21:19:26 2022] PUT /placement/allocations/f9486e64-e9fe-4301-bad4-14e15dd91c2c => generated 0 bytes in 82 msecs (HTTP/1.1 204) 5 headers in 199 bytes (1 switches on core 0)
Aug 20 21:19:27.197293 ncdv-master-1 devstack@placement-api.service[130357]: DEBUG placement.requestlog [req-e14d2b26-3f69-4848-b8fb-c5c3aec542c9 req-d73eb0f7-4556-4312-88d1-e026842d3336 None None] Starting request: 10.222.0.30 "GET /placement/allocations/f9486e64-e9fe-4301-bad4-14e15dd91c2c" {{(pid=130357) __call__ /opt/stack/placement/placement/requestlog.py:55}}
Aug 20 21:19:27.247844 ncdv-master-1 devstack@placement-api.service[130357]: INFO placement.requestlog [req-e14d2b26-3f69-4848-b8fb-c5c3aec542c9 req-d73eb0f7-4556-4312-88d1-e026842d3336 service placement] 10.222.0.30 "GET /placement/allocations/f9486e64-e9fe-4301-bad4-14e15dd91c2c" status: 200 len: 259 microversion: 1.28
Aug 20 21:19:27.248917 ncdv-master-1 devstack@placement-api.service[130357]: [pid: 130357|app: 0|req: 532/1070] 10.222.0.30 () {60 vars in 1377 bytes} [Sat Aug 20 21:19:27 2022] GET /placement/allocations/f9486e64-e9fe-4301-bad4-14e15dd91c2c => generated 259 bytes in 52 msecs (HTTP/1.1 200) 8 headers in 296 bytes (1 switches on core 0)
Aug 20 21:19:28.684647 ncdv-master-1 devstack@placement-api.service[130356]: DEBUG placement.requestlog [req-aa148b45-7d70-442a-ad09-2f3a7e84aba6 req-5856805c-5bb5-4aca-b674-d27cbf2020d4 None None] Starting request: 10.222.0.23 "GET /placement/allocation_candidates?limit=1000&resources=DISK_GB%3A1%2CMEMORY_MB%3A1024%2CVCPU%3A1&root_required=%21COMPUTE_STATUS_DISABLED" {{(pid=130356) __call__ /opt/stack/placement/placement/requestlog.py:55}}
Aug 20 21:19:28.731178 ncdv-master-1 devstack@placement-api.service[130356]: DEBUG placement.objects.research_context [req-aa148b45-7d70-442a-ad09-2f3a7e84aba6 req-5856805c-5bb5-4aca-b674-d27cbf2020d4 service placement] getting providers with 1 DISK_GB {{(pid=130356) __init__ /opt/stack/placement/placement/objects/research_context.py:136}}
Aug 20 21:19:28.737477 ncdv-master-1 devstack@placement-api.service[130356]: DEBUG placement.objects.research_context [req-aa148b45-7d70-442a-ad09-2f3a7e84aba6 req-5856805c-5bb5-4aca-b674-d27cbf2020d4 service placement] getting providers with 1024 MEMORY_MB {{(pid=130356) __init__ /opt/stack/placement/placement/objects/research_context.py:136}}
Aug 20 21:19:28.743705 ncdv-master-1 devstack@placement-api.service[130356]: DEBUG placement.objects.research_context [req-aa148b45-7d70-442a-ad09-2f3a7e84aba6 req-5856805c-5bb5-4aca-b674-d27cbf2020d4 service placement] getting providers with 1 VCPU {{(pid=130356) __init__ /opt/stack/placement/placement/objects/research_context.py:136}}
Aug 20 21:19:28.749704 ncdv-master-1 devstack@placement-api.service[130356]: DEBUG placement.objects.research_context [req-aa148b45-7d70-442a-ad09-2f3a7e84aba6 req-5856805c-5bb5-4aca-b674-d27cbf2020d4 service placement] found 2 providers with available 1 DISK_GB {{(pid=130356) get_provider_ids_matching /opt/stack/placement/placement/objects/research_context.py:563}}
Aug 20 21:19:28.750054 ncdv-master-1 devstack@placement-api.service[130356]: DEBUG placement.objects.research_context [req-aa148b45-7d70-442a-ad09-2f3a7e84aba6 req-5856805c-5bb5-4aca-b674-d27cbf2020d4 service placement] found 2 providers with available 1024 MEMORY_MB {{(pid=130356) get_provider_ids_matching /opt/stack/placement/placement/objects/research_context.py:563}}
Aug 20 21:19:28.750392 ncdv-master-1 devstack@placement-api.service[130356]: DEBUG placement.objects.research_context [req-aa148b45-7d70-442a-ad09-2f3a7e84aba6 req-5856805c-5bb5-4aca-b674-d27cbf2020d4 service placement] found 2 providers after filtering by previous result {{(pid=130356) get_provider_ids_matching /opt/stack/placement/placement/objects/research_context.py:594}}
Aug 20 21:19:28.750709 ncdv-master-1 devstack@placement-api.service[130356]: DEBUG placement.objects.research_context [req-aa148b45-7d70-442a-ad09-2f3a7e84aba6 req-5856805c-5bb5-4aca-b674-d27cbf2020d4 service placement] found 2 providers with available 1 VCPU {{(pid=130356) get_provider_ids_matching /opt/stack/placement/placement/objects/research_context.py:563}}
Aug 20 21:19:28.751026 ncdv-master-1 devstack@placement-api.service[130356]: DEBUG placement.objects.research_context [req-aa148b45-7d70-442a-ad09-2f3a7e84aba6 req-5856805c-5bb5-4aca-b674-d27cbf2020d4 service placement] found 2 providers after filtering by previous result {{(pid=130356) get_provider_ids_matching /opt/stack/placement/placement/objects/research_context.py:594}}
Aug 20 21:19:28.767260 ncdv-master-1 devstack@placement-api.service[130356]: DEBUG placement.objects.allocation_candidate [req-aa148b45-7d70-442a-ad09-2f3a7e84aba6 req-5856805c-5bb5-4aca-b674-d27cbf2020d4 service placement] RequestGroup(use_same_provider=False, resources={DISK_GB:1, MEMORY_MB:1024, VCPU:1}, traits=(), aggregates=[]) (suffix '') returned 2 matches {{(pid=130356) _get_by_requests /opt/stack/placement/placement/objects/allocation_candidate.py:156}}
Aug 20 21:19:28.767778 ncdv-master-1 devstack@placement-api.service[130356]: DEBUG placement.objects.allocation_candidate [req-aa148b45-7d70-442a-ad09-2f3a7e84aba6 req-5856805c-5bb5-4aca-b674-d27cbf2020d4 service placement] Merging candidates yields 2 allocation requests and 2 provider summaries {{(pid=130356) _merge_candidates /opt/stack/placement/placement/objects/allocation_candidate.py:809}}
Aug 20 21:19:28.769665 ncdv-master-1 devstack@placement-api.service[130356]: INFO placement.requestlog [req-aa148b45-7d70-442a-ad09-2f3a7e84aba6 req-5856805c-5bb5-4aca-b674-d27cbf2020d4 service placement] 10.222.0.23 "GET /placement/allocation_candidates?limit=1000&resources=DISK_GB%3A1%2CMEMORY_MB%3A1024%2CVCPU%3A1&root_required=%21COMPUTE_STATUS_DISABLED" status: 200 len: 1309 microversion: 1.36
Aug 20 21:19:28.770452 ncdv-master-1 devstack@placement-api.service[130356]: [pid: 130356|app: 0|req: 539/1071] 10.222.0.23 () {60 vars in 1506 bytes} [Sat Aug 20 21:19:28 2022] GET /placement/allocation_candidates?limit=1000&resources=DISK_GB%3A1%2CMEMORY_MB%3A1024%2CVCPU%3A1&root_required=%21COMPUTE_STATUS_DISABLED => generated 1309 bytes in 86 msecs (HTTP/1.1 200) 8 headers in 297 bytes (1 switches on core 0)
Aug 20 21:19:28.868328 ncdv-master-1 devstack@placement-api.service[130357]: DEBUG placement.requestlog [req-aa148b45-7d70-442a-ad09-2f3a7e84aba6 req-da00123e-e83e-42fc-9681-53283dbf7e8e None None] Starting request: 10.222.0.23 "GET /placement/allocations/2d84eea0-0fc7-4c29-a104-2c6ca0047266" {{(pid=130357) __call__ /opt/stack/placement/placement/requestlog.py:55}}
Aug 20 21:19:28.883279 ncdv-master-1 devstack@placement-api.service[130357]: INFO placement.requestlog [req-aa148b45-7d70-442a-ad09-2f3a7e84aba6 req-da00123e-e83e-42fc-9681-53283dbf7e8e service placement] 10.222.0.23 "GET /placement/allocations/2d84eea0-0fc7-4c29-a104-2c6ca0047266" status: 200 len: 19 microversion: 1.28
Aug 20 21:19:28.888755 ncdv-master-1 devstack@placement-api.service[130357]: [pid: 130357|app: 0|req: 533/1072] 10.222.0.23 () {60 vars in 1380 bytes} [Sat Aug 20 21:19:28 2022] GET /placement/allocations/2d84eea0-0fc7-4c29-a104-2c6ca0047266 => generated 19 bytes in 21 msecs (HTTP/1.1 200) 8 headers in 295 bytes (2 switches on core 0)
Aug 20 21:19:28.891409 ncdv-master-1 devstack@placement-api.service[130356]: DEBUG placement.requestlog [req-aa148b45-7d70-442a-ad09-2f3a7e84aba6 req-dbb65290-0bd6-4fd3-a63d-068702d7f140 None None] Starting request: 10.222.0.23 "PUT /placement/allocations/2d84eea0-0fc7-4c29-a104-2c6ca0047266" {{(pid=130356) __call__ /opt/stack/placement/placement/requestlog.py:55}}
Aug 20 21:19:28.999793 ncdv-master-1 devstack@placement-api.service[130356]: DEBUG dbcounter [-] [130356] Writing DB stats placement:SELECT=78,placement:INSERT=13,placement:DELETE=5,placement:UPDATE=4 {{(pid=130356) stat_writer /usr/local/lib/python3.8/dist-packages/dbcounter.py:114}}
Aug 20 21:19:29.017517 ncdv-master-1 devstack@placement-api.service[130356]: DEBUG placement.handlers.allocation [req-aa148b45-7d70-442a-ad09-2f3a7e84aba6 req-dbb65290-0bd6-4fd3-a63d-068702d7f140 service placement] Successfully wrote allocations [, , ] {{(pid=130356) _update_consumers_and_create_allocations /opt/stack/placement/placement/handlers/allocation.py:462}}
Aug 20 21:19:29.026239 ncdv-master-1 devstack@placement-api.service[130356]: INFO placement.requestlog [req-aa148b45-7d70-442a-ad09-2f3a7e84aba6 req-dbb65290-0bd6-4fd3-a63d-068702d7f140 service placement] 10.222.0.23 "PUT /placement/allocations/2d84eea0-0fc7-4c29-a104-2c6ca0047266" status: 204 len: 0 microversion: 1.36
Aug 20 21:19:29.027635 ncdv-master-1 devstack@placement-api.service[130356]: [pid: 130356|app: 0|req: 540/1073] 10.222.0.23 () {64 vars in 1433 bytes} [Sat Aug 20 21:19:28 2022] PUT /placement/allocations/2d84eea0-0fc7-4c29-a104-2c6ca0047266 => generated 0 bytes in 136 msecs (HTTP/1.1 204) 5 headers in 199 bytes (1 switches on core 0)
Aug 20 21:19:29.468137 ncdv-master-1 devstack@placement-api.service[130357]: DEBUG placement.requestlog [req-aa148b45-7d70-442a-ad09-2f3a7e84aba6 req-c6e65a18-10ca-4406-9c4b-308fab8eb91f None None] Starting request: 10.222.0.16 "GET /placement/allocations/2d84eea0-0fc7-4c29-a104-2c6ca0047266" {{(pid=130357) __call__ /opt/stack/placement/placement/requestlog.py:55}}
Aug 20 21:19:29.488718 ncdv-master-1 devstack@placement-api.service[130357]: INFO placement.requestlog [req-aa148b45-7d70-442a-ad09-2f3a7e84aba6 req-c6e65a18-10ca-4406-9c4b-308fab8eb91f service placement] 10.222.0.16 "GET /placement/allocations/2d84eea0-0fc7-4c29-a104-2c6ca0047266" status: 200 len: 259 microversion: 1.28
Aug 20 21:19:29.489410 ncdv-master-1 devstack@placement-api.service[130357]: [pid: 130357|app: 0|req: 534/1074] 10.222.0.16 () {60 vars in 1377 bytes} [Sat Aug 20 21:19:29 2022] GET /placement/allocations/2d84eea0-0fc7-4c29-a104-2c6ca0047266 => generated 259 bytes in 22 msecs (HTTP/1.1 200) 8 headers in 296 bytes (1 switches on core 0)
Aug 20 21:19:39.026644 ncdv-master-1 devstack@placement-api.service[130356]: DEBUG dbcounter [-] [130356] Writing DB stats placement:INSERT=3,placement:UPDATE=2,placement:SELECT=1,placement:DELETE=1 {{(pid=130356) stat_writer /usr/local/lib/python3.8/dist-packages/dbcounter.py:114}}
Aug 20 21:19:39.486282 ncdv-master-1 devstack@placement-api.service[130357]: DEBUG dbcounter [-] [130357] Writing DB stats placement:SELECT=25,placement:DELETE=2 {{(pid=130357) stat_writer /usr/local/lib/python3.8/dist-packages/dbcounter.py:114}}
Aug 20 21:19:40.234193 ncdv-master-1 devstack@placement-api.service[130356]: DEBUG placement.requestlog [req-c8047de8-9585-49de-ba25-05f891dc6389 req-fe14dd48-a152-4d21-9c79-79b4c71e406a None None] Starting request: 10.222.0.23 "GET /placement/allocation_candidates?limit=1000&resources=DISK_GB%3A1%2CMEMORY_MB%3A1024%2CVCPU%3A1&root_required=%21COMPUTE_STATUS_DISABLED" {{(pid=130356) __call__ /opt/stack/placement/placement/requestlog.py:55}}
Aug 20 21:19:40.290631 ncdv-master-1 devstack@placement-api.service[130356]: DEBUG placement.objects.research_context [req-c8047de8-9585-49de-ba25-05f891dc6389 req-fe14dd48-a152-4d21-9c79-79b4c71e406a service placement] getting providers with 1 DISK_GB {{(pid=130356) __init__ /opt/stack/placement/placement/objects/research_context.py:136}}
Aug 20 21:19:40.298423 ncdv-master-1 devstack@placement-api.service[130356]: DEBUG placement.objects.research_context [req-c8047de8-9585-49de-ba25-05f891dc6389 req-fe14dd48-a152-4d21-9c79-79b4c71e406a service placement] getting providers with 1024 MEMORY_MB {{(pid=130356) __init__ /opt/stack/placement/placement/objects/research_context.py:136}}
Aug 20 21:19:40.312765 ncdv-master-1 devstack@placement-api.service[130356]: DEBUG placement.objects.research_context [req-c8047de8-9585-49de-ba25-05f891dc6389 req-fe14dd48-a152-4d21-9c79-79b4c71e406a service placement] getting providers with 1 VCPU {{(pid=130356) __init__ /opt/stack/placement/placement/objects/research_context.py:136}}
Aug 20 21:19:40.312765 ncdv-master-1 devstack@placement-api.service[130356]: DEBUG placement.objects.research_context [req-c8047de8-9585-49de-ba25-05f891dc6389 req-fe14dd48-a152-4d21-9c79-79b4c71e406a service placement] found 2 providers with available 1 DISK_GB {{(pid=130356) get_provider_ids_matching /opt/stack/placement/placement/objects/research_context.py:563}}
Aug 20 21:19:40.312765 ncdv-master-1 devstack@placement-api.service[130356]: DEBUG placement.objects.research_context [req-c8047de8-9585-49de-ba25-05f891dc6389 req-fe14dd48-a152-4d21-9c79-79b4c71e406a service placement] found 2 providers with available 1024 MEMORY_MB {{(pid=130356) get_provider_ids_matching /opt/stack/placement/placement/objects/research_context.py:563}}
Aug 20 21:19:40.312765 ncdv-master-1 devstack@placement-api.service[130356]: DEBUG placement.objects.research_context [req-c8047de8-9585-49de-ba25-05f891dc6389 req-fe14dd48-a152-4d21-9c79-79b4c71e406a service placement] found 2 providers after filtering by previous result {{(pid=130356) get_provider_ids_matching /opt/stack/placement/placement/objects/research_context.py:594}}
Aug 20 21:19:40.312765 ncdv-master-1 devstack@placement-api.service[130356]: DEBUG placement.objects.research_context [req-c8047de8-9585-49de-ba25-05f891dc6389 req-fe14dd48-a152-4d21-9c79-79b4c71e406a service placement] found 2 providers with available 1 VCPU {{(pid=130356) get_provider_ids_matching /opt/stack/placement/placement/objects/research_context.py:563}}
Aug 20 21:19:40.312765 ncdv-master-1 devstack@placement-api.service[130356]: DEBUG placement.objects.research_context [req-c8047de8-9585-49de-ba25-05f891dc6389 req-fe14dd48-a152-4d21-9c79-79b4c71e406a service placement] found 2 providers after filtering by previous result {{(pid=130356) get_provider_ids_matching /opt/stack/placement/placement/objects/research_context.py:594}}
Aug 20 21:19:40.323548 ncdv-master-1 devstack@placement-api.service[130356]: DEBUG placement.objects.allocation_candidate [req-c8047de8-9585-49de-ba25-05f891dc6389 req-fe14dd48-a152-4d21-9c79-79b4c71e406a service placement] RequestGroup(use_same_provider=False, resources={DISK_GB:1, MEMORY_MB:1024, VCPU:1}, traits=(), aggregates=[]) (suffix '') returned 2 matches {{(pid=130356) _get_by_requests /opt/stack/placement/placement/objects/allocation_candidate.py:156}}
Aug 20 21:19:40.323847 ncdv-master-1 devstack@placement-api.service[130356]: DEBUG placement.objects.allocation_candidate [req-c8047de8-9585-49de-ba25-05f891dc6389 req-fe14dd48-a152-4d21-9c79-79b4c71e406a service placement] Merging candidates yields 2 allocation requests and 2 provider summaries {{(pid=130356) _merge_candidates /opt/stack/placement/placement/objects/allocation_candidate.py:809}}
Aug 20 21:19:40.325391 ncdv-master-1 devstack@placement-api.service[130356]: INFO placement.requestlog [req-c8047de8-9585-49de-ba25-05f891dc6389 req-fe14dd48-a152-4d21-9c79-79b4c71e406a service placement] 10.222.0.23 "GET /placement/allocation_candidates?limit=1000&resources=DISK_GB%3A1%2CMEMORY_MB%3A1024%2CVCPU%3A1&root_required=%21COMPUTE_STATUS_DISABLED" status: 200 len: 1309 microversion: 1.36
Aug 20 21:19:40.325791 ncdv-master-1 devstack@placement-api.service[130356]: [pid: 130356|app: 0|req: 541/1075] 10.222.0.23 () {60 vars in 1506 bytes} [Sat Aug 20 21:19:40 2022] GET /placement/allocation_candidates?limit=1000&resources=DISK_GB%3A1%2CMEMORY_MB%3A1024%2CVCPU%3A1&root_required=%21COMPUTE_STATUS_DISABLED => generated 1309 bytes in 93 msecs (HTTP/1.1 200) 8 headers in 297 bytes (2 switches on core 0)
Aug 20 21:19:40.383442 ncdv-master-1 devstack@placement-api.service[130357]: DEBUG placement.requestlog [req-c8047de8-9585-49de-ba25-05f891dc6389 req-14c0cc6b-d84d-4cf8-8f69-97f365dce404 None None] Starting request: 10.222.0.23 "GET /placement/allocations/aa3beb72-f31b-4b9a-bc45-32fb8dfd4c96" {{(pid=130357) __call__ /opt/stack/placement/placement/requestlog.py:55}}
Aug 20 21:19:40.395049 ncdv-master-1 devstack@placement-api.service[130357]: INFO placement.requestlog [req-c8047de8-9585-49de-ba25-05f891dc6389 req-14c0cc6b-d84d-4cf8-8f69-97f365dce404 service placement] 10.222.0.23 "GET /placement/allocations/aa3beb72-f31b-4b9a-bc45-32fb8dfd4c96" status: 200 len: 19 microversion: 1.28
Aug 20 21:19:40.395801 ncdv-master-1 devstack@placement-api.service[130357]: [pid: 130357|app: 0|req: 535/1076] 10.222.0.23 () {60 vars in 1380 bytes} [Sat Aug 20 21:19:40 2022] GET /placement/allocations/aa3beb72-f31b-4b9a-bc45-32fb8dfd4c96 => generated 19 bytes in 12 msecs (HTTP/1.1 200) 8 headers in 295 bytes (1 switches on core 0)
Aug 20 21:19:40.403066 ncdv-master-1 devstack@placement-api.service[130356]: DEBUG placement.requestlog [req-c8047de8-9585-49de-ba25-05f891dc6389 req-86d6f5e8-cf3b-4b54-a27d-735aeb0859b9 None None] Starting request: 10.222.0.23 "PUT /placement/allocations/aa3beb72-f31b-4b9a-bc45-32fb8dfd4c96" {{(pid=130356) __call__ /opt/stack/placement/placement/requestlog.py:55}}
Aug 20 21:19:40.473079 ncdv-master-1 devstack@placement-api.service[130356]: DEBUG placement.handlers.allocation [req-c8047de8-9585-49de-ba25-05f891dc6389 req-86d6f5e8-cf3b-4b54-a27d-735aeb0859b9 service placement] Successfully wrote allocations [, , ] {{(pid=130356) _update_consumers_and_create_allocations /opt/stack/placement/placement/handlers/allocation.py:462}}
Aug 20 21:19:40.480660 ncdv-master-1 devstack@placement-api.service[130356]: INFO placement.requestlog [req-c8047de8-9585-49de-ba25-05f891dc6389 req-86d6f5e8-cf3b-4b54-a27d-735aeb0859b9 service placement] 10.222.0.23 "PUT /placement/allocations/aa3beb72-f31b-4b9a-bc45-32fb8dfd4c96" status: 204 len: 0 microversion: 1.36
Aug 20 21:19:40.481710 ncdv-master-1 devstack@placement-api.service[130356]: [pid: 130356|app: 0|req: 542/1077] 10.222.0.23 () {64 vars in 1433 bytes} [Sat Aug 20 21:19:40 2022] PUT /placement/allocations/aa3beb72-f31b-4b9a-bc45-32fb8dfd4c96 => generated 0 bytes in 79 msecs (HTTP/1.1 204) 5 headers in 199 bytes (1 switches on core 0)
Aug 20 21:19:40.806699 ncdv-master-1 devstack@placement-api.service[130357]: DEBUG placement.requestlog [req-c8047de8-9585-49de-ba25-05f891dc6389 req-11400f94-3939-47b0-b10d-70e4acb140cb None None] Starting request: 10.222.0.30 "GET /placement/allocations/aa3beb72-f31b-4b9a-bc45-32fb8dfd4c96" {{(pid=130357) __call__ /opt/stack/placement/placement/requestlog.py:55}}
Aug 20 21:19:40.843341 ncdv-master-1 devstack@placement-api.service[130357]: INFO placement.requestlog [req-c8047de8-9585-49de-ba25-05f891dc6389 req-11400f94-3939-47b0-b10d-70e4acb140cb service placement] 10.222.0.30 "GET /placement/allocations/aa3beb72-f31b-4b9a-bc45-32fb8dfd4c96" status: 200 len: 259 microversion: 1.28
Aug 20 21:19:40.846434 ncdv-master-1 devstack@placement-api.service[130357]: [pid: 130357|app: 0|req: 536/1078] 10.222.0.30 () {60 vars in 1377 bytes} [Sat Aug 20 21:19:40 2022] GET /placement/allocations/aa3beb72-f31b-4b9a-bc45-32fb8dfd4c96 => generated 259 bytes in 40 msecs (HTTP/1.1 200) 8 headers in 296 bytes (1 switches on core 0)
Aug 20 21:19:50.472961 ncdv-master-1 devstack@placement-api.service[130356]: DEBUG dbcounter [-] [130356] Writing DB stats placement:SELECT=25,placement:INSERT=4,placement:DELETE=2,placement:UPDATE=2 {{(pid=130356) stat_writer /usr/local/lib/python3.8/dist-packages/dbcounter.py:114}}
Aug 20 21:19:50.841090 ncdv-master-1 devstack@placement-api.service[130357]: DEBUG dbcounter [-] [130357] Writing DB stats placement:SELECT=6 {{(pid=130357) stat_writer /usr/local/lib/python3.8/dist-packages/dbcounter.py:114}}
Aug 20 21:19:55.635455 ncdv-master-1 devstack@placement-api.service[130356]: DEBUG placement.requestlog [req-b17ce144-bb2c-4401-b140-f5029277e02c req-c2150140-8f50-4b6d-9833-34b413d9d774 None None] Starting request: 10.222.0.23 "GET /placement/allocation_candidates?limit=1000&resources=DISK_GB%3A1%2CMEMORY_MB%3A1024%2CVCPU%3A1&root_required=%21COMPUTE_STATUS_DISABLED" {{(pid=130356) __call__ /opt/stack/placement/placement/requestlog.py:55}}
Aug 20 21:19:55.676812 ncdv-master-1 devstack@placement-api.service[130356]: DEBUG placement.objects.research_context [req-b17ce144-bb2c-4401-b140-f5029277e02c req-c2150140-8f50-4b6d-9833-34b413d9d774 service placement] getting providers with 1 DISK_GB {{(pid=130356) __init__ /opt/stack/placement/placement/objects/research_context.py:136}}
Aug 20 21:19:55.683161 ncdv-master-1 devstack@placement-api.service[130356]: DEBUG placement.objects.research_context [req-b17ce144-bb2c-4401-b140-f5029277e02c req-c2150140-8f50-4b6d-9833-34b413d9d774 service placement] getting providers with 1024 MEMORY_MB {{(pid=130356) __init__ /opt/stack/placement/placement/objects/research_context.py:136}}
Aug 20 21:19:55.688301 ncdv-master-1 devstack@placement-api.service[130356]: DEBUG placement.objects.research_context [req-b17ce144-bb2c-4401-b140-f5029277e02c req-c2150140-8f50-4b6d-9833-34b413d9d774 service placement] getting providers with 1 VCPU {{(pid=130356) __init__ /opt/stack/placement/placement/objects/research_context.py:136}}
Aug 20 21:19:55.694188 ncdv-master-1 devstack@placement-api.service[130356]: DEBUG placement.objects.research_context [req-b17ce144-bb2c-4401-b140-f5029277e02c req-c2150140-8f50-4b6d-9833-34b413d9d774 service placement] found 2 providers with available 1 DISK_GB {{(pid=130356) get_provider_ids_matching /opt/stack/placement/placement/objects/research_context.py:563}}
Aug 20 21:19:55.694470 ncdv-master-1 devstack@placement-api.service[130356]: DEBUG placement.objects.research_context [req-b17ce144-bb2c-4401-b140-f5029277e02c req-c2150140-8f50-4b6d-9833-34b413d9d774 service placement] found 2 providers with available 1024 MEMORY_MB {{(pid=130356) get_provider_ids_matching /opt/stack/placement/placement/objects/research_context.py:563}}
Aug 20 21:19:55.694785 ncdv-master-1 devstack@placement-api.service[130356]: DEBUG placement.objects.research_context [req-b17ce144-bb2c-4401-b140-f5029277e02c req-c2150140-8f50-4b6d-9833-34b413d9d774 service placement] found 2 providers after filtering by previous result {{(pid=130356) get_provider_ids_matching /opt/stack/placement/placement/objects/research_context.py:594}}
Aug 20 21:19:55.695069 ncdv-master-1 devstack@placement-api.service[130356]: DEBUG placement.objects.research_context [req-b17ce144-bb2c-4401-b140-f5029277e02c req-c2150140-8f50-4b6d-9833-34b413d9d774 service placement] found 2 providers with available 1 VCPU {{(pid=130356) get_provider_ids_matching /opt/stack/placement/placement/objects/research_context.py:563}}
Aug 20 21:19:55.695343 ncdv-master-1 devstack@placement-api.service[130356]: DEBUG placement.objects.research_context [req-b17ce144-bb2c-4401-b140-f5029277e02c req-c2150140-8f50-4b6d-9833-34b413d9d774 service placement] found 2 providers after filtering by previous result {{(pid=130356) get_provider_ids_matching /opt/stack/placement/placement/objects/research_context.py:594}}
Aug 20 21:19:55.706497 ncdv-master-1 devstack@placement-api.service[130356]: DEBUG placement.objects.allocation_candidate [req-b17ce144-bb2c-4401-b140-f5029277e02c req-c2150140-8f50-4b6d-9833-34b413d9d774 service placement] RequestGroup(use_same_provider=False, resources={DISK_GB:1, MEMORY_MB:1024, VCPU:1}, traits=(), aggregates=[]) (suffix '') returned 2 matches {{(pid=130356) _get_by_requests /opt/stack/placement/placement/objects/allocation_candidate.py:156}}
Aug 20 21:19:55.706872 ncdv-master-1 devstack@placement-api.service[130356]: DEBUG placement.objects.allocation_candidate [req-b17ce144-bb2c-4401-b140-f5029277e02c req-c2150140-8f50-4b6d-9833-34b413d9d774 service placement] Merging candidates yields 2 allocation requests and 2 provider summaries {{(pid=130356) _merge_candidates /opt/stack/placement/placement/objects/allocation_candidate.py:809}}
Aug 20 21:19:55.708516 ncdv-master-1 devstack@placement-api.service[130356]: INFO placement.requestlog [req-b17ce144-bb2c-4401-b140-f5029277e02c req-c2150140-8f50-4b6d-9833-34b413d9d774 service placement] 10.222.0.23 "GET /placement/allocation_candidates?limit=1000&resources=DISK_GB%3A1%2CMEMORY_MB%3A1024%2CVCPU%3A1&root_required=%21COMPUTE_STATUS_DISABLED" status: 200 len: 1309 microversion: 1.36
Aug 20 21:19:55.708914 ncdv-master-1 devstack@placement-api.service[130356]: [pid: 130356|app: 0|req: 543/1079] 10.222.0.23 () {60 vars in 1506 bytes} [Sat Aug 20 21:19:55 2022] GET /placement/allocation_candidates?limit=1000&resources=DISK_GB%3A1%2CMEMORY_MB%3A1024%2CVCPU%3A1&root_required=%21COMPUTE_STATUS_DISABLED => generated 1309 bytes in 74 msecs (HTTP/1.1 200) 8 headers in 297 bytes (1 switches on core 0)
Aug 20 21:19:55.767144 ncdv-master-1 devstack@placement-api.service[130357]: DEBUG placement.requestlog [req-b17ce144-bb2c-4401-b140-f5029277e02c req-8c52f56d-df2d-4834-8866-dbc416138075 None None] Starting request: 10.222.0.23 "GET /placement/allocations/022d9847-6063-4e26-81c9-00e9b0437230" {{(pid=130357) __call__ /opt/stack/placement/placement/requestlog.py:55}}
Aug 20 21:19:55.778558 ncdv-master-1 devstack@placement-api.service[130357]: INFO placement.requestlog [req-b17ce144-bb2c-4401-b140-f5029277e02c req-8c52f56d-df2d-4834-8866-dbc416138075 service placement] 10.222.0.23 "GET /placement/allocations/022d9847-6063-4e26-81c9-00e9b0437230" status: 200 len: 19 microversion: 1.28
Aug 20 21:19:55.778869 ncdv-master-1 devstack@placement-api.service[130357]: [pid: 130357|app: 0|req: 537/1080] 10.222.0.23 () {60 vars in 1380 bytes} [Sat Aug 20 21:19:55 2022] GET /placement/allocations/022d9847-6063-4e26-81c9-00e9b0437230 => generated 19 bytes in 12 msecs (HTTP/1.1 200) 8 headers in 295 bytes (1 switches on core 0)
Aug 20 21:19:55.785995 ncdv-master-1 devstack@placement-api.service[130356]: DEBUG placement.requestlog [req-b17ce144-bb2c-4401-b140-f5029277e02c req-26ae1841-7e4e-49a8-a443-802b90d808d2 None None] Starting request: 10.222.0.23 "PUT /placement/allocations/022d9847-6063-4e26-81c9-00e9b0437230" {{(pid=130356) __call__ /opt/stack/placement/placement/requestlog.py:55}}
Aug 20 21:19:55.867329 ncdv-master-1 devstack@placement-api.service[130356]: DEBUG placement.handlers.allocation [req-b17ce144-bb2c-4401-b140-f5029277e02c req-26ae1841-7e4e-49a8-a443-802b90d808d2 service placement] Successfully wrote allocations [, , ] {{(pid=130356) _update_consumers_and_create_allocations /opt/stack/placement/placement/handlers/allocation.py:462}}
Aug 20 21:19:55.871862 ncdv-master-1 devstack@placement-api.service[130356]: INFO placement.requestlog [req-b17ce144-bb2c-4401-b140-f5029277e02c req-26ae1841-7e4e-49a8-a443-802b90d808d2 service placement] 10.222.0.23 "PUT /placement/allocations/022d9847-6063-4e26-81c9-00e9b0437230" status: 204 len: 0 microversion: 1.36
Aug 20 21:19:55.872267 ncdv-master-1 devstack@placement-api.service[130356]: [pid: 130356|app: 0|req: 544/1081] 10.222.0.23 () {64 vars in 1433 bytes} [Sat Aug 20 21:19:55 2022] PUT /placement/allocations/022d9847-6063-4e26-81c9-00e9b0437230 => generated 0 bytes in 87 msecs (HTTP/1.1 204) 5 headers in 199 bytes (1 switches on core 0)
Aug 20 21:19:56.260477 ncdv-master-1 devstack@placement-api.service[130357]: DEBUG placement.requestlog [req-b17ce144-bb2c-4401-b140-f5029277e02c req-a2d61e05-54b9-49b6-aadc-eeed3bbbdd5c None None] Starting request: 10.222.0.16 "GET /placement/allocations/022d9847-6063-4e26-81c9-00e9b0437230" {{(pid=130357) __call__ /opt/stack/placement/placement/requestlog.py:55}}
Aug 20 21:19:56.277769 ncdv-master-1 devstack@placement-api.service[130357]: INFO placement.requestlog [req-b17ce144-bb2c-4401-b140-f5029277e02c req-a2d61e05-54b9-49b6-aadc-eeed3bbbdd5c service placement] 10.222.0.16 "GET /placement/allocations/022d9847-6063-4e26-81c9-00e9b0437230" status: 200 len: 259 microversion: 1.28
Aug 20 21:19:56.278146 ncdv-master-1 devstack@placement-api.service[130357]: [pid: 130357|app: 0|req: 538/1082] 10.222.0.16 () {60 vars in 1377 bytes} [Sat Aug 20 21:19:56 2022] GET /placement/allocations/022d9847-6063-4e26-81c9-00e9b0437230 => generated 259 bytes in 18 msecs (HTTP/1.1 200) 8 headers in 296 bytes (1 switches on core 0)
Aug 20 21:19:57.767520 ncdv-master-1 devstack@placement-api.service[130356]: DEBUG placement.requestlog [req-4615ff16-b614-4414-b751-45292dc0d2cb req-2532de73-825e-484c-abb9-94b66662e2c3 None None] Starting request: 10.222.0.30 "DELETE /placement/allocations/aa3beb72-f31b-4b9a-bc45-32fb8dfd4c96" {{(pid=130356) __call__ /opt/stack/placement/placement/requestlog.py:55}}
Aug 20 21:19:57.820296 ncdv-master-1 devstack@placement-api.service[130356]: DEBUG placement.handlers.allocation [req-4615ff16-b614-4414-b751-45292dc0d2cb req-2532de73-825e-484c-abb9-94b66662e2c3 service placement] Successfully deleted allocations [, , ] {{(pid=130356) delete_allocations /opt/stack/placement/placement/handlers/allocation.py:627}}
Aug 20 21:19:57.821696 ncdv-master-1 devstack@placement-api.service[130356]: INFO placement.requestlog [req-4615ff16-b614-4414-b751-45292dc0d2cb req-2532de73-825e-484c-abb9-94b66662e2c3 service placement] 10.222.0.30 "DELETE /placement/allocations/aa3beb72-f31b-4b9a-bc45-32fb8dfd4c96" status: 204 len: 0 microversion: 1.0
Aug 20 21:19:57.825162 ncdv-master-1 devstack@placement-api.service[130356]: [pid: 130356|app: 0|req: 545/1083] 10.222.0.30 () {60 vars in 1355 bytes} [Sat Aug 20 21:19:57 2022] DELETE /placement/allocations/aa3beb72-f31b-4b9a-bc45-32fb8dfd4c96 => generated 0 bytes in 57 msecs (HTTP/1.1 204) 5 headers in 198 bytes (1 switches on core 0)
Aug 20 21:19:58.190931 ncdv-master-1 devstack@placement-api.service[130357]: DEBUG placement.requestlog [req-a9a5c499-c137-45bc-8b21-d07dcc6a5586 req-742c65e0-97da-47de-aa98-54702598c315 None None] Starting request: 10.222.0.16 "DELETE /placement/allocations/0fa5b021-9d23-437f-b032-f7dc5ab170cc" {{(pid=130357) __call__ /opt/stack/placement/placement/requestlog.py:55}}
Aug 20 21:19:58.223403 ncdv-master-1 devstack@placement-api.service[130357]: DEBUG placement.handlers.allocation [req-a9a5c499-c137-45bc-8b21-d07dcc6a5586 req-742c65e0-97da-47de-aa98-54702598c315 service placement] Successfully deleted allocations [, , ] {{(pid=130357) delete_allocations /opt/stack/placement/placement/handlers/allocation.py:627}}
Aug 20 21:19:58.224399 ncdv-master-1 devstack@placement-api.service[130357]: INFO placement.requestlog [req-a9a5c499-c137-45bc-8b21-d07dcc6a5586 req-742c65e0-97da-47de-aa98-54702598c315 service placement] 10.222.0.16 "DELETE /placement/allocations/0fa5b021-9d23-437f-b032-f7dc5ab170cc" status: 204 len: 0 microversion: 1.0
Aug 20 21:19:58.225174 ncdv-master-1 devstack@placement-api.service[130357]: [pid: 130357|app: 0|req: 539/1084] 10.222.0.16 () {60 vars in 1355 bytes} [Sat Aug 20 21:19:58 2022] DELETE /placement/allocations/0fa5b021-9d23-437f-b032-f7dc5ab170cc => generated 0 bytes in 34 msecs (HTTP/1.1 204) 5 headers in 198 bytes (1 switches on core 0)
Aug 20 21:20:01.573082 ncdv-master-1 devstack@placement-api.service[130356]: DEBUG placement.requestlog [req-a7b65939-8850-4bfb-b509-9f7d53743511 req-8a831485-461b-49a6-998b-1311753179a1 None None] Starting request: 10.222.0.16 "GET /placement/resource_providers/9bb1d726-5187-41ab-8279-6d7bb6a3d71b/allocations" {{(pid=130356) __call__ /opt/stack/placement/placement/requestlog.py:55}}
Aug 20 21:20:01.597677 ncdv-master-1 devstack@placement-api.service[130356]: INFO placement.requestlog [req-a7b65939-8850-4bfb-b509-9f7d53743511 req-8a831485-461b-49a6-998b-1311753179a1 service placement] 10.222.0.16 "GET /placement/resource_providers/9bb1d726-5187-41ab-8279-6d7bb6a3d71b/allocations" status: 200 len: 457 microversion: 1.0
Aug 20 21:20:01.598220 ncdv-master-1 devstack@placement-api.service[130356]: [pid: 130356|app: 0|req: 546/1085] 10.222.0.16 () {58 vars in 1390 bytes} [Sat Aug 20 21:20:01 2022] GET /placement/resource_providers/9bb1d726-5187-41ab-8279-6d7bb6a3d71b/allocations => generated 457 bytes in 25 msecs (HTTP/1.1 200) 6 headers in 224 bytes (1 switches on core 0)
Aug 20 21:20:02.966509 ncdv-master-1 devstack@placement-api.service[130357]: DEBUG placement.requestlog [req-cec608a7-6586-404b-bd52-57bfa3bc4aed req-ff6e4bef-3f33-4d13-b2d1-3dd865b25bbf None None] Starting request: 10.222.0.30 "DELETE /placement/allocations/91d69bd2-e3c1-487f-afd9-6e21ba753ac7" {{(pid=130357) __call__ /opt/stack/placement/placement/requestlog.py:55}}
Aug 20 21:20:03.005484 ncdv-master-1 devstack@placement-api.service[130357]: DEBUG placement.handlers.allocation [req-cec608a7-6586-404b-bd52-57bfa3bc4aed req-ff6e4bef-3f33-4d13-b2d1-3dd865b25bbf service placement] Successfully deleted allocations [, , ] {{(pid=130357) delete_allocations /opt/stack/placement/placement/handlers/allocation.py:627}}
Aug 20 21:20:03.006569 ncdv-master-1 devstack@placement-api.service[130357]: INFO placement.requestlog [req-cec608a7-6586-404b-bd52-57bfa3bc4aed req-ff6e4bef-3f33-4d13-b2d1-3dd865b25bbf service placement] 10.222.0.30 "DELETE /placement/allocations/91d69bd2-e3c1-487f-afd9-6e21ba753ac7" status: 204 len: 0 microversion: 1.0
Aug 20 21:20:03.007627 ncdv-master-1 devstack@placement-api.service[130357]: [pid: 130357|app: 0|req: 540/1086] 10.222.0.30 () {60 vars in 1355 bytes} [Sat Aug 20 21:20:02 2022] DELETE /placement/allocations/91d69bd2-e3c1-487f-afd9-6e21ba753ac7 => generated 0 bytes in 41 msecs (HTTP/1.1 204) 5 headers in 198 bytes (1 switches on core 0)
Aug 20 21:20:08.352620 ncdv-master-1 devstack@placement-api.service[130356]: DEBUG placement.requestlog [req-bd52f309-41f0-46b7-b32c-6ce5418f0a0a req-83854d4a-c7ae-44be-b39b-0f7426a0ec26 None None] Starting request: 10.222.0.30 "GET /placement/resource_providers/b7c983a1-255e-464e-b7d1-35e0735c6f18/allocations" {{(pid=130356) __call__ /opt/stack/placement/placement/requestlog.py:55}}
Aug 20 21:20:08.375060 ncdv-master-1 devstack@placement-api.service[130356]: INFO placement.requestlog [req-bd52f309-41f0-46b7-b32c-6ce5418f0a0a req-83854d4a-c7ae-44be-b39b-0f7426a0ec26 service placement] 10.222.0.30 "GET /placement/resource_providers/b7c983a1-255e-464e-b7d1-35e0735c6f18/allocations" status: 200 len: 255 microversion: 1.0
Aug 20 21:20:08.376027 ncdv-master-1 devstack@placement-api.service[130356]: [pid: 130356|app: 0|req: 547/1087] 10.222.0.30 () {58 vars in 1390 bytes} [Sat Aug 20 21:20:08 2022] GET /placement/resource_providers/b7c983a1-255e-464e-b7d1-35e0735c6f18/allocations => generated 255 bytes in 24 msecs (HTTP/1.1 200) 6 headers in 224 bytes (1 switches on core 0)
Aug 20 21:20:09.276737 ncdv-master-1 devstack@placement-api.service[130357]: DEBUG placement.requestlog [None req-8aba84ee-1097-4c8d-b4cb-6a2b5a5df370 None None] Starting request: 10.222.0.23 "GET /placement/resource_providers/d2dd00b7-1f30-4df8-8c82-2b3e55bbeebe/aggregates" {{(pid=130357) __call__ /opt/stack/placement/placement/requestlog.py:55}}
Aug 20 21:20:09.287337 ncdv-master-1 devstack@placement-api.service[130357]: INFO placement.requestlog [None req-8aba84ee-1097-4c8d-b4cb-6a2b5a5df370 service placement] 10.222.0.23 "GET /placement/resource_providers/d2dd00b7-1f30-4df8-8c82-2b3e55bbeebe/aggregates" status: 404 len: 235 microversion: 1.1
Aug 20 21:20:09.287658 ncdv-master-1 devstack@placement-api.service[130357]: [pid: 130357|app: 0|req: 541/1088] 10.222.0.23 () {58 vars in 1362 bytes} [Sat Aug 20 21:20:09 2022] GET /placement/resource_providers/d2dd00b7-1f30-4df8-8c82-2b3e55bbeebe/aggregates => generated 235 bytes in 11 msecs (HTTP/1.1 404) 5 headers in 202 bytes (1 switches on core 0)
Aug 20 21:20:09.323382 ncdv-master-1 devstack@placement-api.service[130356]: DEBUG placement.requestlog [None req-78dc15fc-a56d-4ebe-861f-2713f7f523fe None None] Starting request: 10.222.0.23 "DELETE /placement/resource_providers/d2dd00b7-1f30-4df8-8c82-2b3e55bbeebe" {{(pid=130356) __call__ /opt/stack/placement/placement/requestlog.py:55}}
Aug 20 21:20:09.333725 ncdv-master-1 devstack@placement-api.service[130356]: DEBUG placement.wsgi_wrapper [None req-78dc15fc-a56d-4ebe-861f-2713f7f523fe service placement] Placement API returning an error response: No resource provider with uuid d2dd00b7-1f30-4df8-8c82-2b3e55bbeebe found for delete {{(pid=130356) call_func /opt/stack/placement/placement/wsgi_wrapper.py:31}}
Aug 20 21:20:09.334532 ncdv-master-1 devstack@placement-api.service[130356]: INFO placement.requestlog [None req-78dc15fc-a56d-4ebe-861f-2713f7f523fe service placement] 10.222.0.23 "DELETE /placement/resource_providers/d2dd00b7-1f30-4df8-8c82-2b3e55bbeebe" status: 404 len: 246 microversion: 1.1
Aug 20 21:20:09.335179 ncdv-master-1 devstack@placement-api.service[130356]: [pid: 130356|app: 0|req: 548/1089] 10.222.0.23 () {60 vars in 1351 bytes} [Sat Aug 20 21:20:09 2022] DELETE /placement/resource_providers/d2dd00b7-1f30-4df8-8c82-2b3e55bbeebe => generated 246 bytes in 12 msecs (HTTP/1.1 404) 6 headers in 231 bytes (1 switches on core 0)
