Aug 20 20:54:53.707235 ncdv-master-1 devstack@placement-api.service[130357]: DEBUG placement.requestlog [req-1e380c6b-aea0-4db8-975a-01172dcd2724 req-024ca161-2c0b-410d-95d3-92c82f0711b5 None None] Starting request: 10.222.0.16 "GET /placement/allocations/ee3960b0-610a-43f3-8bee-4aab71404e05" {{(pid=130357) __call__ /opt/stack/placement/placement/requestlog.py:55}}
Aug 20 20:54:53.737074 ncdv-master-1 devstack@placement-api.service[130357]: INFO placement.requestlog [req-1e380c6b-aea0-4db8-975a-01172dcd2724 req-024ca161-2c0b-410d-95d3-92c82f0711b5 service placement] 10.222.0.16 "GET /placement/allocations/ee3960b0-610a-43f3-8bee-4aab71404e05" status: 200 len: 258 microversion: 1.28
Aug 20 20:54:53.739194 ncdv-master-1 devstack@placement-api.service[130357]: [pid: 130357|app: 0|req: 14/27] 10.222.0.16 () {60 vars in 1377 bytes} [Sat Aug 20 20:54:53 2022] GET /placement/allocations/ee3960b0-610a-43f3-8bee-4aab71404e05 => generated 258 bytes in 32 msecs (HTTP/1.1 200) 8 headers in 296 bytes (1 switches on core 0)
Aug 20 20:54:53.999503 ncdv-master-1 devstack@placement-api.service[130356]: INFO placement.requestlog [req-99e77f75-ef44-4b14-8534-4fdd81ff82e0 req-1210d32a-53ed-487f-98fa-5589752280c6 service placement] 10.222.0.23 "GET /placement/resource_providers?name=nch2-master-1" status: 200 len: 440 microversion: 1.0
Aug 20 20:54:53.999963 ncdv-master-1 devstack@placement-api.service[130356]: [pid: 130356|app: 0|req: 14/28] 10.222.0.23 () {58 vars in 1274 bytes} [Sat Aug 20 20:54:53 2022] GET /placement/resource_providers?name=nch2-master-1 => generated 440 bytes in 691 msecs (HTTP/1.1 200) 6 headers in 224 bytes (1 switches on core 0)
Aug 20 20:54:54.010956 ncdv-master-1 devstack@placement-api.service[130357]: DEBUG placement.requestlog [req-99e77f75-ef44-4b14-8534-4fdd81ff82e0 req-b9ab0d9a-c709-4c1f-8db9-0de0fc585bdb None None] Starting request: 10.222.0.23 "GET /placement/resource_providers/b7c983a1-255e-464e-b7d1-35e0735c6f18/aggregates" {{(pid=130357) __call__ /opt/stack/placement/placement/requestlog.py:55}}
Aug 20 20:54:54.030595 ncdv-master-1 devstack@placement-api.service[130357]: INFO placement.requestlog [req-99e77f75-ef44-4b14-8534-4fdd81ff82e0 req-b9ab0d9a-c709-4c1f-8db9-0de0fc585bdb service placement] 10.222.0.23 "GET /placement/resource_providers/b7c983a1-255e-464e-b7d1-35e0735c6f18/aggregates" status: 200 len: 53 microversion: 1.19
Aug 20 20:54:54.039965 ncdv-master-1 devstack@placement-api.service[130356]: DEBUG placement.requestlog [req-99e77f75-ef44-4b14-8534-4fdd81ff82e0 req-601647d7-b52a-4d51-b5f5-3fb303688c4b None None] Starting request: 10.222.0.23 "PUT /placement/resource_providers/b7c983a1-255e-464e-b7d1-35e0735c6f18/aggregates" {{(pid=130356) __call__ /opt/stack/placement/placement/requestlog.py:55}}
Aug 20 20:54:54.044753 ncdv-master-1 devstack@placement-api.service[130357]: [pid: 130357|app: 0|req: 15/29] 10.222.0.23 () {60 vars in 1425 bytes} [Sat Aug 20 20:54:54 2022] GET /placement/resource_providers/b7c983a1-255e-464e-b7d1-35e0735c6f18/aggregates => generated 53 bytes in 28 msecs (HTTP/1.1 200) 8 headers in 295 bytes (1 switches on core 0)
Aug 20 20:54:54.081544 ncdv-master-1 devstack@placement-api.service[130356]: DEBUG placement.objects.resource_provider [req-99e77f75-ef44-4b14-8534-4fdd81ff82e0 req-601647d7-b52a-4d51-b5f5-3fb303688c4b service placement] _ensure_aggregate() did not find aggregate bb00f6a5-229c-4484-a4e6-bc6d3b0db727. Attempting to create it. {{(pid=130356) _ensure_aggregate /opt/stack/placement/placement/objects/resource_provider.py:321}}
Aug 20 20:54:54.085727 ncdv-master-1 devstack@placement-api.service[130356]: DEBUG placement.objects.resource_provider [req-99e77f75-ef44-4b14-8534-4fdd81ff82e0 req-601647d7-b52a-4d51-b5f5-3fb303688c4b service placement] _ensure_aggregate() created new aggregate bb00f6a5-229c-4484-a4e6-bc6d3b0db727 (id=1). {{(pid=130356) _ensure_aggregate /opt/stack/placement/placement/objects/resource_provider.py:327}}
Aug 20 20:54:54.089024 ncdv-master-1 devstack@placement-api.service[130356]: DEBUG placement.objects.resource_provider [req-99e77f75-ef44-4b14-8534-4fdd81ff82e0 req-601647d7-b52a-4d51-b5f5-3fb303688c4b service placement] Setting aggregates for provider b7c983a1-255e-464e-b7d1-35e0735c6f18. Successfully associated aggregate bb00f6a5-229c-4484-a4e6-bc6d3b0db727. {{(pid=130356) _set_aggregates /opt/stack/placement/placement/objects/resource_provider.py:389}}
Aug 20 20:54:54.096558 ncdv-master-1 devstack@placement-api.service[130356]: INFO placement.requestlog [req-99e77f75-ef44-4b14-8534-4fdd81ff82e0 req-601647d7-b52a-4d51-b5f5-3fb303688c4b service placement] 10.222.0.23 "PUT /placement/resource_providers/b7c983a1-255e-464e-b7d1-35e0735c6f18/aggregates" status: 200 len: 91 microversion: 1.19
Aug 20 20:54:54.098338 ncdv-master-1 devstack@placement-api.service[130356]: [pid: 130356|app: 0|req: 15/30] 10.222.0.23 () {64 vars in 1477 bytes} [Sat Aug 20 20:54:54 2022] PUT /placement/resource_providers/b7c983a1-255e-464e-b7d1-35e0735c6f18/aggregates => generated 91 bytes in 59 msecs (HTTP/1.1 200) 8 headers in 295 bytes (1 switches on core 0)
Aug 20 20:54:56.217669 ncdv-master-1 devstack@placement-api.service[130357]: DEBUG placement.requestlog [req-ae51c0c7-5a2e-4132-addf-d0e018ba9648 req-5b0b4e42-d7d3-4c0a-91f8-aff7da2a81f3 None None] Starting request: 10.222.0.23 "GET /placement/allocation_candidates?limit=1000&member_of=in%3Abb00f6a5-229c-4484-a4e6-bc6d3b0db727&resources=DISK_GB%3A1%2CMEMORY_MB%3A1024%2CVCPU%3A1&root_required=%21COMPUTE_STATUS_DISABLED" {{(pid=130357) __call__ /opt/stack/placement/placement/requestlog.py:55}}
Aug 20 20:54:56.409149 ncdv-master-1 devstack@placement-api.service[130357]: DEBUG placement.objects.research_context [req-ae51c0c7-5a2e-4132-addf-d0e018ba9648 req-5b0b4e42-d7d3-4c0a-91f8-aff7da2a81f3 service placement] getting providers with 1 DISK_GB {{(pid=130357) __init__ /opt/stack/placement/placement/objects/research_context.py:136}}
Aug 20 20:54:56.432266 ncdv-master-1 devstack@placement-api.service[130357]: DEBUG placement.objects.research_context [req-ae51c0c7-5a2e-4132-addf-d0e018ba9648 req-5b0b4e42-d7d3-4c0a-91f8-aff7da2a81f3 service placement] getting providers with 1024 MEMORY_MB {{(pid=130357) __init__ /opt/stack/placement/placement/objects/research_context.py:136}}
Aug 20 20:54:56.448233 ncdv-master-1 devstack@placement-api.service[130357]: DEBUG placement.objects.research_context [req-ae51c0c7-5a2e-4132-addf-d0e018ba9648 req-5b0b4e42-d7d3-4c0a-91f8-aff7da2a81f3 service placement] getting providers with 1 VCPU {{(pid=130357) __init__ /opt/stack/placement/placement/objects/research_context.py:136}}
Aug 20 20:54:56.460745 ncdv-master-1 devstack@placement-api.service[130357]: DEBUG placement.objects.research_context [req-ae51c0c7-5a2e-4132-addf-d0e018ba9648 req-5b0b4e42-d7d3-4c0a-91f8-aff7da2a81f3 service placement] found 1 providers after applying required aggregates filter ([{'bb00f6a5-229c-4484-a4e6-bc6d3b0db727'}]) {{(pid=130357) get_provider_ids_for_traits_and_aggs /opt/stack/placement/placement/objects/research_context.py:1158}}
Aug 20 20:54:56.461036 ncdv-master-1 devstack@placement-api.service[130357]: DEBUG placement.objects.research_context [req-ae51c0c7-5a2e-4132-addf-d0e018ba9648 req-5b0b4e42-d7d3-4c0a-91f8-aff7da2a81f3 service placement] found 2 providers with available 1 DISK_GB {{(pid=130357) get_provider_ids_matching /opt/stack/placement/placement/objects/research_context.py:563}}
Aug 20 20:54:56.461826 ncdv-master-1 devstack@placement-api.service[130357]: DEBUG placement.objects.research_context [req-ae51c0c7-5a2e-4132-addf-d0e018ba9648 req-5b0b4e42-d7d3-4c0a-91f8-aff7da2a81f3 service placement] found 1 providers after applying initial aggregate and trait filters {{(pid=130357) get_provider_ids_matching /opt/stack/placement/placement/objects/research_context.py:575}}
Aug 20 20:54:56.462115 ncdv-master-1 devstack@placement-api.service[130357]: DEBUG placement.objects.research_context [req-ae51c0c7-5a2e-4132-addf-d0e018ba9648 req-5b0b4e42-d7d3-4c0a-91f8-aff7da2a81f3 service placement] found 2 providers with available 1024 MEMORY_MB {{(pid=130357) get_provider_ids_matching /opt/stack/placement/placement/objects/research_context.py:563}}
Aug 20 20:54:56.462390 ncdv-master-1 devstack@placement-api.service[130357]: DEBUG placement.objects.research_context [req-ae51c0c7-5a2e-4132-addf-d0e018ba9648 req-5b0b4e42-d7d3-4c0a-91f8-aff7da2a81f3 service placement] found 1 providers after filtering by previous result {{(pid=130357) get_provider_ids_matching /opt/stack/placement/placement/objects/research_context.py:594}}
Aug 20 20:54:56.462673 ncdv-master-1 devstack@placement-api.service[130357]: DEBUG placement.objects.research_context [req-ae51c0c7-5a2e-4132-addf-d0e018ba9648 req-5b0b4e42-d7d3-4c0a-91f8-aff7da2a81f3 service placement] found 2 providers with available 1 VCPU {{(pid=130357) get_provider_ids_matching /opt/stack/placement/placement/objects/research_context.py:563}}
Aug 20 20:54:56.462961 ncdv-master-1 devstack@placement-api.service[130357]: DEBUG placement.objects.research_context [req-ae51c0c7-5a2e-4132-addf-d0e018ba9648 req-5b0b4e42-d7d3-4c0a-91f8-aff7da2a81f3 service placement] found 1 providers after filtering by previous result {{(pid=130357) get_provider_ids_matching /opt/stack/placement/placement/objects/research_context.py:594}}
Aug 20 20:54:56.518450 ncdv-master-1 devstack@placement-api.service[130357]: DEBUG placement.objects.allocation_candidate [req-ae51c0c7-5a2e-4132-addf-d0e018ba9648 req-5b0b4e42-d7d3-4c0a-91f8-aff7da2a81f3 service placement] RequestGroup(use_same_provider=False, resources={DISK_GB:1, MEMORY_MB:1024, VCPU:1}, traits=(), aggregates=[[bb00f6a5-229c-4484-a4e6-bc6d3b0db727]]) (suffix '') returned 1 matches {{(pid=130357) _get_by_requests /opt/stack/placement/placement/objects/allocation_candidate.py:156}}
Aug 20 20:54:56.519116 ncdv-master-1 devstack@placement-api.service[130357]: DEBUG placement.objects.allocation_candidate [req-ae51c0c7-5a2e-4132-addf-d0e018ba9648 req-5b0b4e42-d7d3-4c0a-91f8-aff7da2a81f3 service placement] Merging candidates yields 1 allocation requests and 1 provider summaries {{(pid=130357) _merge_candidates /opt/stack/placement/placement/objects/allocation_candidate.py:809}}
Aug 20 20:54:56.531478 ncdv-master-1 devstack@placement-api.service[130357]: INFO placement.requestlog [req-ae51c0c7-5a2e-4132-addf-d0e018ba9648 req-5b0b4e42-d7d3-4c0a-91f8-aff7da2a81f3 service placement] 10.222.0.23 "GET /placement/allocation_candidates?limit=1000&member_of=in%3Abb00f6a5-229c-4484-a4e6-bc6d3b0db727&resources=DISK_GB%3A1%2CMEMORY_MB%3A1024%2CVCPU%3A1&root_required=%21COMPUTE_STATUS_DISABLED" status: 200 len: 676 microversion: 1.36
Aug 20 20:54:56.531897 ncdv-master-1 devstack@placement-api.service[130357]: [pid: 130357|app: 0|req: 16/31] 10.222.0.23 () {60 vars in 1610 bytes} [Sat Aug 20 20:54:56 2022] GET /placement/allocation_candidates?limit=1000&member_of=in%3Abb00f6a5-229c-4484-a4e6-bc6d3b0db727&resources=DISK_GB%3A1%2CMEMORY_MB%3A1024%2CVCPU%3A1&root_required=%21COMPUTE_STATUS_DISABLED => generated 676 bytes in 315 msecs (HTTP/1.1 200) 8 headers in 296 bytes (1 switches on core 0)
Aug 20 20:54:56.852299 ncdv-master-1 devstack@placement-api.service[130356]: DEBUG placement.requestlog [req-ae51c0c7-5a2e-4132-addf-d0e018ba9648 req-bb3b2fbe-bd87-42a5-96c1-6565184f0f4e None None] Starting request: 10.222.0.23 "GET /placement/allocations/ab92c383-c80c-436c-aca1-415a20775397" {{(pid=130356) __call__ /opt/stack/placement/placement/requestlog.py:55}}
Aug 20 20:54:56.888475 ncdv-master-1 devstack@placement-api.service[130356]: INFO placement.requestlog [req-ae51c0c7-5a2e-4132-addf-d0e018ba9648 req-bb3b2fbe-bd87-42a5-96c1-6565184f0f4e service placement] 10.222.0.23 "GET /placement/allocations/ab92c383-c80c-436c-aca1-415a20775397" status: 200 len: 19 microversion: 1.28
Aug 20 20:54:56.903223 ncdv-master-1 devstack@placement-api.service[130357]: DEBUG placement.requestlog [req-ae51c0c7-5a2e-4132-addf-d0e018ba9648 req-fbfb5875-cede-4c19-9708-8baa0d7ec218 None None] Starting request: 10.222.0.23 "PUT /placement/allocations/ab92c383-c80c-436c-aca1-415a20775397" {{(pid=130357) __call__ /opt/stack/placement/placement/requestlog.py:55}}
Aug 20 20:54:56.935473 ncdv-master-1 devstack@placement-api.service[130356]: [pid: 130356|app: 0|req: 16/32] 10.222.0.23 () {60 vars in 1380 bytes} [Sat Aug 20 20:54:56 2022] GET /placement/allocations/ab92c383-c80c-436c-aca1-415a20775397 => generated 19 bytes in 84 msecs (HTTP/1.1 200) 8 headers in 295 bytes (1 switches on core 0)
Aug 20 20:54:57.339349 ncdv-master-1 devstack@placement-api.service[130357]: DEBUG placement.handlers.allocation [req-ae51c0c7-5a2e-4132-addf-d0e018ba9648 req-fbfb5875-cede-4c19-9708-8baa0d7ec218 service placement] Successfully wrote allocations [, , ] {{(pid=130357) _update_consumers_and_create_allocations /opt/stack/placement/placement/handlers/allocation.py:462}}
Aug 20 20:54:57.362209 ncdv-master-1 devstack@placement-api.service[130357]: INFO placement.requestlog [req-ae51c0c7-5a2e-4132-addf-d0e018ba9648 req-fbfb5875-cede-4c19-9708-8baa0d7ec218 service placement] 10.222.0.23 "PUT /placement/allocations/ab92c383-c80c-436c-aca1-415a20775397" status: 204 len: 0 microversion: 1.36
Aug 20 20:54:57.385380 ncdv-master-1 devstack@placement-api.service[130357]: [pid: 130357|app: 0|req: 17/33] 10.222.0.23 () {64 vars in 1433 bytes} [Sat Aug 20 20:54:56 2022] PUT /placement/allocations/ab92c383-c80c-436c-aca1-415a20775397 => generated 0 bytes in 469 msecs (HTTP/1.1 204) 5 headers in 199 bytes (1 switches on core 0)
Aug 20 20:54:58.535380 ncdv-master-1 devstack@placement-api.service[130356]: DEBUG placement.requestlog [req-ae51c0c7-5a2e-4132-addf-d0e018ba9648 req-f9e30284-7558-4102-b16d-34295043d9d1 None None] Starting request: 10.222.0.30 "GET /placement/allocations/ab92c383-c80c-436c-aca1-415a20775397" {{(pid=130356) __call__ /opt/stack/placement/placement/requestlog.py:55}}
Aug 20 20:54:58.597590 ncdv-master-1 devstack@placement-api.service[130356]: INFO placement.requestlog [req-ae51c0c7-5a2e-4132-addf-d0e018ba9648 req-f9e30284-7558-4102-b16d-34295043d9d1 service placement] 10.222.0.30 "GET /placement/allocations/ab92c383-c80c-436c-aca1-415a20775397" status: 200 len: 258 microversion: 1.28
Aug 20 20:54:58.599049 ncdv-master-1 devstack@placement-api.service[130356]: [pid: 130356|app: 0|req: 17/34] 10.222.0.30 () {60 vars in 1377 bytes} [Sat Aug 20 20:54:58 2022] GET /placement/allocations/ab92c383-c80c-436c-aca1-415a20775397 => generated 258 bytes in 64 msecs (HTTP/1.1 200) 8 headers in 296 bytes (2 switches on core 0)
Aug 20 20:55:07.338050 ncdv-master-1 devstack@placement-api.service[130357]: DEBUG dbcounter [-] [130357] Writing DB stats placement:SELECT=39,placement:INSERT=6,placement:DELETE=2,placement:UPDATE=2 {{(pid=130357) stat_writer /usr/local/lib/python3.8/dist-packages/dbcounter.py:114}}
Aug 20 20:55:08.583353 ncdv-master-1 devstack@placement-api.service[130356]: DEBUG dbcounter [-] [130356] Writing DB stats placement:SELECT=40,placement:INSERT=8,placement:DELETE=2,placement:UPDATE=3 {{(pid=130356) stat_writer /usr/local/lib/python3.8/dist-packages/dbcounter.py:114}}
Aug 20 20:55:14.670170 ncdv-master-1 devstack@placement-api.service[130357]: DEBUG placement.requestlog [req-e2ecc215-0588-4526-8dab-ffafe45b630f req-864c1afe-43f6-4532-9da3-6c5c903f707a None None] Starting request: 10.222.0.23 "GET /placement/allocation_candidates?limit=1000&resources=DISK_GB%3A1%2CMEMORY_MB%3A1024%2CVCPU%3A1&root_required=%21COMPUTE_STATUS_DISABLED" {{(pid=130357) __call__ /opt/stack/placement/placement/requestlog.py:55}}
Aug 20 20:55:14.786205 ncdv-master-1 devstack@placement-api.service[130357]: DEBUG placement.objects.research_context [req-e2ecc215-0588-4526-8dab-ffafe45b630f req-864c1afe-43f6-4532-9da3-6c5c903f707a service placement] getting providers with 1 DISK_GB {{(pid=130357) __init__ /opt/stack/placement/placement/objects/research_context.py:136}}
Aug 20 20:55:14.793224 ncdv-master-1 devstack@placement-api.service[130357]: DEBUG placement.objects.research_context [req-e2ecc215-0588-4526-8dab-ffafe45b630f req-864c1afe-43f6-4532-9da3-6c5c903f707a service placement] getting providers with 1024 MEMORY_MB {{(pid=130357) __init__ /opt/stack/placement/placement/objects/research_context.py:136}}
Aug 20 20:55:14.799410 ncdv-master-1 devstack@placement-api.service[130357]: DEBUG placement.objects.research_context [req-e2ecc215-0588-4526-8dab-ffafe45b630f req-864c1afe-43f6-4532-9da3-6c5c903f707a service placement] getting providers with 1 VCPU {{(pid=130357) __init__ /opt/stack/placement/placement/objects/research_context.py:136}}
Aug 20 20:55:14.806324 ncdv-master-1 devstack@placement-api.service[130357]: DEBUG placement.objects.research_context [req-e2ecc215-0588-4526-8dab-ffafe45b630f req-864c1afe-43f6-4532-9da3-6c5c903f707a service placement] found 2 providers with available 1 DISK_GB {{(pid=130357) get_provider_ids_matching /opt/stack/placement/placement/objects/research_context.py:563}}
Aug 20 20:55:14.806883 ncdv-master-1 devstack@placement-api.service[130357]: DEBUG placement.objects.research_context [req-e2ecc215-0588-4526-8dab-ffafe45b630f req-864c1afe-43f6-4532-9da3-6c5c903f707a service placement] found 2 providers with available 1024 MEMORY_MB {{(pid=130357) get_provider_ids_matching /opt/stack/placement/placement/objects/research_context.py:563}}
Aug 20 20:55:14.807337 ncdv-master-1 devstack@placement-api.service[130357]: DEBUG placement.objects.research_context [req-e2ecc215-0588-4526-8dab-ffafe45b630f req-864c1afe-43f6-4532-9da3-6c5c903f707a service placement] found 2 providers after filtering by previous result {{(pid=130357) get_provider_ids_matching /opt/stack/placement/placement/objects/research_context.py:594}}
Aug 20 20:55:14.807736 ncdv-master-1 devstack@placement-api.service[130357]: DEBUG placement.objects.research_context [req-e2ecc215-0588-4526-8dab-ffafe45b630f req-864c1afe-43f6-4532-9da3-6c5c903f707a service placement] found 2 providers with available 1 VCPU {{(pid=130357) get_provider_ids_matching /opt/stack/placement/placement/objects/research_context.py:563}}
Aug 20 20:55:14.808142 ncdv-master-1 devstack@placement-api.service[130357]: DEBUG placement.objects.research_context [req-e2ecc215-0588-4526-8dab-ffafe45b630f req-864c1afe-43f6-4532-9da3-6c5c903f707a service placement] found 2 providers after filtering by previous result {{(pid=130357) get_provider_ids_matching /opt/stack/placement/placement/objects/research_context.py:594}}
Aug 20 20:55:14.830177 ncdv-master-1 devstack@placement-api.service[130357]: DEBUG placement.objects.allocation_candidate [req-e2ecc215-0588-4526-8dab-ffafe45b630f req-864c1afe-43f6-4532-9da3-6c5c903f707a service placement] RequestGroup(use_same_provider=False, resources={DISK_GB:1, MEMORY_MB:1024, VCPU:1}, traits=(), aggregates=[]) (suffix '') returned 2 matches {{(pid=130357) _get_by_requests /opt/stack/placement/placement/objects/allocation_candidate.py:156}}
Aug 20 20:55:14.830545 ncdv-master-1 devstack@placement-api.service[130357]: DEBUG placement.objects.allocation_candidate [req-e2ecc215-0588-4526-8dab-ffafe45b630f req-864c1afe-43f6-4532-9da3-6c5c903f707a service placement] Merging candidates yields 2 allocation requests and 2 provider summaries {{(pid=130357) _merge_candidates /opt/stack/placement/placement/objects/allocation_candidate.py:809}}
Aug 20 20:55:14.834996 ncdv-master-1 devstack@placement-api.service[130357]: INFO placement.requestlog [req-e2ecc215-0588-4526-8dab-ffafe45b630f req-864c1afe-43f6-4532-9da3-6c5c903f707a service placement] 10.222.0.23 "GET /placement/allocation_candidates?limit=1000&resources=DISK_GB%3A1%2CMEMORY_MB%3A1024%2CVCPU%3A1&root_required=%21COMPUTE_STATUS_DISABLED" status: 200 len: 1309 microversion: 1.36
Aug 20 20:55:14.835682 ncdv-master-1 devstack@placement-api.service[130357]: [pid: 130357|app: 0|req: 18/35] 10.222.0.23 () {60 vars in 1506 bytes} [Sat Aug 20 20:55:14 2022] GET /placement/allocation_candidates?limit=1000&resources=DISK_GB%3A1%2CMEMORY_MB%3A1024%2CVCPU%3A1&root_required=%21COMPUTE_STATUS_DISABLED => generated 1309 bytes in 166 msecs (HTTP/1.1 200) 8 headers in 297 bytes (1 switches on core 0)
Aug 20 20:55:14.937616 ncdv-master-1 devstack@placement-api.service[130356]: DEBUG placement.requestlog [req-e2ecc215-0588-4526-8dab-ffafe45b630f req-a53b9ef8-6970-4775-a241-1e71c7a1082c None None] Starting request: 10.222.0.23 "GET /placement/allocations/8ad6a3cb-15c1-4d96-80b8-d5b2dab6956b" {{(pid=130356) __call__ /opt/stack/placement/placement/requestlog.py:55}}
Aug 20 20:55:14.951448 ncdv-master-1 devstack@placement-api.service[130356]: INFO placement.requestlog [req-e2ecc215-0588-4526-8dab-ffafe45b630f req-a53b9ef8-6970-4775-a241-1e71c7a1082c service placement] 10.222.0.23 "GET /placement/allocations/8ad6a3cb-15c1-4d96-80b8-d5b2dab6956b" status: 200 len: 19 microversion: 1.28
Aug 20 20:55:14.952139 ncdv-master-1 devstack@placement-api.service[130356]: [pid: 130356|app: 0|req: 18/36] 10.222.0.23 () {60 vars in 1380 bytes} [Sat Aug 20 20:55:14 2022] GET /placement/allocations/8ad6a3cb-15c1-4d96-80b8-d5b2dab6956b => generated 19 bytes in 15 msecs (HTTP/1.1 200) 8 headers in 295 bytes (2 switches on core 0)
Aug 20 20:55:14.959805 ncdv-master-1 devstack@placement-api.service[130357]: DEBUG placement.requestlog [req-e2ecc215-0588-4526-8dab-ffafe45b630f req-fb5dcfd2-6b71-47d1-8fb4-0bbe4d3b94fb None None] Starting request: 10.222.0.23 "PUT /placement/allocations/8ad6a3cb-15c1-4d96-80b8-d5b2dab6956b" {{(pid=130357) __call__ /opt/stack/placement/placement/requestlog.py:55}}
Aug 20 20:55:15.104907 ncdv-master-1 devstack@placement-api.service[130357]: DEBUG placement.handlers.allocation [req-e2ecc215-0588-4526-8dab-ffafe45b630f req-fb5dcfd2-6b71-47d1-8fb4-0bbe4d3b94fb service placement] Successfully wrote allocations [, , ] {{(pid=130357) _update_consumers_and_create_allocations /opt/stack/placement/placement/handlers/allocation.py:462}}
Aug 20 20:55:15.112841 ncdv-master-1 devstack@placement-api.service[130357]: INFO placement.requestlog [req-e2ecc215-0588-4526-8dab-ffafe45b630f req-fb5dcfd2-6b71-47d1-8fb4-0bbe4d3b94fb service placement] 10.222.0.23 "PUT /placement/allocations/8ad6a3cb-15c1-4d96-80b8-d5b2dab6956b" status: 204 len: 0 microversion: 1.36
Aug 20 20:55:15.121652 ncdv-master-1 devstack@placement-api.service[130357]: [pid: 130357|app: 0|req: 19/37] 10.222.0.23 () {64 vars in 1433 bytes} [Sat Aug 20 20:55:14 2022] PUT /placement/allocations/8ad6a3cb-15c1-4d96-80b8-d5b2dab6956b => generated 0 bytes in 154 msecs (HTTP/1.1 204) 5 headers in 199 bytes (1 switches on core 0)
Aug 20 20:55:15.762363 ncdv-master-1 devstack@placement-api.service[130356]: DEBUG placement.requestlog [req-e2ecc215-0588-4526-8dab-ffafe45b630f req-95062120-ea3d-46b5-a9d1-c5790d04646b None None] Starting request: 10.222.0.16 "GET /placement/allocations/8ad6a3cb-15c1-4d96-80b8-d5b2dab6956b" {{(pid=130356) __call__ /opt/stack/placement/placement/requestlog.py:55}}
Aug 20 20:55:15.795473 ncdv-master-1 devstack@placement-api.service[130356]: INFO placement.requestlog [req-e2ecc215-0588-4526-8dab-ffafe45b630f req-95062120-ea3d-46b5-a9d1-c5790d04646b service placement] 10.222.0.16 "GET /placement/allocations/8ad6a3cb-15c1-4d96-80b8-d5b2dab6956b" status: 200 len: 258 microversion: 1.28
Aug 20 20:55:15.796089 ncdv-master-1 devstack@placement-api.service[130356]: [pid: 130356|app: 0|req: 19/38] 10.222.0.16 () {60 vars in 1377 bytes} [Sat Aug 20 20:55:15 2022] GET /placement/allocations/8ad6a3cb-15c1-4d96-80b8-d5b2dab6956b => generated 258 bytes in 34 msecs (HTTP/1.1 200) 8 headers in 296 bytes (1 switches on core 0)
Aug 20 20:55:19.158091 ncdv-master-1 devstack@placement-api.service[130357]: DEBUG placement.requestlog [req-41a153c8-df7a-4f8c-8f49-370f87f62831 req-3a1a619b-ab4b-4fc2-9c1c-f17ed5716814 None None] Starting request: 10.222.0.23 "GET /placement/allocation_candidates?limit=1000&resources=DISK_GB%3A1%2CMEMORY_MB%3A1024%2CVCPU%3A1&root_required=%21COMPUTE_STATUS_DISABLED" {{(pid=130357) __call__ /opt/stack/placement/placement/requestlog.py:55}}
Aug 20 20:55:19.219008 ncdv-master-1 devstack@placement-api.service[130357]: DEBUG placement.objects.research_context [req-41a153c8-df7a-4f8c-8f49-370f87f62831 req-3a1a619b-ab4b-4fc2-9c1c-f17ed5716814 service placement] getting providers with 1 DISK_GB {{(pid=130357) __init__ /opt/stack/placement/placement/objects/research_context.py:136}}
Aug 20 20:55:19.225446 ncdv-master-1 devstack@placement-api.service[130357]: DEBUG placement.objects.research_context [req-41a153c8-df7a-4f8c-8f49-370f87f62831 req-3a1a619b-ab4b-4fc2-9c1c-f17ed5716814 service placement] getting providers with 1024 MEMORY_MB {{(pid=130357) __init__ /opt/stack/placement/placement/objects/research_context.py:136}}
Aug 20 20:55:19.231223 ncdv-master-1 devstack@placement-api.service[130357]: DEBUG placement.objects.research_context [req-41a153c8-df7a-4f8c-8f49-370f87f62831 req-3a1a619b-ab4b-4fc2-9c1c-f17ed5716814 service placement] getting providers with 1 VCPU {{(pid=130357) __init__ /opt/stack/placement/placement/objects/research_context.py:136}}
Aug 20 20:55:19.237952 ncdv-master-1 devstack@placement-api.service[130357]: DEBUG placement.objects.research_context [req-41a153c8-df7a-4f8c-8f49-370f87f62831 req-3a1a619b-ab4b-4fc2-9c1c-f17ed5716814 service placement] found 2 providers with available 1 DISK_GB {{(pid=130357) get_provider_ids_matching /opt/stack/placement/placement/objects/research_context.py:563}}
Aug 20 20:55:19.238400 ncdv-master-1 devstack@placement-api.service[130357]: DEBUG placement.objects.research_context [req-41a153c8-df7a-4f8c-8f49-370f87f62831 req-3a1a619b-ab4b-4fc2-9c1c-f17ed5716814 service placement] found 2 providers with available 1024 MEMORY_MB {{(pid=130357) get_provider_ids_matching /opt/stack/placement/placement/objects/research_context.py:563}}
Aug 20 20:55:19.238672 ncdv-master-1 devstack@placement-api.service[130357]: DEBUG placement.objects.research_context [req-41a153c8-df7a-4f8c-8f49-370f87f62831 req-3a1a619b-ab4b-4fc2-9c1c-f17ed5716814 service placement] found 2 providers after filtering by previous result {{(pid=130357) get_provider_ids_matching /opt/stack/placement/placement/objects/research_context.py:594}}
Aug 20 20:55:19.238926 ncdv-master-1 devstack@placement-api.service[130357]: DEBUG placement.objects.research_context [req-41a153c8-df7a-4f8c-8f49-370f87f62831 req-3a1a619b-ab4b-4fc2-9c1c-f17ed5716814 service placement] found 2 providers with available 1 VCPU {{(pid=130357) get_provider_ids_matching /opt/stack/placement/placement/objects/research_context.py:563}}
Aug 20 20:55:19.239365 ncdv-master-1 devstack@placement-api.service[130357]: DEBUG placement.objects.research_context [req-41a153c8-df7a-4f8c-8f49-370f87f62831 req-3a1a619b-ab4b-4fc2-9c1c-f17ed5716814 service placement] found 2 providers after filtering by previous result {{(pid=130357) get_provider_ids_matching /opt/stack/placement/placement/objects/research_context.py:594}}
Aug 20 20:55:19.263503 ncdv-master-1 devstack@placement-api.service[130357]: DEBUG placement.objects.allocation_candidate [req-41a153c8-df7a-4f8c-8f49-370f87f62831 req-3a1a619b-ab4b-4fc2-9c1c-f17ed5716814 service placement] RequestGroup(use_same_provider=False, resources={DISK_GB:1, MEMORY_MB:1024, VCPU:1}, traits=(), aggregates=[]) (suffix '') returned 2 matches {{(pid=130357) _get_by_requests /opt/stack/placement/placement/objects/allocation_candidate.py:156}}
Aug 20 20:55:19.263948 ncdv-master-1 devstack@placement-api.service[130357]: DEBUG placement.objects.allocation_candidate [req-41a153c8-df7a-4f8c-8f49-370f87f62831 req-3a1a619b-ab4b-4fc2-9c1c-f17ed5716814 service placement] Merging candidates yields 2 allocation requests and 2 provider summaries {{(pid=130357) _merge_candidates /opt/stack/placement/placement/objects/allocation_candidate.py:809}}
Aug 20 20:55:19.275989 ncdv-master-1 devstack@placement-api.service[130357]: INFO placement.requestlog [req-41a153c8-df7a-4f8c-8f49-370f87f62831 req-3a1a619b-ab4b-4fc2-9c1c-f17ed5716814 service placement] 10.222.0.23 "GET /placement/allocation_candidates?limit=1000&resources=DISK_GB%3A1%2CMEMORY_MB%3A1024%2CVCPU%3A1&root_required=%21COMPUTE_STATUS_DISABLED" status: 200 len: 1309 microversion: 1.36
Aug 20 20:55:19.280590 ncdv-master-1 devstack@placement-api.service[130357]: [pid: 130357|app: 0|req: 20/39] 10.222.0.23 () {60 vars in 1506 bytes} [Sat Aug 20 20:55:19 2022] GET /placement/allocation_candidates?limit=1000&resources=DISK_GB%3A1%2CMEMORY_MB%3A1024%2CVCPU%3A1&root_required=%21COMPUTE_STATUS_DISABLED => generated 1309 bytes in 123 msecs (HTTP/1.1 200) 8 headers in 297 bytes (2 switches on core 0)
Aug 20 20:55:19.375119 ncdv-master-1 devstack@placement-api.service[130356]: DEBUG placement.requestlog [req-41a153c8-df7a-4f8c-8f49-370f87f62831 req-3dcdabf6-fa60-49d9-949d-ecf443850feb None None] Starting request: 10.222.0.23 "GET /placement/allocations/4f3234ff-a012-4045-a8c9-7a884ec6aa8b" {{(pid=130356) __call__ /opt/stack/placement/placement/requestlog.py:55}}
Aug 20 20:55:19.387645 ncdv-master-1 devstack@placement-api.service[130356]: INFO placement.requestlog [req-41a153c8-df7a-4f8c-8f49-370f87f62831 req-3dcdabf6-fa60-49d9-949d-ecf443850feb service placement] 10.222.0.23 "GET /placement/allocations/4f3234ff-a012-4045-a8c9-7a884ec6aa8b" status: 200 len: 19 microversion: 1.28
Aug 20 20:55:19.388710 ncdv-master-1 devstack@placement-api.service[130356]: [pid: 130356|app: 0|req: 20/40] 10.222.0.23 () {60 vars in 1380 bytes} [Sat Aug 20 20:55:19 2022] GET /placement/allocations/4f3234ff-a012-4045-a8c9-7a884ec6aa8b => generated 19 bytes in 14 msecs (HTTP/1.1 200) 8 headers in 295 bytes (1 switches on core 0)
Aug 20 20:55:19.396779 ncdv-master-1 devstack@placement-api.service[130357]: DEBUG placement.requestlog [req-41a153c8-df7a-4f8c-8f49-370f87f62831 req-9ad0d02b-9e82-4e75-b947-508f53b86c05 None None] Starting request: 10.222.0.23 "PUT /placement/allocations/4f3234ff-a012-4045-a8c9-7a884ec6aa8b" {{(pid=130357) __call__ /opt/stack/placement/placement/requestlog.py:55}}
Aug 20 20:55:19.556215 ncdv-master-1 devstack@placement-api.service[130357]: DEBUG placement.handlers.allocation [req-41a153c8-df7a-4f8c-8f49-370f87f62831 req-9ad0d02b-9e82-4e75-b947-508f53b86c05 service placement] Successfully wrote allocations [, , ] {{(pid=130357) _update_consumers_and_create_allocations /opt/stack/placement/placement/handlers/allocation.py:462}}
Aug 20 20:55:19.561121 ncdv-master-1 devstack@placement-api.service[130357]: INFO placement.requestlog [req-41a153c8-df7a-4f8c-8f49-370f87f62831 req-9ad0d02b-9e82-4e75-b947-508f53b86c05 service placement] 10.222.0.23 "PUT /placement/allocations/4f3234ff-a012-4045-a8c9-7a884ec6aa8b" status: 204 len: 0 microversion: 1.36
Aug 20 20:55:19.562219 ncdv-master-1 devstack@placement-api.service[130357]: [pid: 130357|app: 0|req: 21/41] 10.222.0.23 () {64 vars in 1433 bytes} [Sat Aug 20 20:55:19 2022] PUT /placement/allocations/4f3234ff-a012-4045-a8c9-7a884ec6aa8b => generated 0 bytes in 166 msecs (HTTP/1.1 204) 5 headers in 199 bytes (1 switches on core 0)
Aug 20 20:55:19.977330 ncdv-master-1 devstack@placement-api.service[130356]: DEBUG placement.requestlog [req-41a153c8-df7a-4f8c-8f49-370f87f62831 req-d1c602d2-49ba-4c51-8c3d-878cfa66a475 None None] Starting request: 10.222.0.30 "GET /placement/allocations/4f3234ff-a012-4045-a8c9-7a884ec6aa8b" {{(pid=130356) __call__ /opt/stack/placement/placement/requestlog.py:55}}
Aug 20 20:55:20.021308 ncdv-master-1 devstack@placement-api.service[130356]: INFO placement.requestlog [req-41a153c8-df7a-4f8c-8f49-370f87f62831 req-d1c602d2-49ba-4c51-8c3d-878cfa66a475 service placement] 10.222.0.30 "GET /placement/allocations/4f3234ff-a012-4045-a8c9-7a884ec6aa8b" status: 200 len: 258 microversion: 1.28
Aug 20 20:55:20.023320 ncdv-master-1 devstack@placement-api.service[130356]: [pid: 130356|app: 0|req: 21/42] 10.222.0.30 () {60 vars in 1377 bytes} [Sat Aug 20 20:55:19 2022] GET /placement/allocations/4f3234ff-a012-4045-a8c9-7a884ec6aa8b => generated 258 bytes in 52 msecs (HTTP/1.1 200) 8 headers in 296 bytes (1 switches on core 0)
Aug 20 20:55:29.555987 ncdv-master-1 devstack@placement-api.service[130357]: DEBUG dbcounter [-] [130357] Writing DB stats placement:SELECT=54,placement:INSERT=12,placement:DELETE=4,placement:UPDATE=4 {{(pid=130357) stat_writer /usr/local/lib/python3.8/dist-packages/dbcounter.py:114}}
Aug 20 20:55:30.013538 ncdv-master-1 devstack@placement-api.service[130356]: DEBUG dbcounter [-] [130356] Writing DB stats placement:SELECT=12 {{(pid=130356) stat_writer /usr/local/lib/python3.8/dist-packages/dbcounter.py:114}}
Aug 20 20:55:33.004575 ncdv-master-1 devstack@placement-api.service[130357]: DEBUG placement.requestlog [req-54acc831-7540-4712-8b1f-a18410996da7 req-844dd889-c6be-4f15-88b3-745899b8e176 None None] Starting request: 10.222.0.30 "DELETE /placement/allocations/ab92c383-c80c-436c-aca1-415a20775397" {{(pid=130357) __call__ /opt/stack/placement/placement/requestlog.py:55}}
Aug 20 20:55:33.085869 ncdv-master-1 devstack@placement-api.service[130357]: DEBUG placement.handlers.allocation [req-54acc831-7540-4712-8b1f-a18410996da7 req-844dd889-c6be-4f15-88b3-745899b8e176 service placement] Successfully deleted allocations [, , ] {{(pid=130357) delete_allocations /opt/stack/placement/placement/handlers/allocation.py:627}}
Aug 20 20:55:33.086468 ncdv-master-1 devstack@placement-api.service[130357]: INFO placement.requestlog [req-54acc831-7540-4712-8b1f-a18410996da7 req-844dd889-c6be-4f15-88b3-745899b8e176 service placement] 10.222.0.30 "DELETE /placement/allocations/ab92c383-c80c-436c-aca1-415a20775397" status: 204 len: 0 microversion: 1.0
Aug 20 20:55:33.087347 ncdv-master-1 devstack@placement-api.service[130357]: [pid: 130357|app: 0|req: 22/43] 10.222.0.30 () {60 vars in 1355 bytes} [Sat Aug 20 20:55:33 2022] DELETE /placement/allocations/ab92c383-c80c-436c-aca1-415a20775397 => generated 0 bytes in 84 msecs (HTTP/1.1 204) 5 headers in 198 bytes (1 switches on core 0)
Aug 20 20:55:33.716365 ncdv-master-1 devstack@placement-api.service[130356]: DEBUG placement.requestlog [req-0ed1f28d-8533-416b-b592-2411bdec0193 req-44fed5bd-071e-49d1-832f-6ccd1c8b9940 None None] Starting request: 10.222.0.23 "GET /placement/resource_providers?name=nch2-master-1" {{(pid=130356) __call__ /opt/stack/placement/placement/requestlog.py:55}}
Aug 20 20:55:33.738899 ncdv-master-1 devstack@placement-api.service[130356]: INFO placement.requestlog [req-0ed1f28d-8533-416b-b592-2411bdec0193 req-44fed5bd-071e-49d1-832f-6ccd1c8b9940 service placement] 10.222.0.23 "GET /placement/resource_providers?name=nch2-master-1" status: 200 len: 440 microversion: 1.0
Aug 20 20:55:33.739192 ncdv-master-1 devstack@placement-api.service[130356]: [pid: 130356|app: 0|req: 22/44] 10.222.0.23 () {58 vars in 1274 bytes} [Sat Aug 20 20:55:33 2022] GET /placement/resource_providers?name=nch2-master-1 => generated 440 bytes in 23 msecs (HTTP/1.1 200) 6 headers in 224 bytes (2 switches on core 0)
Aug 20 20:55:33.748838 ncdv-master-1 devstack@placement-api.service[130357]: DEBUG placement.requestlog [req-0ed1f28d-8533-416b-b592-2411bdec0193 req-1dc3e08c-36e4-4a55-8037-9a2c03df59d4 None None] Starting request: 10.222.0.23 "GET /placement/resource_providers/b7c983a1-255e-464e-b7d1-35e0735c6f18/aggregates" {{(pid=130357) __call__ /opt/stack/placement/placement/requestlog.py:55}}
Aug 20 20:55:33.786095 ncdv-master-1 devstack@placement-api.service[130357]: INFO placement.requestlog [req-0ed1f28d-8533-416b-b592-2411bdec0193 req-1dc3e08c-36e4-4a55-8037-9a2c03df59d4 service placement] 10.222.0.23 "GET /placement/resource_providers/b7c983a1-255e-464e-b7d1-35e0735c6f18/aggregates" status: 200 len: 91 microversion: 1.19
Aug 20 20:55:33.786798 ncdv-master-1 devstack@placement-api.service[130357]: [pid: 130357|app: 0|req: 23/45] 10.222.0.23 () {60 vars in 1425 bytes} [Sat Aug 20 20:55:33 2022] GET /placement/resource_providers/b7c983a1-255e-464e-b7d1-35e0735c6f18/aggregates => generated 91 bytes in 40 msecs (HTTP/1.1 200) 8 headers in 295 bytes (1 switches on core 0)
Aug 20 20:55:33.794223 ncdv-master-1 devstack@placement-api.service[130356]: DEBUG placement.requestlog [req-0ed1f28d-8533-416b-b592-2411bdec0193 req-5e6fff59-cc04-4ad9-979a-89368afcb901 None None] Starting request: 10.222.0.23 "PUT /placement/resource_providers/b7c983a1-255e-464e-b7d1-35e0735c6f18/aggregates" {{(pid=130356) __call__ /opt/stack/placement/placement/requestlog.py:55}}
Aug 20 20:55:33.816454 ncdv-master-1 devstack@placement-api.service[130356]: DEBUG placement.objects.resource_provider [req-0ed1f28d-8533-416b-b592-2411bdec0193 req-5e6fff59-cc04-4ad9-979a-89368afcb901 service placement] Setting aggregates for provider b7c983a1-255e-464e-b7d1-35e0735c6f18. Successfully disassociated aggregate bb00f6a5-229c-4484-a4e6-bc6d3b0db727. {{(pid=130356) _set_aggregates /opt/stack/placement/placement/objects/resource_provider.py:404}}
Aug 20 20:55:33.832272 ncdv-master-1 devstack@placement-api.service[130356]: INFO placement.requestlog [req-0ed1f28d-8533-416b-b592-2411bdec0193 req-5e6fff59-cc04-4ad9-979a-89368afcb901 service placement] 10.222.0.23 "PUT /placement/resource_providers/b7c983a1-255e-464e-b7d1-35e0735c6f18/aggregates" status: 200 len: 53 microversion: 1.19
Aug 20 20:55:33.833759 ncdv-master-1 devstack@placement-api.service[130356]: [pid: 130356|app: 0|req: 23/46] 10.222.0.23 () {64 vars in 1477 bytes} [Sat Aug 20 20:55:33 2022] PUT /placement/resource_providers/b7c983a1-255e-464e-b7d1-35e0735c6f18/aggregates => generated 53 bytes in 40 msecs (HTTP/1.1 200) 8 headers in 295 bytes (1 switches on core 0)
Aug 20 20:55:34.334614 ncdv-master-1 devstack@placement-api.service[130357]: DEBUG placement.requestlog [req-613eacbc-3249-42b3-a287-1d2062052da3 req-b840fae7-59de-47e4-9f27-ca090fb3f366 None None] Starting request: 10.222.0.16 "DELETE /placement/allocations/ee3960b0-610a-43f3-8bee-4aab71404e05" {{(pid=130357) __call__ /opt/stack/placement/placement/requestlog.py:55}}
Aug 20 20:55:34.431861 ncdv-master-1 devstack@placement-api.service[130357]: DEBUG placement.handlers.allocation [req-613eacbc-3249-42b3-a287-1d2062052da3 req-b840fae7-59de-47e4-9f27-ca090fb3f366 service placement] Successfully deleted allocations [, , ] {{(pid=130357) delete_allocations /opt/stack/placement/placement/handlers/allocation.py:627}}
Aug 20 20:55:34.432801 ncdv-master-1 devstack@placement-api.service[130357]: INFO placement.requestlog [req-613eacbc-3249-42b3-a287-1d2062052da3 req-b840fae7-59de-47e4-9f27-ca090fb3f366 service placement] 10.222.0.16 "DELETE /placement/allocations/ee3960b0-610a-43f3-8bee-4aab71404e05" status: 204 len: 0 microversion: 1.0
Aug 20 20:55:34.433337 ncdv-master-1 devstack@placement-api.service[130357]: [pid: 130357|app: 0|req: 24/47] 10.222.0.16 () {60 vars in 1355 bytes} [Sat Aug 20 20:55:34 2022] DELETE /placement/allocations/ee3960b0-610a-43f3-8bee-4aab71404e05 => generated 0 bytes in 99 msecs (HTTP/1.1 204) 5 headers in 198 bytes (1 switches on core 0)
Aug 20 20:55:35.351148 ncdv-master-1 devstack@placement-api.service[130356]: DEBUG placement.requestlog [req-c6773556-c91a-4263-a094-458341d16630 req-64c5f898-02c6-4864-867c-5f32bcee89a8 None None] Starting request: 10.222.0.23 "GET /placement/resource_providers?name=nch2-master-1" {{(pid=130356) __call__ /opt/stack/placement/placement/requestlog.py:55}}
Aug 20 20:55:35.393209 ncdv-master-1 devstack@placement-api.service[130356]: INFO placement.requestlog [req-c6773556-c91a-4263-a094-458341d16630 req-64c5f898-02c6-4864-867c-5f32bcee89a8 service placement] 10.222.0.23 "GET /placement/resource_providers?name=nch2-master-1" status: 200 len: 440 microversion: 1.0
Aug 20 20:55:35.402342 ncdv-master-1 devstack@placement-api.service[130357]: DEBUG placement.requestlog [req-c6773556-c91a-4263-a094-458341d16630 req-b045daca-882f-482c-b4e0-b3a1173dd71a None None] Starting request: 10.222.0.23 "GET /placement/resource_providers/b7c983a1-255e-464e-b7d1-35e0735c6f18/aggregates" {{(pid=130357) __call__ /opt/stack/placement/placement/requestlog.py:55}}
Aug 20 20:55:35.412660 ncdv-master-1 devstack@placement-api.service[130356]: [pid: 130356|app: 0|req: 24/48] 10.222.0.23 () {58 vars in 1274 bytes} [Sat Aug 20 20:55:35 2022] GET /placement/resource_providers?name=nch2-master-1 => generated 440 bytes in 61 msecs (HTTP/1.1 200) 6 headers in 224 bytes (1 switches on core 0)
Aug 20 20:55:35.425136 ncdv-master-1 devstack@placement-api.service[130357]: INFO placement.requestlog [req-c6773556-c91a-4263-a094-458341d16630 req-b045daca-882f-482c-b4e0-b3a1173dd71a service placement] 10.222.0.23 "GET /placement/resource_providers/b7c983a1-255e-464e-b7d1-35e0735c6f18/aggregates" status: 200 len: 53 microversion: 1.19
Aug 20 20:55:35.427703 ncdv-master-1 devstack@placement-api.service[130357]: [pid: 130357|app: 0|req: 25/49] 10.222.0.23 () {60 vars in 1425 bytes} [Sat Aug 20 20:55:35 2022] GET /placement/resource_providers/b7c983a1-255e-464e-b7d1-35e0735c6f18/aggregates => generated 53 bytes in 26 msecs (HTTP/1.1 200) 8 headers in 295 bytes (2 switches on core 0)
Aug 20 20:55:35.434610 ncdv-master-1 devstack@placement-api.service[130356]: DEBUG placement.requestlog [req-c6773556-c91a-4263-a094-458341d16630 req-8d14e6b6-767a-4016-9eac-8b31db010f03 None None] Starting request: 10.222.0.23 "PUT /placement/resource_providers/b7c983a1-255e-464e-b7d1-35e0735c6f18/aggregates" {{(pid=130356) __call__ /opt/stack/placement/placement/requestlog.py:55}}
Aug 20 20:55:35.473399 ncdv-master-1 devstack@placement-api.service[130356]: DEBUG placement.objects.resource_provider [req-c6773556-c91a-4263-a094-458341d16630 req-8d14e6b6-767a-4016-9eac-8b31db010f03 service placement] _ensure_aggregate() did not find aggregate 45ea8bbd-4338-41c1-9d62-e5f6b6ad2405. Attempting to create it. {{(pid=130356) _ensure_aggregate /opt/stack/placement/placement/objects/resource_provider.py:321}}
Aug 20 20:55:35.475760 ncdv-master-1 devstack@placement-api.service[130356]: DEBUG placement.objects.resource_provider [req-c6773556-c91a-4263-a094-458341d16630 req-8d14e6b6-767a-4016-9eac-8b31db010f03 service placement] _ensure_aggregate() created new aggregate 45ea8bbd-4338-41c1-9d62-e5f6b6ad2405 (id=2). {{(pid=130356) _ensure_aggregate /opt/stack/placement/placement/objects/resource_provider.py:327}}
Aug 20 20:55:35.478920 ncdv-master-1 devstack@placement-api.service[130356]: DEBUG placement.objects.resource_provider [req-c6773556-c91a-4263-a094-458341d16630 req-8d14e6b6-767a-4016-9eac-8b31db010f03 service placement] Setting aggregates for provider b7c983a1-255e-464e-b7d1-35e0735c6f18. Successfully associated aggregate 45ea8bbd-4338-41c1-9d62-e5f6b6ad2405. {{(pid=130356) _set_aggregates /opt/stack/placement/placement/objects/resource_provider.py:389}}
Aug 20 20:55:35.490288 ncdv-master-1 devstack@placement-api.service[130356]: INFO placement.requestlog [req-c6773556-c91a-4263-a094-458341d16630 req-8d14e6b6-767a-4016-9eac-8b31db010f03 service placement] 10.222.0.23 "PUT /placement/resource_providers/b7c983a1-255e-464e-b7d1-35e0735c6f18/aggregates" status: 200 len: 91 microversion: 1.19
Aug 20 20:55:35.491436 ncdv-master-1 devstack@placement-api.service[130356]: [pid: 130356|app: 0|req: 25/50] 10.222.0.23 () {64 vars in 1477 bytes} [Sat Aug 20 20:55:35 2022] PUT /placement/resource_providers/b7c983a1-255e-464e-b7d1-35e0735c6f18/aggregates => generated 91 bytes in 57 msecs (HTTP/1.1 200) 8 headers in 295 bytes (1 switches on core 0)
Aug 20 20:55:35.605147 ncdv-master-1 devstack@placement-api.service[130357]: DEBUG placement.requestlog [req-5919187f-5ca2-4409-b3e4-3e7cb7c331ae req-241529bf-8d93-44d4-8466-2a0a15b2bc2c None None] Starting request: 10.222.0.23 "GET /placement/resource_providers?name=nch2-master-1" {{(pid=130357) __call__ /opt/stack/placement/placement/requestlog.py:55}}
Aug 20 20:55:35.634614 ncdv-master-1 devstack@placement-api.service[130357]: INFO placement.requestlog [req-5919187f-5ca2-4409-b3e4-3e7cb7c331ae req-241529bf-8d93-44d4-8466-2a0a15b2bc2c service placement] 10.222.0.23 "GET /placement/resource_providers?name=nch2-master-1" status: 200 len: 440 microversion: 1.0
Aug 20 20:55:35.635413 ncdv-master-1 devstack@placement-api.service[130357]: [pid: 130357|app: 0|req: 26/51] 10.222.0.23 () {58 vars in 1274 bytes} [Sat Aug 20 20:55:35 2022] GET /placement/resource_providers?name=nch2-master-1 => generated 440 bytes in 31 msecs (HTTP/1.1 200) 6 headers in 224 bytes (1 switches on core 0)
Aug 20 20:55:35.643596 ncdv-master-1 devstack@placement-api.service[130356]: DEBUG placement.requestlog [req-5919187f-5ca2-4409-b3e4-3e7cb7c331ae req-24355982-06d9-487e-b7e5-52f0bbe7895f None None] Starting request: 10.222.0.23 "GET /placement/resource_providers/b7c983a1-255e-464e-b7d1-35e0735c6f18/aggregates" {{(pid=130356) __call__ /opt/stack/placement/placement/requestlog.py:55}}
Aug 20 20:55:35.666204 ncdv-master-1 devstack@placement-api.service[130356]: INFO placement.requestlog [req-5919187f-5ca2-4409-b3e4-3e7cb7c331ae req-24355982-06d9-487e-b7e5-52f0bbe7895f service placement] 10.222.0.23 "GET /placement/resource_providers/b7c983a1-255e-464e-b7d1-35e0735c6f18/aggregates" status: 200 len: 91 microversion: 1.19
Aug 20 20:55:35.667476 ncdv-master-1 devstack@placement-api.service[130356]: [pid: 130356|app: 0|req: 26/52] 10.222.0.23 () {60 vars in 1425 bytes} [Sat Aug 20 20:55:35 2022] GET /placement/resource_providers/b7c983a1-255e-464e-b7d1-35e0735c6f18/aggregates => generated 91 bytes in 24 msecs (HTTP/1.1 200) 8 headers in 295 bytes (1 switches on core 0)
Aug 20 20:55:35.685043 ncdv-master-1 devstack@placement-api.service[130357]: DEBUG placement.requestlog [req-5919187f-5ca2-4409-b3e4-3e7cb7c331ae req-51e2c26d-eb53-4e30-94ab-32407a4158d8 None None] Starting request: 10.222.0.23 "PUT /placement/resource_providers/b7c983a1-255e-464e-b7d1-35e0735c6f18/aggregates" {{(pid=130357) __call__ /opt/stack/placement/placement/requestlog.py:55}}
Aug 20 20:55:35.722276 ncdv-master-1 devstack@placement-api.service[130357]: DEBUG placement.objects.resource_provider [req-5919187f-5ca2-4409-b3e4-3e7cb7c331ae req-51e2c26d-eb53-4e30-94ab-32407a4158d8 service placement] Setting aggregates for provider b7c983a1-255e-464e-b7d1-35e0735c6f18. Successfully disassociated aggregate 45ea8bbd-4338-41c1-9d62-e5f6b6ad2405. {{(pid=130357) _set_aggregates /opt/stack/placement/placement/objects/resource_provider.py:404}}
Aug 20 20:55:35.731362 ncdv-master-1 devstack@placement-api.service[130357]: INFO placement.requestlog [req-5919187f-5ca2-4409-b3e4-3e7cb7c331ae req-51e2c26d-eb53-4e30-94ab-32407a4158d8 service placement] 10.222.0.23 "PUT /placement/resource_providers/b7c983a1-255e-464e-b7d1-35e0735c6f18/aggregates" status: 200 len: 53 microversion: 1.19
Aug 20 20:55:35.739004 ncdv-master-1 devstack@placement-api.service[130357]: [pid: 130357|app: 0|req: 27/53] 10.222.0.23 () {64 vars in 1477 bytes} [Sat Aug 20 20:55:35 2022] PUT /placement/resource_providers/b7c983a1-255e-464e-b7d1-35e0735c6f18/aggregates => generated 53 bytes in 53 msecs (HTTP/1.1 200) 8 headers in 295 bytes (1 switches on core 0)
Aug 20 20:55:36.076133 ncdv-master-1 devstack@placement-api.service[130356]: DEBUG placement.requestlog [req-88c86e7f-5067-4265-a9ec-729410a33a87 req-516126e4-8252-4432-9f3e-57e8d7aa0e62 None None] Starting request: 10.222.0.23 "GET /placement/resource_providers?name=nch2-master-1" {{(pid=130356) __call__ /opt/stack/placement/placement/requestlog.py:55}}
Aug 20 20:55:36.104695 ncdv-master-1 devstack@placement-api.service[130356]: INFO placement.requestlog [req-88c86e7f-5067-4265-a9ec-729410a33a87 req-516126e4-8252-4432-9f3e-57e8d7aa0e62 service placement] 10.222.0.23 "GET /placement/resource_providers?name=nch2-master-1" status: 200 len: 440 microversion: 1.0
Aug 20 20:55:36.106184 ncdv-master-1 devstack@placement-api.service[130356]: [pid: 130356|app: 0|req: 27/54] 10.222.0.23 () {58 vars in 1274 bytes} [Sat Aug 20 20:55:36 2022] GET /placement/resource_providers?name=nch2-master-1 => generated 440 bytes in 30 msecs (HTTP/1.1 200) 6 headers in 224 bytes (1 switches on core 0)
Aug 20 20:55:36.112554 ncdv-master-1 devstack@placement-api.service[130357]: DEBUG placement.requestlog [req-88c86e7f-5067-4265-a9ec-729410a33a87 req-3a38abe3-1f87-4554-909f-22b9bffc630d None None] Starting request: 10.222.0.23 "GET /placement/resource_providers/b7c983a1-255e-464e-b7d1-35e0735c6f18/aggregates" {{(pid=130357) __call__ /opt/stack/placement/placement/requestlog.py:55}}
Aug 20 20:55:36.151702 ncdv-master-1 devstack@placement-api.service[130357]: INFO placement.requestlog [req-88c86e7f-5067-4265-a9ec-729410a33a87 req-3a38abe3-1f87-4554-909f-22b9bffc630d service placement] 10.222.0.23 "GET /placement/resource_providers/b7c983a1-255e-464e-b7d1-35e0735c6f18/aggregates" status: 200 len: 53 microversion: 1.19
Aug 20 20:55:36.152110 ncdv-master-1 devstack@placement-api.service[130357]: [pid: 130357|app: 0|req: 28/55] 10.222.0.23 () {60 vars in 1425 bytes} [Sat Aug 20 20:55:36 2022] GET /placement/resource_providers/b7c983a1-255e-464e-b7d1-35e0735c6f18/aggregates => generated 53 bytes in 40 msecs (HTTP/1.1 200) 8 headers in 295 bytes (2 switches on core 0)
Aug 20 20:55:36.159960 ncdv-master-1 devstack@placement-api.service[130356]: DEBUG placement.requestlog [req-88c86e7f-5067-4265-a9ec-729410a33a87 req-1038e872-d313-4a44-b90f-04228119200f None None] Starting request: 10.222.0.23 "PUT /placement/resource_providers/b7c983a1-255e-464e-b7d1-35e0735c6f18/aggregates" {{(pid=130356) __call__ /opt/stack/placement/placement/requestlog.py:55}}
Aug 20 20:55:36.199358 ncdv-master-1 devstack@placement-api.service[130356]: DEBUG placement.objects.resource_provider [req-88c86e7f-5067-4265-a9ec-729410a33a87 req-1038e872-d313-4a44-b90f-04228119200f service placement] _ensure_aggregate() did not find aggregate b7d606a7-7cba-4be8-9e9d-2011ab5537bd. Attempting to create it. {{(pid=130356) _ensure_aggregate /opt/stack/placement/placement/objects/resource_provider.py:321}}
