Jul 30 21:10:23.312029 ncdv-master-1 devstack@placement-api.service[116184]: [pid: 116184|app: 0|req: 283/575] 10.222.0.17 () {64 vars in 1433 bytes} [Sat Jul 30 21:10:23 2022] PUT /placement/allocations/d4adc144-ea58-4187-90b0-03446f07641d => generated 0 bytes in 127 msecs (HTTP/1.1 204) 5 headers in 199 bytes (1 switches on core 0)
Jul 30 21:10:23.771092 ncdv-master-1 devstack@placement-api.service[116185]: DEBUG placement.requestlog [req-44539802-0572-41de-8052-8f9bcf4d98b7 req-e74cbba6-db3e-4bad-9897-fa1cbbc08649 None None] Starting request: 10.222.0.48 "GET /placement/allocations/d4adc144-ea58-4187-90b0-03446f07641d" {{(pid=116185) __call__ /opt/stack/placement/placement/requestlog.py:55}}
Jul 30 21:10:23.786914 ncdv-master-1 devstack@placement-api.service[116185]: INFO placement.requestlog [req-44539802-0572-41de-8052-8f9bcf4d98b7 req-e74cbba6-db3e-4bad-9897-fa1cbbc08649 service placement] 10.222.0.48 "GET /placement/allocations/d4adc144-ea58-4187-90b0-03446f07641d" status: 200 len: 245 microversion: 1.28
Jul 30 21:10:23.787393 ncdv-master-1 devstack@placement-api.service[116185]: [pid: 116185|app: 0|req: 293/576] 10.222.0.48 () {60 vars in 1377 bytes} [Sat Jul 30 21:10:23 2022] GET /placement/allocations/d4adc144-ea58-4187-90b0-03446f07641d => generated 245 bytes in 17 msecs (HTTP/1.1 200) 8 headers in 296 bytes (1 switches on core 0)
Jul 30 21:10:25.654138 ncdv-master-1 devstack@placement-api.service[116184]: DEBUG placement.requestlog [None req-b2ec929c-0a03-4a98-bed4-d6fe9a48eff6 None None] Starting request: 10.222.0.17 "GET /placement/resource_providers/f36f194e-1978-419d-8e09-35f18eef1328/aggregates" {{(pid=116184) __call__ /opt/stack/placement/placement/requestlog.py:55}}
Jul 30 21:10:25.681522 ncdv-master-1 devstack@placement-api.service[116184]: INFO placement.requestlog [None req-b2ec929c-0a03-4a98-bed4-d6fe9a48eff6 service placement] 10.222.0.17 "GET /placement/resource_providers/f36f194e-1978-419d-8e09-35f18eef1328/aggregates" status: 404 len: 235 microversion: 1.1
Jul 30 21:10:25.682397 ncdv-master-1 devstack@placement-api.service[116184]: [pid: 116184|app: 0|req: 284/577] 10.222.0.17 () {58 vars in 1362 bytes} [Sat Jul 30 21:10:25 2022] GET /placement/resource_providers/f36f194e-1978-419d-8e09-35f18eef1328/aggregates => generated 235 bytes in 28 msecs (HTTP/1.1 404) 5 headers in 202 bytes (1 switches on core 0)
Jul 30 21:10:25.890621 ncdv-master-1 devstack@placement-api.service[116185]: DEBUG placement.requestlog [None req-6f19cb9b-282f-4333-8d41-b82d4115ec6a None None] Starting request: 10.222.0.17 "DELETE /placement/resource_providers/f36f194e-1978-419d-8e09-35f18eef1328" {{(pid=116185) __call__ /opt/stack/placement/placement/requestlog.py:55}}
Jul 30 21:10:25.902350 ncdv-master-1 devstack@placement-api.service[116185]: DEBUG placement.wsgi_wrapper [None req-6f19cb9b-282f-4333-8d41-b82d4115ec6a service placement] Placement API returning an error response: No resource provider with uuid f36f194e-1978-419d-8e09-35f18eef1328 found for delete {{(pid=116185) call_func /opt/stack/placement/placement/wsgi_wrapper.py:31}}
Jul 30 21:10:25.910345 ncdv-master-1 devstack@placement-api.service[116185]: INFO placement.requestlog [None req-6f19cb9b-282f-4333-8d41-b82d4115ec6a service placement] 10.222.0.17 "DELETE /placement/resource_providers/f36f194e-1978-419d-8e09-35f18eef1328" status: 404 len: 246 microversion: 1.1
Jul 30 21:10:25.911016 ncdv-master-1 devstack@placement-api.service[116185]: [pid: 116185|app: 0|req: 294/578] 10.222.0.17 () {60 vars in 1351 bytes} [Sat Jul 30 21:10:25 2022] DELETE /placement/resource_providers/f36f194e-1978-419d-8e09-35f18eef1328 => generated 246 bytes in 21 msecs (HTTP/1.1 404) 6 headers in 231 bytes (1 switches on core 0)
Jul 30 21:10:26.795797 ncdv-master-1 devstack@placement-api.service[116184]: DEBUG placement.requestlog [None req-9e2725bb-f293-41d9-8915-495cb68b27ab None None] Starting request: 10.222.0.17 "GET /placement/" {{(pid=116184) __call__ /opt/stack/placement/placement/requestlog.py:55}}
Jul 30 21:10:26.796912 ncdv-master-1 devstack@placement-api.service[116184]: INFO placement.requestlog [None req-9e2725bb-f293-41d9-8915-495cb68b27ab None None] 10.222.0.17 "GET /placement/" status: 200 len: 136 microversion: 1.0
Jul 30 21:10:26.797570 ncdv-master-1 devstack@placement-api.service[116184]: [pid: 116184|app: 0|req: 285/579] 10.222.0.17 () {54 vars in 916 bytes} [Sat Jul 30 21:10:26 2022] GET /placement => generated 136 bytes in 2 msecs (HTTP/1.1 200) 6 headers in 224 bytes (1 switches on core 0)
Jul 30 21:10:26.809184 ncdv-master-1 devstack@placement-api.service[116185]: DEBUG placement.requestlog [req-7b3bba75-1482-4659-8f17-530adb3fed87 req-e6b5cd42-18cf-4871-b901-e7150b699760 None None] Starting request: 10.222.0.17 "GET /placement/allocations/01fa1642-fd0a-433e-886b-9ea8fbad6f07" {{(pid=116185) __call__ /opt/stack/placement/placement/requestlog.py:55}}
Jul 30 21:10:26.921549 ncdv-master-1 devstack@placement-api.service[116185]: INFO placement.requestlog [req-7b3bba75-1482-4659-8f17-530adb3fed87 req-e6b5cd42-18cf-4871-b901-e7150b699760 service placement] 10.222.0.17 "GET /placement/allocations/01fa1642-fd0a-433e-886b-9ea8fbad6f07" status: 200 len: 259 microversion: 1.28
Jul 30 21:10:26.922333 ncdv-master-1 devstack@placement-api.service[116185]: [pid: 116185|app: 0|req: 295/580] 10.222.0.17 () {60 vars in 1380 bytes} [Sat Jul 30 21:10:26 2022] GET /placement/allocations/01fa1642-fd0a-433e-886b-9ea8fbad6f07 => generated 259 bytes in 113 msecs (HTTP/1.1 200) 8 headers in 296 bytes (1 switches on core 0)
Jul 30 21:10:26.932329 ncdv-master-1 devstack@placement-api.service[116184]: DEBUG placement.requestlog [req-7b3bba75-1482-4659-8f17-530adb3fed87 req-220cc1bf-cd7e-457c-bab1-74a4c75658c7 None None] Starting request: 10.222.0.17 "GET /placement/allocations/01fa1642-fd0a-433e-886b-9ea8fbad6f07" {{(pid=116184) __call__ /opt/stack/placement/placement/requestlog.py:55}}
Jul 30 21:10:26.954940 ncdv-master-1 devstack@placement-api.service[116184]: INFO placement.requestlog [req-7b3bba75-1482-4659-8f17-530adb3fed87 req-220cc1bf-cd7e-457c-bab1-74a4c75658c7 service placement] 10.222.0.17 "GET /placement/allocations/01fa1642-fd0a-433e-886b-9ea8fbad6f07" status: 200 len: 259 microversion: 1.28
Jul 30 21:10:26.962647 ncdv-master-1 devstack@placement-api.service[116184]: [pid: 116184|app: 0|req: 286/581] 10.222.0.17 () {60 vars in 1380 bytes} [Sat Jul 30 21:10:26 2022] GET /placement/allocations/01fa1642-fd0a-433e-886b-9ea8fbad6f07 => generated 259 bytes in 30 msecs (HTTP/1.1 200) 8 headers in 296 bytes (1 switches on core 0)
Jul 30 21:10:26.963470 ncdv-master-1 devstack@placement-api.service[116185]: DEBUG placement.requestlog [req-7b3bba75-1482-4659-8f17-530adb3fed87 req-c7bb4213-da04-45a2-95ec-3ba65da4c2ef None None] Starting request: 10.222.0.17 "GET /placement/allocations/7cfcb3f0-1c7b-4e6b-8f3d-4d5ba18976a1" {{(pid=116185) __call__ /opt/stack/placement/placement/requestlog.py:55}}
Jul 30 21:10:26.995665 ncdv-master-1 devstack@placement-api.service[116185]: INFO placement.requestlog [req-7b3bba75-1482-4659-8f17-530adb3fed87 req-c7bb4213-da04-45a2-95ec-3ba65da4c2ef service placement] 10.222.0.17 "GET /placement/allocations/7cfcb3f0-1c7b-4e6b-8f3d-4d5ba18976a1" status: 200 len: 19 microversion: 1.28
Jul 30 21:10:27.001891 ncdv-master-1 devstack@placement-api.service[116185]: [pid: 116185|app: 0|req: 296/582] 10.222.0.17 () {60 vars in 1380 bytes} [Sat Jul 30 21:10:26 2022] GET /placement/allocations/7cfcb3f0-1c7b-4e6b-8f3d-4d5ba18976a1 => generated 19 bytes in 39 msecs (HTTP/1.1 200) 8 headers in 295 bytes (2 switches on core 0)
Jul 30 21:10:27.002761 ncdv-master-1 devstack@placement-api.service[116184]: DEBUG placement.requestlog [req-7b3bba75-1482-4659-8f17-530adb3fed87 req-eed1c7f7-8309-4f8d-8a7c-ba014206775a None None] Starting request: 10.222.0.17 "POST /placement/allocations" {{(pid=116184) __call__ /opt/stack/placement/placement/requestlog.py:55}}
Jul 30 21:10:27.197807 ncdv-master-1 devstack@placement-api.service[116184]: DEBUG placement.handlers.allocation [req-7b3bba75-1482-4659-8f17-530adb3fed87 req-eed1c7f7-8309-4f8d-8a7c-ba014206775a service placement] Successfully wrote allocations [, , , , , ] {{(pid=116184) _update_consumers_and_create_allocations /opt/stack/placement/placement/handlers/allocation.py:572}}
Jul 30 21:10:27.207182 ncdv-master-1 devstack@placement-api.service[116184]: INFO placement.requestlog [req-7b3bba75-1482-4659-8f17-530adb3fed87 req-eed1c7f7-8309-4f8d-8a7c-ba014206775a service placement] 10.222.0.17 "POST /placement/allocations" status: 204 len: 0 microversion: 1.28
Jul 30 21:10:27.207648 ncdv-master-1 devstack@placement-api.service[116184]: [pid: 116184|app: 0|req: 287/583] 10.222.0.17 () {64 vars in 1323 bytes} [Sat Jul 30 21:10:27 2022] POST /placement/allocations => generated 0 bytes in 205 msecs (HTTP/1.1 204) 5 headers in 199 bytes (1 switches on core 0)
Jul 30 21:10:27.486066 ncdv-master-1 devstack@placement-api.service[116185]: DEBUG placement.requestlog [req-7b3bba75-1482-4659-8f17-530adb3fed87 req-90ddabe3-3786-45b4-b678-cf3a2f48ff72 None None] Starting request: 10.222.0.17 "GET /placement/allocation_candidates?limit=1000&resources=DISK_GB%3A1%2CMEMORY_MB%3A512%2CVCPU%3A1&root_required=%21COMPUTE_STATUS_DISABLED" {{(pid=116185) __call__ /opt/stack/placement/placement/requestlog.py:55}}
Jul 30 21:10:27.563356 ncdv-master-1 devstack@placement-api.service[116185]: DEBUG placement.objects.research_context [req-7b3bba75-1482-4659-8f17-530adb3fed87 req-90ddabe3-3786-45b4-b678-cf3a2f48ff72 service placement] getting providers with 1 DISK_GB {{(pid=116185) __init__ /opt/stack/placement/placement/objects/research_context.py:136}}
Jul 30 21:10:27.579115 ncdv-master-1 devstack@placement-api.service[116185]: DEBUG placement.objects.research_context [req-7b3bba75-1482-4659-8f17-530adb3fed87 req-90ddabe3-3786-45b4-b678-cf3a2f48ff72 service placement] getting providers with 512 MEMORY_MB {{(pid=116185) __init__ /opt/stack/placement/placement/objects/research_context.py:136}}
Jul 30 21:10:27.599180 ncdv-master-1 devstack@placement-api.service[116185]: DEBUG placement.objects.research_context [req-7b3bba75-1482-4659-8f17-530adb3fed87 req-90ddabe3-3786-45b4-b678-cf3a2f48ff72 service placement] getting providers with 1 VCPU {{(pid=116185) __init__ /opt/stack/placement/placement/objects/research_context.py:136}}
Jul 30 21:10:27.607377 ncdv-master-1 devstack@placement-api.service[116185]: DEBUG placement.objects.research_context [req-7b3bba75-1482-4659-8f17-530adb3fed87 req-90ddabe3-3786-45b4-b678-cf3a2f48ff72 service placement] found 2 providers with available 1 DISK_GB {{(pid=116185) get_provider_ids_matching /opt/stack/placement/placement/objects/research_context.py:563}}
Jul 30 21:10:27.607655 ncdv-master-1 devstack@placement-api.service[116185]: DEBUG placement.objects.research_context [req-7b3bba75-1482-4659-8f17-530adb3fed87 req-90ddabe3-3786-45b4-b678-cf3a2f48ff72 service placement] found 2 providers with available 512 MEMORY_MB {{(pid=116185) get_provider_ids_matching /opt/stack/placement/placement/objects/research_context.py:563}}
Jul 30 21:10:27.608096 ncdv-master-1 devstack@placement-api.service[116185]: DEBUG placement.objects.research_context [req-7b3bba75-1482-4659-8f17-530adb3fed87 req-90ddabe3-3786-45b4-b678-cf3a2f48ff72 service placement] found 2 providers after filtering by previous result {{(pid=116185) get_provider_ids_matching /opt/stack/placement/placement/objects/research_context.py:594}}
Jul 30 21:10:27.609035 ncdv-master-1 devstack@placement-api.service[116185]: DEBUG placement.objects.research_context [req-7b3bba75-1482-4659-8f17-530adb3fed87 req-90ddabe3-3786-45b4-b678-cf3a2f48ff72 service placement] found 2 providers with available 1 VCPU {{(pid=116185) get_provider_ids_matching /opt/stack/placement/placement/objects/research_context.py:563}}
Jul 30 21:10:27.609625 ncdv-master-1 devstack@placement-api.service[116185]: DEBUG placement.objects.research_context [req-7b3bba75-1482-4659-8f17-530adb3fed87 req-90ddabe3-3786-45b4-b678-cf3a2f48ff72 service placement] found 2 providers after filtering by previous result {{(pid=116185) get_provider_ids_matching /opt/stack/placement/placement/objects/research_context.py:594}}
Jul 30 21:10:27.663778 ncdv-master-1 devstack@placement-api.service[116185]: DEBUG placement.objects.allocation_candidate [req-7b3bba75-1482-4659-8f17-530adb3fed87 req-90ddabe3-3786-45b4-b678-cf3a2f48ff72 service placement] RequestGroup(use_same_provider=False, resources={DISK_GB:1, MEMORY_MB:512, VCPU:1}, traits=(), aggregates=[]) (suffix '') returned 2 matches {{(pid=116185) _get_by_requests /opt/stack/placement/placement/objects/allocation_candidate.py:156}}
Jul 30 21:10:27.666003 ncdv-master-1 devstack@placement-api.service[116185]: DEBUG placement.objects.allocation_candidate [req-7b3bba75-1482-4659-8f17-530adb3fed87 req-90ddabe3-3786-45b4-b678-cf3a2f48ff72 service placement] Merging candidates yields 2 allocation requests and 2 provider summaries {{(pid=116185) _merge_candidates /opt/stack/placement/placement/objects/allocation_candidate.py:809}}
Jul 30 21:10:27.671066 ncdv-master-1 devstack@placement-api.service[116185]: INFO placement.requestlog [req-7b3bba75-1482-4659-8f17-530adb3fed87 req-90ddabe3-3786-45b4-b678-cf3a2f48ff72 service placement] 10.222.0.17 "GET /placement/allocation_candidates?limit=1000&resources=DISK_GB%3A1%2CMEMORY_MB%3A512%2CVCPU%3A1&root_required=%21COMPUTE_STATUS_DISABLED" status: 200 len: 1307 microversion: 1.36
Jul 30 21:10:27.671796 ncdv-master-1 devstack@placement-api.service[116185]: [pid: 116185|app: 0|req: 297/584] 10.222.0.17 () {60 vars in 1504 bytes} [Sat Jul 30 21:10:27 2022] GET /placement/allocation_candidates?limit=1000&resources=DISK_GB%3A1%2CMEMORY_MB%3A512%2CVCPU%3A1&root_required=%21COMPUTE_STATUS_DISABLED => generated 1307 bytes in 186 msecs (HTTP/1.1 200) 8 headers in 297 bytes (1 switches on core 0)
Jul 30 21:10:27.832830 ncdv-master-1 devstack@placement-api.service[116184]: DEBUG placement.requestlog [req-7b3bba75-1482-4659-8f17-530adb3fed87 req-2ba3801e-c662-4188-8592-7d35f10a7549 None None] Starting request: 10.222.0.17 "GET /placement/allocations/01fa1642-fd0a-433e-886b-9ea8fbad6f07" {{(pid=116184) __call__ /opt/stack/placement/placement/requestlog.py:55}}
Jul 30 21:10:27.849678 ncdv-master-1 devstack@placement-api.service[116184]: INFO placement.requestlog [req-7b3bba75-1482-4659-8f17-530adb3fed87 req-2ba3801e-c662-4188-8592-7d35f10a7549 service placement] 10.222.0.17 "GET /placement/allocations/01fa1642-fd0a-433e-886b-9ea8fbad6f07" status: 200 len: 19 microversion: 1.28
Jul 30 21:10:27.855438 ncdv-master-1 devstack@placement-api.service[116184]: [pid: 116184|app: 0|req: 288/585] 10.222.0.17 () {60 vars in 1380 bytes} [Sat Jul 30 21:10:27 2022] GET /placement/allocations/01fa1642-fd0a-433e-886b-9ea8fbad6f07 => generated 19 bytes in 23 msecs (HTTP/1.1 200) 8 headers in 295 bytes (1 switches on core 0)
Jul 30 21:10:27.856439 ncdv-master-1 devstack@placement-api.service[116185]: DEBUG placement.requestlog [req-7b3bba75-1482-4659-8f17-530adb3fed87 req-409cbf36-d90b-4510-a56e-e54e0a083582 None None] Starting request: 10.222.0.17 "PUT /placement/allocations/01fa1642-fd0a-433e-886b-9ea8fbad6f07" {{(pid=116185) __call__ /opt/stack/placement/placement/requestlog.py:55}}
Jul 30 21:10:28.013460 ncdv-master-1 devstack@placement-api.service[116185]: DEBUG placement.handlers.allocation [req-7b3bba75-1482-4659-8f17-530adb3fed87 req-409cbf36-d90b-4510-a56e-e54e0a083582 service placement] Successfully wrote allocations [, , ] {{(pid=116185) _update_consumers_and_create_allocations /opt/stack/placement/placement/handlers/allocation.py:462}}
Jul 30 21:10:28.022193 ncdv-master-1 devstack@placement-api.service[116185]: INFO placement.requestlog [req-7b3bba75-1482-4659-8f17-530adb3fed87 req-409cbf36-d90b-4510-a56e-e54e0a083582 service placement] 10.222.0.17 "PUT /placement/allocations/01fa1642-fd0a-433e-886b-9ea8fbad6f07" status: 204 len: 0 microversion: 1.36
Jul 30 21:10:28.027731 ncdv-master-1 devstack@placement-api.service[116185]: [pid: 116185|app: 0|req: 298/586] 10.222.0.17 () {64 vars in 1433 bytes} [Sat Jul 30 21:10:27 2022] PUT /placement/allocations/01fa1642-fd0a-433e-886b-9ea8fbad6f07 => generated 0 bytes in 172 msecs (HTTP/1.1 204) 5 headers in 199 bytes (1 switches on core 0)
Jul 30 21:10:28.243354 ncdv-master-1 devstack@placement-api.service[116184]: DEBUG placement.requestlog [req-7b3bba75-1482-4659-8f17-530adb3fed87 req-a54d4862-adcb-4700-b0b1-710d02156692 None None] Starting request: 10.222.0.48 "GET /placement/allocations/01fa1642-fd0a-433e-886b-9ea8fbad6f07" {{(pid=116184) __call__ /opt/stack/placement/placement/requestlog.py:55}}
Jul 30 21:10:28.271323 ncdv-master-1 devstack@placement-api.service[116184]: INFO placement.requestlog [req-7b3bba75-1482-4659-8f17-530adb3fed87 req-a54d4862-adcb-4700-b0b1-710d02156692 service placement] 10.222.0.48 "GET /placement/allocations/01fa1642-fd0a-433e-886b-9ea8fbad6f07" status: 200 len: 258 microversion: 1.28
Jul 30 21:10:28.272356 ncdv-master-1 devstack@placement-api.service[116184]: [pid: 116184|app: 0|req: 289/587] 10.222.0.48 () {60 vars in 1377 bytes} [Sat Jul 30 21:10:28 2022] GET /placement/allocations/01fa1642-fd0a-433e-886b-9ea8fbad6f07 => generated 258 bytes in 29 msecs (HTTP/1.1 200) 8 headers in 296 bytes (1 switches on core 0)
Jul 30 21:10:28.294995 ncdv-master-1 devstack@placement-api.service[116185]: DEBUG placement.requestlog [req-a02ac790-e924-4164-bcf3-20157c4ab4ef req-142d6e7c-1077-44de-a832-c47432959f35 None None] Starting request: 10.222.0.47 "DELETE /placement/allocations/d295abd2-c66c-414c-ae62-219fe2572cb1" {{(pid=116185) __call__ /opt/stack/placement/placement/requestlog.py:55}}
Jul 30 21:10:28.348176 ncdv-master-1 devstack@placement-api.service[116185]: DEBUG placement.handlers.allocation [req-a02ac790-e924-4164-bcf3-20157c4ab4ef req-142d6e7c-1077-44de-a832-c47432959f35 service placement] Successfully deleted allocations [, , ] {{(pid=116185) delete_allocations /opt/stack/placement/placement/handlers/allocation.py:627}}
Jul 30 21:10:28.350150 ncdv-master-1 devstack@placement-api.service[116185]: INFO placement.requestlog [req-a02ac790-e924-4164-bcf3-20157c4ab4ef req-142d6e7c-1077-44de-a832-c47432959f35 service placement] 10.222.0.47 "DELETE /placement/allocations/d295abd2-c66c-414c-ae62-219fe2572cb1" status: 204 len: 0 microversion: 1.0
Jul 30 21:10:28.351070 ncdv-master-1 devstack@placement-api.service[116185]: [pid: 116185|app: 0|req: 299/588] 10.222.0.47 () {60 vars in 1355 bytes} [Sat Jul 30 21:10:28 2022] DELETE /placement/allocations/d295abd2-c66c-414c-ae62-219fe2572cb1 => generated 0 bytes in 56 msecs (HTTP/1.1 204) 5 headers in 198 bytes (1 switches on core 0)
Jul 30 21:10:29.682727 ncdv-master-1 devstack@placement-api.service[116184]: DEBUG placement.requestlog [None req-d7091fa8-d33a-41ac-9491-6fc5bcb74e1f None None] Starting request: 10.222.0.17 "GET /placement/resource_providers/0604059a-05f4-4366-9859-eaeb63ea356c/aggregates" {{(pid=116184) __call__ /opt/stack/placement/placement/requestlog.py:55}}
Jul 30 21:10:29.696554 ncdv-master-1 devstack@placement-api.service[116184]: INFO placement.requestlog [None req-d7091fa8-d33a-41ac-9491-6fc5bcb74e1f service placement] 10.222.0.17 "GET /placement/resource_providers/0604059a-05f4-4366-9859-eaeb63ea356c/aggregates" status: 404 len: 235 microversion: 1.1
Jul 30 21:10:29.698047 ncdv-master-1 devstack@placement-api.service[116184]: [pid: 116184|app: 0|req: 290/589] 10.222.0.17 () {58 vars in 1362 bytes} [Sat Jul 30 21:10:29 2022] GET /placement/resource_providers/0604059a-05f4-4366-9859-eaeb63ea356c/aggregates => generated 235 bytes in 17 msecs (HTTP/1.1 404) 5 headers in 202 bytes (1 switches on core 0)
Jul 30 21:10:29.704145 ncdv-master-1 devstack@placement-api.service[116185]: DEBUG placement.requestlog [None req-d2ad48c6-b9e0-450c-85d5-47018111c798 None None] Starting request: 10.222.0.17 "DELETE /placement/resource_providers/0604059a-05f4-4366-9859-eaeb63ea356c" {{(pid=116185) __call__ /opt/stack/placement/placement/requestlog.py:55}}
Jul 30 21:10:29.715828 ncdv-master-1 devstack@placement-api.service[116185]: DEBUG placement.wsgi_wrapper [None req-d2ad48c6-b9e0-450c-85d5-47018111c798 service placement] Placement API returning an error response: No resource provider with uuid 0604059a-05f4-4366-9859-eaeb63ea356c found for delete {{(pid=116185) call_func /opt/stack/placement/placement/wsgi_wrapper.py:31}}
Jul 30 21:10:29.716830 ncdv-master-1 devstack@placement-api.service[116185]: INFO placement.requestlog [None req-d2ad48c6-b9e0-450c-85d5-47018111c798 service placement] 10.222.0.17 "DELETE /placement/resource_providers/0604059a-05f4-4366-9859-eaeb63ea356c" status: 404 len: 246 microversion: 1.1
Jul 30 21:10:29.718174 ncdv-master-1 devstack@placement-api.service[116185]: [pid: 116185|app: 0|req: 300/590] 10.222.0.17 () {60 vars in 1351 bytes} [Sat Jul 30 21:10:29 2022] DELETE /placement/resource_providers/0604059a-05f4-4366-9859-eaeb63ea356c => generated 246 bytes in 14 msecs (HTTP/1.1 404) 6 headers in 231 bytes (1 switches on core 0)
Jul 30 21:10:36.964272 ncdv-master-1 devstack@placement-api.service[116184]: DEBUG placement.requestlog [None req-58027ee8-3f51-45b1-95bf-77a71a7502a8 None None] Starting request: 10.222.0.17 "GET /placement/resource_providers/e021277f-786b-4320-80ea-a61517342d1a/aggregates" {{(pid=116184) __call__ /opt/stack/placement/placement/requestlog.py:55}}
Jul 30 21:10:36.981872 ncdv-master-1 devstack@placement-api.service[116184]: INFO placement.requestlog [None req-58027ee8-3f51-45b1-95bf-77a71a7502a8 service placement] 10.222.0.17 "GET /placement/resource_providers/e021277f-786b-4320-80ea-a61517342d1a/aggregates" status: 404 len: 235 microversion: 1.1
Jul 30 21:10:36.982250 ncdv-master-1 devstack@placement-api.service[116184]: [pid: 116184|app: 0|req: 291/591] 10.222.0.17 () {58 vars in 1362 bytes} [Sat Jul 30 21:10:36 2022] GET /placement/resource_providers/e021277f-786b-4320-80ea-a61517342d1a/aggregates => generated 235 bytes in 18 msecs (HTTP/1.1 404) 5 headers in 202 bytes (1 switches on core 0)
Jul 30 21:10:37.031187 ncdv-master-1 devstack@placement-api.service[116185]: DEBUG placement.requestlog [None req-9b93a240-9b56-4d73-bf28-4646f908eb56 None None] Starting request: 10.222.0.17 "DELETE /placement/resource_providers/e021277f-786b-4320-80ea-a61517342d1a" {{(pid=116185) __call__ /opt/stack/placement/placement/requestlog.py:55}}
Jul 30 21:10:37.070940 ncdv-master-1 devstack@placement-api.service[116185]: DEBUG placement.wsgi_wrapper [None req-9b93a240-9b56-4d73-bf28-4646f908eb56 service placement] Placement API returning an error response: No resource provider with uuid e021277f-786b-4320-80ea-a61517342d1a found for delete {{(pid=116185) call_func /opt/stack/placement/placement/wsgi_wrapper.py:31}}
Jul 30 21:10:37.071799 ncdv-master-1 devstack@placement-api.service[116185]: INFO placement.requestlog [None req-9b93a240-9b56-4d73-bf28-4646f908eb56 service placement] 10.222.0.17 "DELETE /placement/resource_providers/e021277f-786b-4320-80ea-a61517342d1a" status: 404 len: 246 microversion: 1.1
Jul 30 21:10:37.072180 ncdv-master-1 devstack@placement-api.service[116185]: [pid: 116185|app: 0|req: 301/592] 10.222.0.17 () {60 vars in 1351 bytes} [Sat Jul 30 21:10:37 2022] DELETE /placement/resource_providers/e021277f-786b-4320-80ea-a61517342d1a => generated 246 bytes in 41 msecs (HTTP/1.1 404) 6 headers in 231 bytes (1 switches on core 0)
Jul 30 21:10:41.604189 ncdv-master-1 devstack@placement-api.service[116184]: DEBUG placement.requestlog [req-ca05970b-4fb4-488b-803d-87ecf2b7a581 req-60847543-50d8-409e-ae0a-1bd7c71abc5b None None] Starting request: 10.222.0.17 "GET /placement/allocation_candidates?limit=1000&resources=DISK_GB%3A1%2CMEMORY_MB%3A1024%2CVCPU%3A1&root_required=%21COMPUTE_STATUS_DISABLED" {{(pid=116184) __call__ /opt/stack/placement/placement/requestlog.py:55}}
Jul 30 21:10:41.859972 ncdv-master-1 devstack@placement-api.service[116184]: DEBUG dbcounter [-] [116184] Writing DB stats placement:SELECT=79,placement:DELETE=7,placement:INSERT=9,placement:UPDATE=5 {{(pid=116184) stat_writer /usr/local/lib/python3.8/dist-packages/dbcounter.py:114}}
Jul 30 21:10:41.871151 ncdv-master-1 devstack@placement-api.service[116184]: DEBUG placement.objects.research_context [req-ca05970b-4fb4-488b-803d-87ecf2b7a581 req-60847543-50d8-409e-ae0a-1bd7c71abc5b service placement] getting providers with 1 DISK_GB {{(pid=116184) __init__ /opt/stack/placement/placement/objects/research_context.py:136}}
Jul 30 21:10:41.881329 ncdv-master-1 devstack@placement-api.service[116184]: DEBUG placement.objects.research_context [req-ca05970b-4fb4-488b-803d-87ecf2b7a581 req-60847543-50d8-409e-ae0a-1bd7c71abc5b service placement] getting providers with 1024 MEMORY_MB {{(pid=116184) __init__ /opt/stack/placement/placement/objects/research_context.py:136}}
Jul 30 21:10:41.902803 ncdv-master-1 devstack@placement-api.service[116184]: DEBUG placement.objects.research_context [req-ca05970b-4fb4-488b-803d-87ecf2b7a581 req-60847543-50d8-409e-ae0a-1bd7c71abc5b service placement] getting providers with 1 VCPU {{(pid=116184) __init__ /opt/stack/placement/placement/objects/research_context.py:136}}
Jul 30 21:10:41.916766 ncdv-master-1 devstack@placement-api.service[116184]: DEBUG placement.objects.research_context [req-ca05970b-4fb4-488b-803d-87ecf2b7a581 req-60847543-50d8-409e-ae0a-1bd7c71abc5b service placement] found 2 providers with available 1 DISK_GB {{(pid=116184) get_provider_ids_matching /opt/stack/placement/placement/objects/research_context.py:563}}
Jul 30 21:10:41.917306 ncdv-master-1 devstack@placement-api.service[116184]: DEBUG placement.objects.research_context [req-ca05970b-4fb4-488b-803d-87ecf2b7a581 req-60847543-50d8-409e-ae0a-1bd7c71abc5b service placement] found 2 providers with available 1024 MEMORY_MB {{(pid=116184) get_provider_ids_matching /opt/stack/placement/placement/objects/research_context.py:563}}
Jul 30 21:10:41.917728 ncdv-master-1 devstack@placement-api.service[116184]: DEBUG placement.objects.research_context [req-ca05970b-4fb4-488b-803d-87ecf2b7a581 req-60847543-50d8-409e-ae0a-1bd7c71abc5b service placement] found 2 providers after filtering by previous result {{(pid=116184) get_provider_ids_matching /opt/stack/placement/placement/objects/research_context.py:594}}
Jul 30 21:10:41.918137 ncdv-master-1 devstack@placement-api.service[116184]: DEBUG placement.objects.research_context [req-ca05970b-4fb4-488b-803d-87ecf2b7a581 req-60847543-50d8-409e-ae0a-1bd7c71abc5b service placement] found 2 providers with available 1 VCPU {{(pid=116184) get_provider_ids_matching /opt/stack/placement/placement/objects/research_context.py:563}}
Jul 30 21:10:41.918987 ncdv-master-1 devstack@placement-api.service[116184]: DEBUG placement.objects.research_context [req-ca05970b-4fb4-488b-803d-87ecf2b7a581 req-60847543-50d8-409e-ae0a-1bd7c71abc5b service placement] found 2 providers after filtering by previous result {{(pid=116184) get_provider_ids_matching /opt/stack/placement/placement/objects/research_context.py:594}}
Jul 30 21:10:41.954215 ncdv-master-1 devstack@placement-api.service[116184]: DEBUG placement.objects.allocation_candidate [req-ca05970b-4fb4-488b-803d-87ecf2b7a581 req-60847543-50d8-409e-ae0a-1bd7c71abc5b service placement] RequestGroup(use_same_provider=False, resources={DISK_GB:1, MEMORY_MB:1024, VCPU:1}, traits=(), aggregates=[]) (suffix '') returned 2 matches {{(pid=116184) _get_by_requests /opt/stack/placement/placement/objects/allocation_candidate.py:156}}
Jul 30 21:10:41.955166 ncdv-master-1 devstack@placement-api.service[116184]: DEBUG placement.objects.allocation_candidate [req-ca05970b-4fb4-488b-803d-87ecf2b7a581 req-60847543-50d8-409e-ae0a-1bd7c71abc5b service placement] Merging candidates yields 2 allocation requests and 2 provider summaries {{(pid=116184) _merge_candidates /opt/stack/placement/placement/objects/allocation_candidate.py:809}}
Jul 30 21:10:41.958721 ncdv-master-1 devstack@placement-api.service[116184]: INFO placement.requestlog [req-ca05970b-4fb4-488b-803d-87ecf2b7a581 req-60847543-50d8-409e-ae0a-1bd7c71abc5b service placement] 10.222.0.17 "GET /placement/allocation_candidates?limit=1000&resources=DISK_GB%3A1%2CMEMORY_MB%3A1024%2CVCPU%3A1&root_required=%21COMPUTE_STATUS_DISABLED" status: 200 len: 1309 microversion: 1.36
Jul 30 21:10:41.965861 ncdv-master-1 devstack@placement-api.service[116184]: [pid: 116184|app: 0|req: 292/593] 10.222.0.17 () {60 vars in 1506 bytes} [Sat Jul 30 21:10:41 2022] GET /placement/allocation_candidates?limit=1000&resources=DISK_GB%3A1%2CMEMORY_MB%3A1024%2CVCPU%3A1&root_required=%21COMPUTE_STATUS_DISABLED => generated 1309 bytes in 362 msecs (HTTP/1.1 200) 8 headers in 297 bytes (1 switches on core 0)
Jul 30 21:10:42.148818 ncdv-master-1 devstack@placement-api.service[116185]: DEBUG placement.requestlog [req-ca05970b-4fb4-488b-803d-87ecf2b7a581 req-ef5d8134-f563-4a0f-aa95-62a6464b3d9d None None] Starting request: 10.222.0.17 "GET /placement/allocations/21acb434-81bc-4b5a-9933-73289bc11bbc" {{(pid=116185) __call__ /opt/stack/placement/placement/requestlog.py:55}}
Jul 30 21:10:42.172286 ncdv-master-1 devstack@placement-api.service[116184]: DEBUG placement.requestlog [req-84c78b4b-9f25-41bc-8223-c91cc5b9a29d req-fcd637b9-fac2-4631-be58-512d6577d048 None None] Starting request: 10.222.0.17 "GET /placement/allocation_candidates?limit=1000&resources=DISK_GB%3A1%2CMEMORY_MB%3A1024%2CVCPU%3A1&root_required=%21COMPUTE_STATUS_DISABLED" {{(pid=116184) __call__ /opt/stack/placement/placement/requestlog.py:55}}
Jul 30 21:10:42.212095 ncdv-master-1 devstack@placement-api.service[116185]: INFO placement.requestlog [req-ca05970b-4fb4-488b-803d-87ecf2b7a581 req-ef5d8134-f563-4a0f-aa95-62a6464b3d9d service placement] 10.222.0.17 "GET /placement/allocations/21acb434-81bc-4b5a-9933-73289bc11bbc" status: 200 len: 19 microversion: 1.28
Jul 30 21:10:42.212582 ncdv-master-1 devstack@placement-api.service[116185]: [pid: 116185|app: 0|req: 302/594] 10.222.0.17 () {60 vars in 1380 bytes} [Sat Jul 30 21:10:42 2022] GET /placement/allocations/21acb434-81bc-4b5a-9933-73289bc11bbc => generated 19 bytes in 64 msecs (HTTP/1.1 200) 8 headers in 295 bytes (1 switches on core 0)
Jul 30 21:10:42.220101 ncdv-master-1 devstack@placement-api.service[116185]: DEBUG placement.requestlog [req-ca05970b-4fb4-488b-803d-87ecf2b7a581 req-c15a49f9-8c51-47f0-8c8b-56f959d37bff None None] Starting request: 10.222.0.17 "PUT /placement/allocations/21acb434-81bc-4b5a-9933-73289bc11bbc" {{(pid=116185) __call__ /opt/stack/placement/placement/requestlog.py:55}}
Jul 30 21:10:42.325384 ncdv-master-1 devstack@placement-api.service[116184]: DEBUG placement.objects.research_context [req-84c78b4b-9f25-41bc-8223-c91cc5b9a29d req-fcd637b9-fac2-4631-be58-512d6577d048 service placement] getting providers with 1 DISK_GB {{(pid=116184) __init__ /opt/stack/placement/placement/objects/research_context.py:136}}
Jul 30 21:10:42.346004 ncdv-master-1 devstack@placement-api.service[116184]: DEBUG placement.objects.research_context [req-84c78b4b-9f25-41bc-8223-c91cc5b9a29d req-fcd637b9-fac2-4631-be58-512d6577d048 service placement] getting providers with 1024 MEMORY_MB {{(pid=116184) __init__ /opt/stack/placement/placement/objects/research_context.py:136}}
Jul 30 21:10:42.361828 ncdv-master-1 devstack@placement-api.service[116184]: DEBUG placement.objects.research_context [req-84c78b4b-9f25-41bc-8223-c91cc5b9a29d req-fcd637b9-fac2-4631-be58-512d6577d048 service placement] getting providers with 1 VCPU {{(pid=116184) __init__ /opt/stack/placement/placement/objects/research_context.py:136}}
Jul 30 21:10:42.383631 ncdv-master-1 devstack@placement-api.service[116184]: DEBUG placement.objects.research_context [req-84c78b4b-9f25-41bc-8223-c91cc5b9a29d req-fcd637b9-fac2-4631-be58-512d6577d048 service placement] found 2 providers with available 1 DISK_GB {{(pid=116184) get_provider_ids_matching /opt/stack/placement/placement/objects/research_context.py:563}}
Jul 30 21:10:42.386513 ncdv-master-1 devstack@placement-api.service[116184]: DEBUG placement.objects.research_context [req-84c78b4b-9f25-41bc-8223-c91cc5b9a29d req-fcd637b9-fac2-4631-be58-512d6577d048 service placement] found 2 providers with available 1024 MEMORY_MB {{(pid=116184) get_provider_ids_matching /opt/stack/placement/placement/objects/research_context.py:563}}
Jul 30 21:10:42.386967 ncdv-master-1 devstack@placement-api.service[116184]: DEBUG placement.objects.research_context [req-84c78b4b-9f25-41bc-8223-c91cc5b9a29d req-fcd637b9-fac2-4631-be58-512d6577d048 service placement] found 2 providers after filtering by previous result {{(pid=116184) get_provider_ids_matching /opt/stack/placement/placement/objects/research_context.py:594}}
Jul 30 21:10:42.387781 ncdv-master-1 devstack@placement-api.service[116184]: DEBUG placement.objects.research_context [req-84c78b4b-9f25-41bc-8223-c91cc5b9a29d req-fcd637b9-fac2-4631-be58-512d6577d048 service placement] found 2 providers with available 1 VCPU {{(pid=116184) get_provider_ids_matching /opt/stack/placement/placement/objects/research_context.py:563}}
Jul 30 21:10:42.388211 ncdv-master-1 devstack@placement-api.service[116184]: DEBUG placement.objects.research_context [req-84c78b4b-9f25-41bc-8223-c91cc5b9a29d req-fcd637b9-fac2-4631-be58-512d6577d048 service placement] found 2 providers after filtering by previous result {{(pid=116184) get_provider_ids_matching /opt/stack/placement/placement/objects/research_context.py:594}}
Jul 30 21:10:42.414843 ncdv-master-1 devstack@placement-api.service[116184]: DEBUG placement.objects.allocation_candidate [req-84c78b4b-9f25-41bc-8223-c91cc5b9a29d req-fcd637b9-fac2-4631-be58-512d6577d048 service placement] RequestGroup(use_same_provider=False, resources={DISK_GB:1, MEMORY_MB:1024, VCPU:1}, traits=(), aggregates=[]) (suffix '') returned 2 matches {{(pid=116184) _get_by_requests /opt/stack/placement/placement/objects/allocation_candidate.py:156}}
Jul 30 21:10:42.415721 ncdv-master-1 devstack@placement-api.service[116184]: DEBUG placement.objects.allocation_candidate [req-84c78b4b-9f25-41bc-8223-c91cc5b9a29d req-fcd637b9-fac2-4631-be58-512d6577d048 service placement] Merging candidates yields 2 allocation requests and 2 provider summaries {{(pid=116184) _merge_candidates /opt/stack/placement/placement/objects/allocation_candidate.py:809}}
Jul 30 21:10:42.417696 ncdv-master-1 devstack@placement-api.service[116185]: DEBUG dbcounter [-] [116185] Writing DB stats placement:SELECT=78,placement:DELETE=8,placement:INSERT=10,placement:UPDATE=4 {{(pid=116185) stat_writer /usr/local/lib/python3.8/dist-packages/dbcounter.py:114}}
Jul 30 21:10:42.419330 ncdv-master-1 devstack@placement-api.service[116185]: DEBUG placement.handlers.allocation [req-ca05970b-4fb4-488b-803d-87ecf2b7a581 req-c15a49f9-8c51-47f0-8c8b-56f959d37bff service placement] Successfully wrote allocations [, , ] {{(pid=116185) _update_consumers_and_create_allocations /opt/stack/placement/placement/handlers/allocation.py:462}}
Jul 30 21:10:42.421677 ncdv-master-1 devstack@placement-api.service[116184]: INFO placement.requestlog [req-84c78b4b-9f25-41bc-8223-c91cc5b9a29d req-fcd637b9-fac2-4631-be58-512d6577d048 service placement] 10.222.0.17 "GET /placement/allocation_candidates?limit=1000&resources=DISK_GB%3A1%2CMEMORY_MB%3A1024%2CVCPU%3A1&root_required=%21COMPUTE_STATUS_DISABLED" status: 200 len: 1309 microversion: 1.36
Jul 30 21:10:42.425833 ncdv-master-1 devstack@placement-api.service[116184]: [pid: 116184|app: 0|req: 293/595] 10.222.0.17 () {60 vars in 1506 bytes} [Sat Jul 30 21:10:42 2022] GET /placement/allocation_candidates?limit=1000&resources=DISK_GB%3A1%2CMEMORY_MB%3A1024%2CVCPU%3A1&root_required=%21COMPUTE_STATUS_DISABLED => generated 1309 bytes in 254 msecs (HTTP/1.1 200) 8 headers in 297 bytes (2 switches on core 0)
Jul 30 21:10:42.444964 ncdv-master-1 devstack@placement-api.service[116185]: INFO placement.requestlog [req-ca05970b-4fb4-488b-803d-87ecf2b7a581 req-c15a49f9-8c51-47f0-8c8b-56f959d37bff service placement] 10.222.0.17 "PUT /placement/allocations/21acb434-81bc-4b5a-9933-73289bc11bbc" status: 204 len: 0 microversion: 1.36
Jul 30 21:10:42.446363 ncdv-master-1 devstack@placement-api.service[116185]: [pid: 116185|app: 0|req: 303/596] 10.222.0.17 () {64 vars in 1433 bytes} [Sat Jul 30 21:10:42 2022] PUT /placement/allocations/21acb434-81bc-4b5a-9933-73289bc11bbc => generated 0 bytes in 226 msecs (HTTP/1.1 204) 5 headers in 199 bytes (1 switches on core 0)
Jul 30 21:10:42.522046 ncdv-master-1 devstack@placement-api.service[116184]: DEBUG placement.requestlog [req-84c78b4b-9f25-41bc-8223-c91cc5b9a29d req-a204ff00-499c-4310-819c-8e230eca254a None None] Starting request: 10.222.0.17 "GET /placement/allocations/17a61d8b-8384-4314-9ba4-a04db0c365f9" {{(pid=116184) __call__ /opt/stack/placement/placement/requestlog.py:55}}
Jul 30 21:10:42.539588 ncdv-master-1 devstack@placement-api.service[116184]: INFO placement.requestlog [req-84c78b4b-9f25-41bc-8223-c91cc5b9a29d req-a204ff00-499c-4310-819c-8e230eca254a service placement] 10.222.0.17 "GET /placement/allocations/17a61d8b-8384-4314-9ba4-a04db0c365f9" status: 200 len: 19 microversion: 1.28
Jul 30 21:10:42.540165 ncdv-master-1 devstack@placement-api.service[116184]: [pid: 116184|app: 0|req: 294/597] 10.222.0.17 () {60 vars in 1380 bytes} [Sat Jul 30 21:10:42 2022] GET /placement/allocations/17a61d8b-8384-4314-9ba4-a04db0c365f9 => generated 19 bytes in 18 msecs (HTTP/1.1 200) 8 headers in 295 bytes (1 switches on core 0)
Jul 30 21:10:42.547231 ncdv-master-1 devstack@placement-api.service[116185]: DEBUG placement.requestlog [req-84c78b4b-9f25-41bc-8223-c91cc5b9a29d req-e6ef533e-7192-4184-bb1e-184bcbaa4486 None None] Starting request: 10.222.0.17 "PUT /placement/allocations/17a61d8b-8384-4314-9ba4-a04db0c365f9" {{(pid=116185) __call__ /opt/stack/placement/placement/requestlog.py:55}}
Jul 30 21:10:42.784551 ncdv-master-1 devstack@placement-api.service[116185]: DEBUG placement.handlers.allocation [req-84c78b4b-9f25-41bc-8223-c91cc5b9a29d req-e6ef533e-7192-4184-bb1e-184bcbaa4486 service placement] Successfully wrote allocations [, , ] {{(pid=116185) _update_consumers_and_create_allocations /opt/stack/placement/placement/handlers/allocation.py:462}}
Jul 30 21:10:42.793006 ncdv-master-1 devstack@placement-api.service[116185]: INFO placement.requestlog [req-84c78b4b-9f25-41bc-8223-c91cc5b9a29d req-e6ef533e-7192-4184-bb1e-184bcbaa4486 service placement] 10.222.0.17 "PUT /placement/allocations/17a61d8b-8384-4314-9ba4-a04db0c365f9" status: 204 len: 0 microversion: 1.36
Jul 30 21:10:42.793398 ncdv-master-1 devstack@placement-api.service[116185]: [pid: 116185|app: 0|req: 304/598] 10.222.0.17 () {64 vars in 1433 bytes} [Sat Jul 30 21:10:42 2022] PUT /placement/allocations/17a61d8b-8384-4314-9ba4-a04db0c365f9 => generated 0 bytes in 246 msecs (HTTP/1.1 204) 5 headers in 199 bytes (1 switches on core 0)
Jul 30 21:10:43.122489 ncdv-master-1 devstack@placement-api.service[116184]: DEBUG placement.requestlog [req-ca05970b-4fb4-488b-803d-87ecf2b7a581 req-463480b9-4dc1-4e81-b118-5dc3e6871213 None None] Starting request: 10.222.0.47 "GET /placement/allocations/21acb434-81bc-4b5a-9933-73289bc11bbc" {{(pid=116184) __call__ /opt/stack/placement/placement/requestlog.py:55}}
Jul 30 21:10:43.175629 ncdv-master-1 devstack@placement-api.service[116184]: INFO placement.requestlog [req-ca05970b-4fb4-488b-803d-87ecf2b7a581 req-463480b9-4dc1-4e81-b118-5dc3e6871213 service placement] 10.222.0.47 "GET /placement/allocations/21acb434-81bc-4b5a-9933-73289bc11bbc" status: 200 len: 259 microversion: 1.28
Jul 30 21:10:43.179738 ncdv-master-1 devstack@placement-api.service[116184]: [pid: 116184|app: 0|req: 295/599] 10.222.0.47 () {60 vars in 1377 bytes} [Sat Jul 30 21:10:43 2022] GET /placement/allocations/21acb434-81bc-4b5a-9933-73289bc11bbc => generated 259 bytes in 57 msecs (HTTP/1.1 200) 8 headers in 296 bytes (1 switches on core 0)
Jul 30 21:10:43.406121 ncdv-master-1 devstack@placement-api.service[116185]: DEBUG placement.requestlog [req-84c78b4b-9f25-41bc-8223-c91cc5b9a29d req-e996018f-861a-4f7f-be83-9fb5c69554e3 None None] Starting request: 10.222.0.47 "GET /placement/allocations/17a61d8b-8384-4314-9ba4-a04db0c365f9" {{(pid=116185) __call__ /opt/stack/placement/placement/requestlog.py:55}}
Jul 30 21:10:43.457021 ncdv-master-1 devstack@placement-api.service[116185]: INFO placement.requestlog [req-84c78b4b-9f25-41bc-8223-c91cc5b9a29d req-e996018f-861a-4f7f-be83-9fb5c69554e3 service placement] 10.222.0.47 "GET /placement/allocations/17a61d8b-8384-4314-9ba4-a04db0c365f9" status: 200 len: 259 microversion: 1.28
Jul 30 21:10:43.464894 ncdv-master-1 devstack@placement-api.service[116185]: [pid: 116185|app: 0|req: 305/600] 10.222.0.47 () {60 vars in 1377 bytes} [Sat Jul 30 21:10:43 2022] GET /placement/allocations/17a61d8b-8384-4314-9ba4-a04db0c365f9 => generated 259 bytes in 59 msecs (HTTP/1.1 200) 8 headers in 296 bytes (1 switches on core 0)
Jul 30 21:10:44.250014 ncdv-master-1 devstack@placement-api.service[116184]: DEBUG placement.requestlog [req-cf5af8ab-bcd2-47b6-b841-4059605a97d3 req-dd228f28-a078-4175-8090-2750247c6099 None None] Starting request: 10.222.0.17 "GET /placement/allocation_candidates?limit=1000&resources=DISK_GB%3A1%2CMEMORY_MB%3A1024%2CVCPU%3A1&root_required=%21COMPUTE_STATUS_DISABLED" {{(pid=116184) __call__ /opt/stack/placement/placement/requestlog.py:55}}
Jul 30 21:10:44.420953 ncdv-master-1 devstack@placement-api.service[116184]: DEBUG placement.objects.research_context [req-cf5af8ab-bcd2-47b6-b841-4059605a97d3 req-dd228f28-a078-4175-8090-2750247c6099 service placement] getting providers with 1 DISK_GB {{(pid=116184) __init__ /opt/stack/placement/placement/objects/research_context.py:136}}
Jul 30 21:10:44.447980 ncdv-master-1 devstack@placement-api.service[116184]: DEBUG placement.objects.research_context [req-cf5af8ab-bcd2-47b6-b841-4059605a97d3 req-dd228f28-a078-4175-8090-2750247c6099 service placement] getting providers with 1024 MEMORY_MB {{(pid=116184) __init__ /opt/stack/placement/placement/objects/research_context.py:136}}
Jul 30 21:10:44.465679 ncdv-master-1 devstack@placement-api.service[116184]: DEBUG placement.objects.research_context [req-cf5af8ab-bcd2-47b6-b841-4059605a97d3 req-dd228f28-a078-4175-8090-2750247c6099 service placement] getting providers with 1 VCPU {{(pid=116184) __init__ /opt/stack/placement/placement/objects/research_context.py:136}}
Jul 30 21:10:44.477706 ncdv-master-1 devstack@placement-api.service[116184]: DEBUG placement.objects.research_context [req-cf5af8ab-bcd2-47b6-b841-4059605a97d3 req-dd228f28-a078-4175-8090-2750247c6099 service placement] found 2 providers with available 1 DISK_GB {{(pid=116184) get_provider_ids_matching /opt/stack/placement/placement/objects/research_context.py:563}}
Jul 30 21:10:44.477986 ncdv-master-1 devstack@placement-api.service[116184]: DEBUG placement.objects.research_context [req-cf5af8ab-bcd2-47b6-b841-4059605a97d3 req-dd228f28-a078-4175-8090-2750247c6099 service placement] found 2 providers with available 1024 MEMORY_MB {{(pid=116184) get_provider_ids_matching /opt/stack/placement/placement/objects/research_context.py:563}}
Jul 30 21:10:44.478262 ncdv-master-1 devstack@placement-api.service[116184]: DEBUG placement.objects.research_context [req-cf5af8ab-bcd2-47b6-b841-4059605a97d3 req-dd228f28-a078-4175-8090-2750247c6099 service placement] found 2 providers after filtering by previous result {{(pid=116184) get_provider_ids_matching /opt/stack/placement/placement/objects/research_context.py:594}}
Jul 30 21:10:44.479563 ncdv-master-1 devstack@placement-api.service[116184]: DEBUG placement.objects.research_context [req-cf5af8ab-bcd2-47b6-b841-4059605a97d3 req-dd228f28-a078-4175-8090-2750247c6099 service placement] found 2 providers with available 1 VCPU {{(pid=116184) get_provider_ids_matching /opt/stack/placement/placement/objects/research_context.py:563}}
Jul 30 21:10:44.479843 ncdv-master-1 devstack@placement-api.service[116184]: DEBUG placement.objects.research_context [req-cf5af8ab-bcd2-47b6-b841-4059605a97d3 req-dd228f28-a078-4175-8090-2750247c6099 service placement] found 2 providers after filtering by previous result {{(pid=116184) get_provider_ids_matching /opt/stack/placement/placement/objects/research_context.py:594}}
Jul 30 21:10:44.514499 ncdv-master-1 devstack@placement-api.service[116184]: DEBUG placement.objects.allocation_candidate [req-cf5af8ab-bcd2-47b6-b841-4059605a97d3 req-dd228f28-a078-4175-8090-2750247c6099 service placement] RequestGroup(use_same_provider=False, resources={DISK_GB:1, MEMORY_MB:1024, VCPU:1}, traits=(), aggregates=[]) (suffix '') returned 2 matches {{(pid=116184) _get_by_requests /opt/stack/placement/placement/objects/allocation_candidate.py:156}}
Jul 30 21:10:44.514896 ncdv-master-1 devstack@placement-api.service[116184]: DEBUG placement.objects.allocation_candidate [req-cf5af8ab-bcd2-47b6-b841-4059605a97d3 req-dd228f28-a078-4175-8090-2750247c6099 service placement] Merging candidates yields 2 allocation requests and 2 provider summaries {{(pid=116184) _merge_candidates /opt/stack/placement/placement/objects/allocation_candidate.py:809}}
Jul 30 21:10:44.532251 ncdv-master-1 devstack@placement-api.service[116184]: INFO placement.requestlog [req-cf5af8ab-bcd2-47b6-b841-4059605a97d3 req-dd228f28-a078-4175-8090-2750247c6099 service placement] 10.222.0.17 "GET /placement/allocation_candidates?limit=1000&resources=DISK_GB%3A1%2CMEMORY_MB%3A1024%2CVCPU%3A1&root_required=%21COMPUTE_STATUS_DISABLED" status: 200 len: 1309 microversion: 1.36
Jul 30 21:10:44.533481 ncdv-master-1 devstack@placement-api.service[116184]: [pid: 116184|app: 0|req: 296/601] 10.222.0.17 () {60 vars in 1506 bytes} [Sat Jul 30 21:10:44 2022] GET /placement/allocation_candidates?limit=1000&resources=DISK_GB%3A1%2CMEMORY_MB%3A1024%2CVCPU%3A1&root_required=%21COMPUTE_STATUS_DISABLED => generated 1309 bytes in 285 msecs (HTTP/1.1 200) 8 headers in 297 bytes (1 switches on core 0)
Jul 30 21:10:44.698953 ncdv-master-1 devstack@placement-api.service[116185]: DEBUG placement.requestlog [req-cf5af8ab-bcd2-47b6-b841-4059605a97d3 req-6a989399-f0a6-4228-80a7-2dbf574de3f0 None None] Starting request: 10.222.0.17 "GET /placement/allocations/6a092da1-0ff1-4237-8612-037fb25c74fe" {{(pid=116185) __call__ /opt/stack/placement/placement/requestlog.py:55}}
Jul 30 21:10:44.720072 ncdv-master-1 devstack@placement-api.service[116185]: INFO placement.requestlog [req-cf5af8ab-bcd2-47b6-b841-4059605a97d3 req-6a989399-f0a6-4228-80a7-2dbf574de3f0 service placement] 10.222.0.17 "GET /placement/allocations/6a092da1-0ff1-4237-8612-037fb25c74fe" status: 200 len: 19 microversion: 1.28
Jul 30 21:10:44.723220 ncdv-master-1 devstack@placement-api.service[116185]: [pid: 116185|app: 0|req: 306/602] 10.222.0.17 () {60 vars in 1380 bytes} [Sat Jul 30 21:10:44 2022] GET /placement/allocations/6a092da1-0ff1-4237-8612-037fb25c74fe => generated 19 bytes in 25 msecs (HTTP/1.1 200) 8 headers in 295 bytes (1 switches on core 0)
Jul 30 21:10:44.737318 ncdv-master-1 devstack@placement-api.service[116184]: DEBUG placement.requestlog [req-cf5af8ab-bcd2-47b6-b841-4059605a97d3 req-ae60b86e-1ac4-4cc8-8c38-104777127936 None None] Starting request: 10.222.0.17 "PUT /placement/allocations/6a092da1-0ff1-4237-8612-037fb25c74fe" {{(pid=116184) __call__ /opt/stack/placement/placement/requestlog.py:55}}
Jul 30 21:10:44.868447 ncdv-master-1 devstack@placement-api.service[116184]: DEBUG placement.handlers.allocation [req-cf5af8ab-bcd2-47b6-b841-4059605a97d3 req-ae60b86e-1ac4-4cc8-8c38-104777127936 service placement] Successfully wrote allocations [, , ] {{(pid=116184) _update_consumers_and_create_allocations /opt/stack/placement/placement/handlers/allocation.py:462}}
Jul 30 21:10:44.873391 ncdv-master-1 devstack@placement-api.service[116184]: INFO placement.requestlog [req-cf5af8ab-bcd2-47b6-b841-4059605a97d3 req-ae60b86e-1ac4-4cc8-8c38-104777127936 service placement] 10.222.0.17 "PUT /placement/allocations/6a092da1-0ff1-4237-8612-037fb25c74fe" status: 204 len: 0 microversion: 1.36
Jul 30 21:10:44.875379 ncdv-master-1 devstack@placement-api.service[116184]: [pid: 116184|app: 0|req: 297/603] 10.222.0.17 () {64 vars in 1433 bytes} [Sat Jul 30 21:10:44 2022] PUT /placement/allocations/6a092da1-0ff1-4237-8612-037fb25c74fe => generated 0 bytes in 138 msecs (HTTP/1.1 204) 5 headers in 199 bytes (1 switches on core 0)
Jul 30 21:10:45.562735 ncdv-master-1 devstack@placement-api.service[116185]: DEBUG placement.requestlog [req-cf5af8ab-bcd2-47b6-b841-4059605a97d3 req-003d0781-aace-4602-b095-eb1730d2e46d None None] Starting request: 10.222.0.48 "GET /placement/allocations/6a092da1-0ff1-4237-8612-037fb25c74fe" {{(pid=116185) __call__ /opt/stack/placement/placement/requestlog.py:55}}
Jul 30 21:10:45.588381 ncdv-master-1 devstack@placement-api.service[116185]: INFO placement.requestlog [req-cf5af8ab-bcd2-47b6-b841-4059605a97d3 req-003d0781-aace-4602-b095-eb1730d2e46d service placement] 10.222.0.48 "GET /placement/allocations/6a092da1-0ff1-4237-8612-037fb25c74fe" status: 200 len: 259 microversion: 1.28
Jul 30 21:10:45.589098 ncdv-master-1 devstack@placement-api.service[116185]: [pid: 116185|app: 0|req: 307/604] 10.222.0.48 () {60 vars in 1377 bytes} [Sat Jul 30 21:10:45 2022] GET /placement/allocations/6a092da1-0ff1-4237-8612-037fb25c74fe => generated 259 bytes in 28 msecs (HTTP/1.1 200) 8 headers in 296 bytes (1 switches on core 0)
Jul 30 21:10:45.970198 ncdv-master-1 devstack@placement-api.service[116184]: DEBUG placement.requestlog [req-4d40eaaf-cc61-4827-864f-5be6695eb254 req-2ffb9995-82dd-41ec-9387-daf0b87edefc None None] Starting request: 10.222.0.17 "GET /placement/allocation_candidates?limit=1000&resources=DISK_GB%3A1%2CMEMORY_MB%3A1024%2CVCPU%3A1&root_required=%21COMPUTE_STATUS_DISABLED" {{(pid=116184) __call__ /opt/stack/placement/placement/requestlog.py:55}}
