Jul 16 21:08:07.792275 ncdv-master-1 devstack@placement-api.service[124013]: DEBUG placement.requestlog [req-3d7a7e6d-e0bc-4ac5-bc03-d85cf33672de req-2be2a129-81d5-47af-a070-e7b98ef47f6f None None] Starting request: 10.222.0.16 "GET /placement/resource_providers?name=nch1-master-1" {{(pid=124013) __call__ /opt/stack/placement/placement/requestlog.py:55}}
Jul 16 21:08:08.313008 ncdv-master-1 devstack@placement-api.service[124013]: INFO placement.requestlog [req-3d7a7e6d-e0bc-4ac5-bc03-d85cf33672de req-2be2a129-81d5-47af-a070-e7b98ef47f6f service placement] 10.222.0.16 "GET /placement/resource_providers?name=nch1-master-1" status: 200 len: 440 microversion: 1.0
Jul 16 21:08:08.313667 ncdv-master-1 devstack@placement-api.service[124013]: [pid: 124013|app: 0|req: 16/31] 10.222.0.16 () {58 vars in 1274 bytes} [Sat Jul 16 21:08:07 2022] GET /placement/resource_providers?name=nch1-master-1 => generated 440 bytes in 522 msecs (HTTP/1.1 200) 6 headers in 224 bytes (1 switches on core 0)
Jul 16 21:08:08.321016 ncdv-master-1 devstack@placement-api.service[124014]: DEBUG placement.requestlog [req-3d7a7e6d-e0bc-4ac5-bc03-d85cf33672de req-f9d9d744-e56d-4b47-ad42-e54a09e2b3fb None None] Starting request: 10.222.0.16 "GET /placement/resource_providers/fcc75857-7dde-4ac0-88e4-871d39001997/aggregates" {{(pid=124014) __call__ /opt/stack/placement/placement/requestlog.py:55}}
Jul 16 21:08:08.334416 ncdv-master-1 devstack@placement-api.service[124014]: INFO placement.requestlog [req-3d7a7e6d-e0bc-4ac5-bc03-d85cf33672de req-f9d9d744-e56d-4b47-ad42-e54a09e2b3fb service placement] 10.222.0.16 "GET /placement/resource_providers/fcc75857-7dde-4ac0-88e4-871d39001997/aggregates" status: 200 len: 53 microversion: 1.19
Jul 16 21:08:08.334881 ncdv-master-1 devstack@placement-api.service[124014]: [pid: 124014|app: 0|req: 16/32] 10.222.0.16 () {60 vars in 1425 bytes} [Sat Jul 16 21:08:08 2022] GET /placement/resource_providers/fcc75857-7dde-4ac0-88e4-871d39001997/aggregates => generated 53 bytes in 14 msecs (HTTP/1.1 200) 8 headers in 295 bytes (1 switches on core 0)
Jul 16 21:08:08.342462 ncdv-master-1 devstack@placement-api.service[124013]: DEBUG placement.requestlog [req-3d7a7e6d-e0bc-4ac5-bc03-d85cf33672de req-3198e393-ce29-4357-b1a5-f04764105a43 None None] Starting request: 10.222.0.16 "PUT /placement/resource_providers/fcc75857-7dde-4ac0-88e4-871d39001997/aggregates" {{(pid=124013) __call__ /opt/stack/placement/placement/requestlog.py:55}}
Jul 16 21:08:08.363866 ncdv-master-1 devstack@placement-api.service[124013]: DEBUG placement.objects.resource_provider [req-3d7a7e6d-e0bc-4ac5-bc03-d85cf33672de req-3198e393-ce29-4357-b1a5-f04764105a43 service placement] _ensure_aggregate() did not find aggregate a22c9190-ba93-44d6-a54c-3aa60ba316d2. Attempting to create it. {{(pid=124013) _ensure_aggregate /opt/stack/placement/placement/objects/resource_provider.py:321}}
Jul 16 21:08:08.366496 ncdv-master-1 devstack@placement-api.service[124013]: DEBUG placement.objects.resource_provider [req-3d7a7e6d-e0bc-4ac5-bc03-d85cf33672de req-3198e393-ce29-4357-b1a5-f04764105a43 service placement] _ensure_aggregate() created new aggregate a22c9190-ba93-44d6-a54c-3aa60ba316d2 (id=2). {{(pid=124013) _ensure_aggregate /opt/stack/placement/placement/objects/resource_provider.py:327}}
Jul 16 21:08:08.368553 ncdv-master-1 devstack@placement-api.service[124013]: DEBUG placement.objects.resource_provider [req-3d7a7e6d-e0bc-4ac5-bc03-d85cf33672de req-3198e393-ce29-4357-b1a5-f04764105a43 service placement] Setting aggregates for provider fcc75857-7dde-4ac0-88e4-871d39001997. Successfully associated aggregate a22c9190-ba93-44d6-a54c-3aa60ba316d2. {{(pid=124013) _set_aggregates /opt/stack/placement/placement/objects/resource_provider.py:389}}
Jul 16 21:08:08.463879 ncdv-master-1 devstack@placement-api.service[124013]: INFO placement.requestlog [req-3d7a7e6d-e0bc-4ac5-bc03-d85cf33672de req-3198e393-ce29-4357-b1a5-f04764105a43 service placement] 10.222.0.16 "PUT /placement/resource_providers/fcc75857-7dde-4ac0-88e4-871d39001997/aggregates" status: 200 len: 91 microversion: 1.19
Jul 16 21:08:08.464501 ncdv-master-1 devstack@placement-api.service[124013]: [pid: 124013|app: 0|req: 17/33] 10.222.0.16 () {64 vars in 1477 bytes} [Sat Jul 16 21:08:08 2022] PUT /placement/resource_providers/fcc75857-7dde-4ac0-88e4-871d39001997/aggregates => generated 91 bytes in 123 msecs (HTTP/1.1 200) 8 headers in 295 bytes (1 switches on core 0)
Jul 16 21:08:08.542901 ncdv-master-1 devstack@placement-api.service[124014]: DEBUG placement.requestlog [req-af4238ee-068f-4390-8eef-9b27ebed0c17 req-a85eb257-d5ab-4702-98f1-d38d35b2c139 None None] Starting request: 10.222.0.16 "GET /placement/resource_providers?name=nch1-master-1" {{(pid=124014) __call__ /opt/stack/placement/placement/requestlog.py:55}}
Jul 16 21:08:08.554762 ncdv-master-1 devstack@placement-api.service[124014]: INFO placement.requestlog [req-af4238ee-068f-4390-8eef-9b27ebed0c17 req-a85eb257-d5ab-4702-98f1-d38d35b2c139 service placement] 10.222.0.16 "GET /placement/resource_providers?name=nch1-master-1" status: 200 len: 440 microversion: 1.0
Jul 16 21:08:08.555142 ncdv-master-1 devstack@placement-api.service[124014]: [pid: 124014|app: 0|req: 17/34] 10.222.0.16 () {58 vars in 1274 bytes} [Sat Jul 16 21:08:08 2022] GET /placement/resource_providers?name=nch1-master-1 => generated 440 bytes in 14 msecs (HTTP/1.1 200) 6 headers in 224 bytes (1 switches on core 0)
Jul 16 21:08:08.561599 ncdv-master-1 devstack@placement-api.service[124013]: DEBUG placement.requestlog [req-af4238ee-068f-4390-8eef-9b27ebed0c17 req-9c58df01-95c2-4a55-8d32-cc9e45ef0eea None None] Starting request: 10.222.0.16 "GET /placement/resource_providers/fcc75857-7dde-4ac0-88e4-871d39001997/aggregates" {{(pid=124013) __call__ /opt/stack/placement/placement/requestlog.py:55}}
Jul 16 21:08:08.577549 ncdv-master-1 devstack@placement-api.service[124013]: INFO placement.requestlog [req-af4238ee-068f-4390-8eef-9b27ebed0c17 req-9c58df01-95c2-4a55-8d32-cc9e45ef0eea service placement] 10.222.0.16 "GET /placement/resource_providers/fcc75857-7dde-4ac0-88e4-871d39001997/aggregates" status: 200 len: 91 microversion: 1.19
Jul 16 21:08:08.577877 ncdv-master-1 devstack@placement-api.service[124013]: [pid: 124013|app: 0|req: 18/35] 10.222.0.16 () {60 vars in 1425 bytes} [Sat Jul 16 21:08:08 2022] GET /placement/resource_providers/fcc75857-7dde-4ac0-88e4-871d39001997/aggregates => generated 91 bytes in 17 msecs (HTTP/1.1 200) 8 headers in 295 bytes (1 switches on core 0)
Jul 16 21:08:08.584865 ncdv-master-1 devstack@placement-api.service[124014]: DEBUG placement.requestlog [req-af4238ee-068f-4390-8eef-9b27ebed0c17 req-0ea554a3-9d88-42ed-961d-fbf3a1ca8016 None None] Starting request: 10.222.0.16 "PUT /placement/resource_providers/fcc75857-7dde-4ac0-88e4-871d39001997/aggregates" {{(pid=124014) __call__ /opt/stack/placement/placement/requestlog.py:55}}
Jul 16 21:08:08.603369 ncdv-master-1 devstack@placement-api.service[124014]: DEBUG placement.objects.resource_provider [req-af4238ee-068f-4390-8eef-9b27ebed0c17 req-0ea554a3-9d88-42ed-961d-fbf3a1ca8016 service placement] Setting aggregates for provider fcc75857-7dde-4ac0-88e4-871d39001997. Successfully disassociated aggregate a22c9190-ba93-44d6-a54c-3aa60ba316d2. {{(pid=124014) _set_aggregates /opt/stack/placement/placement/objects/resource_provider.py:404}}
Jul 16 21:08:08.737942 ncdv-master-1 devstack@placement-api.service[124014]: INFO placement.requestlog [req-af4238ee-068f-4390-8eef-9b27ebed0c17 req-0ea554a3-9d88-42ed-961d-fbf3a1ca8016 service placement] 10.222.0.16 "PUT /placement/resource_providers/fcc75857-7dde-4ac0-88e4-871d39001997/aggregates" status: 200 len: 53 microversion: 1.19
Jul 16 21:08:08.738342 ncdv-master-1 devstack@placement-api.service[124014]: [pid: 124014|app: 0|req: 18/36] 10.222.0.16 () {64 vars in 1477 bytes} [Sat Jul 16 21:08:08 2022] PUT /placement/resource_providers/fcc75857-7dde-4ac0-88e4-871d39001997/aggregates => generated 53 bytes in 154 msecs (HTTP/1.1 200) 8 headers in 295 bytes (2 switches on core 0)
Jul 16 21:08:09.666948 ncdv-master-1 devstack@placement-api.service[124013]: DEBUG placement.requestlog [req-66a584f2-d5d5-4103-b11b-3cbd54070a3c req-c73c68dd-4d6e-425f-82ea-35bf59b7624f None None] Starting request: 10.222.0.16 "GET /placement/resource_providers?name=nch1-master-1" {{(pid=124013) __call__ /opt/stack/placement/placement/requestlog.py:55}}
Jul 16 21:08:09.680573 ncdv-master-1 devstack@placement-api.service[124013]: INFO placement.requestlog [req-66a584f2-d5d5-4103-b11b-3cbd54070a3c req-c73c68dd-4d6e-425f-82ea-35bf59b7624f service placement] 10.222.0.16 "GET /placement/resource_providers?name=nch1-master-1" status: 200 len: 440 microversion: 1.0
Jul 16 21:08:09.681058 ncdv-master-1 devstack@placement-api.service[124013]: [pid: 124013|app: 0|req: 19/37] 10.222.0.16 () {58 vars in 1274 bytes} [Sat Jul 16 21:08:09 2022] GET /placement/resource_providers?name=nch1-master-1 => generated 440 bytes in 15 msecs (HTTP/1.1 200) 6 headers in 224 bytes (1 switches on core 0)
Jul 16 21:08:09.688396 ncdv-master-1 devstack@placement-api.service[124014]: DEBUG placement.requestlog [req-66a584f2-d5d5-4103-b11b-3cbd54070a3c req-085f5c71-dad6-4fa8-ae25-55e2652f31d6 None None] Starting request: 10.222.0.16 "GET /placement/resource_providers/fcc75857-7dde-4ac0-88e4-871d39001997/aggregates" {{(pid=124014) __call__ /opt/stack/placement/placement/requestlog.py:55}}
Jul 16 21:08:09.704505 ncdv-master-1 devstack@placement-api.service[124014]: INFO placement.requestlog [req-66a584f2-d5d5-4103-b11b-3cbd54070a3c req-085f5c71-dad6-4fa8-ae25-55e2652f31d6 service placement] 10.222.0.16 "GET /placement/resource_providers/fcc75857-7dde-4ac0-88e4-871d39001997/aggregates" status: 200 len: 53 microversion: 1.19
Jul 16 21:08:09.712999 ncdv-master-1 devstack@placement-api.service[124014]: [pid: 124014|app: 0|req: 19/38] 10.222.0.16 () {60 vars in 1425 bytes} [Sat Jul 16 21:08:09 2022] GET /placement/resource_providers/fcc75857-7dde-4ac0-88e4-871d39001997/aggregates => generated 53 bytes in 23 msecs (HTTP/1.1 200) 8 headers in 295 bytes (1 switches on core 0)
Jul 16 21:08:09.714627 ncdv-master-1 devstack@placement-api.service[124013]: DEBUG placement.requestlog [req-66a584f2-d5d5-4103-b11b-3cbd54070a3c req-35c815a1-3c62-4620-9cf1-96cc55bffd57 None None] Starting request: 10.222.0.16 "PUT /placement/resource_providers/fcc75857-7dde-4ac0-88e4-871d39001997/aggregates" {{(pid=124013) __call__ /opt/stack/placement/placement/requestlog.py:55}}
Jul 16 21:08:09.804357 ncdv-master-1 devstack@placement-api.service[124013]: DEBUG placement.objects.resource_provider [req-66a584f2-d5d5-4103-b11b-3cbd54070a3c req-35c815a1-3c62-4620-9cf1-96cc55bffd57 service placement] _ensure_aggregate() did not find aggregate 777e98ff-8cc7-4aaf-bfc6-a764234bd65b. Attempting to create it. {{(pid=124013) _ensure_aggregate /opt/stack/placement/placement/objects/resource_provider.py:321}}
Jul 16 21:08:09.805724 ncdv-master-1 devstack@placement-api.service[124013]: DEBUG placement.objects.resource_provider [req-66a584f2-d5d5-4103-b11b-3cbd54070a3c req-35c815a1-3c62-4620-9cf1-96cc55bffd57 service placement] _ensure_aggregate() created new aggregate 777e98ff-8cc7-4aaf-bfc6-a764234bd65b (id=3). {{(pid=124013) _ensure_aggregate /opt/stack/placement/placement/objects/resource_provider.py:327}}
Jul 16 21:08:09.806913 ncdv-master-1 devstack@placement-api.service[124013]: DEBUG placement.objects.resource_provider [req-66a584f2-d5d5-4103-b11b-3cbd54070a3c req-35c815a1-3c62-4620-9cf1-96cc55bffd57 service placement] Setting aggregates for provider fcc75857-7dde-4ac0-88e4-871d39001997. Successfully associated aggregate 777e98ff-8cc7-4aaf-bfc6-a764234bd65b. {{(pid=124013) _set_aggregates /opt/stack/placement/placement/objects/resource_provider.py:389}}
Jul 16 21:08:09.886994 ncdv-master-1 devstack@placement-api.service[124013]: INFO placement.requestlog [req-66a584f2-d5d5-4103-b11b-3cbd54070a3c req-35c815a1-3c62-4620-9cf1-96cc55bffd57 service placement] 10.222.0.16 "PUT /placement/resource_providers/fcc75857-7dde-4ac0-88e4-871d39001997/aggregates" status: 200 len: 91 microversion: 1.19
Jul 16 21:08:09.887705 ncdv-master-1 devstack@placement-api.service[124013]: [pid: 124013|app: 0|req: 20/39] 10.222.0.16 () {64 vars in 1477 bytes} [Sat Jul 16 21:08:09 2022] PUT /placement/resource_providers/fcc75857-7dde-4ac0-88e4-871d39001997/aggregates => generated 91 bytes in 174 msecs (HTTP/1.1 200) 8 headers in 295 bytes (1 switches on core 0)
Jul 16 21:08:12.745608 ncdv-master-1 devstack@placement-api.service[124014]: DEBUG placement.requestlog [req-6afadc81-b54d-4480-baad-48637e02b8c4 req-7d83218a-b849-40ea-a209-c5c2a919e8ae None None] Starting request: 10.222.0.16 "GET /placement/allocation_candidates?limit=1000&member_of=in%3A777e98ff-8cc7-4aaf-bfc6-a764234bd65b&resources=DISK_GB%3A1%2CMEMORY_MB%3A1024%2CVCPU%3A1&root_required=%21COMPUTE_STATUS_DISABLED" {{(pid=124014) __call__ /opt/stack/placement/placement/requestlog.py:55}}
Jul 16 21:08:13.164619 ncdv-master-1 devstack@placement-api.service[124014]: DEBUG placement.objects.research_context [req-6afadc81-b54d-4480-baad-48637e02b8c4 req-7d83218a-b849-40ea-a209-c5c2a919e8ae service placement] getting providers with 1 DISK_GB {{(pid=124014) __init__ /opt/stack/placement/placement/objects/research_context.py:136}}
Jul 16 21:08:13.173713 ncdv-master-1 devstack@placement-api.service[124014]: DEBUG placement.objects.research_context [req-6afadc81-b54d-4480-baad-48637e02b8c4 req-7d83218a-b849-40ea-a209-c5c2a919e8ae service placement] getting providers with 1024 MEMORY_MB {{(pid=124014) __init__ /opt/stack/placement/placement/objects/research_context.py:136}}
Jul 16 21:08:13.180033 ncdv-master-1 devstack@placement-api.service[124014]: DEBUG placement.objects.research_context [req-6afadc81-b54d-4480-baad-48637e02b8c4 req-7d83218a-b849-40ea-a209-c5c2a919e8ae service placement] getting providers with 1 VCPU {{(pid=124014) __init__ /opt/stack/placement/placement/objects/research_context.py:136}}
Jul 16 21:08:13.186077 ncdv-master-1 devstack@placement-api.service[124014]: DEBUG placement.objects.research_context [req-6afadc81-b54d-4480-baad-48637e02b8c4 req-7d83218a-b849-40ea-a209-c5c2a919e8ae service placement] found 1 providers after applying required aggregates filter ([{'777e98ff-8cc7-4aaf-bfc6-a764234bd65b'}]) {{(pid=124014) get_provider_ids_for_traits_and_aggs /opt/stack/placement/placement/objects/research_context.py:1158}}
Jul 16 21:08:13.186291 ncdv-master-1 devstack@placement-api.service[124014]: DEBUG placement.objects.research_context [req-6afadc81-b54d-4480-baad-48637e02b8c4 req-7d83218a-b849-40ea-a209-c5c2a919e8ae service placement] found 2 providers with available 1 DISK_GB {{(pid=124014) get_provider_ids_matching /opt/stack/placement/placement/objects/research_context.py:563}}
Jul 16 21:08:13.186737 ncdv-master-1 devstack@placement-api.service[124014]: DEBUG placement.objects.research_context [req-6afadc81-b54d-4480-baad-48637e02b8c4 req-7d83218a-b849-40ea-a209-c5c2a919e8ae service placement] found 1 providers after applying initial aggregate and trait filters {{(pid=124014) get_provider_ids_matching /opt/stack/placement/placement/objects/research_context.py:575}}
Jul 16 21:08:13.187044 ncdv-master-1 devstack@placement-api.service[124014]: DEBUG placement.objects.research_context [req-6afadc81-b54d-4480-baad-48637e02b8c4 req-7d83218a-b849-40ea-a209-c5c2a919e8ae service placement] found 2 providers with available 1024 MEMORY_MB {{(pid=124014) get_provider_ids_matching /opt/stack/placement/placement/objects/research_context.py:563}}
Jul 16 21:08:13.187443 ncdv-master-1 devstack@placement-api.service[124014]: DEBUG placement.objects.research_context [req-6afadc81-b54d-4480-baad-48637e02b8c4 req-7d83218a-b849-40ea-a209-c5c2a919e8ae service placement] found 1 providers after filtering by previous result {{(pid=124014) get_provider_ids_matching /opt/stack/placement/placement/objects/research_context.py:594}}
Jul 16 21:08:13.187699 ncdv-master-1 devstack@placement-api.service[124014]: DEBUG placement.objects.research_context [req-6afadc81-b54d-4480-baad-48637e02b8c4 req-7d83218a-b849-40ea-a209-c5c2a919e8ae service placement] found 2 providers with available 1 VCPU {{(pid=124014) get_provider_ids_matching /opt/stack/placement/placement/objects/research_context.py:563}}
Jul 16 21:08:13.187979 ncdv-master-1 devstack@placement-api.service[124014]: DEBUG placement.objects.research_context [req-6afadc81-b54d-4480-baad-48637e02b8c4 req-7d83218a-b849-40ea-a209-c5c2a919e8ae service placement] found 1 providers after filtering by previous result {{(pid=124014) get_provider_ids_matching /opt/stack/placement/placement/objects/research_context.py:594}}
Jul 16 21:08:13.205752 ncdv-master-1 devstack@placement-api.service[124014]: DEBUG placement.objects.allocation_candidate [req-6afadc81-b54d-4480-baad-48637e02b8c4 req-7d83218a-b849-40ea-a209-c5c2a919e8ae service placement] RequestGroup(use_same_provider=False, resources={DISK_GB:1, MEMORY_MB:1024, VCPU:1}, traits=(), aggregates=[[777e98ff-8cc7-4aaf-bfc6-a764234bd65b]]) (suffix '') returned 1 matches {{(pid=124014) _get_by_requests /opt/stack/placement/placement/objects/allocation_candidate.py:156}}
Jul 16 21:08:13.206114 ncdv-master-1 devstack@placement-api.service[124014]: DEBUG placement.objects.allocation_candidate [req-6afadc81-b54d-4480-baad-48637e02b8c4 req-7d83218a-b849-40ea-a209-c5c2a919e8ae service placement] Merging candidates yields 1 allocation requests and 1 provider summaries {{(pid=124014) _merge_candidates /opt/stack/placement/placement/objects/allocation_candidate.py:809}}
Jul 16 21:08:13.209191 ncdv-master-1 devstack@placement-api.service[124014]: INFO placement.requestlog [req-6afadc81-b54d-4480-baad-48637e02b8c4 req-7d83218a-b849-40ea-a209-c5c2a919e8ae service placement] 10.222.0.16 "GET /placement/allocation_candidates?limit=1000&member_of=in%3A777e98ff-8cc7-4aaf-bfc6-a764234bd65b&resources=DISK_GB%3A1%2CMEMORY_MB%3A1024%2CVCPU%3A1&root_required=%21COMPUTE_STATUS_DISABLED" status: 200 len: 676 microversion: 1.36
Jul 16 21:08:13.209997 ncdv-master-1 devstack@placement-api.service[124014]: [pid: 124014|app: 0|req: 20/40] 10.222.0.16 () {60 vars in 1610 bytes} [Sat Jul 16 21:08:12 2022] GET /placement/allocation_candidates?limit=1000&member_of=in%3A777e98ff-8cc7-4aaf-bfc6-a764234bd65b&resources=DISK_GB%3A1%2CMEMORY_MB%3A1024%2CVCPU%3A1&root_required=%21COMPUTE_STATUS_DISABLED => generated 676 bytes in 464 msecs (HTTP/1.1 200) 8 headers in 296 bytes (1 switches on core 0)
Jul 16 21:08:13.358976 ncdv-master-1 devstack@placement-api.service[124013]: DEBUG placement.requestlog [req-6afadc81-b54d-4480-baad-48637e02b8c4 req-5d97935b-6d9c-45bf-9907-0cdbac8cab5c None None] Starting request: 10.222.0.16 "GET /placement/allocations/7895aae7-b50f-48cf-a3e1-5b33dc6e16a3" {{(pid=124013) __call__ /opt/stack/placement/placement/requestlog.py:55}}
Jul 16 21:08:13.358976 ncdv-master-1 devstack@placement-api.service[124013]: INFO placement.requestlog [req-6afadc81-b54d-4480-baad-48637e02b8c4 req-5d97935b-6d9c-45bf-9907-0cdbac8cab5c service placement] 10.222.0.16 "GET /placement/allocations/7895aae7-b50f-48cf-a3e1-5b33dc6e16a3" status: 200 len: 19 microversion: 1.28
Jul 16 21:08:13.361137 ncdv-master-1 devstack@placement-api.service[124013]: [pid: 124013|app: 0|req: 21/41] 10.222.0.16 () {60 vars in 1380 bytes} [Sat Jul 16 21:08:13 2022] GET /placement/allocations/7895aae7-b50f-48cf-a3e1-5b33dc6e16a3 => generated 19 bytes in 17 msecs (HTTP/1.1 200) 8 headers in 295 bytes (1 switches on core 0)
Jul 16 21:08:13.368214 ncdv-master-1 devstack@placement-api.service[124014]: DEBUG placement.requestlog [req-6afadc81-b54d-4480-baad-48637e02b8c4 req-b22a76f3-bb4c-433a-960d-ef1dcf1a0f51 None None] Starting request: 10.222.0.16 "PUT /placement/allocations/7895aae7-b50f-48cf-a3e1-5b33dc6e16a3" {{(pid=124014) __call__ /opt/stack/placement/placement/requestlog.py:55}}
Jul 16 21:08:13.955161 ncdv-master-1 devstack@placement-api.service[124014]: DEBUG placement.handlers.allocation [req-6afadc81-b54d-4480-baad-48637e02b8c4 req-b22a76f3-bb4c-433a-960d-ef1dcf1a0f51 service placement] Successfully wrote allocations [, , ] {{(pid=124014) _update_consumers_and_create_allocations /opt/stack/placement/placement/handlers/allocation.py:462}}
Jul 16 21:08:14.144535 ncdv-master-1 devstack@placement-api.service[124014]: INFO placement.requestlog [req-6afadc81-b54d-4480-baad-48637e02b8c4 req-b22a76f3-bb4c-433a-960d-ef1dcf1a0f51 service placement] 10.222.0.16 "PUT /placement/allocations/7895aae7-b50f-48cf-a3e1-5b33dc6e16a3" status: 204 len: 0 microversion: 1.36
Jul 16 21:08:14.144943 ncdv-master-1 devstack@placement-api.service[124014]: [pid: 124014|app: 0|req: 21/42] 10.222.0.16 () {64 vars in 1433 bytes} [Sat Jul 16 21:08:13 2022] PUT /placement/allocations/7895aae7-b50f-48cf-a3e1-5b33dc6e16a3 => generated 0 bytes in 777 msecs (HTTP/1.1 204) 5 headers in 199 bytes (1 switches on core 0)
Jul 16 21:08:16.037516 ncdv-master-1 devstack@placement-api.service[124013]: DEBUG placement.requestlog [req-6afadc81-b54d-4480-baad-48637e02b8c4 req-4a087f31-9edd-4a69-ae08-f735cf88d6ae None None] Starting request: 10.222.0.30 "GET /placement/allocations/7895aae7-b50f-48cf-a3e1-5b33dc6e16a3" {{(pid=124013) __call__ /opt/stack/placement/placement/requestlog.py:55}}
Jul 16 21:08:16.062460 ncdv-master-1 devstack@placement-api.service[124013]: INFO placement.requestlog [req-6afadc81-b54d-4480-baad-48637e02b8c4 req-4a087f31-9edd-4a69-ae08-f735cf88d6ae service placement] 10.222.0.30 "GET /placement/allocations/7895aae7-b50f-48cf-a3e1-5b33dc6e16a3" status: 200 len: 258 microversion: 1.28
Jul 16 21:08:16.064141 ncdv-master-1 devstack@placement-api.service[124013]: [pid: 124013|app: 0|req: 22/43] 10.222.0.30 () {60 vars in 1377 bytes} [Sat Jul 16 21:08:16 2022] GET /placement/allocations/7895aae7-b50f-48cf-a3e1-5b33dc6e16a3 => generated 258 bytes in 28 msecs (HTTP/1.1 200) 8 headers in 296 bytes (1 switches on core 0)
Jul 16 21:08:23.953934 ncdv-master-1 devstack@placement-api.service[124014]: DEBUG dbcounter [-] [124014] Writing DB stats placement:SELECT=54,placement:INSERT=8,placement:UPDATE=4,placement:DELETE=3 {{(pid=124014) stat_writer /usr/local/lib/python3.8/dist-packages/dbcounter.py:114}}
Jul 16 21:08:26.058083 ncdv-master-1 devstack@placement-api.service[124013]: DEBUG dbcounter [-] [124013] Writing DB stats placement:SELECT=34,placement:DELETE=1,placement:UPDATE=3,placement:INSERT=4 {{(pid=124013) stat_writer /usr/local/lib/python3.8/dist-packages/dbcounter.py:114}}
Jul 16 21:08:39.219422 ncdv-master-1 devstack@placement-api.service[124014]: DEBUG placement.requestlog [req-a1a7c65b-b71b-4fee-a929-ebac16efc9a0 req-e8b5f6c3-28bc-4209-8b40-fa1eb1a140ba None None] Starting request: 10.222.0.16 "GET /placement/allocation_candidates?limit=1000&resources=DISK_GB%3A1%2CMEMORY_MB%3A1024%2CVCPU%3A1&root_required=%21COMPUTE_STATUS_DISABLED" {{(pid=124014) __call__ /opt/stack/placement/placement/requestlog.py:55}}
Jul 16 21:08:39.361134 ncdv-master-1 devstack@placement-api.service[124014]: DEBUG placement.objects.research_context [req-a1a7c65b-b71b-4fee-a929-ebac16efc9a0 req-e8b5f6c3-28bc-4209-8b40-fa1eb1a140ba service placement] getting providers with 1 DISK_GB {{(pid=124014) __init__ /opt/stack/placement/placement/objects/research_context.py:136}}
Jul 16 21:08:39.373536 ncdv-master-1 devstack@placement-api.service[124014]: DEBUG placement.objects.research_context [req-a1a7c65b-b71b-4fee-a929-ebac16efc9a0 req-e8b5f6c3-28bc-4209-8b40-fa1eb1a140ba service placement] getting providers with 1024 MEMORY_MB {{(pid=124014) __init__ /opt/stack/placement/placement/objects/research_context.py:136}}
Jul 16 21:08:39.384608 ncdv-master-1 devstack@placement-api.service[124014]: DEBUG placement.objects.research_context [req-a1a7c65b-b71b-4fee-a929-ebac16efc9a0 req-e8b5f6c3-28bc-4209-8b40-fa1eb1a140ba service placement] getting providers with 1 VCPU {{(pid=124014) __init__ /opt/stack/placement/placement/objects/research_context.py:136}}
Jul 16 21:08:39.397537 ncdv-master-1 devstack@placement-api.service[124014]: DEBUG placement.objects.research_context [req-a1a7c65b-b71b-4fee-a929-ebac16efc9a0 req-e8b5f6c3-28bc-4209-8b40-fa1eb1a140ba service placement] found 2 providers with available 1 DISK_GB {{(pid=124014) get_provider_ids_matching /opt/stack/placement/placement/objects/research_context.py:563}}
Jul 16 21:08:39.400089 ncdv-master-1 devstack@placement-api.service[124014]: DEBUG placement.objects.research_context [req-a1a7c65b-b71b-4fee-a929-ebac16efc9a0 req-e8b5f6c3-28bc-4209-8b40-fa1eb1a140ba service placement] found 2 providers with available 1024 MEMORY_MB {{(pid=124014) get_provider_ids_matching /opt/stack/placement/placement/objects/research_context.py:563}}
Jul 16 21:08:39.400421 ncdv-master-1 devstack@placement-api.service[124014]: DEBUG placement.objects.research_context [req-a1a7c65b-b71b-4fee-a929-ebac16efc9a0 req-e8b5f6c3-28bc-4209-8b40-fa1eb1a140ba service placement] found 2 providers after filtering by previous result {{(pid=124014) get_provider_ids_matching /opt/stack/placement/placement/objects/research_context.py:594}}
Jul 16 21:08:39.400789 ncdv-master-1 devstack@placement-api.service[124014]: DEBUG placement.objects.research_context [req-a1a7c65b-b71b-4fee-a929-ebac16efc9a0 req-e8b5f6c3-28bc-4209-8b40-fa1eb1a140ba service placement] found 2 providers with available 1 VCPU {{(pid=124014) get_provider_ids_matching /opt/stack/placement/placement/objects/research_context.py:563}}
Jul 16 21:08:39.401161 ncdv-master-1 devstack@placement-api.service[124014]: DEBUG placement.objects.research_context [req-a1a7c65b-b71b-4fee-a929-ebac16efc9a0 req-e8b5f6c3-28bc-4209-8b40-fa1eb1a140ba service placement] found 2 providers after filtering by previous result {{(pid=124014) get_provider_ids_matching /opt/stack/placement/placement/objects/research_context.py:594}}
Jul 16 21:08:39.423819 ncdv-master-1 devstack@placement-api.service[124014]: DEBUG placement.objects.allocation_candidate [req-a1a7c65b-b71b-4fee-a929-ebac16efc9a0 req-e8b5f6c3-28bc-4209-8b40-fa1eb1a140ba service placement] RequestGroup(use_same_provider=False, resources={DISK_GB:1, MEMORY_MB:1024, VCPU:1}, traits=(), aggregates=[]) (suffix '') returned 2 matches {{(pid=124014) _get_by_requests /opt/stack/placement/placement/objects/allocation_candidate.py:156}}
Jul 16 21:08:39.424466 ncdv-master-1 devstack@placement-api.service[124014]: DEBUG placement.objects.allocation_candidate [req-a1a7c65b-b71b-4fee-a929-ebac16efc9a0 req-e8b5f6c3-28bc-4209-8b40-fa1eb1a140ba service placement] Merging candidates yields 2 allocation requests and 2 provider summaries {{(pid=124014) _merge_candidates /opt/stack/placement/placement/objects/allocation_candidate.py:809}}
Jul 16 21:08:39.426635 ncdv-master-1 devstack@placement-api.service[124014]: INFO placement.requestlog [req-a1a7c65b-b71b-4fee-a929-ebac16efc9a0 req-e8b5f6c3-28bc-4209-8b40-fa1eb1a140ba service placement] 10.222.0.16 "GET /placement/allocation_candidates?limit=1000&resources=DISK_GB%3A1%2CMEMORY_MB%3A1024%2CVCPU%3A1&root_required=%21COMPUTE_STATUS_DISABLED" status: 200 len: 1306 microversion: 1.36
Jul 16 21:08:39.427513 ncdv-master-1 devstack@placement-api.service[124014]: [pid: 124014|app: 0|req: 22/44] 10.222.0.16 () {60 vars in 1506 bytes} [Sat Jul 16 21:08:39 2022] GET /placement/allocation_candidates?limit=1000&resources=DISK_GB%3A1%2CMEMORY_MB%3A1024%2CVCPU%3A1&root_required=%21COMPUTE_STATUS_DISABLED => generated 1306 bytes in 212 msecs (HTTP/1.1 200) 8 headers in 297 bytes (1 switches on core 0)
Jul 16 21:08:39.728694 ncdv-master-1 devstack@placement-api.service[124013]: DEBUG placement.requestlog [req-a1a7c65b-b71b-4fee-a929-ebac16efc9a0 req-36dd574c-71d0-461c-9b64-caebdfcc86e3 None None] Starting request: 10.222.0.16 "GET /placement/allocations/1703f309-9e2e-4c5f-8588-eb4e43f21d91" {{(pid=124013) __call__ /opt/stack/placement/placement/requestlog.py:55}}
Jul 16 21:08:39.749835 ncdv-master-1 devstack@placement-api.service[124013]: INFO placement.requestlog [req-a1a7c65b-b71b-4fee-a929-ebac16efc9a0 req-36dd574c-71d0-461c-9b64-caebdfcc86e3 service placement] 10.222.0.16 "GET /placement/allocations/1703f309-9e2e-4c5f-8588-eb4e43f21d91" status: 200 len: 19 microversion: 1.28
Jul 16 21:08:39.762028 ncdv-master-1 devstack@placement-api.service[124013]: [pid: 124013|app: 0|req: 23/45] 10.222.0.16 () {60 vars in 1380 bytes} [Sat Jul 16 21:08:39 2022] GET /placement/allocations/1703f309-9e2e-4c5f-8588-eb4e43f21d91 => generated 19 bytes in 33 msecs (HTTP/1.1 200) 8 headers in 295 bytes (1 switches on core 0)
Jul 16 21:08:39.778745 ncdv-master-1 devstack@placement-api.service[124014]: DEBUG placement.requestlog [req-a1a7c65b-b71b-4fee-a929-ebac16efc9a0 req-c5b13b7a-e58b-425c-ad1a-d2f403d48789 None None] Starting request: 10.222.0.16 "PUT /placement/allocations/1703f309-9e2e-4c5f-8588-eb4e43f21d91" {{(pid=124014) __call__ /opt/stack/placement/placement/requestlog.py:55}}
Jul 16 21:08:40.223321 ncdv-master-1 devstack@placement-api.service[124014]: DEBUG placement.handlers.allocation [req-a1a7c65b-b71b-4fee-a929-ebac16efc9a0 req-c5b13b7a-e58b-425c-ad1a-d2f403d48789 service placement] Successfully wrote allocations [, , ] {{(pid=124014) _update_consumers_and_create_allocations /opt/stack/placement/placement/handlers/allocation.py:462}}
Jul 16 21:08:40.342900 ncdv-master-1 devstack@placement-api.service[124014]: INFO placement.requestlog [req-a1a7c65b-b71b-4fee-a929-ebac16efc9a0 req-c5b13b7a-e58b-425c-ad1a-d2f403d48789 service placement] 10.222.0.16 "PUT /placement/allocations/1703f309-9e2e-4c5f-8588-eb4e43f21d91" status: 204 len: 0 microversion: 1.36
Jul 16 21:08:40.343592 ncdv-master-1 devstack@placement-api.service[124014]: [pid: 124014|app: 0|req: 23/46] 10.222.0.16 () {64 vars in 1433 bytes} [Sat Jul 16 21:08:39 2022] PUT /placement/allocations/1703f309-9e2e-4c5f-8588-eb4e43f21d91 => generated 0 bytes in 565 msecs (HTTP/1.1 204) 5 headers in 199 bytes (1 switches on core 0)
Jul 16 21:08:42.024563 ncdv-master-1 devstack@placement-api.service[124013]: DEBUG placement.requestlog [req-a1a7c65b-b71b-4fee-a929-ebac16efc9a0 req-f75ba29a-e02f-41c0-a48f-3db7d8da66f8 None None] Starting request: 10.222.0.17 "GET /placement/allocations/1703f309-9e2e-4c5f-8588-eb4e43f21d91" {{(pid=124013) __call__ /opt/stack/placement/placement/requestlog.py:55}}
Jul 16 21:08:42.047359 ncdv-master-1 devstack@placement-api.service[124013]: INFO placement.requestlog [req-a1a7c65b-b71b-4fee-a929-ebac16efc9a0 req-f75ba29a-e02f-41c0-a48f-3db7d8da66f8 service placement] 10.222.0.17 "GET /placement/allocations/1703f309-9e2e-4c5f-8588-eb4e43f21d91" status: 200 len: 258 microversion: 1.28
Jul 16 21:08:42.048493 ncdv-master-1 devstack@placement-api.service[124013]: [pid: 124013|app: 0|req: 24/47] 10.222.0.17 () {60 vars in 1377 bytes} [Sat Jul 16 21:08:42 2022] GET /placement/allocations/1703f309-9e2e-4c5f-8588-eb4e43f21d91 => generated 258 bytes in 24 msecs (HTTP/1.1 200) 8 headers in 296 bytes (1 switches on core 0)
Jul 16 21:08:43.364374 ncdv-master-1 devstack@placement-api.service[124014]: DEBUG placement.requestlog [req-5a21ddcc-1026-4863-8d28-cd8e55f3e44b req-09807f91-dc9a-499a-a629-e36c0b704b54 None None] Starting request: 10.222.0.17 "GET /placement/resource_providers/c18c7b31-cb52-43e0-ba1f-41c40f4e73e5/allocations" {{(pid=124014) __call__ /opt/stack/placement/placement/requestlog.py:55}}
Jul 16 21:08:43.408789 ncdv-master-1 devstack@placement-api.service[124014]: INFO placement.requestlog [req-5a21ddcc-1026-4863-8d28-cd8e55f3e44b req-09807f91-dc9a-499a-a629-e36c0b704b54 service placement] 10.222.0.17 "GET /placement/resource_providers/c18c7b31-cb52-43e0-ba1f-41c40f4e73e5/allocations" status: 200 len: 153 microversion: 1.0
Jul 16 21:08:43.412285 ncdv-master-1 devstack@placement-api.service[124014]: [pid: 124014|app: 0|req: 24/48] 10.222.0.17 () {58 vars in 1390 bytes} [Sat Jul 16 21:08:43 2022] GET /placement/resource_providers/c18c7b31-cb52-43e0-ba1f-41c40f4e73e5/allocations => generated 153 bytes in 49 msecs (HTTP/1.1 200) 6 headers in 224 bytes (1 switches on core 0)
Jul 16 21:08:43.482247 ncdv-master-1 devstack@placement-api.service[124013]: DEBUG placement.requestlog [req-213df4b5-f666-475e-9909-7e541454b833 req-bc3e5934-49cb-456d-8f00-5dba2015060f None None] Starting request: 10.222.0.30 "GET /placement/resource_providers/fcc75857-7dde-4ac0-88e4-871d39001997/allocations" {{(pid=124013) __call__ /opt/stack/placement/placement/requestlog.py:55}}
Jul 16 21:08:43.534608 ncdv-master-1 devstack@placement-api.service[124013]: INFO placement.requestlog [req-213df4b5-f666-475e-9909-7e541454b833 req-bc3e5934-49cb-456d-8f00-5dba2015060f service placement] 10.222.0.30 "GET /placement/resource_providers/fcc75857-7dde-4ac0-88e4-871d39001997/allocations" status: 200 len: 153 microversion: 1.0
Jul 16 21:08:43.535418 ncdv-master-1 devstack@placement-api.service[124013]: [pid: 124013|app: 0|req: 25/49] 10.222.0.30 () {58 vars in 1390 bytes} [Sat Jul 16 21:08:43 2022] GET /placement/resource_providers/fcc75857-7dde-4ac0-88e4-871d39001997/allocations => generated 153 bytes in 54 msecs (HTTP/1.1 200) 6 headers in 224 bytes (1 switches on core 0)
Jul 16 21:08:50.887738 ncdv-master-1 devstack@placement-api.service[124014]: DEBUG placement.requestlog [req-9023ba92-46d5-4960-9cff-3d8dd2e8d849 req-0a1040db-497f-4dbb-8a96-9796a0cdc07f None None] Starting request: 10.222.0.30 "DELETE /placement/allocations/7895aae7-b50f-48cf-a3e1-5b33dc6e16a3" {{(pid=124014) __call__ /opt/stack/placement/placement/requestlog.py:55}}
Jul 16 21:08:51.160072 ncdv-master-1 devstack@placement-api.service[124014]: DEBUG placement.handlers.allocation [req-9023ba92-46d5-4960-9cff-3d8dd2e8d849 req-0a1040db-497f-4dbb-8a96-9796a0cdc07f service placement] Successfully deleted allocations [, , ] {{(pid=124014) delete_allocations /opt/stack/placement/placement/handlers/allocation.py:627}}
Jul 16 21:08:51.160986 ncdv-master-1 devstack@placement-api.service[124014]: INFO placement.requestlog [req-9023ba92-46d5-4960-9cff-3d8dd2e8d849 req-0a1040db-497f-4dbb-8a96-9796a0cdc07f service placement] 10.222.0.30 "DELETE /placement/allocations/7895aae7-b50f-48cf-a3e1-5b33dc6e16a3" status: 204 len: 0 microversion: 1.0
Jul 16 21:08:51.163191 ncdv-master-1 devstack@placement-api.service[124014]: [pid: 124014|app: 0|req: 25/50] 10.222.0.30 () {60 vars in 1355 bytes} [Sat Jul 16 21:08:50 2022] DELETE /placement/allocations/7895aae7-b50f-48cf-a3e1-5b33dc6e16a3 => generated 0 bytes in 275 msecs (HTTP/1.1 204) 5 headers in 198 bytes (2 switches on core 0)
Jul 16 21:08:52.280990 ncdv-master-1 devstack@placement-api.service[124013]: DEBUG placement.requestlog [req-84cfc9ca-38a5-4155-befc-59e5f118bfcd req-dfff1b6b-cef1-4004-acb1-2f360e7bf078 None None] Starting request: 10.222.0.16 "GET /placement/resource_providers?name=nch1-master-1" {{(pid=124013) __call__ /opt/stack/placement/placement/requestlog.py:55}}
Jul 16 21:08:52.297492 ncdv-master-1 devstack@placement-api.service[124013]: INFO placement.requestlog [req-84cfc9ca-38a5-4155-befc-59e5f118bfcd req-dfff1b6b-cef1-4004-acb1-2f360e7bf078 service placement] 10.222.0.16 "GET /placement/resource_providers?name=nch1-master-1" status: 200 len: 440 microversion: 1.0
Jul 16 21:08:52.300872 ncdv-master-1 devstack@placement-api.service[124013]: [pid: 124013|app: 0|req: 26/51] 10.222.0.16 () {58 vars in 1274 bytes} [Sat Jul 16 21:08:52 2022] GET /placement/resource_providers?name=nch1-master-1 => generated 440 bytes in 20 msecs (HTTP/1.1 200) 6 headers in 224 bytes (1 switches on core 0)
Jul 16 21:08:52.307684 ncdv-master-1 devstack@placement-api.service[124014]: DEBUG placement.requestlog [req-84cfc9ca-38a5-4155-befc-59e5f118bfcd req-ff31a9e7-3181-4361-958e-ac3d7f5ab4f2 None None] Starting request: 10.222.0.16 "GET /placement/resource_providers/fcc75857-7dde-4ac0-88e4-871d39001997/aggregates" {{(pid=124014) __call__ /opt/stack/placement/placement/requestlog.py:55}}
Jul 16 21:08:52.350426 ncdv-master-1 devstack@placement-api.service[124014]: INFO placement.requestlog [req-84cfc9ca-38a5-4155-befc-59e5f118bfcd req-ff31a9e7-3181-4361-958e-ac3d7f5ab4f2 service placement] 10.222.0.16 "GET /placement/resource_providers/fcc75857-7dde-4ac0-88e4-871d39001997/aggregates" status: 200 len: 91 microversion: 1.19
Jul 16 21:08:52.358590 ncdv-master-1 devstack@placement-api.service[124014]: [pid: 124014|app: 0|req: 26/52] 10.222.0.16 () {60 vars in 1425 bytes} [Sat Jul 16 21:08:52 2022] GET /placement/resource_providers/fcc75857-7dde-4ac0-88e4-871d39001997/aggregates => generated 91 bytes in 51 msecs (HTTP/1.1 200) 8 headers in 295 bytes (2 switches on core 0)
Jul 16 21:08:52.359296 ncdv-master-1 devstack@placement-api.service[124013]: DEBUG placement.requestlog [req-84cfc9ca-38a5-4155-befc-59e5f118bfcd req-3d99264f-6394-4503-ab54-abb7d20823a8 None None] Starting request: 10.222.0.16 "PUT /placement/resource_providers/fcc75857-7dde-4ac0-88e4-871d39001997/aggregates" {{(pid=124013) __call__ /opt/stack/placement/placement/requestlog.py:55}}
Jul 16 21:08:52.400559 ncdv-master-1 devstack@placement-api.service[124013]: DEBUG placement.objects.resource_provider [req-84cfc9ca-38a5-4155-befc-59e5f118bfcd req-3d99264f-6394-4503-ab54-abb7d20823a8 service placement] Setting aggregates for provider fcc75857-7dde-4ac0-88e4-871d39001997. Successfully disassociated aggregate 777e98ff-8cc7-4aaf-bfc6-a764234bd65b. {{(pid=124013) _set_aggregates /opt/stack/placement/placement/objects/resource_provider.py:404}}
Jul 16 21:08:52.528145 ncdv-master-1 devstack@placement-api.service[124013]: INFO placement.requestlog [req-84cfc9ca-38a5-4155-befc-59e5f118bfcd req-3d99264f-6394-4503-ab54-abb7d20823a8 service placement] 10.222.0.16 "PUT /placement/resource_providers/fcc75857-7dde-4ac0-88e4-871d39001997/aggregates" status: 200 len: 53 microversion: 1.19
Jul 16 21:08:52.528737 ncdv-master-1 devstack@placement-api.service[124013]: [pid: 124013|app: 0|req: 27/53] 10.222.0.16 () {64 vars in 1477 bytes} [Sat Jul 16 21:08:52 2022] PUT /placement/resource_providers/fcc75857-7dde-4ac0-88e4-871d39001997/aggregates => generated 53 bytes in 170 msecs (HTTP/1.1 200) 8 headers in 295 bytes (2 switches on core 0)
Jul 16 21:08:56.046713 ncdv-master-1 devstack@placement-api.service[124014]: DEBUG placement.requestlog [req-da17a894-f6cc-40d3-8dd1-cc9c492315f8 req-d0abf582-2f59-434b-ae1a-06012f9f73ce None None] Starting request: 10.222.0.16 "GET /placement/allocation_candidates?limit=1000&resources=DISK_GB%3A1%2CMEMORY_MB%3A1024%2CVCPU%3A1&root_required=%21COMPUTE_STATUS_DISABLED" {{(pid=124014) __call__ /opt/stack/placement/placement/requestlog.py:55}}
Jul 16 21:08:56.106806 ncdv-master-1 devstack@placement-api.service[124014]: DEBUG placement.objects.research_context [req-da17a894-f6cc-40d3-8dd1-cc9c492315f8 req-d0abf582-2f59-434b-ae1a-06012f9f73ce service placement] getting providers with 1 DISK_GB {{(pid=124014) __init__ /opt/stack/placement/placement/objects/research_context.py:136}}
Jul 16 21:08:56.114448 ncdv-master-1 devstack@placement-api.service[124014]: DEBUG placement.objects.research_context [req-da17a894-f6cc-40d3-8dd1-cc9c492315f8 req-d0abf582-2f59-434b-ae1a-06012f9f73ce service placement] getting providers with 1024 MEMORY_MB {{(pid=124014) __init__ /opt/stack/placement/placement/objects/research_context.py:136}}
Jul 16 21:08:56.124382 ncdv-master-1 devstack@placement-api.service[124014]: DEBUG placement.objects.research_context [req-da17a894-f6cc-40d3-8dd1-cc9c492315f8 req-d0abf582-2f59-434b-ae1a-06012f9f73ce service placement] getting providers with 1 VCPU {{(pid=124014) __init__ /opt/stack/placement/placement/objects/research_context.py:136}}
Jul 16 21:08:56.133062 ncdv-master-1 devstack@placement-api.service[124014]: DEBUG placement.objects.research_context [req-da17a894-f6cc-40d3-8dd1-cc9c492315f8 req-d0abf582-2f59-434b-ae1a-06012f9f73ce service placement] found 2 providers with available 1 DISK_GB {{(pid=124014) get_provider_ids_matching /opt/stack/placement/placement/objects/research_context.py:563}}
Jul 16 21:08:56.133676 ncdv-master-1 devstack@placement-api.service[124014]: DEBUG placement.objects.research_context [req-da17a894-f6cc-40d3-8dd1-cc9c492315f8 req-d0abf582-2f59-434b-ae1a-06012f9f73ce service placement] found 2 providers with available 1024 MEMORY_MB {{(pid=124014) get_provider_ids_matching /opt/stack/placement/placement/objects/research_context.py:563}}
Jul 16 21:08:56.134345 ncdv-master-1 devstack@placement-api.service[124014]: DEBUG placement.objects.research_context [req-da17a894-f6cc-40d3-8dd1-cc9c492315f8 req-d0abf582-2f59-434b-ae1a-06012f9f73ce service placement] found 2 providers after filtering by previous result {{(pid=124014) get_provider_ids_matching /opt/stack/placement/placement/objects/research_context.py:594}}
Jul 16 21:08:56.134848 ncdv-master-1 devstack@placement-api.service[124014]: DEBUG placement.objects.research_context [req-da17a894-f6cc-40d3-8dd1-cc9c492315f8 req-d0abf582-2f59-434b-ae1a-06012f9f73ce service placement] found 2 providers with available 1 VCPU {{(pid=124014) get_provider_ids_matching /opt/stack/placement/placement/objects/research_context.py:563}}
Jul 16 21:08:56.135828 ncdv-master-1 devstack@placement-api.service[124014]: DEBUG placement.objects.research_context [req-da17a894-f6cc-40d3-8dd1-cc9c492315f8 req-d0abf582-2f59-434b-ae1a-06012f9f73ce service placement] found 2 providers after filtering by previous result {{(pid=124014) get_provider_ids_matching /opt/stack/placement/placement/objects/research_context.py:594}}
Jul 16 21:08:56.155063 ncdv-master-1 devstack@placement-api.service[124014]: DEBUG placement.objects.allocation_candidate [req-da17a894-f6cc-40d3-8dd1-cc9c492315f8 req-d0abf582-2f59-434b-ae1a-06012f9f73ce service placement] RequestGroup(use_same_provider=False, resources={DISK_GB:1, MEMORY_MB:1024, VCPU:1}, traits=(), aggregates=[]) (suffix '') returned 2 matches {{(pid=124014) _get_by_requests /opt/stack/placement/placement/objects/allocation_candidate.py:156}}
Jul 16 21:08:56.157031 ncdv-master-1 devstack@placement-api.service[124014]: DEBUG placement.objects.allocation_candidate [req-da17a894-f6cc-40d3-8dd1-cc9c492315f8 req-d0abf582-2f59-434b-ae1a-06012f9f73ce service placement] Merging candidates yields 2 allocation requests and 2 provider summaries {{(pid=124014) _merge_candidates /opt/stack/placement/placement/objects/allocation_candidate.py:809}}
Jul 16 21:08:56.160576 ncdv-master-1 devstack@placement-api.service[124014]: INFO placement.requestlog [req-da17a894-f6cc-40d3-8dd1-cc9c492315f8 req-d0abf582-2f59-434b-ae1a-06012f9f73ce service placement] 10.222.0.16 "GET /placement/allocation_candidates?limit=1000&resources=DISK_GB%3A1%2CMEMORY_MB%3A1024%2CVCPU%3A1&root_required=%21COMPUTE_STATUS_DISABLED" status: 200 len: 1306 microversion: 1.36
Jul 16 21:08:56.187195 ncdv-master-1 devstack@placement-api.service[124014]: [pid: 124014|app: 0|req: 27/54] 10.222.0.16 () {60 vars in 1506 bytes} [Sat Jul 16 21:08:56 2022] GET /placement/allocation_candidates?limit=1000&resources=DISK_GB%3A1%2CMEMORY_MB%3A1024%2CVCPU%3A1&root_required=%21COMPUTE_STATUS_DISABLED => generated 1306 bytes in 140 msecs (HTTP/1.1 200) 8 headers in 297 bytes (1 switches on core 0)
Jul 16 21:08:56.279817 ncdv-master-1 devstack@placement-api.service[124013]: DEBUG placement.requestlog [req-da17a894-f6cc-40d3-8dd1-cc9c492315f8 req-12ff30a7-47fd-422a-bf12-610e5490ddf7 None None] Starting request: 10.222.0.16 "GET /placement/allocations/e506a6e0-fbcd-4e53-a6a0-d31761654c92" {{(pid=124013) __call__ /opt/stack/placement/placement/requestlog.py:55}}
Jul 16 21:08:56.296705 ncdv-master-1 devstack@placement-api.service[124013]: INFO placement.requestlog [req-da17a894-f6cc-40d3-8dd1-cc9c492315f8 req-12ff30a7-47fd-422a-bf12-610e5490ddf7 service placement] 10.222.0.16 "GET /placement/allocations/e506a6e0-fbcd-4e53-a6a0-d31761654c92" status: 200 len: 19 microversion: 1.28
Jul 16 21:08:56.303723 ncdv-master-1 devstack@placement-api.service[124013]: [pid: 124013|app: 0|req: 28/55] 10.222.0.16 () {60 vars in 1380 bytes} [Sat Jul 16 21:08:56 2022] GET /placement/allocations/e506a6e0-fbcd-4e53-a6a0-d31761654c92 => generated 19 bytes in 24 msecs (HTTP/1.1 200) 8 headers in 295 bytes (1 switches on core 0)
Jul 16 21:08:56.304263 ncdv-master-1 devstack@placement-api.service[124014]: DEBUG placement.requestlog [req-da17a894-f6cc-40d3-8dd1-cc9c492315f8 req-4861c2a5-ded8-4237-be4e-9c88a2904d8d None None] Starting request: 10.222.0.16 "PUT /placement/allocations/e506a6e0-fbcd-4e53-a6a0-d31761654c92" {{(pid=124014) __call__ /opt/stack/placement/placement/requestlog.py:55}}
Jul 16 21:08:56.539422 ncdv-master-1 devstack@placement-api.service[124013]: DEBUG placement.requestlog [req-750df69e-534a-4049-a67e-86e964034e6c req-0ec67343-f038-4599-acbf-a91b8fd42808 None None] Starting request: 10.222.0.16 "GET /placement/resource_providers?name=nch1-master-1" {{(pid=124013) __call__ /opt/stack/placement/placement/requestlog.py:55}}
Jul 16 21:08:56.564115 ncdv-master-1 devstack@placement-api.service[124013]: INFO placement.requestlog [req-750df69e-534a-4049-a67e-86e964034e6c req-0ec67343-f038-4599-acbf-a91b8fd42808 service placement] 10.222.0.16 "GET /placement/resource_providers?name=nch1-master-1" status: 200 len: 440 microversion: 1.0
Jul 16 21:08:56.565243 ncdv-master-1 devstack@placement-api.service[124013]: [pid: 124013|app: 0|req: 29/56] 10.222.0.16 () {58 vars in 1274 bytes} [Sat Jul 16 21:08:56 2022] GET /placement/resource_providers?name=nch1-master-1 => generated 440 bytes in 26 msecs (HTTP/1.1 200) 6 headers in 224 bytes (2 switches on core 0)
Jul 16 21:08:56.575632 ncdv-master-1 devstack@placement-api.service[124013]: DEBUG placement.requestlog [req-750df69e-534a-4049-a67e-86e964034e6c req-1808d438-1204-4036-8bdb-18be6be2230b None None] Starting request: 10.222.0.16 "GET /placement/resource_providers/fcc75857-7dde-4ac0-88e4-871d39001997/aggregates" {{(pid=124013) __call__ /opt/stack/placement/placement/requestlog.py:55}}
Jul 16 21:08:56.597835 ncdv-master-1 devstack@placement-api.service[124013]: INFO placement.requestlog [req-750df69e-534a-4049-a67e-86e964034e6c req-1808d438-1204-4036-8bdb-18be6be2230b service placement] 10.222.0.16 "GET /placement/resource_providers/fcc75857-7dde-4ac0-88e4-871d39001997/aggregates" status: 200 len: 53 microversion: 1.19
Jul 16 21:08:56.598539 ncdv-master-1 devstack@placement-api.service[124013]: [pid: 124013|app: 0|req: 30/57] 10.222.0.16 () {60 vars in 1425 bytes} [Sat Jul 16 21:08:56 2022] GET /placement/resource_providers/fcc75857-7dde-4ac0-88e4-871d39001997/aggregates => generated 53 bytes in 23 msecs (HTTP/1.1 200) 8 headers in 295 bytes (2 switches on core 0)
Jul 16 21:08:56.605847 ncdv-master-1 devstack@placement-api.service[124013]: DEBUG placement.requestlog [req-750df69e-534a-4049-a67e-86e964034e6c req-8462025f-839c-44fd-8932-7fe6f217fc95 None None] Starting request: 10.222.0.16 "PUT /placement/resource_providers/fcc75857-7dde-4ac0-88e4-871d39001997/aggregates" {{(pid=124013) __call__ /opt/stack/placement/placement/requestlog.py:55}}
Jul 16 21:08:56.630102 ncdv-master-1 devstack@placement-api.service[124013]: DEBUG placement.objects.resource_provider [req-750df69e-534a-4049-a67e-86e964034e6c req-8462025f-839c-44fd-8932-7fe6f217fc95 service placement] _ensure_aggregate() did not find aggregate 4b317a5c-0724-4dec-942b-ec13e7c2bcb4. Attempting to create it. {{(pid=124013) _ensure_aggregate /opt/stack/placement/placement/objects/resource_provider.py:321}}
Jul 16 21:08:56.636196 ncdv-master-1 devstack@placement-api.service[124013]: DEBUG placement.objects.resource_provider [req-750df69e-534a-4049-a67e-86e964034e6c req-8462025f-839c-44fd-8932-7fe6f217fc95 service placement] _ensure_aggregate() created new aggregate 4b317a5c-0724-4dec-942b-ec13e7c2bcb4 (id=4). {{(pid=124013) _ensure_aggregate /opt/stack/placement/placement/objects/resource_provider.py:327}}
Jul 16 21:08:56.636196 ncdv-master-1 devstack@placement-api.service[124013]: DEBUG placement.objects.resource_provider [req-750df69e-534a-4049-a67e-86e964034e6c req-8462025f-839c-44fd-8932-7fe6f217fc95 service placement] Setting aggregates for provider fcc75857-7dde-4ac0-88e4-871d39001997. Successfully associated aggregate 4b317a5c-0724-4dec-942b-ec13e7c2bcb4. {{(pid=124013) _set_aggregates /opt/stack/placement/placement/objects/resource_provider.py:389}}
Jul 16 21:08:56.714730 ncdv-master-1 devstack@placement-api.service[124013]: INFO placement.requestlog [req-750df69e-534a-4049-a67e-86e964034e6c req-8462025f-839c-44fd-8932-7fe6f217fc95 service placement] 10.222.0.16 "PUT /placement/resource_providers/fcc75857-7dde-4ac0-88e4-871d39001997/aggregates" status: 200 len: 92 microversion: 1.19
Jul 16 21:08:56.715319 ncdv-master-1 devstack@placement-api.service[124013]: [pid: 124013|app: 0|req: 31/58] 10.222.0.16 () {64 vars in 1477 bytes} [Sat Jul 16 21:08:56 2022] PUT /placement/resource_providers/fcc75857-7dde-4ac0-88e4-871d39001997/aggregates => generated 92 bytes in 110 msecs (HTTP/1.1 200) 8 headers in 295 bytes (1 switches on core 0)
Jul 16 21:08:56.746909 ncdv-master-1 devstack@placement-api.service[124014]: DEBUG placement.objects.allocation [req-da17a894-f6cc-40d3-8dd1-cc9c492315f8 req-4861c2a5-ded8-4237-be4e-9c88a2904d8d service placement] Retrying allocations write on resource provider generation conflict {{(pid=124014) replace_all /opt/stack/placement/placement/objects/allocation.py:509}}
Jul 16 21:08:56.816328 ncdv-master-1 devstack@placement-api.service[124014]: DEBUG dbcounter [-] [124014] Writing DB stats placement:SELECT=74,placement:INSERT=15,placement:DELETE=6,placement:UPDATE=5 {{(pid=124014) stat_writer /usr/local/lib/python3.8/dist-packages/dbcounter.py:114}}
