Jul 16 21:11:31.590227 ncdv-master-1 devstack@placement-api.service[124014]: INFO placement.requestlog [req-1460fa34-cee5-46bc-bd33-8ff913362ad5 req-4a469e78-d7b0-438e-9b95-f1dfd15526cc service placement] 10.222.0.17 "PUT /placement/allocations/bdbd71d5-a5b5-41aa-b67c-7f907e23c3c9" status: 204 len: 0 microversion: 1.28
Jul 16 21:11:31.590897 ncdv-master-1 devstack@placement-api.service[124014]: [pid: 124014|app: 0|req: 119/247] 10.222.0.17 () {64 vars in 1430 bytes} [Sat Jul 16 21:11:31 2022] PUT /placement/allocations/bdbd71d5-a5b5-41aa-b67c-7f907e23c3c9 => generated 0 bytes in 149 msecs (HTTP/1.1 204) 5 headers in 199 bytes (1 switches on core 0)
Jul 16 21:11:31.719814 ncdv-master-1 devstack@placement-api.service[124013]: DEBUG placement.requestlog [None req-15c09adb-7ddb-41be-bc94-08dd378ae3de None None] Starting request: 10.222.0.16 "GET /placement/" {{(pid=124013) __call__ /opt/stack/placement/placement/requestlog.py:55}}
Jul 16 21:11:31.721799 ncdv-master-1 devstack@placement-api.service[124013]: INFO placement.requestlog [None req-15c09adb-7ddb-41be-bc94-08dd378ae3de None None] 10.222.0.16 "GET /placement/" status: 200 len: 136 microversion: 1.0
Jul 16 21:11:31.722642 ncdv-master-1 devstack@placement-api.service[124013]: [pid: 124013|app: 0|req: 129/248] 10.222.0.16 () {54 vars in 916 bytes} [Sat Jul 16 21:11:31 2022] GET /placement => generated 136 bytes in 3 msecs (HTTP/1.1 200) 6 headers in 224 bytes (1 switches on core 0)
Jul 16 21:11:31.740204 ncdv-master-1 devstack@placement-api.service[124014]: DEBUG placement.requestlog [req-5dbbdeaa-24e3-4f91-923e-a8e4da172ccb req-a898d45a-0506-468b-88fc-018d22ba3847 None None] Starting request: 10.222.0.16 "GET /placement/allocations/a7a6fe88-6ffc-40f8-9fae-f00f91a91ac2" {{(pid=124014) __call__ /opt/stack/placement/placement/requestlog.py:55}}
Jul 16 21:11:31.853252 ncdv-master-1 devstack@placement-api.service[124014]: INFO placement.requestlog [req-5dbbdeaa-24e3-4f91-923e-a8e4da172ccb req-a898d45a-0506-468b-88fc-018d22ba3847 service placement] 10.222.0.16 "GET /placement/allocations/a7a6fe88-6ffc-40f8-9fae-f00f91a91ac2" status: 200 len: 259 microversion: 1.28
Jul 16 21:11:31.854155 ncdv-master-1 devstack@placement-api.service[124014]: [pid: 124014|app: 0|req: 120/249] 10.222.0.16 () {60 vars in 1380 bytes} [Sat Jul 16 21:11:31 2022] GET /placement/allocations/a7a6fe88-6ffc-40f8-9fae-f00f91a91ac2 => generated 259 bytes in 114 msecs (HTTP/1.1 200) 8 headers in 296 bytes (1 switches on core 0)
Jul 16 21:11:31.875747 ncdv-master-1 devstack@placement-api.service[124013]: DEBUG placement.requestlog [req-5dbbdeaa-24e3-4f91-923e-a8e4da172ccb req-19aabb12-95b7-4a23-aebe-964331ff15f7 None None] Starting request: 10.222.0.16 "GET /placement/allocations/a7a6fe88-6ffc-40f8-9fae-f00f91a91ac2" {{(pid=124013) __call__ /opt/stack/placement/placement/requestlog.py:55}}
Jul 16 21:11:31.905421 ncdv-master-1 devstack@placement-api.service[124013]: INFO placement.requestlog [req-5dbbdeaa-24e3-4f91-923e-a8e4da172ccb req-19aabb12-95b7-4a23-aebe-964331ff15f7 service placement] 10.222.0.16 "GET /placement/allocations/a7a6fe88-6ffc-40f8-9fae-f00f91a91ac2" status: 200 len: 259 microversion: 1.28
Jul 16 21:11:31.906118 ncdv-master-1 devstack@placement-api.service[124013]: [pid: 124013|app: 0|req: 130/250] 10.222.0.16 () {60 vars in 1380 bytes} [Sat Jul 16 21:11:31 2022] GET /placement/allocations/a7a6fe88-6ffc-40f8-9fae-f00f91a91ac2 => generated 259 bytes in 31 msecs (HTTP/1.1 200) 8 headers in 296 bytes (1 switches on core 0)
Jul 16 21:11:31.916101 ncdv-master-1 devstack@placement-api.service[124014]: DEBUG placement.requestlog [req-5dbbdeaa-24e3-4f91-923e-a8e4da172ccb req-ed522ffb-7288-4505-bb6e-ba0f9133f0ea None None] Starting request: 10.222.0.16 "GET /placement/allocations/8a6b9c06-f243-4e3a-9b29-bcae7fd4f883" {{(pid=124014) __call__ /opt/stack/placement/placement/requestlog.py:55}}
Jul 16 21:11:31.938660 ncdv-master-1 devstack@placement-api.service[124014]: INFO placement.requestlog [req-5dbbdeaa-24e3-4f91-923e-a8e4da172ccb req-ed522ffb-7288-4505-bb6e-ba0f9133f0ea service placement] 10.222.0.16 "GET /placement/allocations/8a6b9c06-f243-4e3a-9b29-bcae7fd4f883" status: 200 len: 19 microversion: 1.28
Jul 16 21:11:31.939771 ncdv-master-1 devstack@placement-api.service[124014]: [pid: 124014|app: 0|req: 121/251] 10.222.0.16 () {60 vars in 1380 bytes} [Sat Jul 16 21:11:31 2022] GET /placement/allocations/8a6b9c06-f243-4e3a-9b29-bcae7fd4f883 => generated 19 bytes in 24 msecs (HTTP/1.1 200) 8 headers in 295 bytes (1 switches on core 0)
Jul 16 21:11:31.947701 ncdv-master-1 devstack@placement-api.service[124013]: DEBUG placement.requestlog [req-5dbbdeaa-24e3-4f91-923e-a8e4da172ccb req-8eb1742d-3461-46bf-bf54-96036a8425e3 None None] Starting request: 10.222.0.16 "POST /placement/allocations" {{(pid=124013) __call__ /opt/stack/placement/placement/requestlog.py:55}}
Jul 16 21:11:32.123324 ncdv-master-1 devstack@placement-api.service[124013]: DEBUG dbcounter [-] [124013] Writing DB stats placement:SELECT=81,placement:INSERT=9,placement:DELETE=6,placement:UPDATE=4 {{(pid=124013) stat_writer /usr/local/lib/python3.8/dist-packages/dbcounter.py:114}}
Jul 16 21:11:32.206918 ncdv-master-1 devstack@placement-api.service[124013]: DEBUG placement.handlers.allocation [req-5dbbdeaa-24e3-4f91-923e-a8e4da172ccb req-8eb1742d-3461-46bf-bf54-96036a8425e3 service placement] Successfully wrote allocations [, , , , , ] {{(pid=124013) _update_consumers_and_create_allocations /opt/stack/placement/placement/handlers/allocation.py:572}}
Jul 16 21:11:32.272177 ncdv-master-1 devstack@placement-api.service[124013]: INFO placement.requestlog [req-5dbbdeaa-24e3-4f91-923e-a8e4da172ccb req-8eb1742d-3461-46bf-bf54-96036a8425e3 service placement] 10.222.0.16 "POST /placement/allocations" status: 204 len: 0 microversion: 1.28
Jul 16 21:11:32.272747 ncdv-master-1 devstack@placement-api.service[124013]: [pid: 124013|app: 0|req: 131/252] 10.222.0.16 () {64 vars in 1323 bytes} [Sat Jul 16 21:11:31 2022] POST /placement/allocations => generated 0 bytes in 325 msecs (HTTP/1.1 204) 5 headers in 199 bytes (1 switches on core 0)
Jul 16 21:11:32.374130 ncdv-master-1 devstack@placement-api.service[124014]: DEBUG placement.requestlog [req-4fd8ee23-7f4c-4780-acd0-0237d56fe0c6 req-64324e2f-ebe5-4728-ab45-d09d919c80b3 None None] Starting request: 10.222.0.16 "GET /placement/allocation_candidates?limit=1000&resources=DISK_GB%3A1%2CMEMORY_MB%3A1024%2CVCPU%3A1&root_required=%21COMPUTE_STATUS_DISABLED" {{(pid=124014) __call__ /opt/stack/placement/placement/requestlog.py:55}}
Jul 16 21:11:32.462198 ncdv-master-1 devstack@placement-api.service[124014]: DEBUG placement.objects.research_context [req-4fd8ee23-7f4c-4780-acd0-0237d56fe0c6 req-64324e2f-ebe5-4728-ab45-d09d919c80b3 service placement] getting providers with 1 DISK_GB {{(pid=124014) __init__ /opt/stack/placement/placement/objects/research_context.py:136}}
Jul 16 21:11:32.469444 ncdv-master-1 devstack@placement-api.service[124014]: DEBUG placement.objects.research_context [req-4fd8ee23-7f4c-4780-acd0-0237d56fe0c6 req-64324e2f-ebe5-4728-ab45-d09d919c80b3 service placement] getting providers with 1024 MEMORY_MB {{(pid=124014) __init__ /opt/stack/placement/placement/objects/research_context.py:136}}
Jul 16 21:11:32.476474 ncdv-master-1 devstack@placement-api.service[124014]: DEBUG placement.objects.research_context [req-4fd8ee23-7f4c-4780-acd0-0237d56fe0c6 req-64324e2f-ebe5-4728-ab45-d09d919c80b3 service placement] getting providers with 1 VCPU {{(pid=124014) __init__ /opt/stack/placement/placement/objects/research_context.py:136}}
Jul 16 21:11:32.486023 ncdv-master-1 devstack@placement-api.service[124014]: DEBUG placement.objects.research_context [req-4fd8ee23-7f4c-4780-acd0-0237d56fe0c6 req-64324e2f-ebe5-4728-ab45-d09d919c80b3 service placement] found 2 providers with available 1 DISK_GB {{(pid=124014) get_provider_ids_matching /opt/stack/placement/placement/objects/research_context.py:563}}
Jul 16 21:11:32.486476 ncdv-master-1 devstack@placement-api.service[124014]: DEBUG placement.objects.research_context [req-4fd8ee23-7f4c-4780-acd0-0237d56fe0c6 req-64324e2f-ebe5-4728-ab45-d09d919c80b3 service placement] found 2 providers with available 1024 MEMORY_MB {{(pid=124014) get_provider_ids_matching /opt/stack/placement/placement/objects/research_context.py:563}}
Jul 16 21:11:32.487045 ncdv-master-1 devstack@placement-api.service[124014]: DEBUG placement.objects.research_context [req-4fd8ee23-7f4c-4780-acd0-0237d56fe0c6 req-64324e2f-ebe5-4728-ab45-d09d919c80b3 service placement] found 2 providers after filtering by previous result {{(pid=124014) get_provider_ids_matching /opt/stack/placement/placement/objects/research_context.py:594}}
Jul 16 21:11:32.487541 ncdv-master-1 devstack@placement-api.service[124014]: DEBUG placement.objects.research_context [req-4fd8ee23-7f4c-4780-acd0-0237d56fe0c6 req-64324e2f-ebe5-4728-ab45-d09d919c80b3 service placement] found 2 providers with available 1 VCPU {{(pid=124014) get_provider_ids_matching /opt/stack/placement/placement/objects/research_context.py:563}}
Jul 16 21:11:32.488020 ncdv-master-1 devstack@placement-api.service[124014]: DEBUG placement.objects.research_context [req-4fd8ee23-7f4c-4780-acd0-0237d56fe0c6 req-64324e2f-ebe5-4728-ab45-d09d919c80b3 service placement] found 2 providers after filtering by previous result {{(pid=124014) get_provider_ids_matching /opt/stack/placement/placement/objects/research_context.py:594}}
Jul 16 21:11:32.503447 ncdv-master-1 devstack@placement-api.service[124014]: DEBUG placement.objects.allocation_candidate [req-4fd8ee23-7f4c-4780-acd0-0237d56fe0c6 req-64324e2f-ebe5-4728-ab45-d09d919c80b3 service placement] RequestGroup(use_same_provider=False, resources={DISK_GB:1, MEMORY_MB:1024, VCPU:1}, traits=(), aggregates=[]) (suffix '') returned 2 matches {{(pid=124014) _get_by_requests /opt/stack/placement/placement/objects/allocation_candidate.py:156}}
Jul 16 21:11:32.504033 ncdv-master-1 devstack@placement-api.service[124014]: DEBUG placement.objects.allocation_candidate [req-4fd8ee23-7f4c-4780-acd0-0237d56fe0c6 req-64324e2f-ebe5-4728-ab45-d09d919c80b3 service placement] Merging candidates yields 2 allocation requests and 2 provider summaries {{(pid=124014) _merge_candidates /opt/stack/placement/placement/objects/allocation_candidate.py:809}}
Jul 16 21:11:32.505883 ncdv-master-1 devstack@placement-api.service[124014]: INFO placement.requestlog [req-4fd8ee23-7f4c-4780-acd0-0237d56fe0c6 req-64324e2f-ebe5-4728-ab45-d09d919c80b3 service placement] 10.222.0.16 "GET /placement/allocation_candidates?limit=1000&resources=DISK_GB%3A1%2CMEMORY_MB%3A1024%2CVCPU%3A1&root_required=%21COMPUTE_STATUS_DISABLED" status: 200 len: 1309 microversion: 1.36
Jul 16 21:11:32.506501 ncdv-master-1 devstack@placement-api.service[124014]: [pid: 124014|app: 0|req: 122/253] 10.222.0.16 () {60 vars in 1506 bytes} [Sat Jul 16 21:11:32 2022] GET /placement/allocation_candidates?limit=1000&resources=DISK_GB%3A1%2CMEMORY_MB%3A1024%2CVCPU%3A1&root_required=%21COMPUTE_STATUS_DISABLED => generated 1309 bytes in 133 msecs (HTTP/1.1 200) 8 headers in 297 bytes (2 switches on core 0)
Jul 16 21:11:32.564725 ncdv-master-1 devstack@placement-api.service[124013]: DEBUG placement.requestlog [req-5dbbdeaa-24e3-4f91-923e-a8e4da172ccb req-6a496c4e-f836-443c-bff0-98d674849e43 None None] Starting request: 10.222.0.16 "GET /placement/allocation_candidates?limit=1000&resources=DISK_GB%3A1%2CMEMORY_MB%3A512%2CVCPU%3A1&root_required=%21COMPUTE_STATUS_DISABLED" {{(pid=124013) __call__ /opt/stack/placement/placement/requestlog.py:55}}
Jul 16 21:11:32.669748 ncdv-master-1 devstack@placement-api.service[124014]: DEBUG placement.requestlog [req-4fd8ee23-7f4c-4780-acd0-0237d56fe0c6 req-68bcbbfe-d815-45c0-8d18-dd3d031e58d3 None None] Starting request: 10.222.0.16 "GET /placement/allocations/0fb5b5b6-1796-4406-b276-326e1d7dd451" {{(pid=124014) __call__ /opt/stack/placement/placement/requestlog.py:55}}
Jul 16 21:11:32.685266 ncdv-master-1 devstack@placement-api.service[124013]: DEBUG placement.objects.research_context [req-5dbbdeaa-24e3-4f91-923e-a8e4da172ccb req-6a496c4e-f836-443c-bff0-98d674849e43 service placement] getting providers with 1 DISK_GB {{(pid=124013) __init__ /opt/stack/placement/placement/objects/research_context.py:136}}
Jul 16 21:11:32.686914 ncdv-master-1 devstack@placement-api.service[124014]: INFO placement.requestlog [req-4fd8ee23-7f4c-4780-acd0-0237d56fe0c6 req-68bcbbfe-d815-45c0-8d18-dd3d031e58d3 service placement] 10.222.0.16 "GET /placement/allocations/0fb5b5b6-1796-4406-b276-326e1d7dd451" status: 200 len: 19 microversion: 1.28
Jul 16 21:11:32.691029 ncdv-master-1 devstack@placement-api.service[124014]: [pid: 124014|app: 0|req: 123/254] 10.222.0.16 () {60 vars in 1380 bytes} [Sat Jul 16 21:11:32 2022] GET /placement/allocations/0fb5b5b6-1796-4406-b276-326e1d7dd451 => generated 19 bytes in 18 msecs (HTTP/1.1 200) 8 headers in 295 bytes (2 switches on core 0)
Jul 16 21:11:32.701156 ncdv-master-1 devstack@placement-api.service[124013]: DEBUG placement.objects.research_context [req-5dbbdeaa-24e3-4f91-923e-a8e4da172ccb req-6a496c4e-f836-443c-bff0-98d674849e43 service placement] getting providers with 512 MEMORY_MB {{(pid=124013) __init__ /opt/stack/placement/placement/objects/research_context.py:136}}
Jul 16 21:11:32.702117 ncdv-master-1 devstack@placement-api.service[124014]: DEBUG placement.requestlog [req-4fd8ee23-7f4c-4780-acd0-0237d56fe0c6 req-cf00a65e-9499-4bc9-a9ff-cee3c466db01 None None] Starting request: 10.222.0.16 "PUT /placement/allocations/0fb5b5b6-1796-4406-b276-326e1d7dd451" {{(pid=124014) __call__ /opt/stack/placement/placement/requestlog.py:55}}
Jul 16 21:11:32.716276 ncdv-master-1 devstack@placement-api.service[124013]: DEBUG placement.objects.research_context [req-5dbbdeaa-24e3-4f91-923e-a8e4da172ccb req-6a496c4e-f836-443c-bff0-98d674849e43 service placement] getting providers with 1 VCPU {{(pid=124013) __init__ /opt/stack/placement/placement/objects/research_context.py:136}}
Jul 16 21:11:32.722861 ncdv-master-1 devstack@placement-api.service[124013]: DEBUG placement.objects.research_context [req-5dbbdeaa-24e3-4f91-923e-a8e4da172ccb req-6a496c4e-f836-443c-bff0-98d674849e43 service placement] found 2 providers with available 1 DISK_GB {{(pid=124013) get_provider_ids_matching /opt/stack/placement/placement/objects/research_context.py:563}}
Jul 16 21:11:32.723175 ncdv-master-1 devstack@placement-api.service[124013]: DEBUG placement.objects.research_context [req-5dbbdeaa-24e3-4f91-923e-a8e4da172ccb req-6a496c4e-f836-443c-bff0-98d674849e43 service placement] found 2 providers with available 512 MEMORY_MB {{(pid=124013) get_provider_ids_matching /opt/stack/placement/placement/objects/research_context.py:563}}
Jul 16 21:11:32.723453 ncdv-master-1 devstack@placement-api.service[124013]: DEBUG placement.objects.research_context [req-5dbbdeaa-24e3-4f91-923e-a8e4da172ccb req-6a496c4e-f836-443c-bff0-98d674849e43 service placement] found 2 providers after filtering by previous result {{(pid=124013) get_provider_ids_matching /opt/stack/placement/placement/objects/research_context.py:594}}
Jul 16 21:11:32.723713 ncdv-master-1 devstack@placement-api.service[124013]: DEBUG placement.objects.research_context [req-5dbbdeaa-24e3-4f91-923e-a8e4da172ccb req-6a496c4e-f836-443c-bff0-98d674849e43 service placement] found 2 providers with available 1 VCPU {{(pid=124013) get_provider_ids_matching /opt/stack/placement/placement/objects/research_context.py:563}}
Jul 16 21:11:32.724002 ncdv-master-1 devstack@placement-api.service[124013]: DEBUG placement.objects.research_context [req-5dbbdeaa-24e3-4f91-923e-a8e4da172ccb req-6a496c4e-f836-443c-bff0-98d674849e43 service placement] found 2 providers after filtering by previous result {{(pid=124013) get_provider_ids_matching /opt/stack/placement/placement/objects/research_context.py:594}}
Jul 16 21:11:32.750928 ncdv-master-1 devstack@placement-api.service[124013]: DEBUG placement.objects.allocation_candidate [req-5dbbdeaa-24e3-4f91-923e-a8e4da172ccb req-6a496c4e-f836-443c-bff0-98d674849e43 service placement] RequestGroup(use_same_provider=False, resources={DISK_GB:1, MEMORY_MB:512, VCPU:1}, traits=(), aggregates=[]) (suffix '') returned 2 matches {{(pid=124013) _get_by_requests /opt/stack/placement/placement/objects/allocation_candidate.py:156}}
Jul 16 21:11:32.751552 ncdv-master-1 devstack@placement-api.service[124013]: DEBUG placement.objects.allocation_candidate [req-5dbbdeaa-24e3-4f91-923e-a8e4da172ccb req-6a496c4e-f836-443c-bff0-98d674849e43 service placement] Merging candidates yields 2 allocation requests and 2 provider summaries {{(pid=124013) _merge_candidates /opt/stack/placement/placement/objects/allocation_candidate.py:809}}
Jul 16 21:11:32.762790 ncdv-master-1 devstack@placement-api.service[124013]: INFO placement.requestlog [req-5dbbdeaa-24e3-4f91-923e-a8e4da172ccb req-6a496c4e-f836-443c-bff0-98d674849e43 service placement] 10.222.0.16 "GET /placement/allocation_candidates?limit=1000&resources=DISK_GB%3A1%2CMEMORY_MB%3A512%2CVCPU%3A1&root_required=%21COMPUTE_STATUS_DISABLED" status: 200 len: 1307 microversion: 1.36
Jul 16 21:11:32.763575 ncdv-master-1 devstack@placement-api.service[124013]: [pid: 124013|app: 0|req: 132/255] 10.222.0.16 () {60 vars in 1504 bytes} [Sat Jul 16 21:11:32 2022] GET /placement/allocation_candidates?limit=1000&resources=DISK_GB%3A1%2CMEMORY_MB%3A512%2CVCPU%3A1&root_required=%21COMPUTE_STATUS_DISABLED => generated 1307 bytes in 199 msecs (HTTP/1.1 200) 8 headers in 297 bytes (2 switches on core 0)
Jul 16 21:11:32.851948 ncdv-master-1 devstack@placement-api.service[124013]: DEBUG placement.requestlog [req-5dbbdeaa-24e3-4f91-923e-a8e4da172ccb req-667bf602-daa1-423d-a7a0-87dfbc967d72 None None] Starting request: 10.222.0.16 "GET /placement/allocations/a7a6fe88-6ffc-40f8-9fae-f00f91a91ac2" {{(pid=124013) __call__ /opt/stack/placement/placement/requestlog.py:55}}
Jul 16 21:11:32.868565 ncdv-master-1 devstack@placement-api.service[124013]: INFO placement.requestlog [req-5dbbdeaa-24e3-4f91-923e-a8e4da172ccb req-667bf602-daa1-423d-a7a0-87dfbc967d72 service placement] 10.222.0.16 "GET /placement/allocations/a7a6fe88-6ffc-40f8-9fae-f00f91a91ac2" status: 200 len: 19 microversion: 1.28
Jul 16 21:11:32.876722 ncdv-master-1 devstack@placement-api.service[124013]: [pid: 124013|app: 0|req: 133/256] 10.222.0.16 () {60 vars in 1380 bytes} [Sat Jul 16 21:11:32 2022] GET /placement/allocations/a7a6fe88-6ffc-40f8-9fae-f00f91a91ac2 => generated 19 bytes in 26 msecs (HTTP/1.1 200) 8 headers in 295 bytes (1 switches on core 0)
Jul 16 21:11:32.878654 ncdv-master-1 devstack@placement-api.service[124013]: DEBUG placement.requestlog [req-5dbbdeaa-24e3-4f91-923e-a8e4da172ccb req-d444db7f-0318-413b-8185-1c28650b65ac None None] Starting request: 10.222.0.16 "PUT /placement/allocations/a7a6fe88-6ffc-40f8-9fae-f00f91a91ac2" {{(pid=124013) __call__ /opt/stack/placement/placement/requestlog.py:55}}
Jul 16 21:11:32.894981 ncdv-master-1 devstack@placement-api.service[124014]: DEBUG dbcounter [-] [124014] Writing DB stats placement:SELECT=79,placement:INSERT=10,placement:DELETE=5,placement:UPDATE=6 {{(pid=124014) stat_writer /usr/local/lib/python3.8/dist-packages/dbcounter.py:114}}
Jul 16 21:11:32.902597 ncdv-master-1 devstack@placement-api.service[124014]: DEBUG placement.handlers.allocation [req-4fd8ee23-7f4c-4780-acd0-0237d56fe0c6 req-cf00a65e-9499-4bc9-a9ff-cee3c466db01 service placement] Successfully wrote allocations [, , ] {{(pid=124014) _update_consumers_and_create_allocations /opt/stack/placement/placement/handlers/allocation.py:462}}
Jul 16 21:11:32.972279 ncdv-master-1 devstack@placement-api.service[124014]: INFO placement.requestlog [req-4fd8ee23-7f4c-4780-acd0-0237d56fe0c6 req-cf00a65e-9499-4bc9-a9ff-cee3c466db01 service placement] 10.222.0.16 "PUT /placement/allocations/0fb5b5b6-1796-4406-b276-326e1d7dd451" status: 204 len: 0 microversion: 1.36
Jul 16 21:11:32.973027 ncdv-master-1 devstack@placement-api.service[124014]: [pid: 124014|app: 0|req: 124/257] 10.222.0.16 () {64 vars in 1433 bytes} [Sat Jul 16 21:11:32 2022] PUT /placement/allocations/0fb5b5b6-1796-4406-b276-326e1d7dd451 => generated 0 bytes in 271 msecs (HTTP/1.1 204) 5 headers in 199 bytes (1 switches on core 0)
Jul 16 21:11:33.098362 ncdv-master-1 devstack@placement-api.service[124013]: DEBUG placement.handlers.allocation [req-5dbbdeaa-24e3-4f91-923e-a8e4da172ccb req-d444db7f-0318-413b-8185-1c28650b65ac service placement] Successfully wrote allocations [, , ] {{(pid=124013) _update_consumers_and_create_allocations /opt/stack/placement/placement/handlers/allocation.py:462}}
Jul 16 21:11:33.164895 ncdv-master-1 devstack@placement-api.service[124013]: INFO placement.requestlog [req-5dbbdeaa-24e3-4f91-923e-a8e4da172ccb req-d444db7f-0318-413b-8185-1c28650b65ac service placement] 10.222.0.16 "PUT /placement/allocations/a7a6fe88-6ffc-40f8-9fae-f00f91a91ac2" status: 204 len: 0 microversion: 1.36
Jul 16 21:11:33.169674 ncdv-master-1 devstack@placement-api.service[124013]: [pid: 124013|app: 0|req: 134/258] 10.222.0.16 () {64 vars in 1433 bytes} [Sat Jul 16 21:11:32 2022] PUT /placement/allocations/a7a6fe88-6ffc-40f8-9fae-f00f91a91ac2 => generated 0 bytes in 291 msecs (HTTP/1.1 204) 5 headers in 199 bytes (1 switches on core 0)
Jul 16 21:11:33.729465 ncdv-master-1 devstack@placement-api.service[124014]: DEBUG placement.requestlog [req-5dbbdeaa-24e3-4f91-923e-a8e4da172ccb req-738a48b1-f7c3-4524-947c-6951088ac0d4 None None] Starting request: 10.222.0.17 "GET /placement/allocations/a7a6fe88-6ffc-40f8-9fae-f00f91a91ac2" {{(pid=124014) __call__ /opt/stack/placement/placement/requestlog.py:55}}
Jul 16 21:11:33.767309 ncdv-master-1 devstack@placement-api.service[124014]: INFO placement.requestlog [req-5dbbdeaa-24e3-4f91-923e-a8e4da172ccb req-738a48b1-f7c3-4524-947c-6951088ac0d4 service placement] 10.222.0.17 "GET /placement/allocations/a7a6fe88-6ffc-40f8-9fae-f00f91a91ac2" status: 200 len: 258 microversion: 1.28
Jul 16 21:11:33.771417 ncdv-master-1 devstack@placement-api.service[124014]: [pid: 124014|app: 0|req: 125/259] 10.222.0.17 () {60 vars in 1377 bytes} [Sat Jul 16 21:11:33 2022] GET /placement/allocations/a7a6fe88-6ffc-40f8-9fae-f00f91a91ac2 => generated 258 bytes in 44 msecs (HTTP/1.1 200) 8 headers in 296 bytes (1 switches on core 0)
Jul 16 21:11:34.705844 ncdv-master-1 devstack@placement-api.service[124013]: DEBUG placement.requestlog [req-4fd8ee23-7f4c-4780-acd0-0237d56fe0c6 req-b74e5619-fec7-47f9-8737-e626df095b74 None None] Starting request: 10.222.0.17 "GET /placement/allocations/0fb5b5b6-1796-4406-b276-326e1d7dd451" {{(pid=124013) __call__ /opt/stack/placement/placement/requestlog.py:55}}
Jul 16 21:11:34.733385 ncdv-master-1 devstack@placement-api.service[124013]: INFO placement.requestlog [req-4fd8ee23-7f4c-4780-acd0-0237d56fe0c6 req-b74e5619-fec7-47f9-8737-e626df095b74 service placement] 10.222.0.17 "GET /placement/allocations/0fb5b5b6-1796-4406-b276-326e1d7dd451" status: 200 len: 259 microversion: 1.28
Jul 16 21:11:34.734373 ncdv-master-1 devstack@placement-api.service[124013]: [pid: 124013|app: 0|req: 135/260] 10.222.0.17 () {60 vars in 1377 bytes} [Sat Jul 16 21:11:34 2022] GET /placement/allocations/0fb5b5b6-1796-4406-b276-326e1d7dd451 => generated 259 bytes in 29 msecs (HTTP/1.1 200) 8 headers in 296 bytes (1 switches on core 0)
Jul 16 21:11:40.678532 ncdv-master-1 devstack@placement-api.service[124014]: DEBUG placement.requestlog [req-73dd7b55-afc6-48f5-82a0-67fafd996bd9 req-de8519dc-0484-40af-a8a4-ed201320f3a9 None None] Starting request: 10.222.0.16 "GET /placement/allocation_candidates?limit=1000&resources=DISK_GB%3A1%2CMEMORY_MB%3A1024%2CVCPU%3A1&root_required=%21COMPUTE_STATUS_DISABLED" {{(pid=124014) __call__ /opt/stack/placement/placement/requestlog.py:55}}
Jul 16 21:11:40.760541 ncdv-master-1 devstack@placement-api.service[124014]: DEBUG placement.objects.research_context [req-73dd7b55-afc6-48f5-82a0-67fafd996bd9 req-de8519dc-0484-40af-a8a4-ed201320f3a9 service placement] getting providers with 1 DISK_GB {{(pid=124014) __init__ /opt/stack/placement/placement/objects/research_context.py:136}}
Jul 16 21:11:40.767826 ncdv-master-1 devstack@placement-api.service[124014]: DEBUG placement.objects.research_context [req-73dd7b55-afc6-48f5-82a0-67fafd996bd9 req-de8519dc-0484-40af-a8a4-ed201320f3a9 service placement] getting providers with 1024 MEMORY_MB {{(pid=124014) __init__ /opt/stack/placement/placement/objects/research_context.py:136}}
Jul 16 21:11:40.776419 ncdv-master-1 devstack@placement-api.service[124014]: DEBUG placement.objects.research_context [req-73dd7b55-afc6-48f5-82a0-67fafd996bd9 req-de8519dc-0484-40af-a8a4-ed201320f3a9 service placement] getting providers with 1 VCPU {{(pid=124014) __init__ /opt/stack/placement/placement/objects/research_context.py:136}}
Jul 16 21:11:40.785696 ncdv-master-1 devstack@placement-api.service[124014]: DEBUG placement.objects.research_context [req-73dd7b55-afc6-48f5-82a0-67fafd996bd9 req-de8519dc-0484-40af-a8a4-ed201320f3a9 service placement] found 2 providers with available 1 DISK_GB {{(pid=124014) get_provider_ids_matching /opt/stack/placement/placement/objects/research_context.py:563}}
Jul 16 21:11:40.786532 ncdv-master-1 devstack@placement-api.service[124014]: DEBUG placement.objects.research_context [req-73dd7b55-afc6-48f5-82a0-67fafd996bd9 req-de8519dc-0484-40af-a8a4-ed201320f3a9 service placement] found 2 providers with available 1024 MEMORY_MB {{(pid=124014) get_provider_ids_matching /opt/stack/placement/placement/objects/research_context.py:563}}
Jul 16 21:11:40.787269 ncdv-master-1 devstack@placement-api.service[124014]: DEBUG placement.objects.research_context [req-73dd7b55-afc6-48f5-82a0-67fafd996bd9 req-de8519dc-0484-40af-a8a4-ed201320f3a9 service placement] found 2 providers after filtering by previous result {{(pid=124014) get_provider_ids_matching /opt/stack/placement/placement/objects/research_context.py:594}}
Jul 16 21:11:40.788885 ncdv-master-1 devstack@placement-api.service[124014]: DEBUG placement.objects.research_context [req-73dd7b55-afc6-48f5-82a0-67fafd996bd9 req-de8519dc-0484-40af-a8a4-ed201320f3a9 service placement] found 2 providers with available 1 VCPU {{(pid=124014) get_provider_ids_matching /opt/stack/placement/placement/objects/research_context.py:563}}
Jul 16 21:11:40.790345 ncdv-master-1 devstack@placement-api.service[124014]: DEBUG placement.objects.research_context [req-73dd7b55-afc6-48f5-82a0-67fafd996bd9 req-de8519dc-0484-40af-a8a4-ed201320f3a9 service placement] found 2 providers after filtering by previous result {{(pid=124014) get_provider_ids_matching /opt/stack/placement/placement/objects/research_context.py:594}}
Jul 16 21:11:40.821801 ncdv-master-1 devstack@placement-api.service[124014]: DEBUG placement.objects.allocation_candidate [req-73dd7b55-afc6-48f5-82a0-67fafd996bd9 req-de8519dc-0484-40af-a8a4-ed201320f3a9 service placement] RequestGroup(use_same_provider=False, resources={DISK_GB:1, MEMORY_MB:1024, VCPU:1}, traits=(), aggregates=[]) (suffix '') returned 2 matches {{(pid=124014) _get_by_requests /opt/stack/placement/placement/objects/allocation_candidate.py:156}}
Jul 16 21:11:40.822670 ncdv-master-1 devstack@placement-api.service[124014]: DEBUG placement.objects.allocation_candidate [req-73dd7b55-afc6-48f5-82a0-67fafd996bd9 req-de8519dc-0484-40af-a8a4-ed201320f3a9 service placement] Merging candidates yields 2 allocation requests and 2 provider summaries {{(pid=124014) _merge_candidates /opt/stack/placement/placement/objects/allocation_candidate.py:809}}
Jul 16 21:11:40.824700 ncdv-master-1 devstack@placement-api.service[124014]: INFO placement.requestlog [req-73dd7b55-afc6-48f5-82a0-67fafd996bd9 req-de8519dc-0484-40af-a8a4-ed201320f3a9 service placement] 10.222.0.16 "GET /placement/allocation_candidates?limit=1000&resources=DISK_GB%3A1%2CMEMORY_MB%3A1024%2CVCPU%3A1&root_required=%21COMPUTE_STATUS_DISABLED" status: 200 len: 1311 microversion: 1.36
Jul 16 21:11:40.827502 ncdv-master-1 devstack@placement-api.service[124014]: [pid: 124014|app: 0|req: 126/261] 10.222.0.16 () {60 vars in 1506 bytes} [Sat Jul 16 21:11:40 2022] GET /placement/allocation_candidates?limit=1000&resources=DISK_GB%3A1%2CMEMORY_MB%3A1024%2CVCPU%3A1&root_required=%21COMPUTE_STATUS_DISABLED => generated 1311 bytes in 149 msecs (HTTP/1.1 200) 8 headers in 297 bytes (1 switches on core 0)
Jul 16 21:11:40.946153 ncdv-master-1 devstack@placement-api.service[124013]: DEBUG placement.requestlog [req-73dd7b55-afc6-48f5-82a0-67fafd996bd9 req-2b715225-4d84-4fb4-8a60-4daeb29148cd None None] Starting request: 10.222.0.16 "GET /placement/allocations/8020f553-6025-4f19-835c-c00e2fb4f764" {{(pid=124013) __call__ /opt/stack/placement/placement/requestlog.py:55}}
Jul 16 21:11:40.961489 ncdv-master-1 devstack@placement-api.service[124013]: INFO placement.requestlog [req-73dd7b55-afc6-48f5-82a0-67fafd996bd9 req-2b715225-4d84-4fb4-8a60-4daeb29148cd service placement] 10.222.0.16 "GET /placement/allocations/8020f553-6025-4f19-835c-c00e2fb4f764" status: 200 len: 19 microversion: 1.28
Jul 16 21:11:40.967437 ncdv-master-1 devstack@placement-api.service[124013]: [pid: 124013|app: 0|req: 136/262] 10.222.0.16 () {60 vars in 1380 bytes} [Sat Jul 16 21:11:40 2022] GET /placement/allocations/8020f553-6025-4f19-835c-c00e2fb4f764 => generated 19 bytes in 21 msecs (HTTP/1.1 200) 8 headers in 295 bytes (1 switches on core 0)
Jul 16 21:11:40.969301 ncdv-master-1 devstack@placement-api.service[124014]: DEBUG placement.requestlog [req-73dd7b55-afc6-48f5-82a0-67fafd996bd9 req-3754323e-102c-45f6-b880-4f2c993f8813 None None] Starting request: 10.222.0.16 "PUT /placement/allocations/8020f553-6025-4f19-835c-c00e2fb4f764" {{(pid=124014) __call__ /opt/stack/placement/placement/requestlog.py:55}}
Jul 16 21:11:41.270933 ncdv-master-1 devstack@placement-api.service[124014]: DEBUG placement.handlers.allocation [req-73dd7b55-afc6-48f5-82a0-67fafd996bd9 req-3754323e-102c-45f6-b880-4f2c993f8813 service placement] Successfully wrote allocations [, , ] {{(pid=124014) _update_consumers_and_create_allocations /opt/stack/placement/placement/handlers/allocation.py:462}}
Jul 16 21:11:41.355751 ncdv-master-1 devstack@placement-api.service[124014]: INFO placement.requestlog [req-73dd7b55-afc6-48f5-82a0-67fafd996bd9 req-3754323e-102c-45f6-b880-4f2c993f8813 service placement] 10.222.0.16 "PUT /placement/allocations/8020f553-6025-4f19-835c-c00e2fb4f764" status: 204 len: 0 microversion: 1.36
Jul 16 21:11:41.356377 ncdv-master-1 devstack@placement-api.service[124014]: [pid: 124014|app: 0|req: 127/263] 10.222.0.16 () {64 vars in 1433 bytes} [Sat Jul 16 21:11:40 2022] PUT /placement/allocations/8020f553-6025-4f19-835c-c00e2fb4f764 => generated 0 bytes in 387 msecs (HTTP/1.1 204) 5 headers in 199 bytes (1 switches on core 0)
Jul 16 21:11:42.471683 ncdv-master-1 devstack@placement-api.service[124013]: DEBUG placement.requestlog [None req-4d76a432-af67-4e72-961c-76e0c8a3e1d9 None None] Starting request: 10.222.0.16 "GET /placement/resource_providers/735c9175-131f-4b0f-8dd4-80b26da21767/aggregates" {{(pid=124013) __call__ /opt/stack/placement/placement/requestlog.py:55}}
Jul 16 21:11:42.503944 ncdv-master-1 devstack@placement-api.service[124013]: INFO placement.requestlog [None req-4d76a432-af67-4e72-961c-76e0c8a3e1d9 service placement] 10.222.0.16 "GET /placement/resource_providers/735c9175-131f-4b0f-8dd4-80b26da21767/aggregates" status: 404 len: 235 microversion: 1.1
Jul 16 21:11:42.505514 ncdv-master-1 devstack@placement-api.service[124013]: [pid: 124013|app: 0|req: 137/264] 10.222.0.16 () {58 vars in 1362 bytes} [Sat Jul 16 21:11:42 2022] GET /placement/resource_providers/735c9175-131f-4b0f-8dd4-80b26da21767/aggregates => generated 235 bytes in 35 msecs (HTTP/1.1 404) 5 headers in 202 bytes (1 switches on core 0)
Jul 16 21:11:42.640027 ncdv-master-1 devstack@placement-api.service[124014]: DEBUG placement.requestlog [None req-714da8c5-288d-4bb8-9131-6def19785e18 None None] Starting request: 10.222.0.16 "DELETE /placement/resource_providers/735c9175-131f-4b0f-8dd4-80b26da21767" {{(pid=124014) __call__ /opt/stack/placement/placement/requestlog.py:55}}
Jul 16 21:11:42.663119 ncdv-master-1 devstack@placement-api.service[124014]: DEBUG placement.wsgi_wrapper [None req-714da8c5-288d-4bb8-9131-6def19785e18 service placement] Placement API returning an error response: No resource provider with uuid 735c9175-131f-4b0f-8dd4-80b26da21767 found for delete {{(pid=124014) call_func /opt/stack/placement/placement/wsgi_wrapper.py:31}}
Jul 16 21:11:42.666650 ncdv-master-1 devstack@placement-api.service[124014]: INFO placement.requestlog [None req-714da8c5-288d-4bb8-9131-6def19785e18 service placement] 10.222.0.16 "DELETE /placement/resource_providers/735c9175-131f-4b0f-8dd4-80b26da21767" status: 404 len: 246 microversion: 1.1
Jul 16 21:11:42.667440 ncdv-master-1 devstack@placement-api.service[124014]: [pid: 124014|app: 0|req: 128/265] 10.222.0.16 () {60 vars in 1351 bytes} [Sat Jul 16 21:11:42 2022] DELETE /placement/resource_providers/735c9175-131f-4b0f-8dd4-80b26da21767 => generated 246 bytes in 28 msecs (HTTP/1.1 404) 6 headers in 231 bytes (1 switches on core 0)
Jul 16 21:11:42.958737 ncdv-master-1 devstack@placement-api.service[124013]: DEBUG placement.requestlog [req-73dd7b55-afc6-48f5-82a0-67fafd996bd9 req-29abd26e-3727-4efc-bd4b-028d0ae45e48 None None] Starting request: 10.222.0.30 "GET /placement/allocations/8020f553-6025-4f19-835c-c00e2fb4f764" {{(pid=124013) __call__ /opt/stack/placement/placement/requestlog.py:55}}
Jul 16 21:11:42.985335 ncdv-master-1 devstack@placement-api.service[124013]: INFO placement.requestlog [req-73dd7b55-afc6-48f5-82a0-67fafd996bd9 req-29abd26e-3727-4efc-bd4b-028d0ae45e48 service placement] 10.222.0.30 "GET /placement/allocations/8020f553-6025-4f19-835c-c00e2fb4f764" status: 200 len: 259 microversion: 1.28
Jul 16 21:11:42.991137 ncdv-master-1 devstack@placement-api.service[124013]: [pid: 124013|app: 0|req: 138/266] 10.222.0.30 () {60 vars in 1377 bytes} [Sat Jul 16 21:11:42 2022] GET /placement/allocations/8020f553-6025-4f19-835c-c00e2fb4f764 => generated 259 bytes in 33 msecs (HTTP/1.1 200) 8 headers in 296 bytes (2 switches on core 0)
Jul 16 21:11:46.163530 ncdv-master-1 devstack@placement-api.service[124014]: DEBUG placement.requestlog [req-0cc5e21b-5b56-401d-aa88-60ba579c0ab6 req-418ef5df-e524-4dca-a571-04829ef148ad None None] Starting request: 10.222.0.17 "GET /placement/resource_providers/c18c7b31-cb52-43e0-ba1f-41c40f4e73e5/allocations" {{(pid=124014) __call__ /opt/stack/placement/placement/requestlog.py:55}}
Jul 16 21:11:46.234463 ncdv-master-1 devstack@placement-api.service[124014]: INFO placement.requestlog [req-0cc5e21b-5b56-401d-aa88-60ba579c0ab6 req-418ef5df-e524-4dca-a571-04829ef148ad service placement] 10.222.0.17 "GET /placement/resource_providers/c18c7b31-cb52-43e0-ba1f-41c40f4e73e5/allocations" status: 200 len: 1062 microversion: 1.0
Jul 16 21:11:46.234463 ncdv-master-1 devstack@placement-api.service[124014]: [pid: 124014|app: 0|req: 129/267] 10.222.0.17 () {58 vars in 1390 bytes} [Sat Jul 16 21:11:46 2022] GET /placement/resource_providers/c18c7b31-cb52-43e0-ba1f-41c40f4e73e5/allocations => generated 1062 bytes in 64 msecs (HTTP/1.1 200) 6 headers in 225 bytes (1 switches on core 0)
Jul 16 21:11:47.262638 ncdv-master-1 devstack@placement-api.service[124013]: DEBUG placement.requestlog [req-08ab83e4-966e-455f-a99d-3113be19c00c req-010b3093-445f-4ffa-b9ca-7024664fe91c None None] Starting request: 10.222.0.17 "DELETE /placement/allocations/65a70cca-b978-41ab-b890-6052f653c5c3" {{(pid=124013) __call__ /opt/stack/placement/placement/requestlog.py:55}}
Jul 16 21:11:47.484301 ncdv-master-1 devstack@placement-api.service[124013]: DEBUG placement.handlers.allocation [req-08ab83e4-966e-455f-a99d-3113be19c00c req-010b3093-445f-4ffa-b9ca-7024664fe91c service placement] Successfully deleted allocations [, , ] {{(pid=124013) delete_allocations /opt/stack/placement/placement/handlers/allocation.py:627}}
Jul 16 21:11:47.484899 ncdv-master-1 devstack@placement-api.service[124013]: INFO placement.requestlog [req-08ab83e4-966e-455f-a99d-3113be19c00c req-010b3093-445f-4ffa-b9ca-7024664fe91c service placement] 10.222.0.17 "DELETE /placement/allocations/65a70cca-b978-41ab-b890-6052f653c5c3" status: 204 len: 0 microversion: 1.0
Jul 16 21:11:47.485445 ncdv-master-1 devstack@placement-api.service[124013]: [pid: 124013|app: 0|req: 139/268] 10.222.0.17 () {60 vars in 1355 bytes} [Sat Jul 16 21:11:47 2022] DELETE /placement/allocations/65a70cca-b978-41ab-b890-6052f653c5c3 => generated 0 bytes in 224 msecs (HTTP/1.1 204) 5 headers in 198 bytes (1 switches on core 0)
Jul 16 21:11:48.165599 ncdv-master-1 devstack@placement-api.service[124014]: DEBUG placement.requestlog [req-09e54676-6f91-44ba-a372-1135c0bc4a38 req-8f97975a-6c9f-410b-9a46-29124a37a991 None None] Starting request: 10.222.0.30 "GET /placement/resource_providers/fcc75857-7dde-4ac0-88e4-871d39001997/allocations" {{(pid=124014) __call__ /opt/stack/placement/placement/requestlog.py:55}}
Jul 16 21:11:48.238463 ncdv-master-1 devstack@placement-api.service[124014]: INFO placement.requestlog [req-09e54676-6f91-44ba-a372-1135c0bc4a38 req-8f97975a-6c9f-410b-9a46-29124a37a991 service placement] 10.222.0.30 "GET /placement/resource_providers/fcc75857-7dde-4ac0-88e4-871d39001997/allocations" status: 200 len: 961 microversion: 1.0
Jul 16 21:11:48.238849 ncdv-master-1 devstack@placement-api.service[124014]: [pid: 124014|app: 0|req: 130/269] 10.222.0.30 () {58 vars in 1390 bytes} [Sat Jul 16 21:11:48 2022] GET /placement/resource_providers/fcc75857-7dde-4ac0-88e4-871d39001997/allocations => generated 961 bytes in 75 msecs (HTTP/1.1 200) 6 headers in 224 bytes (1 switches on core 0)
Jul 16 21:11:51.511937 ncdv-master-1 devstack@placement-api.service[124013]: DEBUG placement.requestlog [req-7a5306f5-59cc-4354-bf2d-c4b779b8b7ba req-de0d4153-2d5b-4f37-bc66-20cd993dba18 None None] Starting request: 10.222.0.16 "GET /placement/allocation_candidates?limit=1000&resources=DISK_GB%3A1%2CMEMORY_MB%3A1024%2CVCPU%3A1&root_required=%21COMPUTE_STATUS_DISABLED" {{(pid=124013) __call__ /opt/stack/placement/placement/requestlog.py:55}}
Jul 16 21:11:51.560444 ncdv-master-1 devstack@placement-api.service[124013]: DEBUG placement.objects.research_context [req-7a5306f5-59cc-4354-bf2d-c4b779b8b7ba req-de0d4153-2d5b-4f37-bc66-20cd993dba18 service placement] getting providers with 1 DISK_GB {{(pid=124013) __init__ /opt/stack/placement/placement/objects/research_context.py:136}}
Jul 16 21:11:51.566861 ncdv-master-1 devstack@placement-api.service[124013]: DEBUG placement.objects.research_context [req-7a5306f5-59cc-4354-bf2d-c4b779b8b7ba req-de0d4153-2d5b-4f37-bc66-20cd993dba18 service placement] getting providers with 1024 MEMORY_MB {{(pid=124013) __init__ /opt/stack/placement/placement/objects/research_context.py:136}}
Jul 16 21:11:51.577014 ncdv-master-1 devstack@placement-api.service[124013]: DEBUG placement.objects.research_context [req-7a5306f5-59cc-4354-bf2d-c4b779b8b7ba req-de0d4153-2d5b-4f37-bc66-20cd993dba18 service placement] getting providers with 1 VCPU {{(pid=124013) __init__ /opt/stack/placement/placement/objects/research_context.py:136}}
Jul 16 21:11:51.599375 ncdv-master-1 devstack@placement-api.service[124013]: DEBUG placement.objects.research_context [req-7a5306f5-59cc-4354-bf2d-c4b779b8b7ba req-de0d4153-2d5b-4f37-bc66-20cd993dba18 service placement] found 2 providers with available 1 DISK_GB {{(pid=124013) get_provider_ids_matching /opt/stack/placement/placement/objects/research_context.py:563}}
Jul 16 21:11:51.600077 ncdv-master-1 devstack@placement-api.service[124013]: DEBUG placement.objects.research_context [req-7a5306f5-59cc-4354-bf2d-c4b779b8b7ba req-de0d4153-2d5b-4f37-bc66-20cd993dba18 service placement] found 2 providers with available 1024 MEMORY_MB {{(pid=124013) get_provider_ids_matching /opt/stack/placement/placement/objects/research_context.py:563}}
Jul 16 21:11:51.600474 ncdv-master-1 devstack@placement-api.service[124013]: DEBUG placement.objects.research_context [req-7a5306f5-59cc-4354-bf2d-c4b779b8b7ba req-de0d4153-2d5b-4f37-bc66-20cd993dba18 service placement] found 2 providers after filtering by previous result {{(pid=124013) get_provider_ids_matching /opt/stack/placement/placement/objects/research_context.py:594}}
Jul 16 21:11:51.600828 ncdv-master-1 devstack@placement-api.service[124013]: DEBUG placement.objects.research_context [req-7a5306f5-59cc-4354-bf2d-c4b779b8b7ba req-de0d4153-2d5b-4f37-bc66-20cd993dba18 service placement] found 2 providers with available 1 VCPU {{(pid=124013) get_provider_ids_matching /opt/stack/placement/placement/objects/research_context.py:563}}
Jul 16 21:11:51.601163 ncdv-master-1 devstack@placement-api.service[124013]: DEBUG placement.objects.research_context [req-7a5306f5-59cc-4354-bf2d-c4b779b8b7ba req-de0d4153-2d5b-4f37-bc66-20cd993dba18 service placement] found 2 providers after filtering by previous result {{(pid=124013) get_provider_ids_matching /opt/stack/placement/placement/objects/research_context.py:594}}
Jul 16 21:11:51.615861 ncdv-master-1 devstack@placement-api.service[124013]: DEBUG placement.objects.allocation_candidate [req-7a5306f5-59cc-4354-bf2d-c4b779b8b7ba req-de0d4153-2d5b-4f37-bc66-20cd993dba18 service placement] RequestGroup(use_same_provider=False, resources={DISK_GB:1, MEMORY_MB:1024, VCPU:1}, traits=(), aggregates=[]) (suffix '') returned 2 matches {{(pid=124013) _get_by_requests /opt/stack/placement/placement/objects/allocation_candidate.py:156}}
Jul 16 21:11:51.616680 ncdv-master-1 devstack@placement-api.service[124013]: DEBUG placement.objects.allocation_candidate [req-7a5306f5-59cc-4354-bf2d-c4b779b8b7ba req-de0d4153-2d5b-4f37-bc66-20cd993dba18 service placement] Merging candidates yields 2 allocation requests and 2 provider summaries {{(pid=124013) _merge_candidates /opt/stack/placement/placement/objects/allocation_candidate.py:809}}
Jul 16 21:11:51.619190 ncdv-master-1 devstack@placement-api.service[124013]: INFO placement.requestlog [req-7a5306f5-59cc-4354-bf2d-c4b779b8b7ba req-de0d4153-2d5b-4f37-bc66-20cd993dba18 service placement] 10.222.0.16 "GET /placement/allocation_candidates?limit=1000&resources=DISK_GB%3A1%2CMEMORY_MB%3A1024%2CVCPU%3A1&root_required=%21COMPUTE_STATUS_DISABLED" status: 200 len: 1309 microversion: 1.36
Jul 16 21:11:51.647711 ncdv-master-1 devstack@placement-api.service[124013]: [pid: 124013|app: 0|req: 140/270] 10.222.0.16 () {60 vars in 1506 bytes} [Sat Jul 16 21:11:51 2022] GET /placement/allocation_candidates?limit=1000&resources=DISK_GB%3A1%2CMEMORY_MB%3A1024%2CVCPU%3A1&root_required=%21COMPUTE_STATUS_DISABLED => generated 1309 bytes in 134 msecs (HTTP/1.1 200) 8 headers in 297 bytes (1 switches on core 0)
Jul 16 21:11:51.774772 ncdv-master-1 devstack@placement-api.service[124014]: DEBUG placement.requestlog [req-7a5306f5-59cc-4354-bf2d-c4b779b8b7ba req-1c55defc-c380-41f8-aa88-d4a1b39f83c5 None None] Starting request: 10.222.0.16 "GET /placement/allocations/2b26717b-355f-417e-8a7c-72c41e1974e1" {{(pid=124014) __call__ /opt/stack/placement/placement/requestlog.py:55}}
Jul 16 21:11:51.791703 ncdv-master-1 devstack@placement-api.service[124014]: INFO placement.requestlog [req-7a5306f5-59cc-4354-bf2d-c4b779b8b7ba req-1c55defc-c380-41f8-aa88-d4a1b39f83c5 service placement] 10.222.0.16 "GET /placement/allocations/2b26717b-355f-417e-8a7c-72c41e1974e1" status: 200 len: 19 microversion: 1.28
Jul 16 21:11:51.801635 ncdv-master-1 devstack@placement-api.service[124014]: [pid: 124014|app: 0|req: 131/271] 10.222.0.16 () {60 vars in 1380 bytes} [Sat Jul 16 21:11:51 2022] GET /placement/allocations/2b26717b-355f-417e-8a7c-72c41e1974e1 => generated 19 bytes in 27 msecs (HTTP/1.1 200) 8 headers in 295 bytes (1 switches on core 0)
Jul 16 21:11:51.804188 ncdv-master-1 devstack@placement-api.service[124013]: DEBUG placement.requestlog [req-7a5306f5-59cc-4354-bf2d-c4b779b8b7ba req-6400fd5f-1b2b-4694-bae8-f02d03d0ddee None None] Starting request: 10.222.0.16 "PUT /placement/allocations/2b26717b-355f-417e-8a7c-72c41e1974e1" {{(pid=124013) __call__ /opt/stack/placement/placement/requestlog.py:55}}
Jul 16 21:11:52.170309 ncdv-master-1 devstack@placement-api.service[124013]: DEBUG dbcounter [-] [124013] Writing DB stats placement:SELECT=77,placement:DELETE=8,placement:INSERT=10,placement:UPDATE=5 {{(pid=124013) stat_writer /usr/local/lib/python3.8/dist-packages/dbcounter.py:114}}
Jul 16 21:11:52.190114 ncdv-master-1 devstack@placement-api.service[124013]: DEBUG placement.handlers.allocation [req-7a5306f5-59cc-4354-bf2d-c4b779b8b7ba req-6400fd5f-1b2b-4694-bae8-f02d03d0ddee service placement] Successfully wrote allocations [, , ] {{(pid=124013) _update_consumers_and_create_allocations /opt/stack/placement/placement/handlers/allocation.py:462}}
Jul 16 21:11:52.298622 ncdv-master-1 devstack@placement-api.service[124013]: INFO placement.requestlog [req-7a5306f5-59cc-4354-bf2d-c4b779b8b7ba req-6400fd5f-1b2b-4694-bae8-f02d03d0ddee service placement] 10.222.0.16 "PUT /placement/allocations/2b26717b-355f-417e-8a7c-72c41e1974e1" status: 204 len: 0 microversion: 1.36
Jul 16 21:11:52.299756 ncdv-master-1 devstack@placement-api.service[124013]: [pid: 124013|app: 0|req: 141/272] 10.222.0.16 () {64 vars in 1433 bytes} [Sat Jul 16 21:11:51 2022] PUT /placement/allocations/2b26717b-355f-417e-8a7c-72c41e1974e1 => generated 0 bytes in 498 msecs (HTTP/1.1 204) 5 headers in 199 bytes (2 switches on core 0)
Jul 16 21:11:53.684371 ncdv-master-1 devstack@placement-api.service[124014]: DEBUG placement.requestlog [req-7a5306f5-59cc-4354-bf2d-c4b779b8b7ba req-e8342682-6412-4976-af98-e8db9b63ff9b None None] Starting request: 10.222.0.17 "GET /placement/allocations/2b26717b-355f-417e-8a7c-72c41e1974e1" {{(pid=124014) __call__ /opt/stack/placement/placement/requestlog.py:55}}
Jul 16 21:11:53.711473 ncdv-master-1 devstack@placement-api.service[124014]: INFO placement.requestlog [req-7a5306f5-59cc-4354-bf2d-c4b779b8b7ba req-e8342682-6412-4976-af98-e8db9b63ff9b service placement] 10.222.0.17 "GET /placement/allocations/2b26717b-355f-417e-8a7c-72c41e1974e1" status: 200 len: 259 microversion: 1.28
Jul 16 21:11:53.714964 ncdv-master-1 devstack@placement-api.service[124014]: [pid: 124014|app: 0|req: 132/273] 10.222.0.17 () {60 vars in 1377 bytes} [Sat Jul 16 21:11:53 2022] GET /placement/allocations/2b26717b-355f-417e-8a7c-72c41e1974e1 => generated 259 bytes in 31 msecs (HTTP/1.1 200) 8 headers in 296 bytes (1 switches on core 0)
Jul 16 21:11:54.417303 ncdv-master-1 devstack@placement-api.service[124013]: DEBUG placement.requestlog [req-5292a4e2-1af2-467b-aa7a-39a190dd8901 req-0584fd49-6bf7-44e2-9311-5dd28242df5f None None] Starting request: 10.222.0.30 "DELETE /placement/allocations/a4a0aaec-dc64-400c-b3f0-ec61fa740b8d" {{(pid=124013) __call__ /opt/stack/placement/placement/requestlog.py:55}}
Jul 16 21:11:54.514163 ncdv-master-1 devstack@placement-api.service[124014]: DEBUG placement.requestlog [None req-e3578794-696b-485c-b4d2-e95250630763 None None] Starting request: 10.222.0.16 "GET /placement/resource_providers/de4e849f-b364-481d-8226-2ea3412c1c1b/aggregates" {{(pid=124014) __call__ /opt/stack/placement/placement/requestlog.py:55}}
Jul 16 21:11:54.524716 ncdv-master-1 devstack@placement-api.service[124014]: INFO placement.requestlog [None req-e3578794-696b-485c-b4d2-e95250630763 service placement] 10.222.0.16 "GET /placement/resource_providers/de4e849f-b364-481d-8226-2ea3412c1c1b/aggregates" status: 404 len: 235 microversion: 1.1
Jul 16 21:11:54.525177 ncdv-master-1 devstack@placement-api.service[124014]: [pid: 124014|app: 0|req: 133/274] 10.222.0.16 () {58 vars in 1362 bytes} [Sat Jul 16 21:11:54 2022] GET /placement/resource_providers/de4e849f-b364-481d-8226-2ea3412c1c1b/aggregates => generated 235 bytes in 11 msecs (HTTP/1.1 404) 5 headers in 202 bytes (2 switches on core 0)
Jul 16 21:11:54.563694 ncdv-master-1 devstack@placement-api.service[124014]: DEBUG placement.requestlog [None req-a56aab10-000a-44f4-a0ad-e5619fd72640 None None] Starting request: 10.222.0.16 "DELETE /placement/resource_providers/de4e849f-b364-481d-8226-2ea3412c1c1b" {{(pid=124014) __call__ /opt/stack/placement/placement/requestlog.py:55}}
Jul 16 21:11:54.581899 ncdv-master-1 devstack@placement-api.service[124014]: DEBUG placement.wsgi_wrapper [None req-a56aab10-000a-44f4-a0ad-e5619fd72640 service placement] Placement API returning an error response: No resource provider with uuid de4e849f-b364-481d-8226-2ea3412c1c1b found for delete {{(pid=124014) call_func /opt/stack/placement/placement/wsgi_wrapper.py:31}}
Jul 16 21:11:54.582929 ncdv-master-1 devstack@placement-api.service[124014]: INFO placement.requestlog [None req-a56aab10-000a-44f4-a0ad-e5619fd72640 service placement] 10.222.0.16 "DELETE /placement/resource_providers/de4e849f-b364-481d-8226-2ea3412c1c1b" status: 404 len: 246 microversion: 1.1
Jul 16 21:11:54.583348 ncdv-master-1 devstack@placement-api.service[124014]: [pid: 124014|app: 0|req: 134/275] 10.222.0.16 () {60 vars in 1351 bytes} [Sat Jul 16 21:11:54 2022] DELETE /placement/resource_providers/de4e849f-b364-481d-8226-2ea3412c1c1b => generated 246 bytes in 20 msecs (HTTP/1.1 404) 6 headers in 231 bytes (2 switches on core 0)
Jul 16 21:11:54.645371 ncdv-master-1 devstack@placement-api.service[124013]: DEBUG placement.handlers.allocation [req-5292a4e2-1af2-467b-aa7a-39a190dd8901 req-0584fd49-6bf7-44e2-9311-5dd28242df5f service placement] Successfully deleted allocations [, , ] {{(pid=124013) delete_allocations /opt/stack/placement/placement/handlers/allocation.py:627}}
Jul 16 21:11:54.646139 ncdv-master-1 devstack@placement-api.service[124013]: INFO placement.requestlog [req-5292a4e2-1af2-467b-aa7a-39a190dd8901 req-0584fd49-6bf7-44e2-9311-5dd28242df5f service placement] 10.222.0.30 "DELETE /placement/allocations/a4a0aaec-dc64-400c-b3f0-ec61fa740b8d" status: 204 len: 0 microversion: 1.0
