May 21 21:15:12.604561 ncdv-master-1 devstack@placement-api.service[116743]: DEBUG placement.handlers.allocation [req-8cbf8ad4-cd4c-418b-bf08-9585f1fce686 req-bf18992e-3483-45b1-b64a-b2aeeaaa527e service placement] Successfully wrote allocations [, , , , , ] {{(pid=116743) _update_consumers_and_create_allocations /opt/stack/placement/placement/handlers/allocation.py:572}}
May 21 21:15:12.695113 ncdv-master-1 devstack@placement-api.service[116743]: INFO placement.requestlog [req-8cbf8ad4-cd4c-418b-bf08-9585f1fce686 req-bf18992e-3483-45b1-b64a-b2aeeaaa527e service placement] 10.222.0.48 "POST /placement/allocations" status: 204 len: 0 microversion: 1.28
May 21 21:15:12.696216 ncdv-master-1 devstack@placement-api.service[116743]: [pid: 116743|app: 0|req: 173/345] 10.222.0.48 () {64 vars in 1320 bytes} [Sat May 21 21:15:12 2022] POST /placement/allocations => generated 0 bytes in 306 msecs (HTTP/1.1 204) 5 headers in 199 bytes (1 switches on core 0)
May 21 21:15:18.612604 ncdv-master-1 devstack@placement-api.service[116744]: DEBUG placement.requestlog [req-e46bd7cc-6ec2-4dd5-8ba7-05cbfd8b767d req-527a8db2-9b70-4ca8-934b-a4da75b3dea6 None None] Starting request: 10.222.0.49 "GET /placement/allocation_candidates?limit=1000&resources=DISK_GB%3A1%2CMEMORY_MB%3A1024%2CVCPU%3A1&root_required=%21COMPUTE_STATUS_DISABLED" {{(pid=116744) __call__ /opt/stack/placement/placement/requestlog.py:55}}
May 21 21:15:18.793414 ncdv-master-1 devstack@placement-api.service[116744]: DEBUG placement.objects.research_context [req-e46bd7cc-6ec2-4dd5-8ba7-05cbfd8b767d req-527a8db2-9b70-4ca8-934b-a4da75b3dea6 service placement] getting providers with 1 DISK_GB {{(pid=116744) __init__ /opt/stack/placement/placement/objects/research_context.py:136}}
May 21 21:15:18.799414 ncdv-master-1 devstack@placement-api.service[116744]: DEBUG placement.objects.research_context [req-e46bd7cc-6ec2-4dd5-8ba7-05cbfd8b767d req-527a8db2-9b70-4ca8-934b-a4da75b3dea6 service placement] getting providers with 1024 MEMORY_MB {{(pid=116744) __init__ /opt/stack/placement/placement/objects/research_context.py:136}}
May 21 21:15:18.806447 ncdv-master-1 devstack@placement-api.service[116744]: DEBUG placement.objects.research_context [req-e46bd7cc-6ec2-4dd5-8ba7-05cbfd8b767d req-527a8db2-9b70-4ca8-934b-a4da75b3dea6 service placement] getting providers with 1 VCPU {{(pid=116744) __init__ /opt/stack/placement/placement/objects/research_context.py:136}}
May 21 21:15:18.812983 ncdv-master-1 devstack@placement-api.service[116744]: DEBUG placement.objects.research_context [req-e46bd7cc-6ec2-4dd5-8ba7-05cbfd8b767d req-527a8db2-9b70-4ca8-934b-a4da75b3dea6 service placement] found 2 providers with available 1 DISK_GB {{(pid=116744) get_provider_ids_matching /opt/stack/placement/placement/objects/research_context.py:563}}
May 21 21:15:18.813452 ncdv-master-1 devstack@placement-api.service[116744]: DEBUG placement.objects.research_context [req-e46bd7cc-6ec2-4dd5-8ba7-05cbfd8b767d req-527a8db2-9b70-4ca8-934b-a4da75b3dea6 service placement] found 2 providers with available 1024 MEMORY_MB {{(pid=116744) get_provider_ids_matching /opt/stack/placement/placement/objects/research_context.py:563}}
May 21 21:15:18.814377 ncdv-master-1 devstack@placement-api.service[116744]: DEBUG placement.objects.research_context [req-e46bd7cc-6ec2-4dd5-8ba7-05cbfd8b767d req-527a8db2-9b70-4ca8-934b-a4da75b3dea6 service placement] found 2 providers after filtering by previous result {{(pid=116744) get_provider_ids_matching /opt/stack/placement/placement/objects/research_context.py:594}}
May 21 21:15:18.814830 ncdv-master-1 devstack@placement-api.service[116744]: DEBUG placement.objects.research_context [req-e46bd7cc-6ec2-4dd5-8ba7-05cbfd8b767d req-527a8db2-9b70-4ca8-934b-a4da75b3dea6 service placement] found 2 providers with available 1 VCPU {{(pid=116744) get_provider_ids_matching /opt/stack/placement/placement/objects/research_context.py:563}}
May 21 21:15:18.815106 ncdv-master-1 devstack@placement-api.service[116744]: DEBUG placement.objects.research_context [req-e46bd7cc-6ec2-4dd5-8ba7-05cbfd8b767d req-527a8db2-9b70-4ca8-934b-a4da75b3dea6 service placement] found 2 providers after filtering by previous result {{(pid=116744) get_provider_ids_matching /opt/stack/placement/placement/objects/research_context.py:594}}
May 21 21:15:18.827744 ncdv-master-1 devstack@placement-api.service[116744]: DEBUG placement.objects.allocation_candidate [req-e46bd7cc-6ec2-4dd5-8ba7-05cbfd8b767d req-527a8db2-9b70-4ca8-934b-a4da75b3dea6 service placement] RequestGroup(use_same_provider=False, resources={DISK_GB:1, MEMORY_MB:1024, VCPU:1}, traits=(), aggregates=[]) (suffix '') returned 2 matches {{(pid=116744) _get_by_requests /opt/stack/placement/placement/objects/allocation_candidate.py:156}}
May 21 21:15:18.838530 ncdv-master-1 devstack@placement-api.service[116744]: DEBUG placement.objects.allocation_candidate [req-e46bd7cc-6ec2-4dd5-8ba7-05cbfd8b767d req-527a8db2-9b70-4ca8-934b-a4da75b3dea6 service placement] Merging candidates yields 2 allocation requests and 2 provider summaries {{(pid=116744) _merge_candidates /opt/stack/placement/placement/objects/allocation_candidate.py:809}}
May 21 21:15:18.838530 ncdv-master-1 devstack@placement-api.service[116744]: INFO placement.requestlog [req-e46bd7cc-6ec2-4dd5-8ba7-05cbfd8b767d req-527a8db2-9b70-4ca8-934b-a4da75b3dea6 service placement] 10.222.0.49 "GET /placement/allocation_candidates?limit=1000&resources=DISK_GB%3A1%2CMEMORY_MB%3A1024%2CVCPU%3A1&root_required=%21COMPUTE_STATUS_DISABLED" status: 200 len: 1309 microversion: 1.36
May 21 21:15:18.838530 ncdv-master-1 devstack@placement-api.service[116744]: [pid: 116744|app: 0|req: 173/346] 10.222.0.49 () {60 vars in 1506 bytes} [Sat May 21 21:15:18 2022] GET /placement/allocation_candidates?limit=1000&resources=DISK_GB%3A1%2CMEMORY_MB%3A1024%2CVCPU%3A1&root_required=%21COMPUTE_STATUS_DISABLED => generated 1309 bytes in 219 msecs (HTTP/1.1 200) 8 headers in 297 bytes (1 switches on core 0)
May 21 21:15:18.919040 ncdv-master-1 devstack@placement-api.service[116743]: DEBUG placement.requestlog [req-e46bd7cc-6ec2-4dd5-8ba7-05cbfd8b767d req-a795496b-7650-487e-9443-562802b56cc7 None None] Starting request: 10.222.0.49 "GET /placement/allocations/add2b490-a27b-434c-9ff5-aa58ee869b78" {{(pid=116743) __call__ /opt/stack/placement/placement/requestlog.py:55}}
May 21 21:15:18.940495 ncdv-master-1 devstack@placement-api.service[116743]: INFO placement.requestlog [req-e46bd7cc-6ec2-4dd5-8ba7-05cbfd8b767d req-a795496b-7650-487e-9443-562802b56cc7 service placement] 10.222.0.49 "GET /placement/allocations/add2b490-a27b-434c-9ff5-aa58ee869b78" status: 200 len: 19 microversion: 1.28
May 21 21:15:18.940885 ncdv-master-1 devstack@placement-api.service[116743]: [pid: 116743|app: 0|req: 174/347] 10.222.0.49 () {60 vars in 1380 bytes} [Sat May 21 21:15:18 2022] GET /placement/allocations/add2b490-a27b-434c-9ff5-aa58ee869b78 => generated 19 bytes in 22 msecs (HTTP/1.1 200) 8 headers in 295 bytes (1 switches on core 0)
May 21 21:15:18.948640 ncdv-master-1 devstack@placement-api.service[116744]: DEBUG placement.requestlog [req-e46bd7cc-6ec2-4dd5-8ba7-05cbfd8b767d req-f919ac9a-eabd-4167-b6c5-a0df58d19c41 None None] Starting request: 10.222.0.49 "PUT /placement/allocations/add2b490-a27b-434c-9ff5-aa58ee869b78" {{(pid=116744) __call__ /opt/stack/placement/placement/requestlog.py:55}}
May 21 21:15:19.064827 ncdv-master-1 devstack@placement-api.service[116744]: DEBUG dbcounter [-] [116744] Writing DB stats placement:SELECT=81,placement:INSERT=11,placement:DELETE=4,placement:UPDATE=4 {{(pid=116744) stat_writer /usr/local/lib/python3.8/dist-packages/dbcounter.py:114}}
May 21 21:15:19.082554 ncdv-master-1 devstack@placement-api.service[116744]: DEBUG placement.handlers.allocation [req-e46bd7cc-6ec2-4dd5-8ba7-05cbfd8b767d req-f919ac9a-eabd-4167-b6c5-a0df58d19c41 service placement] Successfully wrote allocations [, , ] {{(pid=116744) _update_consumers_and_create_allocations /opt/stack/placement/placement/handlers/allocation.py:462}}
May 21 21:15:19.137908 ncdv-master-1 devstack@placement-api.service[116744]: INFO placement.requestlog [req-e46bd7cc-6ec2-4dd5-8ba7-05cbfd8b767d req-f919ac9a-eabd-4167-b6c5-a0df58d19c41 service placement] 10.222.0.49 "PUT /placement/allocations/add2b490-a27b-434c-9ff5-aa58ee869b78" status: 204 len: 0 microversion: 1.36
May 21 21:15:19.138304 ncdv-master-1 devstack@placement-api.service[116744]: [pid: 116744|app: 0|req: 174/348] 10.222.0.49 () {64 vars in 1433 bytes} [Sat May 21 21:15:18 2022] PUT /placement/allocations/add2b490-a27b-434c-9ff5-aa58ee869b78 => generated 0 bytes in 190 msecs (HTTP/1.1 204) 5 headers in 199 bytes (1 switches on core 0)
May 21 21:15:22.118982 ncdv-master-1 devstack@placement-api.service[116743]: DEBUG placement.requestlog [req-e46bd7cc-6ec2-4dd5-8ba7-05cbfd8b767d req-9c88507c-5e9a-4613-b01d-07411a3749f2 None None] Starting request: 10.222.0.36 "GET /placement/allocations/add2b490-a27b-434c-9ff5-aa58ee869b78" {{(pid=116743) __call__ /opt/stack/placement/placement/requestlog.py:55}}
May 21 21:15:22.162373 ncdv-master-1 devstack@placement-api.service[116743]: INFO placement.requestlog [req-e46bd7cc-6ec2-4dd5-8ba7-05cbfd8b767d req-9c88507c-5e9a-4613-b01d-07411a3749f2 service placement] 10.222.0.36 "GET /placement/allocations/add2b490-a27b-434c-9ff5-aa58ee869b78" status: 200 len: 259 microversion: 1.28
May 21 21:15:22.163703 ncdv-master-1 devstack@placement-api.service[116743]: [pid: 116743|app: 0|req: 175/349] 10.222.0.36 () {60 vars in 1377 bytes} [Sat May 21 21:15:22 2022] GET /placement/allocations/add2b490-a27b-434c-9ff5-aa58ee869b78 => generated 259 bytes in 45 msecs (HTTP/1.1 200) 8 headers in 296 bytes (1 switches on core 0)
May 21 21:15:32.143741 ncdv-master-1 devstack@placement-api.service[116743]: DEBUG dbcounter [-] [116743] Writing DB stats placement:SELECT=49,placement:INSERT=6,placement:UPDATE=5,placement:DELETE=4 {{(pid=116743) stat_writer /usr/local/lib/python3.8/dist-packages/dbcounter.py:114}}
May 21 21:15:35.674869 ncdv-master-1 devstack@placement-api.service[116744]: DEBUG dbcounter [-] [116744] Writing DB stats placement:DELETE=2,placement:SELECT=3,placement:INSERT=3,placement:UPDATE=2 {{(pid=116744) stat_writer /usr/local/lib/python3.8/dist-packages/dbcounter.py:114}}
May 21 21:15:42.086614 ncdv-master-1 devstack@placement-api.service[116744]: DEBUG placement.requestlog [req-1ad4d320-bb53-4319-bdad-2d323b0591b7 req-6a7e4007-8d19-4d82-814a-a256805d8123 None None] Starting request: 10.222.0.36 "GET /placement/resource_providers/78494baf-98dc-4e74-bb7b-20dec173c142/allocations" {{(pid=116744) __call__ /opt/stack/placement/placement/requestlog.py:55}}
May 21 21:15:42.119431 ncdv-master-1 devstack@placement-api.service[116744]: INFO placement.requestlog [req-1ad4d320-bb53-4319-bdad-2d323b0591b7 req-6a7e4007-8d19-4d82-814a-a256805d8123 service placement] 10.222.0.36 "GET /placement/resource_providers/78494baf-98dc-4e74-bb7b-20dec173c142/allocations" status: 200 len: 860 microversion: 1.0
May 21 21:15:42.120392 ncdv-master-1 devstack@placement-api.service[116744]: [pid: 116744|app: 0|req: 175/350] 10.222.0.36 () {58 vars in 1390 bytes} [Sat May 21 21:15:42 2022] GET /placement/resource_providers/78494baf-98dc-4e74-bb7b-20dec173c142/allocations => generated 860 bytes in 34 msecs (HTTP/1.1 200) 6 headers in 224 bytes (1 switches on core 0)
May 21 21:15:42.829890 ncdv-master-1 devstack@placement-api.service[116743]: DEBUG placement.requestlog [req-79618d7b-94fb-4e87-9fc3-63a3204ef677 req-e1d8be5f-2b8d-459f-8f99-736c2a6ef426 None None] Starting request: 10.222.0.49 "GET /placement/allocation_candidates?limit=1000&resources=DISK_GB%3A1%2CMEMORY_MB%3A1024%2CVCPU%3A1&root_required=%21COMPUTE_STATUS_DISABLED" {{(pid=116743) __call__ /opt/stack/placement/placement/requestlog.py:55}}
May 21 21:15:42.889861 ncdv-master-1 devstack@placement-api.service[116743]: DEBUG placement.objects.research_context [req-79618d7b-94fb-4e87-9fc3-63a3204ef677 req-e1d8be5f-2b8d-459f-8f99-736c2a6ef426 service placement] getting providers with 1 DISK_GB {{(pid=116743) __init__ /opt/stack/placement/placement/objects/research_context.py:136}}
May 21 21:15:42.898015 ncdv-master-1 devstack@placement-api.service[116743]: DEBUG placement.objects.research_context [req-79618d7b-94fb-4e87-9fc3-63a3204ef677 req-e1d8be5f-2b8d-459f-8f99-736c2a6ef426 service placement] getting providers with 1024 MEMORY_MB {{(pid=116743) __init__ /opt/stack/placement/placement/objects/research_context.py:136}}
May 21 21:15:42.905555 ncdv-master-1 devstack@placement-api.service[116743]: DEBUG placement.objects.research_context [req-79618d7b-94fb-4e87-9fc3-63a3204ef677 req-e1d8be5f-2b8d-459f-8f99-736c2a6ef426 service placement] getting providers with 1 VCPU {{(pid=116743) __init__ /opt/stack/placement/placement/objects/research_context.py:136}}
May 21 21:15:42.912170 ncdv-master-1 devstack@placement-api.service[116743]: DEBUG placement.objects.research_context [req-79618d7b-94fb-4e87-9fc3-63a3204ef677 req-e1d8be5f-2b8d-459f-8f99-736c2a6ef426 service placement] found 2 providers with available 1 DISK_GB {{(pid=116743) get_provider_ids_matching /opt/stack/placement/placement/objects/research_context.py:563}}
May 21 21:15:42.912657 ncdv-master-1 devstack@placement-api.service[116743]: DEBUG placement.objects.research_context [req-79618d7b-94fb-4e87-9fc3-63a3204ef677 req-e1d8be5f-2b8d-459f-8f99-736c2a6ef426 service placement] found 2 providers with available 1024 MEMORY_MB {{(pid=116743) get_provider_ids_matching /opt/stack/placement/placement/objects/research_context.py:563}}
May 21 21:15:42.913116 ncdv-master-1 devstack@placement-api.service[116743]: DEBUG placement.objects.research_context [req-79618d7b-94fb-4e87-9fc3-63a3204ef677 req-e1d8be5f-2b8d-459f-8f99-736c2a6ef426 service placement] found 2 providers after filtering by previous result {{(pid=116743) get_provider_ids_matching /opt/stack/placement/placement/objects/research_context.py:594}}
May 21 21:15:42.914169 ncdv-master-1 devstack@placement-api.service[116743]: DEBUG placement.objects.research_context [req-79618d7b-94fb-4e87-9fc3-63a3204ef677 req-e1d8be5f-2b8d-459f-8f99-736c2a6ef426 service placement] found 2 providers with available 1 VCPU {{(pid=116743) get_provider_ids_matching /opt/stack/placement/placement/objects/research_context.py:563}}
May 21 21:15:42.914615 ncdv-master-1 devstack@placement-api.service[116743]: DEBUG placement.objects.research_context [req-79618d7b-94fb-4e87-9fc3-63a3204ef677 req-e1d8be5f-2b8d-459f-8f99-736c2a6ef426 service placement] found 2 providers after filtering by previous result {{(pid=116743) get_provider_ids_matching /opt/stack/placement/placement/objects/research_context.py:594}}
May 21 21:15:42.934543 ncdv-master-1 devstack@placement-api.service[116743]: DEBUG placement.objects.allocation_candidate [req-79618d7b-94fb-4e87-9fc3-63a3204ef677 req-e1d8be5f-2b8d-459f-8f99-736c2a6ef426 service placement] RequestGroup(use_same_provider=False, resources={DISK_GB:1, MEMORY_MB:1024, VCPU:1}, traits=(), aggregates=[]) (suffix '') returned 2 matches {{(pid=116743) _get_by_requests /opt/stack/placement/placement/objects/allocation_candidate.py:156}}
May 21 21:15:42.935269 ncdv-master-1 devstack@placement-api.service[116743]: DEBUG placement.objects.allocation_candidate [req-79618d7b-94fb-4e87-9fc3-63a3204ef677 req-e1d8be5f-2b8d-459f-8f99-736c2a6ef426 service placement] Merging candidates yields 2 allocation requests and 2 provider summaries {{(pid=116743) _merge_candidates /opt/stack/placement/placement/objects/allocation_candidate.py:809}}
May 21 21:15:42.937430 ncdv-master-1 devstack@placement-api.service[116743]: INFO placement.requestlog [req-79618d7b-94fb-4e87-9fc3-63a3204ef677 req-e1d8be5f-2b8d-459f-8f99-736c2a6ef426 service placement] 10.222.0.49 "GET /placement/allocation_candidates?limit=1000&resources=DISK_GB%3A1%2CMEMORY_MB%3A1024%2CVCPU%3A1&root_required=%21COMPUTE_STATUS_DISABLED" status: 200 len: 1309 microversion: 1.36
May 21 21:15:42.938350 ncdv-master-1 devstack@placement-api.service[116743]: [pid: 116743|app: 0|req: 176/351] 10.222.0.49 () {60 vars in 1506 bytes} [Sat May 21 21:15:42 2022] GET /placement/allocation_candidates?limit=1000&resources=DISK_GB%3A1%2CMEMORY_MB%3A1024%2CVCPU%3A1&root_required=%21COMPUTE_STATUS_DISABLED => generated 1309 bytes in 109 msecs (HTTP/1.1 200) 8 headers in 297 bytes (1 switches on core 0)
May 21 21:15:43.033013 ncdv-master-1 devstack@placement-api.service[116744]: DEBUG placement.requestlog [req-79618d7b-94fb-4e87-9fc3-63a3204ef677 req-b949a6ce-9185-49b1-871b-1617eba76fd6 None None] Starting request: 10.222.0.49 "GET /placement/allocations/94bbf3c0-9f1e-4cae-97dd-f9cbfe964e6b" {{(pid=116744) __call__ /opt/stack/placement/placement/requestlog.py:55}}
May 21 21:15:43.042500 ncdv-master-1 devstack@placement-api.service[116744]: INFO placement.requestlog [req-79618d7b-94fb-4e87-9fc3-63a3204ef677 req-b949a6ce-9185-49b1-871b-1617eba76fd6 service placement] 10.222.0.49 "GET /placement/allocations/94bbf3c0-9f1e-4cae-97dd-f9cbfe964e6b" status: 200 len: 19 microversion: 1.28
May 21 21:15:43.042852 ncdv-master-1 devstack@placement-api.service[116744]: [pid: 116744|app: 0|req: 176/352] 10.222.0.49 () {60 vars in 1380 bytes} [Sat May 21 21:15:43 2022] GET /placement/allocations/94bbf3c0-9f1e-4cae-97dd-f9cbfe964e6b => generated 19 bytes in 13 msecs (HTTP/1.1 200) 8 headers in 295 bytes (1 switches on core 0)
May 21 21:15:43.048963 ncdv-master-1 devstack@placement-api.service[116743]: DEBUG placement.requestlog [req-79618d7b-94fb-4e87-9fc3-63a3204ef677 req-7ac6f87e-4c39-4f25-a65c-c1063c48da3f None None] Starting request: 10.222.0.49 "PUT /placement/allocations/94bbf3c0-9f1e-4cae-97dd-f9cbfe964e6b" {{(pid=116743) __call__ /opt/stack/placement/placement/requestlog.py:55}}
May 21 21:15:43.242698 ncdv-master-1 devstack@placement-api.service[116743]: DEBUG placement.handlers.allocation [req-79618d7b-94fb-4e87-9fc3-63a3204ef677 req-7ac6f87e-4c39-4f25-a65c-c1063c48da3f service placement] Successfully wrote allocations [, , ] {{(pid=116743) _update_consumers_and_create_allocations /opt/stack/placement/placement/handlers/allocation.py:462}}
May 21 21:15:43.349234 ncdv-master-1 devstack@placement-api.service[116743]: INFO placement.requestlog [req-79618d7b-94fb-4e87-9fc3-63a3204ef677 req-7ac6f87e-4c39-4f25-a65c-c1063c48da3f service placement] 10.222.0.49 "PUT /placement/allocations/94bbf3c0-9f1e-4cae-97dd-f9cbfe964e6b" status: 204 len: 0 microversion: 1.36
May 21 21:15:43.349926 ncdv-master-1 devstack@placement-api.service[116743]: [pid: 116743|app: 0|req: 177/353] 10.222.0.49 () {64 vars in 1433 bytes} [Sat May 21 21:15:43 2022] PUT /placement/allocations/94bbf3c0-9f1e-4cae-97dd-f9cbfe964e6b => generated 0 bytes in 301 msecs (HTTP/1.1 204) 5 headers in 199 bytes (1 switches on core 0)
May 21 21:15:43.362911 ncdv-master-1 devstack@placement-api.service[116744]: DEBUG placement.requestlog [req-2cb0e0c7-45d2-48c2-9b45-f769c821cbb8 req-d9899ea1-ed0b-4e15-94cb-1cb67ac580f4 None None] Starting request: 10.222.0.48 "GET /placement/resource_providers/22e25e3a-0a1c-4139-b8f9-016a8fb4b31e/allocations" {{(pid=116744) __call__ /opt/stack/placement/placement/requestlog.py:55}}
May 21 21:15:43.390009 ncdv-master-1 devstack@placement-api.service[116744]: INFO placement.requestlog [req-2cb0e0c7-45d2-48c2-9b45-f769c821cbb8 req-d9899ea1-ed0b-4e15-94cb-1cb67ac580f4 service placement] 10.222.0.48 "GET /placement/resource_providers/22e25e3a-0a1c-4139-b8f9-016a8fb4b31e/allocations" status: 200 len: 760 microversion: 1.0
May 21 21:15:43.390960 ncdv-master-1 devstack@placement-api.service[116744]: [pid: 116744|app: 0|req: 177/354] 10.222.0.48 () {58 vars in 1390 bytes} [Sat May 21 21:15:43 2022] GET /placement/resource_providers/22e25e3a-0a1c-4139-b8f9-016a8fb4b31e/allocations => generated 760 bytes in 28 msecs (HTTP/1.1 200) 6 headers in 224 bytes (1 switches on core 0)
May 21 21:15:44.741628 ncdv-master-1 devstack@placement-api.service[116743]: DEBUG placement.requestlog [req-79618d7b-94fb-4e87-9fc3-63a3204ef677 req-b837dc9e-25c7-4b75-8f30-3e8112caf20b None None] Starting request: 10.222.0.36 "GET /placement/allocations/94bbf3c0-9f1e-4cae-97dd-f9cbfe964e6b" {{(pid=116743) __call__ /opt/stack/placement/placement/requestlog.py:55}}
May 21 21:15:44.769830 ncdv-master-1 devstack@placement-api.service[116743]: INFO placement.requestlog [req-79618d7b-94fb-4e87-9fc3-63a3204ef677 req-b837dc9e-25c7-4b75-8f30-3e8112caf20b service placement] 10.222.0.36 "GET /placement/allocations/94bbf3c0-9f1e-4cae-97dd-f9cbfe964e6b" status: 200 len: 259 microversion: 1.28
May 21 21:15:44.770819 ncdv-master-1 devstack@placement-api.service[116743]: [pid: 116743|app: 0|req: 178/355] 10.222.0.36 () {60 vars in 1377 bytes} [Sat May 21 21:15:44 2022] GET /placement/allocations/94bbf3c0-9f1e-4cae-97dd-f9cbfe964e6b => generated 259 bytes in 29 msecs (HTTP/1.1 200) 8 headers in 296 bytes (1 switches on core 0)
May 21 21:15:44.878746 ncdv-master-1 devstack@placement-api.service[116744]: DEBUG placement.requestlog [None req-28cc9fc7-6883-4193-9531-174a5ff7f863 None None] Starting request: 10.222.0.49 "GET /placement/" {{(pid=116744) __call__ /opt/stack/placement/placement/requestlog.py:55}}
May 21 21:15:44.880708 ncdv-master-1 devstack@placement-api.service[116744]: INFO placement.requestlog [None req-28cc9fc7-6883-4193-9531-174a5ff7f863 None None] 10.222.0.49 "GET /placement/" status: 200 len: 136 microversion: 1.0
May 21 21:15:44.881467 ncdv-master-1 devstack@placement-api.service[116744]: [pid: 116744|app: 0|req: 178/356] 10.222.0.49 () {54 vars in 907 bytes} [Sat May 21 21:15:44 2022] GET /placement => generated 136 bytes in 4 msecs (HTTP/1.1 200) 6 headers in 224 bytes (1 switches on core 0)
May 21 21:15:44.907285 ncdv-master-1 devstack@placement-api.service[116743]: DEBUG placement.requestlog [req-6c1e7c45-5a13-4c54-a00b-62c9a9c6c7c8 req-fcea6c68-9ba2-499d-b26f-432be7cb3a79 None None] Starting request: 10.222.0.49 "GET /placement/resource_providers/78494baf-98dc-4e74-bb7b-20dec173c142/traits" {{(pid=116743) __call__ /opt/stack/placement/placement/requestlog.py:55}}
May 21 21:15:45.030742 ncdv-master-1 devstack@placement-api.service[116743]: INFO placement.requestlog [req-6c1e7c45-5a13-4c54-a00b-62c9a9c6c7c8 req-fcea6c68-9ba2-499d-b26f-432be7cb3a79 service placement] 10.222.0.49 "GET /placement/resource_providers/78494baf-98dc-4e74-bb7b-20dec173c142/traits" status: 200 len: 212 microversion: 1.6
May 21 21:15:45.031618 ncdv-master-1 devstack@placement-api.service[116743]: [pid: 116743|app: 0|req: 179/357] 10.222.0.49 () {60 vars in 1412 bytes} [Sat May 21 21:15:44 2022] GET /placement/resource_providers/78494baf-98dc-4e74-bb7b-20dec173c142/traits => generated 212 bytes in 124 msecs (HTTP/1.1 200) 6 headers in 224 bytes (1 switches on core 0)
May 21 21:15:46.116775 ncdv-master-1 devstack@placement-api.service[116744]: DEBUG placement.requestlog [None req-43aa55e6-6604-4d3a-a47a-48eb211cbbc8 None None] Starting request: 10.222.0.49 "GET /placement/" {{(pid=116744) __call__ /opt/stack/placement/placement/requestlog.py:55}}
May 21 21:15:46.117827 ncdv-master-1 devstack@placement-api.service[116744]: INFO placement.requestlog [None req-43aa55e6-6604-4d3a-a47a-48eb211cbbc8 None None] 10.222.0.49 "GET /placement/" status: 200 len: 136 microversion: 1.0
May 21 21:15:46.118097 ncdv-master-1 devstack@placement-api.service[116744]: [pid: 116744|app: 0|req: 179/358] 10.222.0.49 () {54 vars in 916 bytes} [Sat May 21 21:15:46 2022] GET /placement => generated 136 bytes in 2 msecs (HTTP/1.1 200) 6 headers in 224 bytes (1 switches on core 0)
May 21 21:15:46.171148 ncdv-master-1 devstack@placement-api.service[116743]: DEBUG placement.requestlog [req-6c1e7c45-5a13-4c54-a00b-62c9a9c6c7c8 req-4477e350-36c0-44b4-8993-0801935e619a None None] Starting request: 10.222.0.49 "GET /placement/allocations/add2b490-a27b-434c-9ff5-aa58ee869b78" {{(pid=116743) __call__ /opt/stack/placement/placement/requestlog.py:55}}
May 21 21:15:46.299162 ncdv-master-1 devstack@placement-api.service[116743]: INFO placement.requestlog [req-6c1e7c45-5a13-4c54-a00b-62c9a9c6c7c8 req-4477e350-36c0-44b4-8993-0801935e619a service placement] 10.222.0.49 "GET /placement/allocations/add2b490-a27b-434c-9ff5-aa58ee869b78" status: 200 len: 259 microversion: 1.28
May 21 21:15:46.299959 ncdv-master-1 devstack@placement-api.service[116743]: [pid: 116743|app: 0|req: 180/359] 10.222.0.49 () {60 vars in 1380 bytes} [Sat May 21 21:15:46 2022] GET /placement/allocations/add2b490-a27b-434c-9ff5-aa58ee869b78 => generated 259 bytes in 129 msecs (HTTP/1.1 200) 8 headers in 296 bytes (1 switches on core 0)
May 21 21:15:46.314220 ncdv-master-1 devstack@placement-api.service[116744]: DEBUG placement.requestlog [req-6c1e7c45-5a13-4c54-a00b-62c9a9c6c7c8 req-73ae3960-dec9-44d9-b745-f5acb4f9417d None None] Starting request: 10.222.0.49 "GET /placement/allocations/add2b490-a27b-434c-9ff5-aa58ee869b78" {{(pid=116744) __call__ /opt/stack/placement/placement/requestlog.py:55}}
May 21 21:15:46.330406 ncdv-master-1 devstack@placement-api.service[116744]: INFO placement.requestlog [req-6c1e7c45-5a13-4c54-a00b-62c9a9c6c7c8 req-73ae3960-dec9-44d9-b745-f5acb4f9417d service placement] 10.222.0.49 "GET /placement/allocations/add2b490-a27b-434c-9ff5-aa58ee869b78" status: 200 len: 259 microversion: 1.28
May 21 21:15:46.331111 ncdv-master-1 devstack@placement-api.service[116744]: [pid: 116744|app: 0|req: 180/360] 10.222.0.49 () {60 vars in 1380 bytes} [Sat May 21 21:15:46 2022] GET /placement/allocations/add2b490-a27b-434c-9ff5-aa58ee869b78 => generated 259 bytes in 17 msecs (HTTP/1.1 200) 8 headers in 296 bytes (1 switches on core 0)
May 21 21:15:46.341754 ncdv-master-1 devstack@placement-api.service[116743]: DEBUG placement.requestlog [req-6c1e7c45-5a13-4c54-a00b-62c9a9c6c7c8 req-a2a31ee6-9a4e-4e05-af56-c84fd4cb70e4 None None] Starting request: 10.222.0.49 "GET /placement/allocations/536a2df2-620e-46fb-8f75-1968640302f8" {{(pid=116743) __call__ /opt/stack/placement/placement/requestlog.py:55}}
May 21 21:15:46.356165 ncdv-master-1 devstack@placement-api.service[116743]: INFO placement.requestlog [req-6c1e7c45-5a13-4c54-a00b-62c9a9c6c7c8 req-a2a31ee6-9a4e-4e05-af56-c84fd4cb70e4 service placement] 10.222.0.49 "GET /placement/allocations/536a2df2-620e-46fb-8f75-1968640302f8" status: 200 len: 19 microversion: 1.28
May 21 21:15:46.357359 ncdv-master-1 devstack@placement-api.service[116743]: [pid: 116743|app: 0|req: 181/361] 10.222.0.49 () {60 vars in 1380 bytes} [Sat May 21 21:15:46 2022] GET /placement/allocations/536a2df2-620e-46fb-8f75-1968640302f8 => generated 19 bytes in 16 msecs (HTTP/1.1 200) 8 headers in 295 bytes (1 switches on core 0)
May 21 21:15:46.365114 ncdv-master-1 devstack@placement-api.service[116744]: DEBUG placement.requestlog [req-6c1e7c45-5a13-4c54-a00b-62c9a9c6c7c8 req-626b78d8-a4c8-49fa-9269-c671e65d98f7 None None] Starting request: 10.222.0.49 "POST /placement/allocations" {{(pid=116744) __call__ /opt/stack/placement/placement/requestlog.py:55}}
May 21 21:15:46.452558 ncdv-master-1 devstack@placement-api.service[116743]: DEBUG placement.requestlog [req-a779a10c-f09b-4181-b3d9-ece4211efc94 req-f8c882d3-b938-4cc9-afd1-cc4966715160 None None] Starting request: 10.222.0.48 "DELETE /placement/allocations/2efd4657-7152-42ae-92d6-9249939767ed" {{(pid=116743) __call__ /opt/stack/placement/placement/requestlog.py:55}}
May 21 21:15:46.542603 ncdv-master-1 devstack@placement-api.service[116744]: DEBUG placement.handlers.allocation [req-6c1e7c45-5a13-4c54-a00b-62c9a9c6c7c8 req-626b78d8-a4c8-49fa-9269-c671e65d98f7 service placement] Successfully wrote allocations [, , , , , ] {{(pid=116744) _update_consumers_and_create_allocations /opt/stack/placement/placement/handlers/allocation.py:572}}
May 21 21:15:46.720903 ncdv-master-1 devstack@placement-api.service[116744]: INFO placement.requestlog [req-6c1e7c45-5a13-4c54-a00b-62c9a9c6c7c8 req-626b78d8-a4c8-49fa-9269-c671e65d98f7 service placement] 10.222.0.49 "POST /placement/allocations" status: 204 len: 0 microversion: 1.28
May 21 21:15:46.732381 ncdv-master-1 devstack@placement-api.service[116744]: [pid: 116744|app: 0|req: 181/362] 10.222.0.49 () {64 vars in 1323 bytes} [Sat May 21 21:15:46 2022] POST /placement/allocations => generated 0 bytes in 357 msecs (HTTP/1.1 204) 5 headers in 199 bytes (1 switches on core 0)
May 21 21:15:46.756161 ncdv-master-1 devstack@placement-api.service[116743]: DEBUG placement.handlers.allocation [req-a779a10c-f09b-4181-b3d9-ece4211efc94 req-f8c882d3-b938-4cc9-afd1-cc4966715160 service placement] Successfully deleted allocations [, , ] {{(pid=116743) delete_allocations /opt/stack/placement/placement/handlers/allocation.py:627}}
May 21 21:15:46.763769 ncdv-master-1 devstack@placement-api.service[116743]: INFO placement.requestlog [req-a779a10c-f09b-4181-b3d9-ece4211efc94 req-f8c882d3-b938-4cc9-afd1-cc4966715160 service placement] 10.222.0.48 "DELETE /placement/allocations/2efd4657-7152-42ae-92d6-9249939767ed" status: 204 len: 0 microversion: 1.0
May 21 21:15:46.764930 ncdv-master-1 devstack@placement-api.service[116743]: [pid: 116743|app: 0|req: 182/363] 10.222.0.48 () {60 vars in 1355 bytes} [Sat May 21 21:15:46 2022] DELETE /placement/allocations/2efd4657-7152-42ae-92d6-9249939767ed => generated 0 bytes in 313 msecs (HTTP/1.1 204) 5 headers in 198 bytes (2 switches on core 0)
May 21 21:15:46.932243 ncdv-master-1 devstack@placement-api.service[116744]: DEBUG placement.requestlog [req-6c1e7c45-5a13-4c54-a00b-62c9a9c6c7c8 req-698fa2bc-b798-4024-b054-1402f8b61c88 None None] Starting request: 10.222.0.49 "GET /placement/allocation_candidates?limit=1000&resources=DISK_GB%3A1%2CMEMORY_MB%3A1024%2CVCPU%3A1&root_required=%21COMPUTE_STATUS_DISABLED" {{(pid=116744) __call__ /opt/stack/placement/placement/requestlog.py:55}}
May 21 21:15:46.971916 ncdv-master-1 devstack@placement-api.service[116744]: DEBUG placement.objects.research_context [req-6c1e7c45-5a13-4c54-a00b-62c9a9c6c7c8 req-698fa2bc-b798-4024-b054-1402f8b61c88 service placement] getting providers with 1 DISK_GB {{(pid=116744) __init__ /opt/stack/placement/placement/objects/research_context.py:136}}
May 21 21:15:46.980770 ncdv-master-1 devstack@placement-api.service[116744]: DEBUG placement.objects.research_context [req-6c1e7c45-5a13-4c54-a00b-62c9a9c6c7c8 req-698fa2bc-b798-4024-b054-1402f8b61c88 service placement] getting providers with 1024 MEMORY_MB {{(pid=116744) __init__ /opt/stack/placement/placement/objects/research_context.py:136}}
May 21 21:15:46.989866 ncdv-master-1 devstack@placement-api.service[116744]: DEBUG placement.objects.research_context [req-6c1e7c45-5a13-4c54-a00b-62c9a9c6c7c8 req-698fa2bc-b798-4024-b054-1402f8b61c88 service placement] getting providers with 1 VCPU {{(pid=116744) __init__ /opt/stack/placement/placement/objects/research_context.py:136}}
May 21 21:15:47.002588 ncdv-master-1 devstack@placement-api.service[116744]: DEBUG placement.objects.research_context [req-6c1e7c45-5a13-4c54-a00b-62c9a9c6c7c8 req-698fa2bc-b798-4024-b054-1402f8b61c88 service placement] found 2 providers with available 1 DISK_GB {{(pid=116744) get_provider_ids_matching /opt/stack/placement/placement/objects/research_context.py:563}}
May 21 21:15:47.003255 ncdv-master-1 devstack@placement-api.service[116744]: DEBUG placement.objects.research_context [req-6c1e7c45-5a13-4c54-a00b-62c9a9c6c7c8 req-698fa2bc-b798-4024-b054-1402f8b61c88 service placement] found 2 providers with available 1024 MEMORY_MB {{(pid=116744) get_provider_ids_matching /opt/stack/placement/placement/objects/research_context.py:563}}
May 21 21:15:47.003558 ncdv-master-1 devstack@placement-api.service[116744]: DEBUG placement.objects.research_context [req-6c1e7c45-5a13-4c54-a00b-62c9a9c6c7c8 req-698fa2bc-b798-4024-b054-1402f8b61c88 service placement] found 2 providers after filtering by previous result {{(pid=116744) get_provider_ids_matching /opt/stack/placement/placement/objects/research_context.py:594}}
May 21 21:15:47.003825 ncdv-master-1 devstack@placement-api.service[116744]: DEBUG placement.objects.research_context [req-6c1e7c45-5a13-4c54-a00b-62c9a9c6c7c8 req-698fa2bc-b798-4024-b054-1402f8b61c88 service placement] found 2 providers with available 1 VCPU {{(pid=116744) get_provider_ids_matching /opt/stack/placement/placement/objects/research_context.py:563}}
May 21 21:15:47.004090 ncdv-master-1 devstack@placement-api.service[116744]: DEBUG placement.objects.research_context [req-6c1e7c45-5a13-4c54-a00b-62c9a9c6c7c8 req-698fa2bc-b798-4024-b054-1402f8b61c88 service placement] found 2 providers after filtering by previous result {{(pid=116744) get_provider_ids_matching /opt/stack/placement/placement/objects/research_context.py:594}}
May 21 21:15:47.026495 ncdv-master-1 devstack@placement-api.service[116744]: DEBUG placement.objects.allocation_candidate [req-6c1e7c45-5a13-4c54-a00b-62c9a9c6c7c8 req-698fa2bc-b798-4024-b054-1402f8b61c88 service placement] RequestGroup(use_same_provider=False, resources={DISK_GB:1, MEMORY_MB:1024, VCPU:1}, traits=(), aggregates=[]) (suffix '') returned 2 matches {{(pid=116744) _get_by_requests /opt/stack/placement/placement/objects/allocation_candidate.py:156}}
May 21 21:15:47.027120 ncdv-master-1 devstack@placement-api.service[116744]: DEBUG placement.objects.allocation_candidate [req-6c1e7c45-5a13-4c54-a00b-62c9a9c6c7c8 req-698fa2bc-b798-4024-b054-1402f8b61c88 service placement] Merging candidates yields 2 allocation requests and 2 provider summaries {{(pid=116744) _merge_candidates /opt/stack/placement/placement/objects/allocation_candidate.py:809}}
May 21 21:15:47.030396 ncdv-master-1 devstack@placement-api.service[116744]: INFO placement.requestlog [req-6c1e7c45-5a13-4c54-a00b-62c9a9c6c7c8 req-698fa2bc-b798-4024-b054-1402f8b61c88 service placement] 10.222.0.49 "GET /placement/allocation_candidates?limit=1000&resources=DISK_GB%3A1%2CMEMORY_MB%3A1024%2CVCPU%3A1&root_required=%21COMPUTE_STATUS_DISABLED" status: 200 len: 1309 microversion: 1.36
May 21 21:15:47.030790 ncdv-master-1 devstack@placement-api.service[116744]: [pid: 116744|app: 0|req: 182/364] 10.222.0.49 () {60 vars in 1506 bytes} [Sat May 21 21:15:46 2022] GET /placement/allocation_candidates?limit=1000&resources=DISK_GB%3A1%2CMEMORY_MB%3A1024%2CVCPU%3A1&root_required=%21COMPUTE_STATUS_DISABLED => generated 1309 bytes in 99 msecs (HTTP/1.1 200) 8 headers in 297 bytes (2 switches on core 0)
May 21 21:15:47.094491 ncdv-master-1 devstack@placement-api.service[116743]: DEBUG placement.requestlog [req-6c1e7c45-5a13-4c54-a00b-62c9a9c6c7c8 req-99f89c6e-bb54-45a4-981e-c4bb250ff9b2 None None] Starting request: 10.222.0.49 "GET /placement/allocations/add2b490-a27b-434c-9ff5-aa58ee869b78" {{(pid=116743) __call__ /opt/stack/placement/placement/requestlog.py:55}}
May 21 21:15:47.105794 ncdv-master-1 devstack@placement-api.service[116743]: INFO placement.requestlog [req-6c1e7c45-5a13-4c54-a00b-62c9a9c6c7c8 req-99f89c6e-bb54-45a4-981e-c4bb250ff9b2 service placement] 10.222.0.49 "GET /placement/allocations/add2b490-a27b-434c-9ff5-aa58ee869b78" status: 200 len: 19 microversion: 1.28
May 21 21:15:47.106463 ncdv-master-1 devstack@placement-api.service[116743]: [pid: 116743|app: 0|req: 183/365] 10.222.0.49 () {60 vars in 1380 bytes} [Sat May 21 21:15:47 2022] GET /placement/allocations/add2b490-a27b-434c-9ff5-aa58ee869b78 => generated 19 bytes in 12 msecs (HTTP/1.1 200) 8 headers in 295 bytes (1 switches on core 0)
May 21 21:15:47.112967 ncdv-master-1 devstack@placement-api.service[116744]: DEBUG placement.requestlog [req-6c1e7c45-5a13-4c54-a00b-62c9a9c6c7c8 req-69c620b0-0fcf-439f-a1f5-9a6116b785b0 None None] Starting request: 10.222.0.49 "PUT /placement/allocations/add2b490-a27b-434c-9ff5-aa58ee869b78" {{(pid=116744) __call__ /opt/stack/placement/placement/requestlog.py:55}}
May 21 21:15:47.245828 ncdv-master-1 devstack@placement-api.service[116744]: DEBUG placement.handlers.allocation [req-6c1e7c45-5a13-4c54-a00b-62c9a9c6c7c8 req-69c620b0-0fcf-439f-a1f5-9a6116b785b0 service placement] Successfully wrote allocations [, , ] {{(pid=116744) _update_consumers_and_create_allocations /opt/stack/placement/placement/handlers/allocation.py:462}}
May 21 21:15:47.342530 ncdv-master-1 devstack@placement-api.service[116744]: INFO placement.requestlog [req-6c1e7c45-5a13-4c54-a00b-62c9a9c6c7c8 req-69c620b0-0fcf-439f-a1f5-9a6116b785b0 service placement] 10.222.0.49 "PUT /placement/allocations/add2b490-a27b-434c-9ff5-aa58ee869b78" status: 204 len: 0 microversion: 1.36
May 21 21:15:47.348373 ncdv-master-1 devstack@placement-api.service[116744]: [pid: 116744|app: 0|req: 183/366] 10.222.0.49 () {64 vars in 1433 bytes} [Sat May 21 21:15:47 2022] PUT /placement/allocations/add2b490-a27b-434c-9ff5-aa58ee869b78 => generated 0 bytes in 230 msecs (HTTP/1.1 204) 5 headers in 199 bytes (1 switches on core 0)
May 21 21:15:47.776872 ncdv-master-1 devstack@placement-api.service[116743]: DEBUG placement.requestlog [req-6c1e7c45-5a13-4c54-a00b-62c9a9c6c7c8 req-a93474a2-d346-4153-bb1a-6323de610ef8 None None] Starting request: 10.222.0.48 "GET /placement/allocations/add2b490-a27b-434c-9ff5-aa58ee869b78" {{(pid=116743) __call__ /opt/stack/placement/placement/requestlog.py:55}}
May 21 21:15:47.794572 ncdv-master-1 devstack@placement-api.service[116743]: INFO placement.requestlog [req-6c1e7c45-5a13-4c54-a00b-62c9a9c6c7c8 req-a93474a2-d346-4153-bb1a-6323de610ef8 service placement] 10.222.0.48 "GET /placement/allocations/add2b490-a27b-434c-9ff5-aa58ee869b78" status: 200 len: 259 microversion: 1.28
May 21 21:15:47.795459 ncdv-master-1 devstack@placement-api.service[116743]: [pid: 116743|app: 0|req: 184/367] 10.222.0.48 () {60 vars in 1377 bytes} [Sat May 21 21:15:47 2022] GET /placement/allocations/add2b490-a27b-434c-9ff5-aa58ee869b78 => generated 259 bytes in 20 msecs (HTTP/1.1 200) 8 headers in 296 bytes (2 switches on core 0)
May 21 21:15:54.050984 ncdv-master-1 devstack@placement-api.service[116744]: DEBUG placement.requestlog [req-abe55067-18c7-4436-a875-0ee4532a5a26 req-cfafe6a1-a70c-47c7-beb5-d7cfc7468e0c None None] Starting request: 10.222.0.36 "DELETE /placement/allocations/6dd05f19-07e5-4ed2-846c-250e839345f6" {{(pid=116744) __call__ /opt/stack/placement/placement/requestlog.py:55}}
May 21 21:15:54.348796 ncdv-master-1 devstack@placement-api.service[116744]: DEBUG placement.handlers.allocation [req-abe55067-18c7-4436-a875-0ee4532a5a26 req-cfafe6a1-a70c-47c7-beb5-d7cfc7468e0c service placement] Successfully deleted allocations [, , ] {{(pid=116744) delete_allocations /opt/stack/placement/placement/handlers/allocation.py:627}}
May 21 21:15:54.349503 ncdv-master-1 devstack@placement-api.service[116744]: INFO placement.requestlog [req-abe55067-18c7-4436-a875-0ee4532a5a26 req-cfafe6a1-a70c-47c7-beb5-d7cfc7468e0c service placement] 10.222.0.36 "DELETE /placement/allocations/6dd05f19-07e5-4ed2-846c-250e839345f6" status: 204 len: 0 microversion: 1.0
May 21 21:15:54.350158 ncdv-master-1 devstack@placement-api.service[116744]: [pid: 116744|app: 0|req: 184/368] 10.222.0.36 () {60 vars in 1355 bytes} [Sat May 21 21:15:54 2022] DELETE /placement/allocations/6dd05f19-07e5-4ed2-846c-250e839345f6 => generated 0 bytes in 299 msecs (HTTP/1.1 204) 5 headers in 198 bytes (1 switches on core 0)
May 21 21:15:57.004543 ncdv-master-1 devstack@placement-api.service[116743]: DEBUG placement.requestlog [req-1db9d5d8-7ba3-411d-932f-078b23c0ccad req-bdcd8dec-e432-49fe-8b9c-6aa42cc87d0a None None] Starting request: 10.222.0.49 "GET /placement/allocation_candidates?limit=1000&resources=DISK_GB%3A1%2CMEMORY_MB%3A1024%2CVCPU%3A1&root_required=%21COMPUTE_STATUS_DISABLED" {{(pid=116743) __call__ /opt/stack/placement/placement/requestlog.py:55}}
May 21 21:15:57.077296 ncdv-master-1 devstack@placement-api.service[116743]: DEBUG placement.objects.research_context [req-1db9d5d8-7ba3-411d-932f-078b23c0ccad req-bdcd8dec-e432-49fe-8b9c-6aa42cc87d0a service placement] getting providers with 1 DISK_GB {{(pid=116743) __init__ /opt/stack/placement/placement/objects/research_context.py:136}}
May 21 21:15:57.088779 ncdv-master-1 devstack@placement-api.service[116743]: DEBUG placement.objects.research_context [req-1db9d5d8-7ba3-411d-932f-078b23c0ccad req-bdcd8dec-e432-49fe-8b9c-6aa42cc87d0a service placement] getting providers with 1024 MEMORY_MB {{(pid=116743) __init__ /opt/stack/placement/placement/objects/research_context.py:136}}
May 21 21:15:57.101585 ncdv-master-1 devstack@placement-api.service[116743]: DEBUG placement.objects.research_context [req-1db9d5d8-7ba3-411d-932f-078b23c0ccad req-bdcd8dec-e432-49fe-8b9c-6aa42cc87d0a service placement] getting providers with 1 VCPU {{(pid=116743) __init__ /opt/stack/placement/placement/objects/research_context.py:136}}
May 21 21:15:57.115172 ncdv-master-1 devstack@placement-api.service[116743]: DEBUG placement.objects.research_context [req-1db9d5d8-7ba3-411d-932f-078b23c0ccad req-bdcd8dec-e432-49fe-8b9c-6aa42cc87d0a service placement] found 2 providers with available 1 DISK_GB {{(pid=116743) get_provider_ids_matching /opt/stack/placement/placement/objects/research_context.py:563}}
May 21 21:15:57.116663 ncdv-master-1 devstack@placement-api.service[116743]: DEBUG placement.objects.research_context [req-1db9d5d8-7ba3-411d-932f-078b23c0ccad req-bdcd8dec-e432-49fe-8b9c-6aa42cc87d0a service placement] found 2 providers with available 1024 MEMORY_MB {{(pid=116743) get_provider_ids_matching /opt/stack/placement/placement/objects/research_context.py:563}}
May 21 21:15:57.117201 ncdv-master-1 devstack@placement-api.service[116743]: DEBUG placement.objects.research_context [req-1db9d5d8-7ba3-411d-932f-078b23c0ccad req-bdcd8dec-e432-49fe-8b9c-6aa42cc87d0a service placement] found 2 providers after filtering by previous result {{(pid=116743) get_provider_ids_matching /opt/stack/placement/placement/objects/research_context.py:594}}
May 21 21:15:57.127884 ncdv-master-1 devstack@placement-api.service[116743]: DEBUG placement.objects.research_context [req-1db9d5d8-7ba3-411d-932f-078b23c0ccad req-bdcd8dec-e432-49fe-8b9c-6aa42cc87d0a service placement] found 2 providers with available 1 VCPU {{(pid=116743) get_provider_ids_matching /opt/stack/placement/placement/objects/research_context.py:563}}
May 21 21:15:57.127884 ncdv-master-1 devstack@placement-api.service[116743]: DEBUG placement.objects.research_context [req-1db9d5d8-7ba3-411d-932f-078b23c0ccad req-bdcd8dec-e432-49fe-8b9c-6aa42cc87d0a service placement] found 2 providers after filtering by previous result {{(pid=116743) get_provider_ids_matching /opt/stack/placement/placement/objects/research_context.py:594}}
May 21 21:15:57.139204 ncdv-master-1 devstack@placement-api.service[116743]: DEBUG placement.objects.allocation_candidate [req-1db9d5d8-7ba3-411d-932f-078b23c0ccad req-bdcd8dec-e432-49fe-8b9c-6aa42cc87d0a service placement] RequestGroup(use_same_provider=False, resources={DISK_GB:1, MEMORY_MB:1024, VCPU:1}, traits=(), aggregates=[]) (suffix '') returned 2 matches {{(pid=116743) _get_by_requests /opt/stack/placement/placement/objects/allocation_candidate.py:156}}
May 21 21:15:57.139983 ncdv-master-1 devstack@placement-api.service[116743]: DEBUG placement.objects.allocation_candidate [req-1db9d5d8-7ba3-411d-932f-078b23c0ccad req-bdcd8dec-e432-49fe-8b9c-6aa42cc87d0a service placement] Merging candidates yields 2 allocation requests and 2 provider summaries {{(pid=116743) _merge_candidates /opt/stack/placement/placement/objects/allocation_candidate.py:809}}
May 21 21:15:57.142508 ncdv-master-1 devstack@placement-api.service[116743]: INFO placement.requestlog [req-1db9d5d8-7ba3-411d-932f-078b23c0ccad req-bdcd8dec-e432-49fe-8b9c-6aa42cc87d0a service placement] 10.222.0.49 "GET /placement/allocation_candidates?limit=1000&resources=DISK_GB%3A1%2CMEMORY_MB%3A1024%2CVCPU%3A1&root_required=%21COMPUTE_STATUS_DISABLED" status: 200 len: 1309 microversion: 1.36
May 21 21:15:57.148817 ncdv-master-1 devstack@placement-api.service[116743]: [pid: 116743|app: 0|req: 185/369] 10.222.0.49 () {60 vars in 1506 bytes} [Sat May 21 21:15:57 2022] GET /placement/allocation_candidates?limit=1000&resources=DISK_GB%3A1%2CMEMORY_MB%3A1024%2CVCPU%3A1&root_required=%21COMPUTE_STATUS_DISABLED => generated 1309 bytes in 145 msecs (HTTP/1.1 200) 8 headers in 297 bytes (1 switches on core 0)
May 21 21:15:57.259817 ncdv-master-1 devstack@placement-api.service[116744]: DEBUG placement.requestlog [req-1db9d5d8-7ba3-411d-932f-078b23c0ccad req-49ee8a1c-40f7-4808-a02a-1fad2ad7e5f4 None None] Starting request: 10.222.0.49 "GET /placement/allocations/109fe86b-c8fa-4563-973a-fd343b14f652" {{(pid=116744) __call__ /opt/stack/placement/placement/requestlog.py:55}}
May 21 21:15:57.281007 ncdv-master-1 devstack@placement-api.service[116744]: INFO placement.requestlog [req-1db9d5d8-7ba3-411d-932f-078b23c0ccad req-49ee8a1c-40f7-4808-a02a-1fad2ad7e5f4 service placement] 10.222.0.49 "GET /placement/allocations/109fe86b-c8fa-4563-973a-fd343b14f652" status: 200 len: 19 microversion: 1.28
May 21 21:15:57.284719 ncdv-master-1 devstack@placement-api.service[116744]: [pid: 116744|app: 0|req: 185/370] 10.222.0.49 () {60 vars in 1380 bytes} [Sat May 21 21:15:57 2022] GET /placement/allocations/109fe86b-c8fa-4563-973a-fd343b14f652 => generated 19 bytes in 26 msecs (HTTP/1.1 200) 8 headers in 295 bytes (1 switches on core 0)
May 21 21:15:57.299116 ncdv-master-1 devstack@placement-api.service[116743]: DEBUG placement.requestlog [req-1db9d5d8-7ba3-411d-932f-078b23c0ccad req-1faa1855-ae3f-4276-9f01-2ad03e79164a None None] Starting request: 10.222.0.49 "PUT /placement/allocations/109fe86b-c8fa-4563-973a-fd343b14f652" {{(pid=116743) __call__ /opt/stack/placement/placement/requestlog.py:55}}
May 21 21:15:57.474217 ncdv-master-1 devstack@placement-api.service[116743]: DEBUG placement.handlers.allocation [req-1db9d5d8-7ba3-411d-932f-078b23c0ccad req-1faa1855-ae3f-4276-9f01-2ad03e79164a service placement] Successfully wrote allocations [, , ] {{(pid=116743) _update_consumers_and_create_allocations /opt/stack/placement/placement/handlers/allocation.py:462}}
May 21 21:15:57.603594 ncdv-master-1 devstack@placement-api.service[116743]: INFO placement.requestlog [req-1db9d5d8-7ba3-411d-932f-078b23c0ccad req-1faa1855-ae3f-4276-9f01-2ad03e79164a service placement] 10.222.0.49 "PUT /placement/allocations/109fe86b-c8fa-4563-973a-fd343b14f652" status: 204 len: 0 microversion: 1.36
May 21 21:15:57.606601 ncdv-master-1 devstack@placement-api.service[116743]: [pid: 116743|app: 0|req: 186/371] 10.222.0.49 () {64 vars in 1433 bytes} [Sat May 21 21:15:57 2022] PUT /placement/allocations/109fe86b-c8fa-4563-973a-fd343b14f652 => generated 0 bytes in 307 msecs (HTTP/1.1 204) 5 headers in 199 bytes (1 switches on core 0)
May 21 21:15:58.823369 ncdv-master-1 devstack@placement-api.service[116744]: DEBUG placement.requestlog [req-1db9d5d8-7ba3-411d-932f-078b23c0ccad req-e7a0468b-dad4-406f-ad06-517612898251 None None] Starting request: 10.222.0.48 "GET /placement/allocations/109fe86b-c8fa-4563-973a-fd343b14f652" {{(pid=116744) __call__ /opt/stack/placement/placement/requestlog.py:55}}
May 21 21:15:58.849656 ncdv-master-1 devstack@placement-api.service[116744]: INFO placement.requestlog [req-1db9d5d8-7ba3-411d-932f-078b23c0ccad req-e7a0468b-dad4-406f-ad06-517612898251 service placement] 10.222.0.48 "GET /placement/allocations/109fe86b-c8fa-4563-973a-fd343b14f652" status: 200 len: 259 microversion: 1.28
May 21 21:15:58.850066 ncdv-master-1 devstack@placement-api.service[116744]: [pid: 116744|app: 0|req: 186/372] 10.222.0.48 () {60 vars in 1377 bytes} [Sat May 21 21:15:58 2022] GET /placement/allocations/109fe86b-c8fa-4563-973a-fd343b14f652 => generated 259 bytes in 27 msecs (HTTP/1.1 200) 8 headers in 296 bytes (1 switches on core 0)
May 21 21:16:00.139952 ncdv-master-1 devstack@placement-api.service[116743]: DEBUG placement.requestlog [req-36096839-2af9-4450-b4d9-69a1b143aa2b req-1f1392f6-076f-4132-acd3-26853036db3c None None] Starting request: 10.222.0.49 "GET /placement/allocation_candidates?limit=1000&resources=DISK_GB%3A1%2CMEMORY_MB%3A1024%2CVCPU%3A1&root_required=%21COMPUTE_STATUS_DISABLED" {{(pid=116743) __call__ /opt/stack/placement/placement/requestlog.py:55}}
May 21 21:16:00.191067 ncdv-master-1 devstack@placement-api.service[116743]: DEBUG dbcounter [-] [116743] Writing DB stats placement:SELECT=82,placement:INSERT=8,placement:DELETE=6,placement:UPDATE=4 {{(pid=116743) stat_writer /usr/local/lib/python3.8/dist-packages/dbcounter.py:114}}
May 21 21:16:00.199993 ncdv-master-1 devstack@placement-api.service[116743]: DEBUG placement.objects.research_context [req-36096839-2af9-4450-b4d9-69a1b143aa2b req-1f1392f6-076f-4132-acd3-26853036db3c service placement] getting providers with 1 DISK_GB {{(pid=116743) __init__ /opt/stack/placement/placement/objects/research_context.py:136}}
May 21 21:16:00.207958 ncdv-master-1 devstack@placement-api.service[116743]: DEBUG placement.objects.research_context [req-36096839-2af9-4450-b4d9-69a1b143aa2b req-1f1392f6-076f-4132-acd3-26853036db3c service placement] getting providers with 1024 MEMORY_MB {{(pid=116743) __init__ /opt/stack/placement/placement/objects/research_context.py:136}}
May 21 21:16:00.217512 ncdv-master-1 devstack@placement-api.service[116743]: DEBUG placement.objects.research_context [req-36096839-2af9-4450-b4d9-69a1b143aa2b req-1f1392f6-076f-4132-acd3-26853036db3c service placement] getting providers with 1 VCPU {{(pid=116743) __init__ /opt/stack/placement/placement/objects/research_context.py:136}}
May 21 21:16:00.225056 ncdv-master-1 devstack@placement-api.service[116743]: DEBUG placement.objects.research_context [req-36096839-2af9-4450-b4d9-69a1b143aa2b req-1f1392f6-076f-4132-acd3-26853036db3c service placement] found 2 providers with available 1 DISK_GB {{(pid=116743) get_provider_ids_matching /opt/stack/placement/placement/objects/research_context.py:563}}
