May 02 10:26:24.315873 ncdv-master-1 devstack@placement-api.service[116147]: DEBUG placement.objects.research_context [req-5d519a2a-9993-4940-b4fd-500406af5c0f req-fe85a967-e7a9-4b30-9daa-2596955ba992 service placement] found 2 providers after filtering by previous result {{(pid=116147) get_provider_ids_matching /opt/stack/placement/placement/objects/research_context.py:594}}
May 02 10:26:24.316325 ncdv-master-1 devstack@placement-api.service[116147]: DEBUG placement.objects.research_context [req-5d519a2a-9993-4940-b4fd-500406af5c0f req-fe85a967-e7a9-4b30-9daa-2596955ba992 service placement] found 2 providers with available 1 VCPU {{(pid=116147) get_provider_ids_matching /opt/stack/placement/placement/objects/research_context.py:563}}
May 02 10:26:24.316644 ncdv-master-1 devstack@placement-api.service[116147]: DEBUG placement.objects.research_context [req-5d519a2a-9993-4940-b4fd-500406af5c0f req-fe85a967-e7a9-4b30-9daa-2596955ba992 service placement] found 2 providers after filtering by previous result {{(pid=116147) get_provider_ids_matching /opt/stack/placement/placement/objects/research_context.py:594}}
May 02 10:26:24.330669 ncdv-master-1 devstack@placement-api.service[116147]: DEBUG placement.objects.allocation_candidate [req-5d519a2a-9993-4940-b4fd-500406af5c0f req-fe85a967-e7a9-4b30-9daa-2596955ba992 service placement] RequestGroup(use_same_provider=False, resources={DISK_GB:1, MEMORY_MB:1024, VCPU:1}, traits=(), aggregates=[]) (suffix '') returned 2 matches {{(pid=116147) _get_by_requests /opt/stack/placement/placement/objects/allocation_candidate.py:156}}
May 02 10:26:24.331203 ncdv-master-1 devstack@placement-api.service[116147]: DEBUG placement.objects.allocation_candidate [req-5d519a2a-9993-4940-b4fd-500406af5c0f req-fe85a967-e7a9-4b30-9daa-2596955ba992 service placement] Merging candidates yields 2 allocation requests and 2 provider summaries {{(pid=116147) _merge_candidates /opt/stack/placement/placement/objects/allocation_candidate.py:809}}
May 02 10:26:24.333442 ncdv-master-1 devstack@placement-api.service[116147]: INFO placement.requestlog [req-5d519a2a-9993-4940-b4fd-500406af5c0f req-fe85a967-e7a9-4b30-9daa-2596955ba992 service placement] 10.222.0.16 "GET /placement/allocation_candidates?limit=1000&resources=DISK_GB%3A1%2CMEMORY_MB%3A1024%2CVCPU%3A1&root_required=%21COMPUTE_STATUS_DISABLED" status: 200 len: 1309 microversion: 1.36
May 02 10:26:24.333824 ncdv-master-1 devstack@placement-api.service[116147]: [pid: 116147|app: 0|req: 185/375] 10.222.0.16 () {60 vars in 1506 bytes} [Mon May 2 10:26:24 2022] GET /placement/allocation_candidates?limit=1000&resources=DISK_GB%3A1%2CMEMORY_MB%3A1024%2CVCPU%3A1&root_required=%21COMPUTE_STATUS_DISABLED => generated 1309 bytes in 117 msecs (HTTP/1.1 200) 8 headers in 297 bytes (1 switches on core 0)
May 02 10:26:24.413700 ncdv-master-1 devstack@placement-api.service[116146]: DEBUG placement.requestlog [req-5d519a2a-9993-4940-b4fd-500406af5c0f req-741520f5-52f3-425f-b264-0712a5d1e0ab None None] Starting request: 10.222.0.16 "GET /placement/allocations/9aa86565-a995-4276-98be-96b872c9b418" {{(pid=116146) __call__ /opt/stack/placement/placement/requestlog.py:55}}
May 02 10:26:24.427299 ncdv-master-1 devstack@placement-api.service[116146]: INFO placement.requestlog [req-5d519a2a-9993-4940-b4fd-500406af5c0f req-741520f5-52f3-425f-b264-0712a5d1e0ab service placement] 10.222.0.16 "GET /placement/allocations/9aa86565-a995-4276-98be-96b872c9b418" status: 200 len: 19 microversion: 1.28
May 02 10:26:24.427939 ncdv-master-1 devstack@placement-api.service[116146]: [pid: 116146|app: 0|req: 191/376] 10.222.0.16 () {60 vars in 1380 bytes} [Mon May 2 10:26:24 2022] GET /placement/allocations/9aa86565-a995-4276-98be-96b872c9b418 => generated 19 bytes in 15 msecs (HTTP/1.1 200) 8 headers in 295 bytes (1 switches on core 0)
May 02 10:26:24.435516 ncdv-master-1 devstack@placement-api.service[116147]: DEBUG placement.requestlog [req-5d519a2a-9993-4940-b4fd-500406af5c0f req-500ae48e-0e7b-4c21-a370-d50bcb18ab0b None None] Starting request: 10.222.0.16 "PUT /placement/allocations/9aa86565-a995-4276-98be-96b872c9b418" {{(pid=116147) __call__ /opt/stack/placement/placement/requestlog.py:55}}
May 02 10:26:24.641431 ncdv-master-1 devstack@placement-api.service[116147]: DEBUG placement.handlers.allocation [req-5d519a2a-9993-4940-b4fd-500406af5c0f req-500ae48e-0e7b-4c21-a370-d50bcb18ab0b service placement] Successfully wrote allocations [, , ] {{(pid=116147) _update_consumers_and_create_allocations /opt/stack/placement/placement/handlers/allocation.py:462}}
May 02 10:26:24.791369 ncdv-master-1 devstack@placement-api.service[116147]: INFO placement.requestlog [req-5d519a2a-9993-4940-b4fd-500406af5c0f req-500ae48e-0e7b-4c21-a370-d50bcb18ab0b service placement] 10.222.0.16 "PUT /placement/allocations/9aa86565-a995-4276-98be-96b872c9b418" status: 204 len: 0 microversion: 1.36
May 02 10:26:24.796768 ncdv-master-1 devstack@placement-api.service[116147]: [pid: 116147|app: 0|req: 186/377] 10.222.0.16 () {64 vars in 1433 bytes} [Mon May 2 10:26:24 2022] PUT /placement/allocations/9aa86565-a995-4276-98be-96b872c9b418 => generated 0 bytes in 357 msecs (HTTP/1.1 204) 5 headers in 199 bytes (1 switches on core 0)
May 02 10:26:25.092295 ncdv-master-1 devstack@placement-api.service[116146]: DEBUG placement.requestlog [req-93903f6c-23c2-428f-b917-67e3b9c692dd req-5fe580ae-8949-4a8a-9e55-be92323c7953 None None] Starting request: 10.222.0.15 "GET /placement/resource_providers/ccfdd3fb-ef9b-485c-be20-26d1069e5c5f/allocations" {{(pid=116146) __call__ /opt/stack/placement/placement/requestlog.py:55}}
May 02 10:26:25.157891 ncdv-master-1 devstack@placement-api.service[116146]: INFO placement.requestlog [req-93903f6c-23c2-428f-b917-67e3b9c692dd req-5fe580ae-8949-4a8a-9e55-be92323c7953 service placement] 10.222.0.15 "GET /placement/resource_providers/ccfdd3fb-ef9b-485c-be20-26d1069e5c5f/allocations" status: 200 len: 457 microversion: 1.0
May 02 10:26:25.159745 ncdv-master-1 devstack@placement-api.service[116146]: [pid: 116146|app: 0|req: 192/378] 10.222.0.15 () {58 vars in 1390 bytes} [Mon May 2 10:26:25 2022] GET /placement/resource_providers/ccfdd3fb-ef9b-485c-be20-26d1069e5c5f/allocations => generated 457 bytes in 68 msecs (HTTP/1.1 200) 6 headers in 224 bytes (1 switches on core 0)
May 02 10:26:26.133538 ncdv-master-1 devstack@placement-api.service[116147]: DEBUG placement.requestlog [req-bc56450d-b1f5-4baf-b454-28130ed764cb req-e5180494-abcc-47dd-8fa3-d10cc1db9e90 None None] Starting request: 10.222.0.24 "GET /placement/resource_providers/3a572b01-1593-49c2-9fff-13767f12a94c/allocations" {{(pid=116147) __call__ /opt/stack/placement/placement/requestlog.py:55}}
May 02 10:26:26.173707 ncdv-master-1 devstack@placement-api.service[116147]: INFO placement.requestlog [req-bc56450d-b1f5-4baf-b454-28130ed764cb req-e5180494-abcc-47dd-8fa3-d10cc1db9e90 service placement] 10.222.0.24 "GET /placement/resource_providers/3a572b01-1593-49c2-9fff-13767f12a94c/allocations" status: 200 len: 543 microversion: 1.0
May 02 10:26:26.174554 ncdv-master-1 devstack@placement-api.service[116147]: [pid: 116147|app: 0|req: 187/379] 10.222.0.24 () {58 vars in 1390 bytes} [Mon May 2 10:26:26 2022] GET /placement/resource_providers/3a572b01-1593-49c2-9fff-13767f12a94c/allocations => generated 543 bytes in 41 msecs (HTTP/1.1 200) 6 headers in 224 bytes (1 switches on core 0)
May 02 10:26:26.215013 ncdv-master-1 devstack@placement-api.service[116146]: DEBUG placement.requestlog [req-5d519a2a-9993-4940-b4fd-500406af5c0f req-c0666df6-3959-4962-9498-623ced335734 None None] Starting request: 10.222.0.15 "GET /placement/allocations/9aa86565-a995-4276-98be-96b872c9b418" {{(pid=116146) __call__ /opt/stack/placement/placement/requestlog.py:55}}
May 02 10:26:26.232506 ncdv-master-1 devstack@placement-api.service[116146]: INFO placement.requestlog [req-5d519a2a-9993-4940-b4fd-500406af5c0f req-c0666df6-3959-4962-9498-623ced335734 service placement] 10.222.0.15 "GET /placement/allocations/9aa86565-a995-4276-98be-96b872c9b418" status: 200 len: 259 microversion: 1.28
May 02 10:26:26.233371 ncdv-master-1 devstack@placement-api.service[116146]: [pid: 116146|app: 0|req: 193/380] 10.222.0.15 () {60 vars in 1377 bytes} [Mon May 2 10:26:26 2022] GET /placement/allocations/9aa86565-a995-4276-98be-96b872c9b418 => generated 259 bytes in 18 msecs (HTTP/1.1 200) 8 headers in 296 bytes (1 switches on core 0)
May 02 10:26:27.002512 ncdv-master-1 devstack@placement-api.service[116147]: DEBUG placement.requestlog [req-a4ecfaa2-0a6f-432d-8c94-2405283b57a1 req-81b14ec7-7f1f-49e7-9142-7f40df424860 None None] Starting request: 10.222.0.16 "GET /placement/allocation_candidates?limit=1000&resources=DISK_GB%3A1%2CMEMORY_MB%3A1024%2CVCPU%3A1&root_required=%21COMPUTE_STATUS_DISABLED" {{(pid=116147) __call__ /opt/stack/placement/placement/requestlog.py:55}}
May 02 10:26:27.069547 ncdv-master-1 devstack@placement-api.service[116147]: DEBUG placement.objects.research_context [req-a4ecfaa2-0a6f-432d-8c94-2405283b57a1 req-81b14ec7-7f1f-49e7-9142-7f40df424860 service placement] getting providers with 1 DISK_GB {{(pid=116147) __init__ /opt/stack/placement/placement/objects/research_context.py:136}}
May 02 10:26:27.103008 ncdv-master-1 devstack@placement-api.service[116147]: DEBUG placement.objects.research_context [req-a4ecfaa2-0a6f-432d-8c94-2405283b57a1 req-81b14ec7-7f1f-49e7-9142-7f40df424860 service placement] getting providers with 1024 MEMORY_MB {{(pid=116147) __init__ /opt/stack/placement/placement/objects/research_context.py:136}}
May 02 10:26:27.113630 ncdv-master-1 devstack@placement-api.service[116147]: DEBUG placement.objects.research_context [req-a4ecfaa2-0a6f-432d-8c94-2405283b57a1 req-81b14ec7-7f1f-49e7-9142-7f40df424860 service placement] getting providers with 1 VCPU {{(pid=116147) __init__ /opt/stack/placement/placement/objects/research_context.py:136}}
May 02 10:26:27.124114 ncdv-master-1 devstack@placement-api.service[116147]: DEBUG placement.objects.research_context [req-a4ecfaa2-0a6f-432d-8c94-2405283b57a1 req-81b14ec7-7f1f-49e7-9142-7f40df424860 service placement] found 2 providers with available 1 DISK_GB {{(pid=116147) get_provider_ids_matching /opt/stack/placement/placement/objects/research_context.py:563}}
May 02 10:26:27.124500 ncdv-master-1 devstack@placement-api.service[116147]: DEBUG placement.objects.research_context [req-a4ecfaa2-0a6f-432d-8c94-2405283b57a1 req-81b14ec7-7f1f-49e7-9142-7f40df424860 service placement] found 2 providers with available 1024 MEMORY_MB {{(pid=116147) get_provider_ids_matching /opt/stack/placement/placement/objects/research_context.py:563}}
May 02 10:26:27.124813 ncdv-master-1 devstack@placement-api.service[116147]: DEBUG placement.objects.research_context [req-a4ecfaa2-0a6f-432d-8c94-2405283b57a1 req-81b14ec7-7f1f-49e7-9142-7f40df424860 service placement] found 2 providers after filtering by previous result {{(pid=116147) get_provider_ids_matching /opt/stack/placement/placement/objects/research_context.py:594}}
May 02 10:26:27.125077 ncdv-master-1 devstack@placement-api.service[116147]: DEBUG placement.objects.research_context [req-a4ecfaa2-0a6f-432d-8c94-2405283b57a1 req-81b14ec7-7f1f-49e7-9142-7f40df424860 service placement] found 2 providers with available 1 VCPU {{(pid=116147) get_provider_ids_matching /opt/stack/placement/placement/objects/research_context.py:563}}
May 02 10:26:27.125385 ncdv-master-1 devstack@placement-api.service[116147]: DEBUG placement.objects.research_context [req-a4ecfaa2-0a6f-432d-8c94-2405283b57a1 req-81b14ec7-7f1f-49e7-9142-7f40df424860 service placement] found 2 providers after filtering by previous result {{(pid=116147) get_provider_ids_matching /opt/stack/placement/placement/objects/research_context.py:594}}
May 02 10:26:27.149297 ncdv-master-1 devstack@placement-api.service[116147]: DEBUG placement.objects.allocation_candidate [req-a4ecfaa2-0a6f-432d-8c94-2405283b57a1 req-81b14ec7-7f1f-49e7-9142-7f40df424860 service placement] RequestGroup(use_same_provider=False, resources={DISK_GB:1, MEMORY_MB:1024, VCPU:1}, traits=(), aggregates=[]) (suffix '') returned 2 matches {{(pid=116147) _get_by_requests /opt/stack/placement/placement/objects/allocation_candidate.py:156}}
May 02 10:26:27.151625 ncdv-master-1 devstack@placement-api.service[116147]: DEBUG placement.objects.allocation_candidate [req-a4ecfaa2-0a6f-432d-8c94-2405283b57a1 req-81b14ec7-7f1f-49e7-9142-7f40df424860 service placement] Merging candidates yields 2 allocation requests and 2 provider summaries {{(pid=116147) _merge_candidates /opt/stack/placement/placement/objects/allocation_candidate.py:809}}
May 02 10:26:27.154391 ncdv-master-1 devstack@placement-api.service[116147]: INFO placement.requestlog [req-a4ecfaa2-0a6f-432d-8c94-2405283b57a1 req-81b14ec7-7f1f-49e7-9142-7f40df424860 service placement] 10.222.0.16 "GET /placement/allocation_candidates?limit=1000&resources=DISK_GB%3A1%2CMEMORY_MB%3A1024%2CVCPU%3A1&root_required=%21COMPUTE_STATUS_DISABLED" status: 200 len: 1309 microversion: 1.36
May 02 10:26:27.173935 ncdv-master-1 devstack@placement-api.service[116147]: [pid: 116147|app: 0|req: 188/381] 10.222.0.16 () {60 vars in 1506 bytes} [Mon May 2 10:26:27 2022] GET /placement/allocation_candidates?limit=1000&resources=DISK_GB%3A1%2CMEMORY_MB%3A1024%2CVCPU%3A1&root_required=%21COMPUTE_STATUS_DISABLED => generated 1309 bytes in 170 msecs (HTTP/1.1 200) 8 headers in 297 bytes (1 switches on core 0)
May 02 10:26:27.269491 ncdv-master-1 devstack@placement-api.service[116146]: DEBUG placement.requestlog [req-a4ecfaa2-0a6f-432d-8c94-2405283b57a1 req-2ee39228-bd6f-484b-84b6-ab0de9503308 None None] Starting request: 10.222.0.16 "GET /placement/allocations/a71de90b-011f-4b30-a373-0c66ab0e749c" {{(pid=116146) __call__ /opt/stack/placement/placement/requestlog.py:55}}
May 02 10:26:27.288134 ncdv-master-1 devstack@placement-api.service[116146]: INFO placement.requestlog [req-a4ecfaa2-0a6f-432d-8c94-2405283b57a1 req-2ee39228-bd6f-484b-84b6-ab0de9503308 service placement] 10.222.0.16 "GET /placement/allocations/a71de90b-011f-4b30-a373-0c66ab0e749c" status: 200 len: 19 microversion: 1.28
May 02 10:26:27.289101 ncdv-master-1 devstack@placement-api.service[116146]: [pid: 116146|app: 0|req: 194/382] 10.222.0.16 () {60 vars in 1380 bytes} [Mon May 2 10:26:27 2022] GET /placement/allocations/a71de90b-011f-4b30-a373-0c66ab0e749c => generated 19 bytes in 20 msecs (HTTP/1.1 200) 8 headers in 295 bytes (1 switches on core 0)
May 02 10:26:27.295181 ncdv-master-1 devstack@placement-api.service[116147]: DEBUG placement.requestlog [req-a4ecfaa2-0a6f-432d-8c94-2405283b57a1 req-60e80006-3831-4bda-af13-672ec977f6d4 None None] Starting request: 10.222.0.16 "PUT /placement/allocations/a71de90b-011f-4b30-a373-0c66ab0e749c" {{(pid=116147) __call__ /opt/stack/placement/placement/requestlog.py:55}}
May 02 10:26:27.458900 ncdv-master-1 devstack@placement-api.service[116147]: DEBUG placement.handlers.allocation [req-a4ecfaa2-0a6f-432d-8c94-2405283b57a1 req-60e80006-3831-4bda-af13-672ec977f6d4 service placement] Successfully wrote allocations [, , ] {{(pid=116147) _update_consumers_and_create_allocations /opt/stack/placement/placement/handlers/allocation.py:462}}
May 02 10:26:27.564135 ncdv-master-1 devstack@placement-api.service[116147]: INFO placement.requestlog [req-a4ecfaa2-0a6f-432d-8c94-2405283b57a1 req-60e80006-3831-4bda-af13-672ec977f6d4 service placement] 10.222.0.16 "PUT /placement/allocations/a71de90b-011f-4b30-a373-0c66ab0e749c" status: 204 len: 0 microversion: 1.36
May 02 10:26:27.564969 ncdv-master-1 devstack@placement-api.service[116147]: [pid: 116147|app: 0|req: 189/383] 10.222.0.16 () {64 vars in 1433 bytes} [Mon May 2 10:26:27 2022] PUT /placement/allocations/a71de90b-011f-4b30-a373-0c66ab0e749c => generated 0 bytes in 270 msecs (HTTP/1.1 204) 5 headers in 199 bytes (1 switches on core 0)
May 02 10:26:28.596997 ncdv-master-1 devstack@placement-api.service[116146]: DEBUG placement.requestlog [req-a4ecfaa2-0a6f-432d-8c94-2405283b57a1 req-2d25639b-98e7-4a1d-8606-fb3de1ab2d4f None None] Starting request: 10.222.0.24 "GET /placement/allocations/a71de90b-011f-4b30-a373-0c66ab0e749c" {{(pid=116146) __call__ /opt/stack/placement/placement/requestlog.py:55}}
May 02 10:26:28.619971 ncdv-master-1 devstack@placement-api.service[116146]: INFO placement.requestlog [req-a4ecfaa2-0a6f-432d-8c94-2405283b57a1 req-2d25639b-98e7-4a1d-8606-fb3de1ab2d4f service placement] 10.222.0.24 "GET /placement/allocations/a71de90b-011f-4b30-a373-0c66ab0e749c" status: 200 len: 259 microversion: 1.28
May 02 10:26:28.621001 ncdv-master-1 devstack@placement-api.service[116146]: [pid: 116146|app: 0|req: 195/384] 10.222.0.24 () {60 vars in 1377 bytes} [Mon May 2 10:26:28 2022] GET /placement/allocations/a71de90b-011f-4b30-a373-0c66ab0e749c => generated 259 bytes in 24 msecs (HTTP/1.1 200) 8 headers in 296 bytes (1 switches on core 0)
May 02 10:26:30.724266 ncdv-master-1 devstack@placement-api.service[116147]: DEBUG placement.requestlog [req-ac7bbb22-0c7d-453b-81a9-700f164c5d49 req-20c3e129-5703-462d-a57e-f945d3bb91ad None None] Starting request: 10.222.0.16 "GET /placement/allocation_candidates?limit=1000&resources=DISK_GB%3A1%2CMEMORY_MB%3A1024%2CVCPU%3A1&root_required=%21COMPUTE_STATUS_DISABLED" {{(pid=116147) __call__ /opt/stack/placement/placement/requestlog.py:55}}
May 02 10:26:30.786265 ncdv-master-1 devstack@placement-api.service[116147]: DEBUG placement.objects.research_context [req-ac7bbb22-0c7d-453b-81a9-700f164c5d49 req-20c3e129-5703-462d-a57e-f945d3bb91ad service placement] getting providers with 1 DISK_GB {{(pid=116147) __init__ /opt/stack/placement/placement/objects/research_context.py:136}}
May 02 10:26:30.796321 ncdv-master-1 devstack@placement-api.service[116147]: DEBUG placement.objects.research_context [req-ac7bbb22-0c7d-453b-81a9-700f164c5d49 req-20c3e129-5703-462d-a57e-f945d3bb91ad service placement] getting providers with 1024 MEMORY_MB {{(pid=116147) __init__ /opt/stack/placement/placement/objects/research_context.py:136}}
May 02 10:26:30.806410 ncdv-master-1 devstack@placement-api.service[116147]: DEBUG placement.objects.research_context [req-ac7bbb22-0c7d-453b-81a9-700f164c5d49 req-20c3e129-5703-462d-a57e-f945d3bb91ad service placement] getting providers with 1 VCPU {{(pid=116147) __init__ /opt/stack/placement/placement/objects/research_context.py:136}}
May 02 10:26:30.815988 ncdv-master-1 devstack@placement-api.service[116147]: DEBUG placement.objects.research_context [req-ac7bbb22-0c7d-453b-81a9-700f164c5d49 req-20c3e129-5703-462d-a57e-f945d3bb91ad service placement] found 2 providers with available 1 DISK_GB {{(pid=116147) get_provider_ids_matching /opt/stack/placement/placement/objects/research_context.py:563}}
May 02 10:26:30.816353 ncdv-master-1 devstack@placement-api.service[116147]: DEBUG placement.objects.research_context [req-ac7bbb22-0c7d-453b-81a9-700f164c5d49 req-20c3e129-5703-462d-a57e-f945d3bb91ad service placement] found 2 providers with available 1024 MEMORY_MB {{(pid=116147) get_provider_ids_matching /opt/stack/placement/placement/objects/research_context.py:563}}
May 02 10:26:30.816717 ncdv-master-1 devstack@placement-api.service[116147]: DEBUG placement.objects.research_context [req-ac7bbb22-0c7d-453b-81a9-700f164c5d49 req-20c3e129-5703-462d-a57e-f945d3bb91ad service placement] found 2 providers after filtering by previous result {{(pid=116147) get_provider_ids_matching /opt/stack/placement/placement/objects/research_context.py:594}}
May 02 10:26:30.817002 ncdv-master-1 devstack@placement-api.service[116147]: DEBUG placement.objects.research_context [req-ac7bbb22-0c7d-453b-81a9-700f164c5d49 req-20c3e129-5703-462d-a57e-f945d3bb91ad service placement] found 2 providers with available 1 VCPU {{(pid=116147) get_provider_ids_matching /opt/stack/placement/placement/objects/research_context.py:563}}
May 02 10:26:30.817453 ncdv-master-1 devstack@placement-api.service[116147]: DEBUG placement.objects.research_context [req-ac7bbb22-0c7d-453b-81a9-700f164c5d49 req-20c3e129-5703-462d-a57e-f945d3bb91ad service placement] found 2 providers after filtering by previous result {{(pid=116147) get_provider_ids_matching /opt/stack/placement/placement/objects/research_context.py:594}}
May 02 10:26:30.840250 ncdv-master-1 devstack@placement-api.service[116147]: DEBUG placement.objects.allocation_candidate [req-ac7bbb22-0c7d-453b-81a9-700f164c5d49 req-20c3e129-5703-462d-a57e-f945d3bb91ad service placement] RequestGroup(use_same_provider=False, resources={DISK_GB:1, MEMORY_MB:1024, VCPU:1}, traits=(), aggregates=[]) (suffix '') returned 2 matches {{(pid=116147) _get_by_requests /opt/stack/placement/placement/objects/allocation_candidate.py:156}}
May 02 10:26:30.841613 ncdv-master-1 devstack@placement-api.service[116147]: DEBUG placement.objects.allocation_candidate [req-ac7bbb22-0c7d-453b-81a9-700f164c5d49 req-20c3e129-5703-462d-a57e-f945d3bb91ad service placement] Merging candidates yields 2 allocation requests and 2 provider summaries {{(pid=116147) _merge_candidates /opt/stack/placement/placement/objects/allocation_candidate.py:809}}
May 02 10:26:30.845081 ncdv-master-1 devstack@placement-api.service[116147]: INFO placement.requestlog [req-ac7bbb22-0c7d-453b-81a9-700f164c5d49 req-20c3e129-5703-462d-a57e-f945d3bb91ad service placement] 10.222.0.16 "GET /placement/allocation_candidates?limit=1000&resources=DISK_GB%3A1%2CMEMORY_MB%3A1024%2CVCPU%3A1&root_required=%21COMPUTE_STATUS_DISABLED" status: 200 len: 1309 microversion: 1.36
May 02 10:26:30.849028 ncdv-master-1 devstack@placement-api.service[116147]: [pid: 116147|app: 0|req: 190/385] 10.222.0.16 () {60 vars in 1506 bytes} [Mon May 2 10:26:30 2022] GET /placement/allocation_candidates?limit=1000&resources=DISK_GB%3A1%2CMEMORY_MB%3A1024%2CVCPU%3A1&root_required=%21COMPUTE_STATUS_DISABLED => generated 1309 bytes in 125 msecs (HTTP/1.1 200) 8 headers in 297 bytes (1 switches on core 0)
May 02 10:26:30.971992 ncdv-master-1 devstack@placement-api.service[116146]: DEBUG placement.requestlog [req-ac7bbb22-0c7d-453b-81a9-700f164c5d49 req-5e2addc2-e821-4553-bd79-224774a484a7 None None] Starting request: 10.222.0.16 "GET /placement/allocations/815cfcf5-bb9e-4f21-b6b7-cea26fa22567" {{(pid=116146) __call__ /opt/stack/placement/placement/requestlog.py:55}}
May 02 10:26:30.985054 ncdv-master-1 devstack@placement-api.service[116146]: INFO placement.requestlog [req-ac7bbb22-0c7d-453b-81a9-700f164c5d49 req-5e2addc2-e821-4553-bd79-224774a484a7 service placement] 10.222.0.16 "GET /placement/allocations/815cfcf5-bb9e-4f21-b6b7-cea26fa22567" status: 200 len: 19 microversion: 1.28
May 02 10:26:30.985054 ncdv-master-1 devstack@placement-api.service[116146]: [pid: 116146|app: 0|req: 196/386] 10.222.0.16 () {60 vars in 1380 bytes} [Mon May 2 10:26:30 2022] GET /placement/allocations/815cfcf5-bb9e-4f21-b6b7-cea26fa22567 => generated 19 bytes in 13 msecs (HTTP/1.1 200) 8 headers in 295 bytes (1 switches on core 0)
May 02 10:26:30.995220 ncdv-master-1 devstack@placement-api.service[116147]: DEBUG placement.requestlog [req-ac7bbb22-0c7d-453b-81a9-700f164c5d49 req-1a6c5763-5cd8-411b-ba1b-dfdf456a1027 None None] Starting request: 10.222.0.16 "PUT /placement/allocations/815cfcf5-bb9e-4f21-b6b7-cea26fa22567" {{(pid=116147) __call__ /opt/stack/placement/placement/requestlog.py:55}}
May 02 10:26:31.202278 ncdv-master-1 devstack@placement-api.service[116147]: DEBUG placement.handlers.allocation [req-ac7bbb22-0c7d-453b-81a9-700f164c5d49 req-1a6c5763-5cd8-411b-ba1b-dfdf456a1027 service placement] Successfully wrote allocations [, , ] {{(pid=116147) _update_consumers_and_create_allocations /opt/stack/placement/placement/handlers/allocation.py:462}}
May 02 10:26:31.333747 ncdv-master-1 devstack@placement-api.service[116147]: INFO placement.requestlog [req-ac7bbb22-0c7d-453b-81a9-700f164c5d49 req-1a6c5763-5cd8-411b-ba1b-dfdf456a1027 service placement] 10.222.0.16 "PUT /placement/allocations/815cfcf5-bb9e-4f21-b6b7-cea26fa22567" status: 204 len: 0 microversion: 1.36
May 02 10:26:31.334254 ncdv-master-1 devstack@placement-api.service[116147]: [pid: 116147|app: 0|req: 191/387] 10.222.0.16 () {64 vars in 1433 bytes} [Mon May 2 10:26:30 2022] PUT /placement/allocations/815cfcf5-bb9e-4f21-b6b7-cea26fa22567 => generated 0 bytes in 339 msecs (HTTP/1.1 204) 5 headers in 199 bytes (1 switches on core 0)
May 02 10:26:32.749236 ncdv-master-1 devstack@placement-api.service[116146]: DEBUG placement.requestlog [req-ac7bbb22-0c7d-453b-81a9-700f164c5d49 req-812613f4-65d5-41f1-ba18-403805fa6994 None None] Starting request: 10.222.0.15 "GET /placement/allocations/815cfcf5-bb9e-4f21-b6b7-cea26fa22567" {{(pid=116146) __call__ /opt/stack/placement/placement/requestlog.py:55}}
May 02 10:26:32.800861 ncdv-master-1 devstack@placement-api.service[116146]: INFO placement.requestlog [req-ac7bbb22-0c7d-453b-81a9-700f164c5d49 req-812613f4-65d5-41f1-ba18-403805fa6994 service placement] 10.222.0.15 "GET /placement/allocations/815cfcf5-bb9e-4f21-b6b7-cea26fa22567" status: 200 len: 259 microversion: 1.28
May 02 10:26:32.803449 ncdv-master-1 devstack@placement-api.service[116146]: [pid: 116146|app: 0|req: 197/388] 10.222.0.15 () {60 vars in 1377 bytes} [Mon May 2 10:26:32 2022] GET /placement/allocations/815cfcf5-bb9e-4f21-b6b7-cea26fa22567 => generated 259 bytes in 54 msecs (HTTP/1.1 200) 8 headers in 296 bytes (1 switches on core 0)
May 02 10:26:44.684100 ncdv-master-1 devstack@placement-api.service[116147]: DEBUG placement.requestlog [req-28b50972-05f3-4aea-8981-b3061248ea04 req-9d16defd-6297-4563-86e7-c9e2e0ac7c8d None None] Starting request: 10.222.0.16 "GET /placement/allocation_candidates?resources=DISK_GB%3A1%2CMEMORY_MB%3A1024%2CVCPU%3A1&root_required=%21COMPUTE_STATUS_DISABLED" {{(pid=116147) __call__ /opt/stack/placement/placement/requestlog.py:55}}
May 02 10:26:44.771772 ncdv-master-1 devstack@placement-api.service[116147]: DEBUG placement.objects.research_context [req-28b50972-05f3-4aea-8981-b3061248ea04 req-9d16defd-6297-4563-86e7-c9e2e0ac7c8d service placement] getting providers with 1 DISK_GB {{(pid=116147) __init__ /opt/stack/placement/placement/objects/research_context.py:136}}
May 02 10:26:44.798117 ncdv-master-1 devstack@placement-api.service[116147]: DEBUG placement.objects.research_context [req-28b50972-05f3-4aea-8981-b3061248ea04 req-9d16defd-6297-4563-86e7-c9e2e0ac7c8d service placement] getting providers with 1024 MEMORY_MB {{(pid=116147) __init__ /opt/stack/placement/placement/objects/research_context.py:136}}
May 02 10:26:44.809197 ncdv-master-1 devstack@placement-api.service[116147]: DEBUG placement.objects.research_context [req-28b50972-05f3-4aea-8981-b3061248ea04 req-9d16defd-6297-4563-86e7-c9e2e0ac7c8d service placement] getting providers with 1 VCPU {{(pid=116147) __init__ /opt/stack/placement/placement/objects/research_context.py:136}}
May 02 10:26:44.817240 ncdv-master-1 devstack@placement-api.service[116147]: DEBUG placement.objects.research_context [req-28b50972-05f3-4aea-8981-b3061248ea04 req-9d16defd-6297-4563-86e7-c9e2e0ac7c8d service placement] found 2 providers with available 1 DISK_GB {{(pid=116147) get_provider_ids_matching /opt/stack/placement/placement/objects/research_context.py:563}}
May 02 10:26:44.817857 ncdv-master-1 devstack@placement-api.service[116147]: DEBUG placement.objects.research_context [req-28b50972-05f3-4aea-8981-b3061248ea04 req-9d16defd-6297-4563-86e7-c9e2e0ac7c8d service placement] found 2 providers with available 1024 MEMORY_MB {{(pid=116147) get_provider_ids_matching /opt/stack/placement/placement/objects/research_context.py:563}}
May 02 10:26:44.818233 ncdv-master-1 devstack@placement-api.service[116147]: DEBUG placement.objects.research_context [req-28b50972-05f3-4aea-8981-b3061248ea04 req-9d16defd-6297-4563-86e7-c9e2e0ac7c8d service placement] found 2 providers after filtering by previous result {{(pid=116147) get_provider_ids_matching /opt/stack/placement/placement/objects/research_context.py:594}}
May 02 10:26:44.819156 ncdv-master-1 devstack@placement-api.service[116147]: DEBUG placement.objects.research_context [req-28b50972-05f3-4aea-8981-b3061248ea04 req-9d16defd-6297-4563-86e7-c9e2e0ac7c8d service placement] found 2 providers with available 1 VCPU {{(pid=116147) get_provider_ids_matching /opt/stack/placement/placement/objects/research_context.py:563}}
May 02 10:26:44.819524 ncdv-master-1 devstack@placement-api.service[116147]: DEBUG placement.objects.research_context [req-28b50972-05f3-4aea-8981-b3061248ea04 req-9d16defd-6297-4563-86e7-c9e2e0ac7c8d service placement] found 2 providers after filtering by previous result {{(pid=116147) get_provider_ids_matching /opt/stack/placement/placement/objects/research_context.py:594}}
May 02 10:26:44.838555 ncdv-master-1 devstack@placement-api.service[116147]: DEBUG placement.objects.allocation_candidate [req-28b50972-05f3-4aea-8981-b3061248ea04 req-9d16defd-6297-4563-86e7-c9e2e0ac7c8d service placement] RequestGroup(use_same_provider=False, resources={DISK_GB:1, MEMORY_MB:1024, VCPU:1}, traits=(), aggregates=[]) (suffix '') returned 2 matches {{(pid=116147) _get_by_requests /opt/stack/placement/placement/objects/allocation_candidate.py:156}}
May 02 10:26:44.840361 ncdv-master-1 devstack@placement-api.service[116147]: DEBUG placement.objects.allocation_candidate [req-28b50972-05f3-4aea-8981-b3061248ea04 req-9d16defd-6297-4563-86e7-c9e2e0ac7c8d service placement] Merging candidates yields 2 allocation requests and 2 provider summaries {{(pid=116147) _merge_candidates /opt/stack/placement/placement/objects/allocation_candidate.py:809}}
May 02 10:26:44.843513 ncdv-master-1 devstack@placement-api.service[116147]: INFO placement.requestlog [req-28b50972-05f3-4aea-8981-b3061248ea04 req-9d16defd-6297-4563-86e7-c9e2e0ac7c8d service placement] 10.222.0.16 "GET /placement/allocation_candidates?resources=DISK_GB%3A1%2CMEMORY_MB%3A1024%2CVCPU%3A1&root_required=%21COMPUTE_STATUS_DISABLED" status: 200 len: 1309 microversion: 1.36
May 02 10:26:44.845059 ncdv-master-1 devstack@placement-api.service[116147]: [pid: 116147|app: 0|req: 192/389] 10.222.0.16 () {60 vars in 1484 bytes} [Mon May 2 10:26:44 2022] GET /placement/allocation_candidates?resources=DISK_GB%3A1%2CMEMORY_MB%3A1024%2CVCPU%3A1&root_required=%21COMPUTE_STATUS_DISABLED => generated 1309 bytes in 161 msecs (HTTP/1.1 200) 8 headers in 297 bytes (1 switches on core 0)
May 02 10:26:44.968349 ncdv-master-1 devstack@placement-api.service[116146]: DEBUG placement.requestlog [req-28b50972-05f3-4aea-8981-b3061248ea04 req-56b97b46-ef6f-48f9-8af0-6adfb79a3968 None None] Starting request: 10.222.0.16 "GET /placement/allocations/9fd359c1-1dac-4248-8027-6a0c8321d20a" {{(pid=116146) __call__ /opt/stack/placement/placement/requestlog.py:55}}
May 02 10:26:44.988229 ncdv-master-1 devstack@placement-api.service[116146]: INFO placement.requestlog [req-28b50972-05f3-4aea-8981-b3061248ea04 req-56b97b46-ef6f-48f9-8af0-6adfb79a3968 service placement] 10.222.0.16 "GET /placement/allocations/9fd359c1-1dac-4248-8027-6a0c8321d20a" status: 200 len: 19 microversion: 1.28
May 02 10:26:44.992710 ncdv-master-1 devstack@placement-api.service[116146]: [pid: 116146|app: 0|req: 198/390] 10.222.0.16 () {60 vars in 1380 bytes} [Mon May 2 10:26:44 2022] GET /placement/allocations/9fd359c1-1dac-4248-8027-6a0c8321d20a => generated 19 bytes in 24 msecs (HTTP/1.1 200) 8 headers in 295 bytes (1 switches on core 0)
May 02 10:26:44.999364 ncdv-master-1 devstack@placement-api.service[116147]: DEBUG placement.requestlog [req-28b50972-05f3-4aea-8981-b3061248ea04 req-fcbfd532-1035-4139-a6bc-107d61f7ce87 None None] Starting request: 10.222.0.16 "PUT /placement/allocations/9fd359c1-1dac-4248-8027-6a0c8321d20a" {{(pid=116147) __call__ /opt/stack/placement/placement/requestlog.py:55}}
May 02 10:26:45.184112 ncdv-master-1 devstack@placement-api.service[116147]: DEBUG placement.handlers.allocation [req-28b50972-05f3-4aea-8981-b3061248ea04 req-fcbfd532-1035-4139-a6bc-107d61f7ce87 service placement] Successfully wrote allocations [, , ] {{(pid=116147) _update_consumers_and_create_allocations /opt/stack/placement/placement/handlers/allocation.py:462}}
May 02 10:26:45.267091 ncdv-master-1 devstack@placement-api.service[116147]: INFO placement.requestlog [req-28b50972-05f3-4aea-8981-b3061248ea04 req-fcbfd532-1035-4139-a6bc-107d61f7ce87 service placement] 10.222.0.16 "PUT /placement/allocations/9fd359c1-1dac-4248-8027-6a0c8321d20a" status: 204 len: 0 microversion: 1.36
May 02 10:26:45.267848 ncdv-master-1 devstack@placement-api.service[116147]: [pid: 116147|app: 0|req: 193/391] 10.222.0.16 () {64 vars in 1433 bytes} [Mon May 2 10:26:44 2022] PUT /placement/allocations/9fd359c1-1dac-4248-8027-6a0c8321d20a => generated 0 bytes in 269 msecs (HTTP/1.1 204) 5 headers in 199 bytes (1 switches on core 0)
May 02 10:26:45.281207 ncdv-master-1 devstack@placement-api.service[116146]: DEBUG placement.requestlog [req-28b50972-05f3-4aea-8981-b3061248ea04 req-7da195a0-8553-4440-8e18-df98c8d9ea8c None None] Starting request: 10.222.0.16 "GET /placement/allocations/9c83b34f-2518-4675-9910-1c74afbbca87" {{(pid=116146) __call__ /opt/stack/placement/placement/requestlog.py:55}}
May 02 10:26:45.304790 ncdv-master-1 devstack@placement-api.service[116146]: INFO placement.requestlog [req-28b50972-05f3-4aea-8981-b3061248ea04 req-7da195a0-8553-4440-8e18-df98c8d9ea8c service placement] 10.222.0.16 "GET /placement/allocations/9c83b34f-2518-4675-9910-1c74afbbca87" status: 200 len: 19 microversion: 1.28
May 02 10:26:45.308490 ncdv-master-1 devstack@placement-api.service[116146]: [pid: 116146|app: 0|req: 199/392] 10.222.0.16 () {60 vars in 1380 bytes} [Mon May 2 10:26:45 2022] GET /placement/allocations/9c83b34f-2518-4675-9910-1c74afbbca87 => generated 19 bytes in 28 msecs (HTTP/1.1 200) 8 headers in 295 bytes (1 switches on core 0)
May 02 10:26:45.314755 ncdv-master-1 devstack@placement-api.service[116147]: DEBUG placement.requestlog [req-28b50972-05f3-4aea-8981-b3061248ea04 req-6aebd702-fee6-4352-9006-0b56551fa0d2 None None] Starting request: 10.222.0.16 "PUT /placement/allocations/9c83b34f-2518-4675-9910-1c74afbbca87" {{(pid=116147) __call__ /opt/stack/placement/placement/requestlog.py:55}}
May 02 10:26:45.509400 ncdv-master-1 devstack@placement-api.service[116147]: DEBUG placement.handlers.allocation [req-28b50972-05f3-4aea-8981-b3061248ea04 req-6aebd702-fee6-4352-9006-0b56551fa0d2 service placement] Successfully wrote allocations [, , ] {{(pid=116147) _update_consumers_and_create_allocations /opt/stack/placement/placement/handlers/allocation.py:462}}
May 02 10:26:45.605362 ncdv-master-1 devstack@placement-api.service[116147]: INFO placement.requestlog [req-28b50972-05f3-4aea-8981-b3061248ea04 req-6aebd702-fee6-4352-9006-0b56551fa0d2 service placement] 10.222.0.16 "PUT /placement/allocations/9c83b34f-2518-4675-9910-1c74afbbca87" status: 204 len: 0 microversion: 1.36
May 02 10:26:45.607473 ncdv-master-1 devstack@placement-api.service[116147]: [pid: 116147|app: 0|req: 194/393] 10.222.0.16 () {64 vars in 1433 bytes} [Mon May 2 10:26:45 2022] PUT /placement/allocations/9c83b34f-2518-4675-9910-1c74afbbca87 => generated 0 bytes in 291 msecs (HTTP/1.1 204) 5 headers in 199 bytes (1 switches on core 0)
May 02 10:26:46.454650 ncdv-master-1 devstack@placement-api.service[116146]: DEBUG placement.requestlog [None req-3f5cde4e-d839-4233-b093-66779c499cc5 None None] Starting request: 10.222.0.16 "GET /placement/" {{(pid=116146) __call__ /opt/stack/placement/placement/requestlog.py:55}}
May 02 10:26:46.455640 ncdv-master-1 devstack@placement-api.service[116146]: INFO placement.requestlog [None req-3f5cde4e-d839-4233-b093-66779c499cc5 None None] 10.222.0.16 "GET /placement/" status: 200 len: 136 microversion: 1.0
May 02 10:26:46.455965 ncdv-master-1 devstack@placement-api.service[116146]: [pid: 116146|app: 0|req: 200/394] 10.222.0.16 () {54 vars in 916 bytes} [Mon May 2 10:26:46 2022] GET /placement => generated 136 bytes in 2 msecs (HTTP/1.1 200) 6 headers in 224 bytes (2 switches on core 0)
May 02 10:26:46.474424 ncdv-master-1 devstack@placement-api.service[116147]: DEBUG placement.requestlog [req-cc469200-59c1-4d26-ab77-7c87f7f64fa5 req-93c68b35-f4f8-49fb-a109-1f53008a767d None None] Starting request: 10.222.0.16 "GET /placement/allocations/9aa86565-a995-4276-98be-96b872c9b418" {{(pid=116147) __call__ /opt/stack/placement/placement/requestlog.py:55}}
May 02 10:26:46.591282 ncdv-master-1 devstack@placement-api.service[116147]: INFO placement.requestlog [req-cc469200-59c1-4d26-ab77-7c87f7f64fa5 req-93c68b35-f4f8-49fb-a109-1f53008a767d service placement] 10.222.0.16 "GET /placement/allocations/9aa86565-a995-4276-98be-96b872c9b418" status: 200 len: 259 microversion: 1.28
May 02 10:26:46.598960 ncdv-master-1 devstack@placement-api.service[116147]: [pid: 116147|app: 0|req: 195/395] 10.222.0.16 () {60 vars in 1380 bytes} [Mon May 2 10:26:46 2022] GET /placement/allocations/9aa86565-a995-4276-98be-96b872c9b418 => generated 259 bytes in 125 msecs (HTTP/1.1 200) 8 headers in 296 bytes (1 switches on core 0)
May 02 10:26:46.599349 ncdv-master-1 devstack@placement-api.service[116146]: DEBUG placement.requestlog [req-cc469200-59c1-4d26-ab77-7c87f7f64fa5 req-225f4400-9995-4f9c-96b2-84a1d0995d69 None None] Starting request: 10.222.0.16 "GET /placement/allocations/9aa86565-a995-4276-98be-96b872c9b418" {{(pid=116146) __call__ /opt/stack/placement/placement/requestlog.py:55}}
May 02 10:26:46.651626 ncdv-master-1 devstack@placement-api.service[116146]: INFO placement.requestlog [req-cc469200-59c1-4d26-ab77-7c87f7f64fa5 req-225f4400-9995-4f9c-96b2-84a1d0995d69 service placement] 10.222.0.16 "GET /placement/allocations/9aa86565-a995-4276-98be-96b872c9b418" status: 200 len: 259 microversion: 1.28
May 02 10:26:46.653078 ncdv-master-1 devstack@placement-api.service[116146]: [pid: 116146|app: 0|req: 201/396] 10.222.0.16 () {60 vars in 1380 bytes} [Mon May 2 10:26:46 2022] GET /placement/allocations/9aa86565-a995-4276-98be-96b872c9b418 => generated 259 bytes in 54 msecs (HTTP/1.1 200) 8 headers in 296 bytes (2 switches on core 0)
May 02 10:26:46.658733 ncdv-master-1 devstack@placement-api.service[116147]: DEBUG placement.requestlog [req-cc469200-59c1-4d26-ab77-7c87f7f64fa5 req-05f2eefb-2052-4365-8ae7-31c5ed1aff33 None None] Starting request: 10.222.0.16 "GET /placement/allocations/90504512-b733-4e26-8d1a-b7a1f09bbc9c" {{(pid=116147) __call__ /opt/stack/placement/placement/requestlog.py:55}}
May 02 10:26:46.683250 ncdv-master-1 devstack@placement-api.service[116147]: INFO placement.requestlog [req-cc469200-59c1-4d26-ab77-7c87f7f64fa5 req-05f2eefb-2052-4365-8ae7-31c5ed1aff33 service placement] 10.222.0.16 "GET /placement/allocations/90504512-b733-4e26-8d1a-b7a1f09bbc9c" status: 200 len: 19 microversion: 1.28
May 02 10:26:46.684137 ncdv-master-1 devstack@placement-api.service[116147]: [pid: 116147|app: 0|req: 196/397] 10.222.0.16 () {60 vars in 1380 bytes} [Mon May 2 10:26:46 2022] GET /placement/allocations/90504512-b733-4e26-8d1a-b7a1f09bbc9c => generated 19 bytes in 26 msecs (HTTP/1.1 200) 8 headers in 295 bytes (1 switches on core 0)
May 02 10:26:46.691893 ncdv-master-1 devstack@placement-api.service[116146]: DEBUG placement.requestlog [req-cc469200-59c1-4d26-ab77-7c87f7f64fa5 req-3b237318-4dd8-44b5-94b5-ddd78a6d63df None None] Starting request: 10.222.0.16 "POST /placement/allocations" {{(pid=116146) __call__ /opt/stack/placement/placement/requestlog.py:55}}
May 02 10:26:46.976429 ncdv-master-1 devstack@placement-api.service[116146]: DEBUG placement.handlers.allocation [req-cc469200-59c1-4d26-ab77-7c87f7f64fa5 req-3b237318-4dd8-44b5-94b5-ddd78a6d63df service placement] Successfully wrote allocations [, , , , , ] {{(pid=116146) _update_consumers_and_create_allocations /opt/stack/placement/placement/handlers/allocation.py:572}}
May 02 10:26:47.082165 ncdv-master-1 devstack@placement-api.service[116146]: INFO placement.requestlog [req-cc469200-59c1-4d26-ab77-7c87f7f64fa5 req-3b237318-4dd8-44b5-94b5-ddd78a6d63df service placement] 10.222.0.16 "POST /placement/allocations" status: 204 len: 0 microversion: 1.28
May 02 10:26:47.088545 ncdv-master-1 devstack@placement-api.service[116146]: [pid: 116146|app: 0|req: 202/398] 10.222.0.16 () {64 vars in 1323 bytes} [Mon May 2 10:26:46 2022] POST /placement/allocations => generated 0 bytes in 391 msecs (HTTP/1.1 204) 5 headers in 199 bytes (1 switches on core 0)
May 02 10:26:47.100790 ncdv-master-1 devstack@placement-api.service[116147]: DEBUG placement.requestlog [req-28b50972-05f3-4aea-8981-b3061248ea04 req-2e04a1f9-999c-4592-8684-7e04519f8d5c None None] Starting request: 10.222.0.24 "GET /placement/allocations/9fd359c1-1dac-4248-8027-6a0c8321d20a" {{(pid=116147) __call__ /opt/stack/placement/placement/requestlog.py:55}}
May 02 10:26:47.126267 ncdv-master-1 devstack@placement-api.service[116147]: INFO placement.requestlog [req-28b50972-05f3-4aea-8981-b3061248ea04 req-2e04a1f9-999c-4592-8684-7e04519f8d5c service placement] 10.222.0.24 "GET /placement/allocations/9fd359c1-1dac-4248-8027-6a0c8321d20a" status: 200 len: 259 microversion: 1.28
May 02 10:26:47.126986 ncdv-master-1 devstack@placement-api.service[116147]: [pid: 116147|app: 0|req: 197/399] 10.222.0.24 () {60 vars in 1377 bytes} [Mon May 2 10:26:47 2022] GET /placement/allocations/9fd359c1-1dac-4248-8027-6a0c8321d20a => generated 259 bytes in 26 msecs (HTTP/1.1 200) 8 headers in 296 bytes (1 switches on core 0)
May 02 10:26:47.201439 ncdv-master-1 devstack@placement-api.service[116146]: DEBUG placement.requestlog [req-cc469200-59c1-4d26-ab77-7c87f7f64fa5 req-e129a2a2-a1d3-40c0-b5e4-0025aa5fbe2d None None] Starting request: 10.222.0.16 "GET /placement/allocation_candidates?limit=1000&resources=DISK_GB%3A1%2CMEMORY_MB%3A512%2CVCPU%3A1&root_required=%21COMPUTE_STATUS_DISABLED" {{(pid=116146) __call__ /opt/stack/placement/placement/requestlog.py:55}}
May 02 10:26:47.278894 ncdv-master-1 devstack@placement-api.service[116146]: DEBUG placement.objects.research_context [req-cc469200-59c1-4d26-ab77-7c87f7f64fa5 req-e129a2a2-a1d3-40c0-b5e4-0025aa5fbe2d service placement] getting providers with 1 DISK_GB {{(pid=116146) __init__ /opt/stack/placement/placement/objects/research_context.py:136}}
May 02 10:26:47.290978 ncdv-master-1 devstack@placement-api.service[116146]: DEBUG placement.objects.research_context [req-cc469200-59c1-4d26-ab77-7c87f7f64fa5 req-e129a2a2-a1d3-40c0-b5e4-0025aa5fbe2d service placement] getting providers with 512 MEMORY_MB {{(pid=116146) __init__ /opt/stack/placement/placement/objects/research_context.py:136}}
May 02 10:26:47.306634 ncdv-master-1 devstack@placement-api.service[116146]: DEBUG placement.objects.research_context [req-cc469200-59c1-4d26-ab77-7c87f7f64fa5 req-e129a2a2-a1d3-40c0-b5e4-0025aa5fbe2d service placement] getting providers with 1 VCPU {{(pid=116146) __init__ /opt/stack/placement/placement/objects/research_context.py:136}}
May 02 10:26:47.322209 ncdv-master-1 devstack@placement-api.service[116146]: DEBUG placement.objects.research_context [req-cc469200-59c1-4d26-ab77-7c87f7f64fa5 req-e129a2a2-a1d3-40c0-b5e4-0025aa5fbe2d service placement] found 2 providers with available 1 DISK_GB {{(pid=116146) get_provider_ids_matching /opt/stack/placement/placement/objects/research_context.py:563}}
May 02 10:26:47.322784 ncdv-master-1 devstack@placement-api.service[116146]: DEBUG placement.objects.research_context [req-cc469200-59c1-4d26-ab77-7c87f7f64fa5 req-e129a2a2-a1d3-40c0-b5e4-0025aa5fbe2d service placement] found 2 providers with available 512 MEMORY_MB {{(pid=116146) get_provider_ids_matching /opt/stack/placement/placement/objects/research_context.py:563}}
May 02 10:26:47.323219 ncdv-master-1 devstack@placement-api.service[116146]: DEBUG placement.objects.research_context [req-cc469200-59c1-4d26-ab77-7c87f7f64fa5 req-e129a2a2-a1d3-40c0-b5e4-0025aa5fbe2d service placement] found 2 providers after filtering by previous result {{(pid=116146) get_provider_ids_matching /opt/stack/placement/placement/objects/research_context.py:594}}
May 02 10:26:47.323642 ncdv-master-1 devstack@placement-api.service[116146]: DEBUG placement.objects.research_context [req-cc469200-59c1-4d26-ab77-7c87f7f64fa5 req-e129a2a2-a1d3-40c0-b5e4-0025aa5fbe2d service placement] found 2 providers with available 1 VCPU {{(pid=116146) get_provider_ids_matching /opt/stack/placement/placement/objects/research_context.py:563}}
May 02 10:26:47.324071 ncdv-master-1 devstack@placement-api.service[116146]: DEBUG placement.objects.research_context [req-cc469200-59c1-4d26-ab77-7c87f7f64fa5 req-e129a2a2-a1d3-40c0-b5e4-0025aa5fbe2d service placement] found 2 providers after filtering by previous result {{(pid=116146) get_provider_ids_matching /opt/stack/placement/placement/objects/research_context.py:594}}
May 02 10:26:47.348904 ncdv-master-1 devstack@placement-api.service[116146]: DEBUG placement.objects.allocation_candidate [req-cc469200-59c1-4d26-ab77-7c87f7f64fa5 req-e129a2a2-a1d3-40c0-b5e4-0025aa5fbe2d service placement] RequestGroup(use_same_provider=False, resources={DISK_GB:1, MEMORY_MB:512, VCPU:1}, traits=(), aggregates=[]) (suffix '') returned 2 matches {{(pid=116146) _get_by_requests /opt/stack/placement/placement/objects/allocation_candidate.py:156}}
May 02 10:26:47.349567 ncdv-master-1 devstack@placement-api.service[116146]: DEBUG placement.objects.allocation_candidate [req-cc469200-59c1-4d26-ab77-7c87f7f64fa5 req-e129a2a2-a1d3-40c0-b5e4-0025aa5fbe2d service placement] Merging candidates yields 2 allocation requests and 2 provider summaries {{(pid=116146) _merge_candidates /opt/stack/placement/placement/objects/allocation_candidate.py:809}}
May 02 10:26:47.362686 ncdv-master-1 devstack@placement-api.service[116146]: INFO placement.requestlog [req-cc469200-59c1-4d26-ab77-7c87f7f64fa5 req-e129a2a2-a1d3-40c0-b5e4-0025aa5fbe2d service placement] 10.222.0.16 "GET /placement/allocation_candidates?limit=1000&resources=DISK_GB%3A1%2CMEMORY_MB%3A512%2CVCPU%3A1&root_required=%21COMPUTE_STATUS_DISABLED" status: 200 len: 1307 microversion: 1.36
May 02 10:26:47.363725 ncdv-master-1 devstack@placement-api.service[116146]: [pid: 116146|app: 0|req: 203/400] 10.222.0.16 () {60 vars in 1504 bytes} [Mon May 2 10:26:47 2022] GET /placement/allocation_candidates?limit=1000&resources=DISK_GB%3A1%2CMEMORY_MB%3A512%2CVCPU%3A1&root_required=%21COMPUTE_STATUS_DISABLED => generated 1307 bytes in 163 msecs (HTTP/1.1 200) 8 headers in 297 bytes (1 switches on core 0)
May 02 10:26:47.463551 ncdv-master-1 devstack@placement-api.service[116147]: DEBUG placement.requestlog [req-cc469200-59c1-4d26-ab77-7c87f7f64fa5 req-09e7abe8-e86b-449d-a9a7-558c07892145 None None] Starting request: 10.222.0.16 "GET /placement/allocations/9aa86565-a995-4276-98be-96b872c9b418" {{(pid=116147) __call__ /opt/stack/placement/placement/requestlog.py:55}}
May 02 10:26:47.485478 ncdv-master-1 devstack@placement-api.service[116147]: INFO placement.requestlog [req-cc469200-59c1-4d26-ab77-7c87f7f64fa5 req-09e7abe8-e86b-449d-a9a7-558c07892145 service placement] 10.222.0.16 "GET /placement/allocations/9aa86565-a995-4276-98be-96b872c9b418" status: 200 len: 19 microversion: 1.28
May 02 10:26:47.486259 ncdv-master-1 devstack@placement-api.service[116147]: [pid: 116147|app: 0|req: 198/401] 10.222.0.16 () {60 vars in 1380 bytes} [Mon May 2 10:26:47 2022] GET /placement/allocations/9aa86565-a995-4276-98be-96b872c9b418 => generated 19 bytes in 23 msecs (HTTP/1.1 200) 8 headers in 295 bytes (1 switches on core 0)
May 02 10:26:47.492747 ncdv-master-1 devstack@placement-api.service[116146]: DEBUG placement.requestlog [req-cc469200-59c1-4d26-ab77-7c87f7f64fa5 req-eee91e29-69d2-4544-ab7a-f543ae621dae None None] Starting request: 10.222.0.16 "PUT /placement/allocations/9aa86565-a995-4276-98be-96b872c9b418" {{(pid=116146) __call__ /opt/stack/placement/placement/requestlog.py:55}}
May 02 10:26:47.657784 ncdv-master-1 devstack@placement-api.service[116146]: DEBUG placement.handlers.allocation [req-cc469200-59c1-4d26-ab77-7c87f7f64fa5 req-eee91e29-69d2-4544-ab7a-f543ae621dae service placement] Successfully wrote allocations [, , ] {{(pid=116146) _update_consumers_and_create_allocations /opt/stack/placement/placement/handlers/allocation.py:462}}
May 02 10:26:47.727499 ncdv-master-1 devstack@placement-api.service[116147]: DEBUG placement.requestlog [req-28b50972-05f3-4aea-8981-b3061248ea04 req-5ec2fa35-323c-43ed-a60f-b4383b0945b6 None None] Starting request: 10.222.0.24 "GET /placement/allocations/9c83b34f-2518-4675-9910-1c74afbbca87" {{(pid=116147) __call__ /opt/stack/placement/placement/requestlog.py:55}}
May 02 10:26:47.729978 ncdv-master-1 devstack@placement-api.service[116146]: INFO placement.requestlog [req-cc469200-59c1-4d26-ab77-7c87f7f64fa5 req-eee91e29-69d2-4544-ab7a-f543ae621dae service placement] 10.222.0.16 "PUT /placement/allocations/9aa86565-a995-4276-98be-96b872c9b418" status: 204 len: 0 microversion: 1.36
May 02 10:26:47.730592 ncdv-master-1 devstack@placement-api.service[116146]: [pid: 116146|app: 0|req: 204/402] 10.222.0.16 () {64 vars in 1433 bytes} [Mon May 2 10:26:47 2022] PUT /placement/allocations/9aa86565-a995-4276-98be-96b872c9b418 => generated 0 bytes in 238 msecs (HTTP/1.1 204) 5 headers in 199 bytes (2 switches on core 0)
May 02 10:26:47.763089 ncdv-master-1 devstack@placement-api.service[116147]: INFO placement.requestlog [req-28b50972-05f3-4aea-8981-b3061248ea04 req-5ec2fa35-323c-43ed-a60f-b4383b0945b6 service placement] 10.222.0.24 "GET /placement/allocations/9c83b34f-2518-4675-9910-1c74afbbca87" status: 200 len: 259 microversion: 1.28
May 02 10:26:47.766846 ncdv-master-1 devstack@placement-api.service[116147]: [pid: 116147|app: 0|req: 199/403] 10.222.0.24 () {60 vars in 1377 bytes} [Mon May 2 10:26:47 2022] GET /placement/allocations/9c83b34f-2518-4675-9910-1c74afbbca87 => generated 259 bytes in 39 msecs (HTTP/1.1 200) 8 headers in 296 bytes (2 switches on core 0)
