Apr 30 21:11:23.878357 ncdv-master-1 neutron-server[115774]: INFO neutron.wsgi [req-605b2870-8c82-4022-986a-a1efd78fb10a req-cfd258c3-6ba5-4cc7-8b27-60c3ee17096a tempest-MigrationsAdminTest-242795420 tempest-MigrationsAdminTest-242795420-project] 10.222.0.23 "GET /v2.0/ports?device_id=63136ef9-512e-4d74-9427-5db9addb1129 HTTP/1.1" status: 200 len: 949 time: 0.3579059
Apr 30 21:11:23.878903 ncdv-master-1 neutron-server[115776]: DEBUG neutron_lib.callbacks.manager [None req-ccb220fa-aa9e-4abb-b198-339f1a0a585f None None] Publish callbacks ['neutron.plugins.ml2.plugin.Ml2Plugin._port_provisioned-32961680'] for port (1b88704f-5d9b-423a-89aa-800cc2e7f929), provisioning_complete {{(pid=115776) _notify_loop /usr/local/lib/python3.8/dist-packages/neutron_lib/callbacks/manager.py:176}}
Apr 30 21:11:23.922261 ncdv-master-1 neutron-server[115774]: DEBUG neutron.pecan_wsgi.hooks.policy_enforcement [req-bfd4d1c8-8f40-4708-aca5-3e6ee338bd9e req-274c6b69-b523-44cc-8086-747316b1386c tempest-ServersAdminTestJSON-1918533868 tempest-ServersAdminTestJSON-1918533868-project] Attributes excluded by policy engine: ['standard_attr_id', 'binding:profile', 'binding:host_id', 'binding:vif_type', 'binding:vif_details'] {{(pid=115774) _exclude_attributes_by_policy /opt/stack/neutron/neutron/pecan_wsgi/hooks/policy_enforcement.py:259}}
Apr 30 21:11:23.923934 ncdv-master-1 neutron-server[115774]: INFO neutron.wsgi [req-bfd4d1c8-8f40-4708-aca5-3e6ee338bd9e req-274c6b69-b523-44cc-8086-747316b1386c tempest-ServersAdminTestJSON-1918533868 tempest-ServersAdminTestJSON-1918533868-project] 10.222.0.23 "GET /v2.0/ports?device_id=b36482df-2cb5-4d30-9ce3-95a6f06f80f0 HTTP/1.1" status: 200 len: 949 time: 0.3105140
Apr 30 21:11:23.946187 ncdv-master-1 neutron-server[115776]: DEBUG neutron.notifiers.nova [-] Sending events: [{'server_uuid': 'e53e9e70-9d1f-4677-b6e5-19e0a393b42a', 'name': 'network-vif-plugged', 'status': 'completed', 'tag': '064011e5-feea-444d-a97a-9f2180c4839e'}] {{(pid=115776) send_events /opt/stack/neutron/neutron/notifiers/nova.py:271}}
Apr 30 21:11:23.948723 ncdv-master-1 neutron-server[115776]: DEBUG novaclient.v2.client [-] REQ: curl -g -i --cacert "/opt/stack/data/ca-bundle.pem" -X POST http://10.222.0.23/compute/v2.1/os-server-external-events -H "Accept: application/json" -H "Content-Type: application/json" -H "User-Agent: python-novaclient" -H "X-Auth-Token: {SHA256}e0eb94ecfcf40a40c79213cbde05c11a76ec7871f697f9674da3d9a972910780" -H "X-OpenStack-Nova-API-Version: 2.1" -H "X-OpenStack-Request-ID: req-33d07212-85f4-4795-93bb-50ec9cb468fc" -d '{"events": [{"server_uuid": "e53e9e70-9d1f-4677-b6e5-19e0a393b42a", "name": "network-vif-plugged", "status": "completed", "tag": "064011e5-feea-444d-a97a-9f2180c4839e"}]}' {{(pid=115776) _http_log_request /usr/local/lib/python3.8/dist-packages/keystoneauth1/session.py:519}}
Apr 30 21:11:24.027531 ncdv-master-1 neutron-server[115776]: DEBUG neutron.plugins.ml2.db [None req-3d5017fd-bf80-4540-9d94-7271fd678189 None None] For port 064011e5-feea-444d-a97a-9f2180c4839e, host nch2-master-1, got binding levels [PortBindingLevel(driver='hyperv',host='nch2-master-1',level=0,port_id=064011e5-feea-444d-a97a-9f2180c4839e,segment=NetworkSegment(ecb44222-2d9b-4ffc-9754-64e6bb7663dc),segment_id=ecb44222-2d9b-4ffc-9754-64e6bb7663dc)] {{(pid=115776) get_binding_level_objs /opt/stack/neutron/neutron/plugins/ml2/db.py:74}}
Apr 30 21:11:24.029396 ncdv-master-1 neutron-server[115776]: DEBUG neutron_lib.db.resource_extend [None req-19a80813-32a9-4409-9479-410193892938 None None] It took 0.19 seconds to run function 'neutron_lib.db.resource_extend.apply_funcs' {{(pid=115776) wrapper /usr/local/lib/python3.8/dist-packages/oslo_utils/timeutils.py:386}}
Apr 30 21:11:24.036211 ncdv-master-1 neutron-server[115776]: DEBUG neutron.plugins.ml2.plugin [None req-ccb220fa-aa9e-4abb-b198-339f1a0a585f None None] Current status of the port 1b88704f-5d9b-423a-89aa-800cc2e7f929 is: DOWN; New status is: ACTIVE {{(pid=115776) _update_individual_port_db_status /opt/stack/neutron/neutron/plugins/ml2/plugin.py:2297}}
Apr 30 21:11:24.036798 ncdv-master-1 neutron-server[115776]: DEBUG neutron_lib.callbacks.manager [None req-ccb220fa-aa9e-4abb-b198-339f1a0a585f None None] Publish callbacks ['neutron.plugins.ml2.plugin.SecurityGroupDbMixin._ensure_default_security_group_handler-33027719'] for port (1b88704f-5d9b-423a-89aa-800cc2e7f929), before_update {{(pid=115776) _notify_loop /usr/local/lib/python3.8/dist-packages/neutron_lib/callbacks/manager.py:176}}
Apr 30 21:11:24.059974 ncdv-master-1 neutron-server[115774]: INFO neutron.wsgi [req-605b2870-8c82-4022-986a-a1efd78fb10a req-9fe1399d-e564-41dd-a70b-d044487a5b45 tempest-MigrationsAdminTest-242795420 tempest-MigrationsAdminTest-242795420-project] 10.222.0.23 "GET /v2.0/security-groups?id=3b6efc34-e292-48b7-993d-c4ff56abffd5&fields=id&fields=name HTTP/1.1" status: 200 len: 286 time: 0.1797874
Apr 30 21:11:24.062049 ncdv-master-1 neutron-server[115776]: DEBUG neutron.plugins.ml2.db [None req-ccb220fa-aa9e-4abb-b198-339f1a0a585f None None] For port 1b88704f-5d9b-423a-89aa-800cc2e7f929, host ncdv-master-1, got binding levels [PortBindingLevel(driver='openvswitch',host='ncdv-master-1',level=0,port_id=1b88704f-5d9b-423a-89aa-800cc2e7f929,segment=NetworkSegment(e99e80f6-9e1e-4ae0-aab2-d9af9b2cf29e),segment_id=e99e80f6-9e1e-4ae0-aab2-d9af9b2cf29e)] {{(pid=115776) get_binding_level_objs /opt/stack/neutron/neutron/plugins/ml2/db.py:74}}
Apr 30 21:11:24.079074 ncdv-master-1 neutron-server[115773]: INFO neutron.wsgi [req-fe82190d-3a53-4a79-bede-edcf416d7ffd req-0ff4c8dd-f3b3-4798-8cdd-a23b3e66bc86 service neutron] 10.222.0.35 "GET /v2.0/networks/101af96d-46b7-4982-b0ed-3b0af2fa0ddf?fields=provider%3Aphysical_network&fields=provider%3Anetwork_type HTTP/1.1" status: 200 len: 281 time: 0.9622459
Apr 30 21:11:24.143997 ncdv-master-1 neutron-server[115776]: DEBUG neutron.api.rpc.handlers.resources_rpc [None req-19a80813-32a9-4409-9479-410193892938 None None] Pushing event updated for resources: {'Port': ['ID=376e3c07-c6be-4468-aa0d-25e6e0c6136c,revision_number=4']} {{(pid=115776) push /opt/stack/neutron/neutron/api/rpc/handlers/resources_rpc.py:237}}
Apr 30 21:11:24.168254 ncdv-master-1 neutron-server[115774]: INFO neutron.wsgi [req-bfd4d1c8-8f40-4708-aca5-3e6ee338bd9e req-120b2ecf-0767-40aa-9cea-a40b80d24e23 tempest-ServersAdminTestJSON-1918533868 tempest-ServersAdminTestJSON-1918533868-project] 10.222.0.23 "GET /v2.0/security-groups?id=43c1bcca-6299-414c-8cb3-660ab7bceec5&fields=id&fields=name HTTP/1.1" status: 200 len: 286 time: 0.2161298
Apr 30 21:11:24.250562 ncdv-master-1 neutron-server[115776]: DEBUG neutron_lib.callbacks.manager [None req-3d5017fd-bf80-4540-9d94-7271fd678189 None None] Publish callbacks ['neutron.plugins.ml2.plugin.SecurityGroupServerNotifierRpcMixin._notify_sg_on_port_change-33027672', 'neutron.plugins.ml2.ovo_rpc._ObjectChangeHandler.handle_event-948579', 'neutron.api.rpc.agentnotifiers.dhcp_rpc_agent_api.DhcpAgentNotifyAPI._native_event_send_dhcp_notification-524681', 'neutron.db.l3_db.L3RpcNotifierMixin._notify_gateway_port_ip_changed-8764266010893', 'neutron.db.l3_dvrscheduler_db._notify_l3_agent_port_update-8764265637021', 'neutron.db.l3_hascheduler_db._notify_l3_agent_ha_port_update-8764265637039'] for port (064011e5-feea-444d-a97a-9f2180c4839e), after_update {{(pid=115776) _notify_loop /usr/local/lib/python3.8/dist-packages/neutron_lib/callbacks/manager.py:176}}
Apr 30 21:11:24.255174 ncdv-master-1 neutron-server[115776]: DEBUG neutron_lib.callbacks.manager [None req-ccb220fa-aa9e-4abb-b198-339f1a0a585f None None] Publish callbacks ['neutron.plugins.ml2.plugin.SecurityGroupServerNotifierRpcMixin._notify_sg_on_port_change-33027672', 'neutron.plugins.ml2.ovo_rpc._ObjectChangeHandler.handle_event-948579', 'neutron.api.rpc.agentnotifiers.dhcp_rpc_agent_api.DhcpAgentNotifyAPI._native_event_send_dhcp_notification-524681', 'neutron.db.l3_db.L3RpcNotifierMixin._notify_gateway_port_ip_changed-8764266010893', 'neutron.db.l3_dvrscheduler_db._notify_l3_agent_port_update-8764265637021', 'neutron.db.l3_hascheduler_db._notify_l3_agent_ha_port_update-8764265637039'] for port (1b88704f-5d9b-423a-89aa-800cc2e7f929), after_update {{(pid=115776) _notify_loop /usr/local/lib/python3.8/dist-packages/neutron_lib/callbacks/manager.py:176}}
Apr 30 21:11:24.301203 ncdv-master-1 neutron-server[115774]: INFO neutron.wsgi [req-16772673-7c95-4abf-8fc9-04f09a4e65aa req-b9634648-5766-4b0d-82bb-f10c5b0e6161 tempest-LiveAutoBlockMigrationV225Test-1505936978 tempest-LiveAutoBlockMigrationV225Test-1505936978-project] 10.222.0.23 "GET /v2.0/ports?device_id=0aab508f-4be3-49d3-bb5f-b19f4f328bcd HTTP/1.1" status: 200 len: 210 time: 0.0594695
Apr 30 21:11:24.312236 ncdv-master-1 neutron-server[115776]: DEBUG neutron.plugins.ml2.db [None req-19a80813-32a9-4409-9479-410193892938 None None] For port ac54aba9-ad17-45b1-8ed2-985784924902, host nch2-master-1, got binding levels [PortBindingLevel(driver='hyperv',host='nch2-master-1',level=0,port_id=ac54aba9-ad17-45b1-8ed2-985784924902,segment=NetworkSegment(1cd00d9a-7112-43ec-8180-52b11c906588),segment_id=1cd00d9a-7112-43ec-8180-52b11c906588)] {{(pid=115776) get_binding_level_objs /opt/stack/neutron/neutron/plugins/ml2/db.py:74}}
Apr 30 21:11:24.379255 ncdv-master-1 neutron-server[115773]: DEBUG neutron_lib.callbacks.manager [None req-b5b7377b-8302-4692-9768-d87e3c6d581c admin admin] Publish callbacks ['neutron.plugins.ml2.plugin.SecurityGroupServerNotifierRpcMixin._notify_sg_on_port_change-33027672', 'neutron.plugins.ml2.ovo_rpc._ObjectChangeHandler.handle_event-948579', 'neutron.api.rpc.agentnotifiers.dhcp_rpc_agent_api.DhcpAgentNotifyAPI._native_event_send_dhcp_notification-524681', 'neutron.db.l3_dvrscheduler_db._notify_l3_agent_new_port-8764265637003', 'neutron.services.segments.plugin.NovaSegmentNotifier._notify_port_created_or_deleted-3374333'] for port (e8fd8329-278e-4c6e-a91f-775edaa743f5), after_create {{(pid=115773) _notify_loop /usr/local/lib/python3.8/dist-packages/neutron_lib/callbacks/manager.py:176}}
Apr 30 21:11:24.467691 ncdv-master-1 neutron-server[115773]: DEBUG neutron.scheduler.dhcp_agent_scheduler [None req-b5b7377b-8302-4692-9768-d87e3c6d581c admin admin] Network 51417b35-dffb-4e2a-abd0-357ad597c615 is already hosted by enough agents. {{(pid=115773) _get_dhcp_agents_hosting_network /opt/stack/neutron/neutron/scheduler/dhcp_agent_scheduler.py:275}}
Apr 30 21:11:24.476279 ncdv-master-1 neutron-server[115774]: DEBUG neutron.pecan_wsgi.hooks.policy_enforcement [req-788b7456-1f24-44db-9ad4-776619062683 req-1e716f80-0e91-4d4a-b05c-dafd6ec44662 tempest-LiveMigrationTest-1354815034 tempest-LiveMigrationTest-1354815034-project] Attributes excluded by policy engine: ['standard_attr_id', 'binding:profile', 'binding:host_id', 'binding:vif_type', 'binding:vif_details'] {{(pid=115774) _exclude_attributes_by_policy /opt/stack/neutron/neutron/pecan_wsgi/hooks/policy_enforcement.py:259}}
Apr 30 21:11:24.482031 ncdv-master-1 neutron-server[115774]: INFO neutron.wsgi [req-788b7456-1f24-44db-9ad4-776619062683 req-1e716f80-0e91-4d4a-b05c-dafd6ec44662 tempest-LiveMigrationTest-1354815034 tempest-LiveMigrationTest-1354815034-project] 10.222.0.23 "GET /v2.0/ports?device_id=ae6c5822-07aa-4e1d-9424-ee70b0405349 HTTP/1.1" status: 200 len: 966 time: 0.1021950
Apr 30 21:11:24.493427 ncdv-master-1 neutron-server[115773]: DEBUG neutron.scheduler.base_scheduler [None req-b5b7377b-8302-4692-9768-d87e3c6d581c admin admin] Resources bound (agent type, host, resource id): {{(pid=115773) schedule /opt/stack/neutron/neutron/scheduler/base_scheduler.py:57}}
Apr 30 21:11:24.500187 ncdv-master-1 neutron-server[115773]: DEBUG neutron.db.l3_dvrscheduler_db [None req-b5b7377b-8302-4692-9768-d87e3c6d581c admin admin] Received port after_create {{(pid=115773) _notify_l3_agent_new_port /opt/stack/neutron/neutron/db/l3_dvrscheduler_db.py:536}}
Apr 30 21:11:24.535644 ncdv-master-1 neutron-server[115773]: DEBUG neutron.api.rpc.handlers.resources_rpc [None req-b5b7377b-8302-4692-9768-d87e3c6d581c admin admin] Pushing event updated for resources: {'Port': ['ID=e8fd8329-278e-4c6e-a91f-775edaa743f5,revision_number=1']} {{(pid=115773) push /opt/stack/neutron/neutron/api/rpc/handlers/resources_rpc.py:237}}
Apr 30 21:11:24.596624 ncdv-master-1 neutron-server[115773]: DEBUG neutron_lib.callbacks.manager [req-eae9143d-6c75-4785-82ad-6f4650e9077b req-98a465c4-28a5-486d-a853-19c614260ec8 tempest-LiveAutoBlockMigrationV225Test-1505936978 tempest-LiveAutoBlockMigrationV225Test-1505936978-project] Publish callbacks [] for port (154e4208-4965-4648-9e7c-f22621d3423a), precommit_create {{(pid=115773) _notify_loop /usr/local/lib/python3.8/dist-packages/neutron_lib/callbacks/manager.py:176}}
Apr 30 21:11:24.600342 ncdv-master-1 neutron-server[115774]: INFO neutron.wsgi [req-788b7456-1f24-44db-9ad4-776619062683 req-2cf41854-cc1c-454e-9b33-35e8d14c4839 tempest-LiveMigrationTest-1354815034 tempest-LiveMigrationTest-1354815034-project] 10.222.0.23 "GET /v2.0/security-groups?id=f7097164-d782-4787-94d6-66e4778a7d39&fields=id&fields=name HTTP/1.1" status: 200 len: 286 time: 0.1140873
Apr 30 21:11:24.634924 ncdv-master-1 neutron-server[115773]: DEBUG neutron_lib.callbacks.manager [None req-b5b7377b-8302-4692-9768-d87e3c6d581c admin admin] Publish callbacks ['neutron.services.l3_router.l3_router_plugin.DVRResourceOperationHandler._add_csnat_on_interface_create-431114'] for router_interface (c08b179a-bd3f-4f54-b4b7-d3cc2f8005fe), before_create {{(pid=115773) _notify_loop /usr/local/lib/python3.8/dist-packages/neutron_lib/callbacks/manager.py:176}}
Apr 30 21:11:24.698078 ncdv-master-1 neutron-server[115776]: DEBUG novaclient.v2.client [-] RESP: [200] Connection: close Content-Length: 183 Content-Type: application/json Date: Sat, 30 Apr 2022 21:11:23 GMT OpenStack-API-Version: compute 2.1 Server: Apache/2.4.41 (Ubuntu) Vary: OpenStack-API-Version,X-OpenStack-Nova-API-Version X-OpenStack-Nova-API-Version: 2.1 x-compute-request-id: req-c843fdc2-3303-47a2-b02c-e26a37a0ab31 x-openstack-request-id: req-c843fdc2-3303-47a2-b02c-e26a37a0ab31 {{(pid=115776) _http_log_response /usr/local/lib/python3.8/dist-packages/keystoneauth1/session.py:550}}
Apr 30 21:11:24.701334 ncdv-master-1 neutron-server[115776]: DEBUG novaclient.v2.client [-] RESP BODY: {"events": [{"server_uuid": "e53e9e70-9d1f-4677-b6e5-19e0a393b42a", "name": "network-vif-plugged", "status": "completed", "tag": "064011e5-feea-444d-a97a-9f2180c4839e", "code": 200}]} {{(pid=115776) _http_log_response /usr/local/lib/python3.8/dist-packages/keystoneauth1/session.py:582}}
Apr 30 21:11:24.701334 ncdv-master-1 neutron-server[115776]: DEBUG novaclient.v2.client [-] POST call to compute for http://10.222.0.23/compute/v2.1/os-server-external-events used request id req-c843fdc2-3303-47a2-b02c-e26a37a0ab31 {{(pid=115776) request /usr/local/lib/python3.8/dist-packages/keystoneauth1/session.py:954}}
Apr 30 21:11:24.701334 ncdv-master-1 neutron-server[115776]: INFO neutron.notifiers.nova [-] Nova event matching ['req-c843fdc2-3303-47a2-b02c-e26a37a0ab31'] response: {'server_uuid': 'e53e9e70-9d1f-4677-b6e5-19e0a393b42a', 'name': 'network-vif-plugged', 'status': 'completed', 'tag': '064011e5-feea-444d-a97a-9f2180c4839e', 'code': 200}
Apr 30 21:11:24.738210 ncdv-master-1 neutron-server[115776]: DEBUG neutron.plugins.ml2.rpc [None req-19a80813-32a9-4409-9479-410193892938 None None] Device ac54aba9-ad17-45b1-8ed2-985784924902 has no active binding in host nch1-master-1 {{(pid=115776) _get_device_details /opt/stack/neutron/neutron/plugins/ml2/rpc.py:158}}
Apr 30 21:11:24.767935 ncdv-master-1 neutron-server[115776]: DEBUG neutron.api.rpc.handlers.resources_rpc [None req-3d5017fd-bf80-4540-9d94-7271fd678189 None None] Pushing event updated for resources: {'Port': ['ID=064011e5-feea-444d-a97a-9f2180c4839e,revision_number=7']} {{(pid=115776) push /opt/stack/neutron/neutron/api/rpc/handlers/resources_rpc.py:237}}
Apr 30 21:11:24.827627 ncdv-master-1 neutron-server[115776]: DEBUG neutron_lib.callbacks.manager [None req-ccb220fa-aa9e-4abb-b198-339f1a0a585f None None] Publish callbacks ['neutron.services.segments.db._update_segment_host_mapping_for_agent-8764266106709', 'neutron.plugins.ml2.plugin.Ml2Plugin._retry_binding_revived_agents-32961590'] for agent (d3d85be8-489b-4dd3-a0b7-b7eefc69ff4b), after_update {{(pid=115776) _notify_loop /usr/local/lib/python3.8/dist-packages/neutron_lib/callbacks/manager.py:176}}
Apr 30 21:11:24.843390 ncdv-master-1 neutron-server[115776]: DEBUG neutron.api.rpc.handlers.resources_rpc [None req-ccb220fa-aa9e-4abb-b198-339f1a0a585f None None] Pushing event updated for resources: {'Port': ['ID=1b88704f-5d9b-423a-89aa-800cc2e7f929,revision_number=4']} {{(pid=115776) push /opt/stack/neutron/neutron/api/rpc/handlers/resources_rpc.py:237}}
Apr 30 21:11:24.920406 ncdv-master-1 neutron-server[115776]: DEBUG neutron.db.provisioning_blocks [None req-3ddb01df-eee6-43d0-97bd-7c657fde889d None None] Provisioning complete for port e8fd8329-278e-4c6e-a91f-775edaa743f5 triggered by entity DHCP. {{(pid=115776) provisioning_complete /opt/stack/neutron/neutron/db/provisioning_blocks.py:145}}
Apr 30 21:11:24.920942 ncdv-master-1 neutron-server[115776]: DEBUG neutron_lib.callbacks.manager [None req-3ddb01df-eee6-43d0-97bd-7c657fde889d None None] Publish callbacks ['neutron.plugins.ml2.plugin.Ml2Plugin._port_provisioned-32961680'] for port (e8fd8329-278e-4c6e-a91f-775edaa743f5), provisioning_complete {{(pid=115776) _notify_loop /usr/local/lib/python3.8/dist-packages/neutron_lib/callbacks/manager.py:176}}
Apr 30 21:11:24.985828 ncdv-master-1 neutron-server[115776]: DEBUG neutron.plugins.ml2.db [None req-19a80813-32a9-4409-9479-410193892938 None None] get_ports_and_sgs() called for port_ids ['376e3c07-c6be-4468-aa0d-25e6e0c6136c'] {{(pid=115776) get_ports_and_sgs /opt/stack/neutron/neutron/plugins/ml2/db.py:156}}
Apr 30 21:11:25.009448 ncdv-master-1 neutron-server[115773]: DEBUG neutron_lib.callbacks.manager [req-eae9143d-6c75-4785-82ad-6f4650e9077b req-98a465c4-28a5-486d-a853-19c614260ec8 tempest-LiveAutoBlockMigrationV225Test-1505936978 tempest-LiveAutoBlockMigrationV225Test-1505936978-project] Publish callbacks ['neutron.plugins.ml2.plugin.SecurityGroupServerNotifierRpcMixin._notify_sg_on_port_change-33027672', 'neutron.plugins.ml2.ovo_rpc._ObjectChangeHandler.handle_event-948579', 'neutron.api.rpc.agentnotifiers.dhcp_rpc_agent_api.DhcpAgentNotifyAPI._native_event_send_dhcp_notification-524681', 'neutron.db.l3_dvrscheduler_db._notify_l3_agent_new_port-8764265637003', 'neutron.services.segments.plugin.NovaSegmentNotifier._notify_port_created_or_deleted-3374333'] for port (154e4208-4965-4648-9e7c-f22621d3423a), after_create {{(pid=115773) _notify_loop /usr/local/lib/python3.8/dist-packages/neutron_lib/callbacks/manager.py:176}}
Apr 30 21:11:25.104182 ncdv-master-1 neutron-server[115773]: DEBUG neutron.scheduler.dhcp_agent_scheduler [req-eae9143d-6c75-4785-82ad-6f4650e9077b req-98a465c4-28a5-486d-a853-19c614260ec8 tempest-LiveAutoBlockMigrationV225Test-1505936978 tempest-LiveAutoBlockMigrationV225Test-1505936978-project] Network b894fca3-f633-42dd-93b5-bde3291d63a3 is already hosted by enough agents. {{(pid=115773) _get_dhcp_agents_hosting_network /opt/stack/neutron/neutron/scheduler/dhcp_agent_scheduler.py:275}}
Apr 30 21:11:25.108047 ncdv-master-1 neutron-server[115776]: DEBUG neutron.plugins.ml2.plugin [None req-3ddb01df-eee6-43d0-97bd-7c657fde889d None None] Port e8fd8329-278e-4c6e-a91f-775edaa743f5 cannot update to ACTIVE because it is not bound. {{(pid=115776) _port_provisioned /opt/stack/neutron/neutron/plugins/ml2/plugin.py:352}}
Apr 30 21:11:25.108562 ncdv-master-1 neutron-server[115773]: DEBUG neutron.scheduler.base_scheduler [req-eae9143d-6c75-4785-82ad-6f4650e9077b req-98a465c4-28a5-486d-a853-19c614260ec8 tempest-LiveAutoBlockMigrationV225Test-1505936978 tempest-LiveAutoBlockMigrationV225Test-1505936978-project] Resources bound (agent type, host, resource id): {{(pid=115773) schedule /opt/stack/neutron/neutron/scheduler/base_scheduler.py:57}}
Apr 30 21:11:25.122338 ncdv-master-1 neutron-server[115773]: DEBUG neutron.db.l3_dvrscheduler_db [req-eae9143d-6c75-4785-82ad-6f4650e9077b req-98a465c4-28a5-486d-a853-19c614260ec8 tempest-LiveAutoBlockMigrationV225Test-1505936978 tempest-LiveAutoBlockMigrationV225Test-1505936978-project] Received port after_create {{(pid=115773) _notify_l3_agent_new_port /opt/stack/neutron/neutron/db/l3_dvrscheduler_db.py:536}}
Apr 30 21:11:25.220960 ncdv-master-1 neutron-server[115773]: DEBUG neutron.api.rpc.handlers.resources_rpc [None req-98a465c4-28a5-486d-a853-19c614260ec8 tempest-LiveAutoBlockMigrationV225Test-1505936978 tempest-LiveAutoBlockMigrationV225Test-1505936978-project] Pushing event updated for resources: {'Port': ['ID=154e4208-4965-4648-9e7c-f22621d3423a,revision_number=1']} {{(pid=115773) push /opt/stack/neutron/neutron/api/rpc/handlers/resources_rpc.py:237}}
Apr 30 21:11:25.317131 ncdv-master-1 neutron-server[115773]: DEBUG neutron_lib.callbacks.manager [None req-b5b7377b-8302-4692-9768-d87e3c6d581c admin admin] Publish callbacks ['neutron.plugins.ml2.plugin.SecurityGroupDbMixin._ensure_default_security_group_handler-33027719'] for port (e8fd8329-278e-4c6e-a91f-775edaa743f5), before_update {{(pid=115773) _notify_loop /usr/local/lib/python3.8/dist-packages/neutron_lib/callbacks/manager.py:176}}
Apr 30 21:11:25.344442 ncdv-master-1 neutron-server[115774]: DEBUG neutron.pecan_wsgi.hooks.policy_enforcement [req-ccb2342a-3390-42de-a93e-4665c347fbc5 req-81798dc6-e324-4625-bcd5-7680302a477e tempest-MigrationsAdminTest-242795420 tempest-MigrationsAdminTest-242795420-project] Attributes excluded by policy engine: ['standard_attr_id', 'binding:profile', 'binding:host_id', 'binding:vif_type', 'binding:vif_details'] {{(pid=115774) _exclude_attributes_by_policy /opt/stack/neutron/neutron/pecan_wsgi/hooks/policy_enforcement.py:259}}
Apr 30 21:11:25.347777 ncdv-master-1 neutron-server[115773]: DEBUG neutron.pecan_wsgi.hooks.policy_enforcement [req-eae9143d-6c75-4785-82ad-6f4650e9077b req-98a465c4-28a5-486d-a853-19c614260ec8 tempest-LiveAutoBlockMigrationV225Test-1505936978 tempest-LiveAutoBlockMigrationV225Test-1505936978-project] Attributes excluded by policy engine: ['standard_attr_id', 'binding:profile', 'binding:host_id', 'binding:vif_type', 'binding:vif_details', 'network'] {{(pid=115773) _exclude_attributes_by_policy /opt/stack/neutron/neutron/pecan_wsgi/hooks/policy_enforcement.py:259}}
Apr 30 21:11:25.348524 ncdv-master-1 neutron-server[115773]: DEBUG neutron_lib.callbacks.manager [req-eae9143d-6c75-4785-82ad-6f4650e9077b req-98a465c4-28a5-486d-a853-19c614260ec8 tempest-LiveAutoBlockMigrationV225Test-1505936978 tempest-LiveAutoBlockMigrationV225Test-1505936978-project] Publish callbacks ['neutron.notifiers.nova.Notifier._send_nova_notification-34495', 'neutron.api.rpc.agentnotifiers.dhcp_rpc_agent_api.DhcpAgentNotifyAPI._send_dhcp_notification-524703'] for port (None), before_response {{(pid=115773) _notify_loop /usr/local/lib/python3.8/dist-packages/neutron_lib/callbacks/manager.py:176}}
Apr 30 21:11:25.353953 ncdv-master-1 neutron-server[115774]: INFO neutron.wsgi [req-ccb2342a-3390-42de-a93e-4665c347fbc5 req-81798dc6-e324-4625-bcd5-7680302a477e tempest-MigrationsAdminTest-242795420 tempest-MigrationsAdminTest-242795420-project] 10.222.0.23 "GET /v2.0/ports?device_id=63136ef9-512e-4d74-9427-5db9addb1129 HTTP/1.1" status: 200 len: 949 time: 0.1398389
Apr 30 21:11:25.453347 ncdv-master-1 neutron-server[115774]: INFO neutron.wsgi [req-ccb2342a-3390-42de-a93e-4665c347fbc5 req-3392ee38-741d-41c4-9d7d-93d02d7fc86d tempest-MigrationsAdminTest-242795420 tempest-MigrationsAdminTest-242795420-project] 10.222.0.23 "GET /v2.0/security-groups?id=3b6efc34-e292-48b7-993d-c4ff56abffd5&fields=id&fields=name HTTP/1.1" status: 200 len: 286 time: 0.0940475
Apr 30 21:11:25.453460 ncdv-master-1 neutron-server[115773]: INFO neutron.wsgi [req-eae9143d-6c75-4785-82ad-6f4650e9077b req-98a465c4-28a5-486d-a853-19c614260ec8 tempest-LiveAutoBlockMigrationV225Test-1505936978 tempest-LiveAutoBlockMigrationV225Test-1505936978-project] 10.222.0.20 "POST /v2.0/ports HTTP/1.1" status: 201 len: 934 time: 4.3782973
Apr 30 21:11:25.538188 ncdv-master-1 neutron-server[115773]: DEBUG neutron.api.v2.base [req-eae9143d-6c75-4785-82ad-6f4650e9077b req-e4dce6f0-0e54-42b6-8803-697e2bc16d56 service neutron] Request body: {'port': {'device_id': '0aab508f-4be3-49d3-bb5f-b19f4f328bcd', 'device_owner': 'compute:nova', 'binding:host_id': 'nch1-master-1'}} {{(pid=115773) prepare_request_body /opt/stack/neutron/neutron/api/v2/base.py:730}}
Apr 30 21:11:25.605781 ncdv-master-1 neutron-server[115774]: DEBUG neutron.pecan_wsgi.hooks.policy_enforcement [req-a764cee2-a48c-4ddb-8a0e-51ea2d7ac12c req-16efc59b-9120-407e-bb0f-2fc511bac5f9 tempest-LiveAutoBlockMigrationV225Test-1505936978 tempest-LiveAutoBlockMigrationV225Test-1505936978-project] Attributes excluded by policy engine: ['standard_attr_id', 'binding:profile', 'binding:host_id', 'binding:vif_type', 'binding:vif_details'] {{(pid=115774) _exclude_attributes_by_policy /opt/stack/neutron/neutron/pecan_wsgi/hooks/policy_enforcement.py:259}}
Apr 30 21:11:25.614585 ncdv-master-1 neutron-server[115774]: INFO neutron.wsgi [req-a764cee2-a48c-4ddb-8a0e-51ea2d7ac12c req-16efc59b-9120-407e-bb0f-2fc511bac5f9 tempest-LiveAutoBlockMigrationV225Test-1505936978 tempest-LiveAutoBlockMigrationV225Test-1505936978-project] 10.222.0.23 "GET /v2.0/ports?device_id=0aab508f-4be3-49d3-bb5f-b19f4f328bcd HTTP/1.1" status: 200 len: 932 time: 0.0669496
Apr 30 21:11:25.701895 ncdv-master-1 neutron-server[115774]: DEBUG neutron.pecan_wsgi.hooks.policy_enforcement [req-837954b0-da17-4495-a517-26deeda7f8bc req-f0ca083a-d3dd-4dae-8d4a-b1cb3908683b tempest-ServersAdminTestJSON-1918533868 tempest-ServersAdminTestJSON-1918533868-project] Attributes excluded by policy engine: ['standard_attr_id', 'binding:profile', 'binding:host_id', 'binding:vif_type', 'binding:vif_details'] {{(pid=115774) _exclude_attributes_by_policy /opt/stack/neutron/neutron/pecan_wsgi/hooks/policy_enforcement.py:259}}
Apr 30 21:11:25.713676 ncdv-master-1 neutron-server[115774]: INFO neutron.wsgi [req-837954b0-da17-4495-a517-26deeda7f8bc req-f0ca083a-d3dd-4dae-8d4a-b1cb3908683b tempest-ServersAdminTestJSON-1918533868 tempest-ServersAdminTestJSON-1918533868-project] 10.222.0.23 "GET /v2.0/ports?device_id=b36482df-2cb5-4d30-9ce3-95a6f06f80f0 HTTP/1.1" status: 200 len: 949 time: 0.2118785
Apr 30 21:11:25.720475 ncdv-master-1 neutron-server[115773]: DEBUG neutron_lib.callbacks.manager [req-eae9143d-6c75-4785-82ad-6f4650e9077b req-e4dce6f0-0e54-42b6-8803-697e2bc16d56 service neutron] Publish callbacks ['neutron.plugins.ml2.plugin.SecurityGroupDbMixin._ensure_default_security_group_handler-33027719'] for port (154e4208-4965-4648-9e7c-f22621d3423a), before_update {{(pid=115773) _notify_loop /usr/local/lib/python3.8/dist-packages/neutron_lib/callbacks/manager.py:176}}
Apr 30 21:11:25.812576 ncdv-master-1 neutron-server[115776]: DEBUG neutron.plugins.ml2.rpc [None req-ccb220fa-aa9e-4abb-b198-339f1a0a585f None None] Device 1b88704f-5d9b-423a-89aa-800cc2e7f929 up at agent ovs-agent-ncdv-master-1 {{(pid=115776) update_device_up /opt/stack/neutron/neutron/plugins/ml2/rpc.py:296}}
Apr 30 21:11:25.829247 ncdv-master-1 neutron-server[115773]: DEBUG neutron.pecan_wsgi.hooks.policy_enforcement [req-c8169693-f295-4f37-b80c-88a578f0e0d8 req-ee1540de-beac-4b00-872c-0db29d5dba66 service neutron] Attributes excluded by policy engine: ['standard_attr_id'] {{(pid=115773) _exclude_attributes_by_policy /opt/stack/neutron/neutron/pecan_wsgi/hooks/policy_enforcement.py:259}}
Apr 30 21:11:25.830768 ncdv-master-1 neutron-server[115773]: INFO neutron.wsgi [req-c8169693-f295-4f37-b80c-88a578f0e0d8 req-ee1540de-beac-4b00-872c-0db29d5dba66 service neutron] 10.222.0.35 "GET /v2.0/ports?tenant_id=4d8bde5d9ca44f859b5536d3398b63d4&device_id=63136ef9-512e-4d74-9427-5db9addb1129 HTTP/1.1" status: 200 len: 1131 time: 0.1115205
Apr 30 21:11:25.973963 ncdv-master-1 neutron-server[115774]: INFO neutron.wsgi [req-837954b0-da17-4495-a517-26deeda7f8bc req-6c49f868-7d00-4655-a813-cdf63fd03c01 tempest-ServersAdminTestJSON-1918533868 tempest-ServersAdminTestJSON-1918533868-project] 10.222.0.23 "GET /v2.0/security-groups?id=43c1bcca-6299-414c-8cb3-660ab7bceec5&fields=id&fields=name HTTP/1.1" status: 200 len: 286 time: 0.2501876
Apr 30 21:11:25.996939 ncdv-master-1 neutron-server[115776]: DEBUG neutron.db.provisioning_blocks [None req-ccb220fa-aa9e-4abb-b198-339f1a0a585f None None] Provisioning complete for port 1b88704f-5d9b-423a-89aa-800cc2e7f929 triggered by entity L2. {{(pid=115776) provisioning_complete /opt/stack/neutron/neutron/db/provisioning_blocks.py:145}}
Apr 30 21:11:25.997510 ncdv-master-1 neutron-server[115776]: DEBUG neutron_lib.callbacks.manager [None req-ccb220fa-aa9e-4abb-b198-339f1a0a585f None None] Publish callbacks ['neutron.plugins.ml2.plugin.Ml2Plugin._port_provisioned-32961680'] for port (1b88704f-5d9b-423a-89aa-800cc2e7f929), provisioning_complete {{(pid=115776) _notify_loop /usr/local/lib/python3.8/dist-packages/neutron_lib/callbacks/manager.py:176}}
Apr 30 21:11:26.013186 ncdv-master-1 neutron-server[115774]: INFO neutron.wsgi [req-a764cee2-a48c-4ddb-8a0e-51ea2d7ac12c req-070f26fb-09c1-491c-b1dd-abab932fee04 tempest-LiveAutoBlockMigrationV225Test-1505936978 tempest-LiveAutoBlockMigrationV225Test-1505936978-project] 10.222.0.23 "GET /v2.0/security-groups?id=80b68a76-6a09-40bb-807a-495d00ef4956&fields=id&fields=name HTTP/1.1" status: 200 len: 286 time: 0.3975630
Apr 30 21:11:26.204186 ncdv-master-1 neutron-server[115776]: DEBUG neutron.plugins.ml2.plugin [None req-ccb220fa-aa9e-4abb-b198-339f1a0a585f None None] Current status of the port 1b88704f-5d9b-423a-89aa-800cc2e7f929 is: ACTIVE; New status is: ACTIVE {{(pid=115776) _update_individual_port_db_status /opt/stack/neutron/neutron/plugins/ml2/plugin.py:2297}}
Apr 30 21:11:26.224928 ncdv-master-1 neutron-server[115773]: DEBUG neutron_lib.callbacks.manager [None req-b5b7377b-8302-4692-9768-d87e3c6d581c admin admin] Publish callbacks [] for port (e8fd8329-278e-4c6e-a91f-775edaa743f5), precommit_update {{(pid=115773) _notify_loop /usr/local/lib/python3.8/dist-packages/neutron_lib/callbacks/manager.py:176}}
Apr 30 21:11:26.248455 ncdv-master-1 neutron-server[115774]: DEBUG neutron.pecan_wsgi.hooks.policy_enforcement [req-516dd4ae-fc89-40d6-bfa7-89c99da1252e req-e8e1483b-2c45-4a98-b1b9-4a2885ef28cc tempest-LiveMigrationTest-1354815034 tempest-LiveMigrationTest-1354815034-project] Attributes excluded by policy engine: ['standard_attr_id', 'binding:profile', 'binding:host_id', 'binding:vif_type', 'binding:vif_details'] {{(pid=115774) _exclude_attributes_by_policy /opt/stack/neutron/neutron/pecan_wsgi/hooks/policy_enforcement.py:259}}
Apr 30 21:11:26.250365 ncdv-master-1 neutron-server[115774]: INFO neutron.wsgi [req-516dd4ae-fc89-40d6-bfa7-89c99da1252e req-e8e1483b-2c45-4a98-b1b9-4a2885ef28cc tempest-LiveMigrationTest-1354815034 tempest-LiveMigrationTest-1354815034-project] 10.222.0.23 "GET /v2.0/ports?device_id=ae6c5822-07aa-4e1d-9424-ee70b0405349 HTTP/1.1" status: 200 len: 966 time: 0.1212509
Apr 30 21:11:26.313515 ncdv-master-1 neutron-server[115773]: DEBUG neutron.pecan_wsgi.hooks.policy_enforcement [req-c8169693-f295-4f37-b80c-88a578f0e0d8 req-38f3371f-cfd7-4526-9a86-1f43a14a417c service neutron] Attributes excluded by policy engine: ['standard_attr_id', 'vlan_transparent'] {{(pid=115773) _exclude_attributes_by_policy /opt/stack/neutron/neutron/pecan_wsgi/hooks/policy_enforcement.py:259}}
Apr 30 21:11:26.315007 ncdv-master-1 neutron-server[115773]: INFO neutron.wsgi [req-c8169693-f295-4f37-b80c-88a578f0e0d8 req-38f3371f-cfd7-4526-9a86-1f43a14a417c service neutron] 10.222.0.35 "GET /v2.0/networks?id=cb0444ab-6b4b-4f8c-85ca-6c3a0836047a HTTP/1.1" status: 200 len: 870 time: 0.4663272
Apr 30 21:11:26.315869 ncdv-master-1 neutron-server[115773]: DEBUG neutron_lib.callbacks.manager [None req-b5b7377b-8302-4692-9768-d87e3c6d581c admin admin] Publish callbacks ['neutron.plugins.ml2.plugin.SecurityGroupServerNotifierRpcMixin._notify_sg_on_port_change-33027672', 'neutron.plugins.ml2.ovo_rpc._ObjectChangeHandler.handle_event-948579', 'neutron.api.rpc.agentnotifiers.dhcp_rpc_agent_api.DhcpAgentNotifyAPI._native_event_send_dhcp_notification-524681', 'neutron.db.l3_db.L3RpcNotifierMixin._notify_gateway_port_ip_changed-8764266010893', 'neutron.db.l3_dvrscheduler_db._notify_l3_agent_port_update-8764265637021', 'neutron.db.l3_hascheduler_db._notify_l3_agent_ha_port_update-8764265637039', 'neutron.services.segments.plugin.NovaSegmentNotifier._notify_port_updated-3374324'] for port (e8fd8329-278e-4c6e-a91f-775edaa743f5), after_update {{(pid=115773) _notify_loop /usr/local/lib/python3.8/dist-packages/neutron_lib/callbacks/manager.py:176}}
Apr 30 21:11:26.387163 ncdv-master-1 neutron-server[115773]: DEBUG neutron_lib.callbacks.manager [None req-b5b7377b-8302-4692-9768-d87e3c6d581c admin admin] Publish callbacks ['neutron.api.rpc.agentnotifiers.dhcp_rpc_agent_api.DhcpAgentNotifyAPI._after_router_interface_created-524795', 'neutron.services.l3_router.l3_router_plugin.DVRResourceOperationHandler._update_snat_v6_addrs_after_intf_update-431002'] for router_interface (c08b179a-bd3f-4f54-b4b7-d3cc2f8005fe), after_create {{(pid=115773) _notify_loop /usr/local/lib/python3.8/dist-packages/neutron_lib/callbacks/manager.py:176}}
Apr 30 21:11:26.388444 ncdv-master-1 neutron-server[115774]: INFO neutron.wsgi [req-516dd4ae-fc89-40d6-bfa7-89c99da1252e req-c9c2889f-b8f1-4821-859b-a3b28bda1d39 tempest-LiveMigrationTest-1354815034 tempest-LiveMigrationTest-1354815034-project] 10.222.0.23 "GET /v2.0/security-groups?id=f7097164-d782-4787-94d6-66e4778a7d39&fields=id&fields=name HTTP/1.1" status: 200 len: 286 time: 0.1320357
Apr 30 21:11:26.582231 ncdv-master-1 neutron-server[115773]: INFO neutron.wsgi [req-c8169693-f295-4f37-b80c-88a578f0e0d8 req-2ff12743-d341-42f1-9eef-2f791b7b682a service neutron] 10.222.0.35 "GET /v2.0/floatingips?fixed_ip_address=192.168.233.71&port_id=5f58ff46-e195-4c4e-b64b-a0a5cbe61c9b HTTP/1.1" status: 200 len: 217 time: 0.2008612
Apr 30 21:11:26.629110 ncdv-master-1 neutron-server[115774]: DEBUG neutron.pecan_wsgi.hooks.policy_enforcement [req-d55f9573-d49c-42f6-bdd1-79033dca0680 req-779bca2c-97ae-4675-89eb-b1a1f2747d36 tempest-MigrationsAdminTest-242795420 tempest-MigrationsAdminTest-242795420-project] Attributes excluded by policy engine: ['standard_attr_id', 'binding:profile', 'binding:host_id', 'binding:vif_type', 'binding:vif_details'] {{(pid=115774) _exclude_attributes_by_policy /opt/stack/neutron/neutron/pecan_wsgi/hooks/policy_enforcement.py:259}}
Apr 30 21:11:26.636182 ncdv-master-1 neutron-server[115774]: INFO neutron.wsgi [req-d55f9573-d49c-42f6-bdd1-79033dca0680 req-779bca2c-97ae-4675-89eb-b1a1f2747d36 tempest-MigrationsAdminTest-242795420 tempest-MigrationsAdminTest-242795420-project] 10.222.0.23 "GET /v2.0/ports?device_id=63136ef9-512e-4d74-9427-5db9addb1129 HTTP/1.1" status: 200 len: 949 time: 0.1189163
Apr 30 21:11:26.666075 ncdv-master-1 neutron-server[115773]: DEBUG neutron.api.rpc.handlers.resources_rpc [None req-b5b7377b-8302-4692-9768-d87e3c6d581c admin admin] Pushing event updated for resources: {'Port': ['ID=e8fd8329-278e-4c6e-a91f-775edaa743f5,revision_number=2']} {{(pid=115773) push /opt/stack/neutron/neutron/api/rpc/handlers/resources_rpc.py:237}}
Apr 30 21:11:26.691769 ncdv-master-1 neutron-server[115774]: INFO neutron.wsgi [req-d55f9573-d49c-42f6-bdd1-79033dca0680 req-ed96288b-2dc3-4bac-800c-0b61a4eefdb8 tempest-MigrationsAdminTest-242795420 tempest-MigrationsAdminTest-242795420-project] 10.222.0.23 "GET /v2.0/security-groups?id=3b6efc34-e292-48b7-993d-c4ff56abffd5&fields=id&fields=name HTTP/1.1" status: 200 len: 286 time: 0.0474298
Apr 30 21:11:26.720797 ncdv-master-1 neutron-server[115773]: DEBUG neutron.scheduler.dhcp_agent_scheduler [None req-b5b7377b-8302-4692-9768-d87e3c6d581c admin admin] Network 51417b35-dffb-4e2a-abd0-357ad597c615 is already hosted by enough agents. {{(pid=115773) _get_dhcp_agents_hosting_network /opt/stack/neutron/neutron/scheduler/dhcp_agent_scheduler.py:275}}
Apr 30 21:11:26.723681 ncdv-master-1 neutron-server[115773]: DEBUG neutron.scheduler.base_scheduler [None req-b5b7377b-8302-4692-9768-d87e3c6d581c admin admin] Resources bound (agent type, host, resource id): {{(pid=115773) schedule /opt/stack/neutron/neutron/scheduler/base_scheduler.py:57}}
Apr 30 21:11:26.939884 ncdv-master-1 neutron-server[115773]: INFO neutron.wsgi [req-f524f445-a781-4d66-a85b-64cad93b04d9 req-93c38fd9-39ef-4099-9530-19addb47f418 service neutron] 10.222.0.35 "GET /v2.0/ports/ac54aba9-ad17-45b1-8ed2-985784924902/bindings/nch1-master-1 HTTP/1.1" status: 200 len: 384 time: 0.7193007
Apr 30 21:11:26.984667 ncdv-master-1 neutron-server[115776]: DEBUG neutron.plugins.ml2.rpc [None req-19a80813-32a9-4409-9479-410193892938 None None] Device 376e3c07-c6be-4468-aa0d-25e6e0c6136c up at agent hyperv_nch1-master-1 {{(pid=115776) update_device_up /opt/stack/neutron/neutron/plugins/ml2/rpc.py:296}}
Apr 30 21:11:27.072090 ncdv-master-1 neutron-server[115776]: DEBUG neutron.db.provisioning_blocks [None req-2b90d634-ab3f-43d6-a3d3-038c3da049f7 None None] Provisioning complete for port e8fd8329-278e-4c6e-a91f-775edaa743f5 triggered by entity DHCP. {{(pid=115776) provisioning_complete /opt/stack/neutron/neutron/db/provisioning_blocks.py:145}}
Apr 30 21:11:27.072763 ncdv-master-1 neutron-server[115776]: DEBUG neutron_lib.callbacks.manager [None req-2b90d634-ab3f-43d6-a3d3-038c3da049f7 None None] Publish callbacks ['neutron.plugins.ml2.plugin.Ml2Plugin._port_provisioned-32961680'] for port (e8fd8329-278e-4c6e-a91f-775edaa743f5), provisioning_complete {{(pid=115776) _notify_loop /usr/local/lib/python3.8/dist-packages/neutron_lib/callbacks/manager.py:176}}
Apr 30 21:11:27.129643 ncdv-master-1 neutron-server[115776]: DEBUG neutron.plugins.ml2.plugin [None req-2b90d634-ab3f-43d6-a3d3-038c3da049f7 None None] Port e8fd8329-278e-4c6e-a91f-775edaa743f5 cannot update to ACTIVE because it is not bound. {{(pid=115776) _port_provisioned /opt/stack/neutron/neutron/plugins/ml2/plugin.py:352}}
Apr 30 21:11:27.140841 ncdv-master-1 neutron-server[115773]: DEBUG neutron.notifiers.nova [req-eae9143d-6c75-4785-82ad-6f4650e9077b req-e4dce6f0-0e54-42b6-8803-697e2bc16d56 service neutron] Ignoring state change previous_port_status: DOWN current_port_status: DOWN port_id 154e4208-4965-4648-9e7c-f22621d3423a {{(pid=115773) record_port_status_changed /opt/stack/neutron/neutron/notifiers/nova.py:233}}
Apr 30 21:11:27.161399 ncdv-master-1 neutron-server[115773]: DEBUG neutron_lib.callbacks.manager [req-eae9143d-6c75-4785-82ad-6f4650e9077b req-e4dce6f0-0e54-42b6-8803-697e2bc16d56 service neutron] Publish callbacks [] for port (154e4208-4965-4648-9e7c-f22621d3423a), precommit_update {{(pid=115773) _notify_loop /usr/local/lib/python3.8/dist-packages/neutron_lib/callbacks/manager.py:176}}
Apr 30 21:11:27.175195 ncdv-master-1 neutron-server[115776]: DEBUG neutron.db.provisioning_blocks [None req-19a80813-32a9-4409-9479-410193892938 None None] Provisioning for port 376e3c07-c6be-4468-aa0d-25e6e0c6136c completed by entity L2. {{(pid=115776) provisioning_complete /opt/stack/neutron/neutron/db/provisioning_blocks.py:137}}
Apr 30 21:11:27.193892 ncdv-master-1 neutron-server[115773]: DEBUG neutron.db.provisioning_blocks [req-eae9143d-6c75-4785-82ad-6f4650e9077b req-e4dce6f0-0e54-42b6-8803-697e2bc16d56 service neutron] Transition to ACTIVE for port object 154e4208-4965-4648-9e7c-f22621d3423a will not be triggered until provisioned by entity L2. {{(pid=115773) add_provisioning_component /opt/stack/neutron/neutron/db/provisioning_blocks.py:75}}
Apr 30 21:11:27.247285 ncdv-master-1 neutron-server[115776]: DEBUG neutron.db.provisioning_blocks [None req-19a80813-32a9-4409-9479-410193892938 None None] Provisioning complete for port 376e3c07-c6be-4468-aa0d-25e6e0c6136c triggered by entity L2. {{(pid=115776) provisioning_complete /opt/stack/neutron/neutron/db/provisioning_blocks.py:145}}
Apr 30 21:11:27.247887 ncdv-master-1 neutron-server[115776]: DEBUG neutron_lib.callbacks.manager [None req-19a80813-32a9-4409-9479-410193892938 None None] Publish callbacks ['neutron.plugins.ml2.plugin.Ml2Plugin._port_provisioned-32961680'] for port (376e3c07-c6be-4468-aa0d-25e6e0c6136c), provisioning_complete {{(pid=115776) _notify_loop /usr/local/lib/python3.8/dist-packages/neutron_lib/callbacks/manager.py:176}}
Apr 30 21:11:27.261851 ncdv-master-1 neutron-server[115774]: DEBUG neutron.pecan_wsgi.hooks.policy_enforcement [req-0b52ae25-0cda-4d29-96a4-9d2967c27f4f req-48241092-4b9c-4c82-b7ea-ff76b70f56c5 tempest-ServersAdminTestJSON-1918533868 tempest-ServersAdminTestJSON-1918533868-project] Attributes excluded by policy engine: ['standard_attr_id', 'binding:profile', 'binding:host_id', 'binding:vif_type', 'binding:vif_details'] {{(pid=115774) _exclude_attributes_by_policy /opt/stack/neutron/neutron/pecan_wsgi/hooks/policy_enforcement.py:259}}
Apr 30 21:11:27.263547 ncdv-master-1 neutron-server[115774]: INFO neutron.wsgi [req-0b52ae25-0cda-4d29-96a4-9d2967c27f4f req-48241092-4b9c-4c82-b7ea-ff76b70f56c5 tempest-ServersAdminTestJSON-1918533868 tempest-ServersAdminTestJSON-1918533868-project] 10.222.0.23 "GET /v2.0/ports?device_id=b36482df-2cb5-4d30-9ce3-95a6f06f80f0 HTTP/1.1" status: 200 len: 949 time: 0.1055264
Apr 30 21:11:27.320054 ncdv-master-1 neutron-server[115773]: DEBUG neutron.pecan_wsgi.hooks.policy_enforcement [req-c8169693-f295-4f37-b80c-88a578f0e0d8 req-d1ada0f5-1973-4a07-b48d-94851841cfed service neutron] Attributes excluded by policy engine: ['standard_attr_id', 'shared', 'segment_id'] {{(pid=115773) _exclude_attributes_by_policy /opt/stack/neutron/neutron/pecan_wsgi/hooks/policy_enforcement.py:259}}
Apr 30 21:11:27.321614 ncdv-master-1 neutron-server[115773]: INFO neutron.wsgi [req-c8169693-f295-4f37-b80c-88a578f0e0d8 req-d1ada0f5-1973-4a07-b48d-94851841cfed service neutron] 10.222.0.35 "GET /v2.0/subnets?id=76d2fcc1-408a-4a01-8876-9c7055f775bc HTTP/1.1" status: 200 len: 843 time: 0.7039139
Apr 30 21:11:27.339566 ncdv-master-1 neutron-server[115773]: DEBUG neutron_lib.callbacks.manager [req-eae9143d-6c75-4785-82ad-6f4650e9077b req-e4dce6f0-0e54-42b6-8803-697e2bc16d56 service neutron] Publish callbacks ['neutron.plugins.ml2.plugin.SecurityGroupServerNotifierRpcMixin._notify_sg_on_port_change-33027672', 'neutron.plugins.ml2.ovo_rpc._ObjectChangeHandler.handle_event-948579', 'neutron.api.rpc.agentnotifiers.dhcp_rpc_agent_api.DhcpAgentNotifyAPI._native_event_send_dhcp_notification-524681', 'neutron.db.l3_db.L3RpcNotifierMixin._notify_gateway_port_ip_changed-8764266010893', 'neutron.db.l3_dvrscheduler_db._notify_l3_agent_port_update-8764265637021', 'neutron.db.l3_hascheduler_db._notify_l3_agent_ha_port_update-8764265637039', 'neutron.services.segments.plugin.NovaSegmentNotifier._notify_port_updated-3374324'] for port (154e4208-4965-4648-9e7c-f22621d3423a), after_update {{(pid=115773) _notify_loop /usr/local/lib/python3.8/dist-packages/neutron_lib/callbacks/manager.py:176}}
Apr 30 21:11:27.438465 ncdv-master-1 neutron-server[115774]: INFO neutron.wsgi [req-0b52ae25-0cda-4d29-96a4-9d2967c27f4f req-099c2fae-b319-417a-8f6e-d5b6146ebc4f tempest-ServersAdminTestJSON-1918533868 tempest-ServersAdminTestJSON-1918533868-project] 10.222.0.23 "GET /v2.0/security-groups?id=43c1bcca-6299-414c-8cb3-660ab7bceec5&fields=id&fields=name HTTP/1.1" status: 200 len: 286 time: 0.1374505
Apr 30 21:11:27.483165 ncdv-master-1 neutron-server[115776]: DEBUG neutron.plugins.ml2.plugin [None req-19a80813-32a9-4409-9479-410193892938 None None] Current status of the port 376e3c07-c6be-4468-aa0d-25e6e0c6136c is: BUILD; New status is: ACTIVE {{(pid=115776) _update_individual_port_db_status /opt/stack/neutron/neutron/plugins/ml2/plugin.py:2297}}
Apr 30 21:11:27.483561 ncdv-master-1 neutron-server[115776]: DEBUG neutron_lib.callbacks.manager [None req-19a80813-32a9-4409-9479-410193892938 None None] Publish callbacks ['neutron.plugins.ml2.plugin.SecurityGroupDbMixin._ensure_default_security_group_handler-33027719'] for port (376e3c07-c6be-4468-aa0d-25e6e0c6136c), before_update {{(pid=115776) _notify_loop /usr/local/lib/python3.8/dist-packages/neutron_lib/callbacks/manager.py:176}}
Apr 30 21:11:27.543041 ncdv-master-1 neutron-server[115773]: DEBUG neutron.scheduler.l3_agent_scheduler [None req-b5b7377b-8302-4692-9768-d87e3c6d581c admin admin] Router c08b179a-bd3f-4f54-b4b7-d3cc2f8005fe has already been hosted by L3 agent 663a18cf-36da-404e-a349-424bcba80eaf {{(pid=115773) _get_candidates /opt/stack/neutron/neutron/scheduler/l3_agent_scheduler.py:126}}
Apr 30 21:11:27.618859 ncdv-master-1 neutron-server[115776]: DEBUG neutron.plugins.ml2.db [None req-19a80813-32a9-4409-9479-410193892938 None None] For port 376e3c07-c6be-4468-aa0d-25e6e0c6136c, host nch1-master-1, got binding levels [PortBindingLevel(driver='hyperv',host='nch1-master-1',level=0,port_id=376e3c07-c6be-4468-aa0d-25e6e0c6136c,segment=NetworkSegment(266895fd-aaaf-4a54-a896-0eba23b23e50),segment_id=266895fd-aaaf-4a54-a896-0eba23b23e50)] {{(pid=115776) get_binding_level_objs /opt/stack/neutron/neutron/plugins/ml2/db.py:74}}
Apr 30 21:11:27.620199 ncdv-master-1 neutron-server[115776]: DEBUG neutron.notifiers.nova [-] Sending events: [{'server_uuid': 'b36482df-2cb5-4d30-9ce3-95a6f06f80f0', 'name': 'network-vif-plugged', 'status': 'completed', 'tag': '376e3c07-c6be-4468-aa0d-25e6e0c6136c'}] {{(pid=115776) send_events /opt/stack/neutron/neutron/notifiers/nova.py:271}}
Apr 30 21:11:27.627688 ncdv-master-1 neutron-server[115774]: INFO neutron.wsgi [req-864bce92-db09-4db2-b47b-2dacf144c4fa req-3d7c3830-9e4c-4ef8-8d2a-1e73a19a4373 tempest-DeleteServersAdminTestJSON-1789370697 tempest-DeleteServersAdminTestJSON-1789370697-project] 10.222.0.23 "GET /v2.0/networks?tenant_id=f727d5639c624deeba0d0d7a7d08810e&shared=False HTTP/1.1" status: 200 len: 213 time: 0.0396223
Apr 30 21:11:27.632621 ncdv-master-1 neutron-server[115776]: DEBUG novaclient.v2.client [-] REQ: curl -g -i --cacert "/opt/stack/data/ca-bundle.pem" -X POST http://10.222.0.23/compute/v2.1/os-server-external-events -H "Accept: application/json" -H "Content-Type: application/json" -H "User-Agent: python-novaclient" -H "X-Auth-Token: {SHA256}e0eb94ecfcf40a40c79213cbde05c11a76ec7871f697f9674da3d9a972910780" -H "X-OpenStack-Nova-API-Version: 2.1" -H "X-OpenStack-Request-ID: req-8c238288-7b9b-439d-b834-2be7b2605d24" -d '{"events": [{"server_uuid": "b36482df-2cb5-4d30-9ce3-95a6f06f80f0", "name": "network-vif-plugged", "status": "completed", "tag": "376e3c07-c6be-4468-aa0d-25e6e0c6136c"}]}' {{(pid=115776) _http_log_request /usr/local/lib/python3.8/dist-packages/keystoneauth1/session.py:519}}
Apr 30 21:11:27.648570 ncdv-master-1 neutron-server[115774]: DEBUG neutron.pecan_wsgi.hooks.policy_enforcement [req-ada9b242-9599-4eae-b08f-d960ac291769 req-bc6ad273-ca3f-499f-a979-200baf9cfe8c tempest-LiveAutoBlockMigrationV225Test-1505936978 tempest-LiveAutoBlockMigrationV225Test-1505936978-project] Attributes excluded by policy engine: ['standard_attr_id', 'binding:profile', 'binding:host_id', 'binding:vif_type', 'binding:vif_details'] {{(pid=115774) _exclude_attributes_by_policy /opt/stack/neutron/neutron/pecan_wsgi/hooks/policy_enforcement.py:259}}
Apr 30 21:11:27.657349 ncdv-master-1 neutron-server[115774]: INFO neutron.wsgi [req-ada9b242-9599-4eae-b08f-d960ac291769 req-bc6ad273-ca3f-499f-a979-200baf9cfe8c tempest-LiveAutoBlockMigrationV225Test-1505936978 tempest-LiveAutoBlockMigrationV225Test-1505936978-project] 10.222.0.23 "GET /v2.0/ports?device_id=0aab508f-4be3-49d3-bb5f-b19f4f328bcd HTTP/1.1" status: 200 len: 944 time: 0.1367195
Apr 30 21:11:27.677211 ncdv-master-1 neutron-server[115773]: DEBUG neutron.api.rpc.handlers.resources_rpc [None req-e4dce6f0-0e54-42b6-8803-697e2bc16d56 service neutron] Pushing event updated for resources: {'Port': ['ID=154e4208-4965-4648-9e7c-f22621d3423a,revision_number=2']} {{(pid=115773) push /opt/stack/neutron/neutron/api/rpc/handlers/resources_rpc.py:237}}
Apr 30 21:11:27.680600 ncdv-master-1 neutron-server[115773]: DEBUG neutron.pecan_wsgi.hooks.policy_enforcement [req-c8169693-f295-4f37-b80c-88a578f0e0d8 req-197955ab-5ef3-4530-bb1d-69842ffea34b service neutron] Attributes excluded by policy engine: ['standard_attr_id'] {{(pid=115773) _exclude_attributes_by_policy /opt/stack/neutron/neutron/pecan_wsgi/hooks/policy_enforcement.py:259}}
Apr 30 21:11:27.682444 ncdv-master-1 neutron-server[115773]: INFO neutron.wsgi [req-c8169693-f295-4f37-b80c-88a578f0e0d8 req-197955ab-5ef3-4530-bb1d-69842ffea34b service neutron] 10.222.0.35 "GET /v2.0/ports?network_id=cb0444ab-6b4b-4f8c-85ca-6c3a0836047a&device_owner=network%3Adhcp HTTP/1.1" status: 200 len: 1204 time: 0.3400278
Apr 30 21:11:27.683180 ncdv-master-1 neutron-server[115776]: DEBUG neutron_lib.callbacks.manager [None req-19a80813-32a9-4409-9479-410193892938 None None] Publish callbacks ['neutron.plugins.ml2.plugin.SecurityGroupServerNotifierRpcMixin._notify_sg_on_port_change-33027672', 'neutron.plugins.ml2.ovo_rpc._ObjectChangeHandler.handle_event-948579', 'neutron.api.rpc.agentnotifiers.dhcp_rpc_agent_api.DhcpAgentNotifyAPI._native_event_send_dhcp_notification-524681', 'neutron.db.l3_db.L3RpcNotifierMixin._notify_gateway_port_ip_changed-8764266010893', 'neutron.db.l3_dvrscheduler_db._notify_l3_agent_port_update-8764265637021', 'neutron.db.l3_hascheduler_db._notify_l3_agent_ha_port_update-8764265637039'] for port (376e3c07-c6be-4468-aa0d-25e6e0c6136c), after_update {{(pid=115776) _notify_loop /usr/local/lib/python3.8/dist-packages/neutron_lib/callbacks/manager.py:176}}
