Apr 16 21:15:00.686998 ncdv-master-1 devstack@placement-api.service[123038]: DEBUG placement.handlers.allocation [req-91a77dd7-41a2-4799-87ac-6ccda0be85b4 req-068e7eab-67bf-435f-bb48-f83d46a090f6 service placement] Successfully wrote allocations [, , ] {{(pid=123038) _update_consumers_and_create_allocations /opt/stack/placement/placement/handlers/allocation.py:462}}
Apr 16 21:15:00.786579 ncdv-master-1 devstack@placement-api.service[123038]: INFO placement.requestlog [req-91a77dd7-41a2-4799-87ac-6ccda0be85b4 req-068e7eab-67bf-435f-bb48-f83d46a090f6 service placement] 10.222.0.20 "PUT /placement/allocations/a839aa71-2bd6-4676-8955-1d69072cd7f0" status: 204 len: 0 microversion: 1.36
Apr 16 21:15:00.787814 ncdv-master-1 devstack@placement-api.service[123038]: [pid: 123038|app: 0|req: 216/434] 10.222.0.20 () {64 vars in 1433 bytes} [Sat Apr 16 21:15:00 2022] PUT /placement/allocations/a839aa71-2bd6-4676-8955-1d69072cd7f0 => generated 0 bytes in 296 msecs (HTTP/1.1 204) 5 headers in 199 bytes (1 switches on core 0)
Apr 16 21:15:02.449325 ncdv-master-1 devstack@placement-api.service[123037]: DEBUG placement.requestlog [req-91a77dd7-41a2-4799-87ac-6ccda0be85b4 req-2543e3f2-49bd-4e6f-a523-27c3e4fdde99 None None] Starting request: 10.222.0.11 "GET /placement/allocations/446a5909-7904-4290-9a61-015b0a1f5d40" {{(pid=123037) __call__ /opt/stack/placement/placement/requestlog.py:55}}
Apr 16 21:15:02.474127 ncdv-master-1 devstack@placement-api.service[123037]: INFO placement.requestlog [req-91a77dd7-41a2-4799-87ac-6ccda0be85b4 req-2543e3f2-49bd-4e6f-a523-27c3e4fdde99 service placement] 10.222.0.11 "GET /placement/allocations/446a5909-7904-4290-9a61-015b0a1f5d40" status: 200 len: 259 microversion: 1.28
Apr 16 21:15:02.475315 ncdv-master-1 devstack@placement-api.service[123037]: [pid: 123037|app: 0|req: 219/435] 10.222.0.11 () {60 vars in 1377 bytes} [Sat Apr 16 21:15:02 2022] GET /placement/allocations/446a5909-7904-4290-9a61-015b0a1f5d40 => generated 259 bytes in 26 msecs (HTTP/1.1 200) 8 headers in 296 bytes (1 switches on core 0)
Apr 16 21:15:02.986662 ncdv-master-1 devstack@placement-api.service[123038]: DEBUG placement.requestlog [req-91a77dd7-41a2-4799-87ac-6ccda0be85b4 req-097c80b1-87cc-410e-91e7-cec8cd25f23f None None] Starting request: 10.222.0.11 "GET /placement/allocations/a839aa71-2bd6-4676-8955-1d69072cd7f0" {{(pid=123038) __call__ /opt/stack/placement/placement/requestlog.py:55}}
Apr 16 21:15:03.020209 ncdv-master-1 devstack@placement-api.service[123038]: INFO placement.requestlog [req-91a77dd7-41a2-4799-87ac-6ccda0be85b4 req-097c80b1-87cc-410e-91e7-cec8cd25f23f service placement] 10.222.0.11 "GET /placement/allocations/a839aa71-2bd6-4676-8955-1d69072cd7f0" status: 200 len: 259 microversion: 1.28
Apr 16 21:15:03.023049 ncdv-master-1 devstack@placement-api.service[123038]: [pid: 123038|app: 0|req: 217/436] 10.222.0.11 () {60 vars in 1377 bytes} [Sat Apr 16 21:15:02 2022] GET /placement/allocations/a839aa71-2bd6-4676-8955-1d69072cd7f0 => generated 259 bytes in 36 msecs (HTTP/1.1 200) 8 headers in 296 bytes (2 switches on core 0)
Apr 16 21:15:03.686611 ncdv-master-1 devstack@placement-api.service[123037]: DEBUG placement.requestlog [req-78057631-7450-433c-953f-6370aa440e30 req-73cd650f-cfda-4c90-b42e-3b59877d9888 None None] Starting request: 10.222.0.41 "DELETE /placement/allocations/e641f7ec-0d41-4439-bc77-7158fb9d346e" {{(pid=123037) __call__ /opt/stack/placement/placement/requestlog.py:55}}
Apr 16 21:15:03.888832 ncdv-master-1 devstack@placement-api.service[123037]: DEBUG placement.handlers.allocation [req-78057631-7450-433c-953f-6370aa440e30 req-73cd650f-cfda-4c90-b42e-3b59877d9888 service placement] Successfully deleted allocations [, , ] {{(pid=123037) delete_allocations /opt/stack/placement/placement/handlers/allocation.py:627}}
Apr 16 21:15:03.889336 ncdv-master-1 devstack@placement-api.service[123037]: INFO placement.requestlog [req-78057631-7450-433c-953f-6370aa440e30 req-73cd650f-cfda-4c90-b42e-3b59877d9888 service placement] 10.222.0.41 "DELETE /placement/allocations/e641f7ec-0d41-4439-bc77-7158fb9d346e" status: 204 len: 0 microversion: 1.0
Apr 16 21:15:03.889999 ncdv-master-1 devstack@placement-api.service[123037]: [pid: 123037|app: 0|req: 220/437] 10.222.0.41 () {60 vars in 1355 bytes} [Sat Apr 16 21:15:03 2022] DELETE /placement/allocations/e641f7ec-0d41-4439-bc77-7158fb9d346e => generated 0 bytes in 204 msecs (HTTP/1.1 204) 5 headers in 198 bytes (1 switches on core 0)
Apr 16 21:15:15.106258 ncdv-master-1 devstack@placement-api.service[123038]: DEBUG placement.requestlog [req-0410a0a6-95ae-4387-9e09-8da60ea58c1f req-8e09d6aa-72f5-45e8-ac5d-799de11fdbe8 None None] Starting request: 10.222.0.20 "GET /placement/allocation_candidates?limit=1000&resources=DISK_GB%3A1%2CMEMORY_MB%3A1024%2CVCPU%3A1&root_required=%21COMPUTE_STATUS_DISABLED" {{(pid=123038) __call__ /opt/stack/placement/placement/requestlog.py:55}}
Apr 16 21:15:15.172122 ncdv-master-1 devstack@placement-api.service[123038]: DEBUG placement.objects.research_context [req-0410a0a6-95ae-4387-9e09-8da60ea58c1f req-8e09d6aa-72f5-45e8-ac5d-799de11fdbe8 service placement] getting providers with 1 DISK_GB {{(pid=123038) __init__ /opt/stack/placement/placement/objects/research_context.py:136}}
Apr 16 21:15:15.188051 ncdv-master-1 devstack@placement-api.service[123038]: DEBUG placement.objects.research_context [req-0410a0a6-95ae-4387-9e09-8da60ea58c1f req-8e09d6aa-72f5-45e8-ac5d-799de11fdbe8 service placement] getting providers with 1024 MEMORY_MB {{(pid=123038) __init__ /opt/stack/placement/placement/objects/research_context.py:136}}
Apr 16 21:15:15.200282 ncdv-master-1 devstack@placement-api.service[123038]: DEBUG placement.objects.research_context [req-0410a0a6-95ae-4387-9e09-8da60ea58c1f req-8e09d6aa-72f5-45e8-ac5d-799de11fdbe8 service placement] getting providers with 1 VCPU {{(pid=123038) __init__ /opt/stack/placement/placement/objects/research_context.py:136}}
Apr 16 21:15:15.216715 ncdv-master-1 devstack@placement-api.service[123038]: DEBUG placement.objects.research_context [req-0410a0a6-95ae-4387-9e09-8da60ea58c1f req-8e09d6aa-72f5-45e8-ac5d-799de11fdbe8 service placement] found 2 providers with available 1 DISK_GB {{(pid=123038) get_provider_ids_matching /opt/stack/placement/placement/objects/research_context.py:563}}
Apr 16 21:15:15.217820 ncdv-master-1 devstack@placement-api.service[123038]: DEBUG placement.objects.research_context [req-0410a0a6-95ae-4387-9e09-8da60ea58c1f req-8e09d6aa-72f5-45e8-ac5d-799de11fdbe8 service placement] found 2 providers with available 1024 MEMORY_MB {{(pid=123038) get_provider_ids_matching /opt/stack/placement/placement/objects/research_context.py:563}}
Apr 16 21:15:15.218111 ncdv-master-1 devstack@placement-api.service[123038]: DEBUG placement.objects.research_context [req-0410a0a6-95ae-4387-9e09-8da60ea58c1f req-8e09d6aa-72f5-45e8-ac5d-799de11fdbe8 service placement] found 2 providers after filtering by previous result {{(pid=123038) get_provider_ids_matching /opt/stack/placement/placement/objects/research_context.py:594}}
Apr 16 21:15:15.218368 ncdv-master-1 devstack@placement-api.service[123038]: DEBUG placement.objects.research_context [req-0410a0a6-95ae-4387-9e09-8da60ea58c1f req-8e09d6aa-72f5-45e8-ac5d-799de11fdbe8 service placement] found 2 providers with available 1 VCPU {{(pid=123038) get_provider_ids_matching /opt/stack/placement/placement/objects/research_context.py:563}}
Apr 16 21:15:15.218926 ncdv-master-1 devstack@placement-api.service[123038]: DEBUG placement.objects.research_context [req-0410a0a6-95ae-4387-9e09-8da60ea58c1f req-8e09d6aa-72f5-45e8-ac5d-799de11fdbe8 service placement] found 2 providers after filtering by previous result {{(pid=123038) get_provider_ids_matching /opt/stack/placement/placement/objects/research_context.py:594}}
Apr 16 21:15:15.239928 ncdv-master-1 devstack@placement-api.service[123038]: DEBUG placement.objects.allocation_candidate [req-0410a0a6-95ae-4387-9e09-8da60ea58c1f req-8e09d6aa-72f5-45e8-ac5d-799de11fdbe8 service placement] RequestGroup(use_same_provider=False, resources={DISK_GB:1, MEMORY_MB:1024, VCPU:1}, traits=(), aggregates=[]) (suffix '') returned 2 matches {{(pid=123038) _get_by_requests /opt/stack/placement/placement/objects/allocation_candidate.py:156}}
Apr 16 21:15:15.240586 ncdv-master-1 devstack@placement-api.service[123038]: DEBUG placement.objects.allocation_candidate [req-0410a0a6-95ae-4387-9e09-8da60ea58c1f req-8e09d6aa-72f5-45e8-ac5d-799de11fdbe8 service placement] Merging candidates yields 2 allocation requests and 2 provider summaries {{(pid=123038) _merge_candidates /opt/stack/placement/placement/objects/allocation_candidate.py:809}}
Apr 16 21:15:15.245988 ncdv-master-1 devstack@placement-api.service[123038]: INFO placement.requestlog [req-0410a0a6-95ae-4387-9e09-8da60ea58c1f req-8e09d6aa-72f5-45e8-ac5d-799de11fdbe8 service placement] 10.222.0.20 "GET /placement/allocation_candidates?limit=1000&resources=DISK_GB%3A1%2CMEMORY_MB%3A1024%2CVCPU%3A1&root_required=%21COMPUTE_STATUS_DISABLED" status: 200 len: 1309 microversion: 1.36
Apr 16 21:15:15.246901 ncdv-master-1 devstack@placement-api.service[123038]: [pid: 123038|app: 0|req: 218/438] 10.222.0.20 () {60 vars in 1506 bytes} [Sat Apr 16 21:15:15 2022] GET /placement/allocation_candidates?limit=1000&resources=DISK_GB%3A1%2CMEMORY_MB%3A1024%2CVCPU%3A1&root_required=%21COMPUTE_STATUS_DISABLED => generated 1309 bytes in 141 msecs (HTTP/1.1 200) 8 headers in 297 bytes (1 switches on core 0)
Apr 16 21:15:15.417769 ncdv-master-1 devstack@placement-api.service[123037]: DEBUG placement.requestlog [req-0410a0a6-95ae-4387-9e09-8da60ea58c1f req-bc3d4c0f-4643-420d-8594-d9809e565f98 None None] Starting request: 10.222.0.20 "GET /placement/allocations/9ce03e87-6962-45d5-910e-f87b61fef356" {{(pid=123037) __call__ /opt/stack/placement/placement/requestlog.py:55}}
Apr 16 21:15:15.449001 ncdv-master-1 devstack@placement-api.service[123037]: INFO placement.requestlog [req-0410a0a6-95ae-4387-9e09-8da60ea58c1f req-bc3d4c0f-4643-420d-8594-d9809e565f98 service placement] 10.222.0.20 "GET /placement/allocations/9ce03e87-6962-45d5-910e-f87b61fef356" status: 200 len: 19 microversion: 1.28
Apr 16 21:15:15.455714 ncdv-master-1 devstack@placement-api.service[123038]: DEBUG placement.requestlog [req-0410a0a6-95ae-4387-9e09-8da60ea58c1f req-c934ceaf-8bdf-4581-8523-4afd1c6683db None None] Starting request: 10.222.0.20 "PUT /placement/allocations/9ce03e87-6962-45d5-910e-f87b61fef356" {{(pid=123038) __call__ /opt/stack/placement/placement/requestlog.py:55}}
Apr 16 21:15:15.456602 ncdv-master-1 devstack@placement-api.service[123037]: [pid: 123037|app: 0|req: 221/439] 10.222.0.20 () {60 vars in 1380 bytes} [Sat Apr 16 21:15:15 2022] GET /placement/allocations/9ce03e87-6962-45d5-910e-f87b61fef356 => generated 19 bytes in 37 msecs (HTTP/1.1 200) 8 headers in 295 bytes (1 switches on core 0)
Apr 16 21:15:15.764672 ncdv-master-1 devstack@placement-api.service[123038]: DEBUG placement.handlers.allocation [req-0410a0a6-95ae-4387-9e09-8da60ea58c1f req-c934ceaf-8bdf-4581-8523-4afd1c6683db service placement] Successfully wrote allocations [, , ] {{(pid=123038) _update_consumers_and_create_allocations /opt/stack/placement/placement/handlers/allocation.py:462}}
Apr 16 21:15:15.820792 ncdv-master-1 devstack@placement-api.service[123038]: INFO placement.requestlog [req-0410a0a6-95ae-4387-9e09-8da60ea58c1f req-c934ceaf-8bdf-4581-8523-4afd1c6683db service placement] 10.222.0.20 "PUT /placement/allocations/9ce03e87-6962-45d5-910e-f87b61fef356" status: 204 len: 0 microversion: 1.36
Apr 16 21:15:15.821271 ncdv-master-1 devstack@placement-api.service[123038]: [pid: 123038|app: 0|req: 219/440] 10.222.0.20 () {64 vars in 1433 bytes} [Sat Apr 16 21:15:15 2022] PUT /placement/allocations/9ce03e87-6962-45d5-910e-f87b61fef356 => generated 0 bytes in 366 msecs (HTTP/1.1 204) 5 headers in 199 bytes (3 switches on core 0)
Apr 16 21:15:17.312718 ncdv-master-1 devstack@placement-api.service[123037]: DEBUG placement.requestlog [req-0410a0a6-95ae-4387-9e09-8da60ea58c1f req-9313d387-53dd-4df8-a9c8-401e83b0ceca None None] Starting request: 10.222.0.41 "GET /placement/allocations/9ce03e87-6962-45d5-910e-f87b61fef356" {{(pid=123037) __call__ /opt/stack/placement/placement/requestlog.py:55}}
Apr 16 21:15:17.339943 ncdv-master-1 devstack@placement-api.service[123037]: INFO placement.requestlog [req-0410a0a6-95ae-4387-9e09-8da60ea58c1f req-9313d387-53dd-4df8-a9c8-401e83b0ceca service placement] 10.222.0.41 "GET /placement/allocations/9ce03e87-6962-45d5-910e-f87b61fef356" status: 200 len: 259 microversion: 1.28
Apr 16 21:15:17.341023 ncdv-master-1 devstack@placement-api.service[123037]: [pid: 123037|app: 0|req: 222/441] 10.222.0.41 () {60 vars in 1377 bytes} [Sat Apr 16 21:15:17 2022] GET /placement/allocations/9ce03e87-6962-45d5-910e-f87b61fef356 => generated 259 bytes in 30 msecs (HTTP/1.1 200) 8 headers in 296 bytes (1 switches on core 0)
Apr 16 21:15:17.678187 ncdv-master-1 devstack@placement-api.service[123038]: DEBUG placement.requestlog [req-7610bc95-4e80-4467-8619-29aef5c0d0b6 req-85a25397-048c-4d85-908b-0cd9c3679c8e None None] Starting request: 10.222.0.20 "GET /placement/allocation_candidates?limit=1000&resources=DISK_GB%3A1%2CMEMORY_MB%3A1024%2CVCPU%3A1&root_required=%21COMPUTE_STATUS_DISABLED" {{(pid=123038) __call__ /opt/stack/placement/placement/requestlog.py:55}}
Apr 16 21:15:17.729227 ncdv-master-1 devstack@placement-api.service[123038]: DEBUG placement.objects.research_context [req-7610bc95-4e80-4467-8619-29aef5c0d0b6 req-85a25397-048c-4d85-908b-0cd9c3679c8e service placement] getting providers with 1 DISK_GB {{(pid=123038) __init__ /opt/stack/placement/placement/objects/research_context.py:136}}
Apr 16 21:15:17.736019 ncdv-master-1 devstack@placement-api.service[123038]: DEBUG placement.objects.research_context [req-7610bc95-4e80-4467-8619-29aef5c0d0b6 req-85a25397-048c-4d85-908b-0cd9c3679c8e service placement] getting providers with 1024 MEMORY_MB {{(pid=123038) __init__ /opt/stack/placement/placement/objects/research_context.py:136}}
Apr 16 21:15:17.743928 ncdv-master-1 devstack@placement-api.service[123038]: DEBUG placement.objects.research_context [req-7610bc95-4e80-4467-8619-29aef5c0d0b6 req-85a25397-048c-4d85-908b-0cd9c3679c8e service placement] getting providers with 1 VCPU {{(pid=123038) __init__ /opt/stack/placement/placement/objects/research_context.py:136}}
Apr 16 21:15:17.751782 ncdv-master-1 devstack@placement-api.service[123038]: DEBUG placement.objects.research_context [req-7610bc95-4e80-4467-8619-29aef5c0d0b6 req-85a25397-048c-4d85-908b-0cd9c3679c8e service placement] found 2 providers with available 1 DISK_GB {{(pid=123038) get_provider_ids_matching /opt/stack/placement/placement/objects/research_context.py:563}}
Apr 16 21:15:17.752364 ncdv-master-1 devstack@placement-api.service[123038]: DEBUG placement.objects.research_context [req-7610bc95-4e80-4467-8619-29aef5c0d0b6 req-85a25397-048c-4d85-908b-0cd9c3679c8e service placement] found 2 providers with available 1024 MEMORY_MB {{(pid=123038) get_provider_ids_matching /opt/stack/placement/placement/objects/research_context.py:563}}
Apr 16 21:15:17.752819 ncdv-master-1 devstack@placement-api.service[123038]: DEBUG placement.objects.research_context [req-7610bc95-4e80-4467-8619-29aef5c0d0b6 req-85a25397-048c-4d85-908b-0cd9c3679c8e service placement] found 2 providers after filtering by previous result {{(pid=123038) get_provider_ids_matching /opt/stack/placement/placement/objects/research_context.py:594}}
Apr 16 21:15:17.753258 ncdv-master-1 devstack@placement-api.service[123038]: DEBUG placement.objects.research_context [req-7610bc95-4e80-4467-8619-29aef5c0d0b6 req-85a25397-048c-4d85-908b-0cd9c3679c8e service placement] found 2 providers with available 1 VCPU {{(pid=123038) get_provider_ids_matching /opt/stack/placement/placement/objects/research_context.py:563}}
Apr 16 21:15:17.753688 ncdv-master-1 devstack@placement-api.service[123038]: DEBUG placement.objects.research_context [req-7610bc95-4e80-4467-8619-29aef5c0d0b6 req-85a25397-048c-4d85-908b-0cd9c3679c8e service placement] found 2 providers after filtering by previous result {{(pid=123038) get_provider_ids_matching /opt/stack/placement/placement/objects/research_context.py:594}}
Apr 16 21:15:17.769202 ncdv-master-1 devstack@placement-api.service[123038]: DEBUG placement.objects.allocation_candidate [req-7610bc95-4e80-4467-8619-29aef5c0d0b6 req-85a25397-048c-4d85-908b-0cd9c3679c8e service placement] RequestGroup(use_same_provider=False, resources={DISK_GB:1, MEMORY_MB:1024, VCPU:1}, traits=(), aggregates=[]) (suffix '') returned 2 matches {{(pid=123038) _get_by_requests /opt/stack/placement/placement/objects/allocation_candidate.py:156}}
Apr 16 21:15:17.769880 ncdv-master-1 devstack@placement-api.service[123038]: DEBUG placement.objects.allocation_candidate [req-7610bc95-4e80-4467-8619-29aef5c0d0b6 req-85a25397-048c-4d85-908b-0cd9c3679c8e service placement] Merging candidates yields 2 allocation requests and 2 provider summaries {{(pid=123038) _merge_candidates /opt/stack/placement/placement/objects/allocation_candidate.py:809}}
Apr 16 21:15:17.772557 ncdv-master-1 devstack@placement-api.service[123038]: INFO placement.requestlog [req-7610bc95-4e80-4467-8619-29aef5c0d0b6 req-85a25397-048c-4d85-908b-0cd9c3679c8e service placement] 10.222.0.20 "GET /placement/allocation_candidates?limit=1000&resources=DISK_GB%3A1%2CMEMORY_MB%3A1024%2CVCPU%3A1&root_required=%21COMPUTE_STATUS_DISABLED" status: 200 len: 1309 microversion: 1.36
Apr 16 21:15:17.781042 ncdv-master-1 devstack@placement-api.service[123038]: [pid: 123038|app: 0|req: 220/442] 10.222.0.20 () {60 vars in 1506 bytes} [Sat Apr 16 21:15:17 2022] GET /placement/allocation_candidates?limit=1000&resources=DISK_GB%3A1%2CMEMORY_MB%3A1024%2CVCPU%3A1&root_required=%21COMPUTE_STATUS_DISABLED => generated 1309 bytes in 105 msecs (HTTP/1.1 200) 8 headers in 297 bytes (1 switches on core 0)
Apr 16 21:15:18.198464 ncdv-master-1 devstack@placement-api.service[123037]: DEBUG placement.requestlog [req-7610bc95-4e80-4467-8619-29aef5c0d0b6 req-52b8c5fb-4319-48d5-a9c4-5e18d6c716b3 None None] Starting request: 10.222.0.20 "GET /placement/allocations/1a03d234-848c-408c-b46c-e2afebb2c61f" {{(pid=123037) __call__ /opt/stack/placement/placement/requestlog.py:55}}
Apr 16 21:15:18.198464 ncdv-master-1 devstack@placement-api.service[123037]: INFO placement.requestlog [req-7610bc95-4e80-4467-8619-29aef5c0d0b6 req-52b8c5fb-4319-48d5-a9c4-5e18d6c716b3 service placement] 10.222.0.20 "GET /placement/allocations/1a03d234-848c-408c-b46c-e2afebb2c61f" status: 200 len: 19 microversion: 1.28
Apr 16 21:15:18.198464 ncdv-master-1 devstack@placement-api.service[123037]: [pid: 123037|app: 0|req: 223/443] 10.222.0.20 () {60 vars in 1380 bytes} [Sat Apr 16 21:15:18 2022] GET /placement/allocations/1a03d234-848c-408c-b46c-e2afebb2c61f => generated 19 bytes in 17 msecs (HTTP/1.1 200) 8 headers in 295 bytes (1 switches on core 0)
Apr 16 21:15:18.201360 ncdv-master-1 devstack@placement-api.service[123038]: DEBUG placement.requestlog [req-7610bc95-4e80-4467-8619-29aef5c0d0b6 req-44cd2146-0e1e-4e61-ad36-55687b4ba288 None None] Starting request: 10.222.0.20 "PUT /placement/allocations/1a03d234-848c-408c-b46c-e2afebb2c61f" {{(pid=123038) __call__ /opt/stack/placement/placement/requestlog.py:55}}
Apr 16 21:15:18.756753 ncdv-master-1 devstack@placement-api.service[123038]: DEBUG placement.handlers.allocation [req-7610bc95-4e80-4467-8619-29aef5c0d0b6 req-44cd2146-0e1e-4e61-ad36-55687b4ba288 service placement] Successfully wrote allocations [, , ] {{(pid=123038) _update_consumers_and_create_allocations /opt/stack/placement/placement/handlers/allocation.py:462}}
Apr 16 21:15:18.916439 ncdv-master-1 devstack@placement-api.service[123038]: INFO placement.requestlog [req-7610bc95-4e80-4467-8619-29aef5c0d0b6 req-44cd2146-0e1e-4e61-ad36-55687b4ba288 service placement] 10.222.0.20 "PUT /placement/allocations/1a03d234-848c-408c-b46c-e2afebb2c61f" status: 204 len: 0 microversion: 1.36
Apr 16 21:15:18.917804 ncdv-master-1 devstack@placement-api.service[123038]: [pid: 123038|app: 0|req: 221/444] 10.222.0.20 () {64 vars in 1433 bytes} [Sat Apr 16 21:15:18 2022] PUT /placement/allocations/1a03d234-848c-408c-b46c-e2afebb2c61f => generated 0 bytes in 824 msecs (HTTP/1.1 204) 5 headers in 199 bytes (1 switches on core 0)
Apr 16 21:15:22.660213 ncdv-master-1 devstack@placement-api.service[123037]: DEBUG placement.requestlog [req-7610bc95-4e80-4467-8619-29aef5c0d0b6 req-cdada82d-eabe-4534-833c-57c048b16fb9 None None] Starting request: 10.222.0.41 "GET /placement/allocations/1a03d234-848c-408c-b46c-e2afebb2c61f" {{(pid=123037) __call__ /opt/stack/placement/placement/requestlog.py:55}}
Apr 16 21:15:22.689401 ncdv-master-1 devstack@placement-api.service[123037]: INFO placement.requestlog [req-7610bc95-4e80-4467-8619-29aef5c0d0b6 req-cdada82d-eabe-4534-833c-57c048b16fb9 service placement] 10.222.0.41 "GET /placement/allocations/1a03d234-848c-408c-b46c-e2afebb2c61f" status: 200 len: 259 microversion: 1.28
Apr 16 21:15:22.692591 ncdv-master-1 devstack@placement-api.service[123037]: [pid: 123037|app: 0|req: 224/445] 10.222.0.41 () {60 vars in 1377 bytes} [Sat Apr 16 21:15:22 2022] GET /placement/allocations/1a03d234-848c-408c-b46c-e2afebb2c61f => generated 259 bytes in 33 msecs (HTTP/1.1 200) 8 headers in 296 bytes (1 switches on core 0)
Apr 16 21:15:25.060809 ncdv-master-1 devstack@placement-api.service[123038]: DEBUG placement.requestlog [req-bb434ddd-99f1-4fc1-9f8f-3a96b27f43bf req-850eee81-a4aa-47a7-8420-7efebc1fcd30 None None] Starting request: 10.222.0.20 "GET /placement/allocation_candidates?limit=1000&resources=DISK_GB%3A1%2CMEMORY_MB%3A1024%2CVCPU%3A1&root_required=%21COMPUTE_STATUS_DISABLED" {{(pid=123038) __call__ /opt/stack/placement/placement/requestlog.py:55}}
Apr 16 21:15:25.129243 ncdv-master-1 devstack@placement-api.service[123038]: DEBUG placement.objects.research_context [req-bb434ddd-99f1-4fc1-9f8f-3a96b27f43bf req-850eee81-a4aa-47a7-8420-7efebc1fcd30 service placement] getting providers with 1 DISK_GB {{(pid=123038) __init__ /opt/stack/placement/placement/objects/research_context.py:136}}
Apr 16 21:15:25.145642 ncdv-master-1 devstack@placement-api.service[123038]: DEBUG placement.objects.research_context [req-bb434ddd-99f1-4fc1-9f8f-3a96b27f43bf req-850eee81-a4aa-47a7-8420-7efebc1fcd30 service placement] getting providers with 1024 MEMORY_MB {{(pid=123038) __init__ /opt/stack/placement/placement/objects/research_context.py:136}}
Apr 16 21:15:25.155408 ncdv-master-1 devstack@placement-api.service[123038]: DEBUG placement.objects.research_context [req-bb434ddd-99f1-4fc1-9f8f-3a96b27f43bf req-850eee81-a4aa-47a7-8420-7efebc1fcd30 service placement] getting providers with 1 VCPU {{(pid=123038) __init__ /opt/stack/placement/placement/objects/research_context.py:136}}
Apr 16 21:15:25.163583 ncdv-master-1 devstack@placement-api.service[123038]: DEBUG placement.objects.research_context [req-bb434ddd-99f1-4fc1-9f8f-3a96b27f43bf req-850eee81-a4aa-47a7-8420-7efebc1fcd30 service placement] found 2 providers with available 1 DISK_GB {{(pid=123038) get_provider_ids_matching /opt/stack/placement/placement/objects/research_context.py:563}}
Apr 16 21:15:25.163982 ncdv-master-1 devstack@placement-api.service[123038]: DEBUG placement.objects.research_context [req-bb434ddd-99f1-4fc1-9f8f-3a96b27f43bf req-850eee81-a4aa-47a7-8420-7efebc1fcd30 service placement] found 2 providers with available 1024 MEMORY_MB {{(pid=123038) get_provider_ids_matching /opt/stack/placement/placement/objects/research_context.py:563}}
Apr 16 21:15:25.164396 ncdv-master-1 devstack@placement-api.service[123038]: DEBUG placement.objects.research_context [req-bb434ddd-99f1-4fc1-9f8f-3a96b27f43bf req-850eee81-a4aa-47a7-8420-7efebc1fcd30 service placement] found 2 providers after filtering by previous result {{(pid=123038) get_provider_ids_matching /opt/stack/placement/placement/objects/research_context.py:594}}
Apr 16 21:15:25.164757 ncdv-master-1 devstack@placement-api.service[123038]: DEBUG placement.objects.research_context [req-bb434ddd-99f1-4fc1-9f8f-3a96b27f43bf req-850eee81-a4aa-47a7-8420-7efebc1fcd30 service placement] found 2 providers with available 1 VCPU {{(pid=123038) get_provider_ids_matching /opt/stack/placement/placement/objects/research_context.py:563}}
Apr 16 21:15:25.165133 ncdv-master-1 devstack@placement-api.service[123038]: DEBUG placement.objects.research_context [req-bb434ddd-99f1-4fc1-9f8f-3a96b27f43bf req-850eee81-a4aa-47a7-8420-7efebc1fcd30 service placement] found 2 providers after filtering by previous result {{(pid=123038) get_provider_ids_matching /opt/stack/placement/placement/objects/research_context.py:594}}
Apr 16 21:15:25.177335 ncdv-master-1 devstack@placement-api.service[123038]: DEBUG placement.objects.allocation_candidate [req-bb434ddd-99f1-4fc1-9f8f-3a96b27f43bf req-850eee81-a4aa-47a7-8420-7efebc1fcd30 service placement] RequestGroup(use_same_provider=False, resources={DISK_GB:1, MEMORY_MB:1024, VCPU:1}, traits=(), aggregates=[]) (suffix '') returned 2 matches {{(pid=123038) _get_by_requests /opt/stack/placement/placement/objects/allocation_candidate.py:156}}
Apr 16 21:15:25.177805 ncdv-master-1 devstack@placement-api.service[123038]: DEBUG placement.objects.allocation_candidate [req-bb434ddd-99f1-4fc1-9f8f-3a96b27f43bf req-850eee81-a4aa-47a7-8420-7efebc1fcd30 service placement] Merging candidates yields 2 allocation requests and 2 provider summaries {{(pid=123038) _merge_candidates /opt/stack/placement/placement/objects/allocation_candidate.py:809}}
Apr 16 21:15:25.179722 ncdv-master-1 devstack@placement-api.service[123038]: INFO placement.requestlog [req-bb434ddd-99f1-4fc1-9f8f-3a96b27f43bf req-850eee81-a4aa-47a7-8420-7efebc1fcd30 service placement] 10.222.0.20 "GET /placement/allocation_candidates?limit=1000&resources=DISK_GB%3A1%2CMEMORY_MB%3A1024%2CVCPU%3A1&root_required=%21COMPUTE_STATUS_DISABLED" status: 200 len: 1309 microversion: 1.36
Apr 16 21:15:25.180218 ncdv-master-1 devstack@placement-api.service[123038]: [pid: 123038|app: 0|req: 222/446] 10.222.0.20 () {60 vars in 1506 bytes} [Sat Apr 16 21:15:25 2022] GET /placement/allocation_candidates?limit=1000&resources=DISK_GB%3A1%2CMEMORY_MB%3A1024%2CVCPU%3A1&root_required=%21COMPUTE_STATUS_DISABLED => generated 1309 bytes in 120 msecs (HTTP/1.1 200) 8 headers in 297 bytes (1 switches on core 0)
Apr 16 21:15:25.241054 ncdv-master-1 devstack@placement-api.service[123037]: DEBUG placement.requestlog [req-bb434ddd-99f1-4fc1-9f8f-3a96b27f43bf req-5c4cd9a6-24d4-4c84-89bf-0a0e85ffe786 None None] Starting request: 10.222.0.20 "GET /placement/allocations/ae2e0ce1-35a6-4ef8-83f4-44237fe59f65" {{(pid=123037) __call__ /opt/stack/placement/placement/requestlog.py:55}}
Apr 16 21:15:25.257937 ncdv-master-1 devstack@placement-api.service[123037]: INFO placement.requestlog [req-bb434ddd-99f1-4fc1-9f8f-3a96b27f43bf req-5c4cd9a6-24d4-4c84-89bf-0a0e85ffe786 service placement] 10.222.0.20 "GET /placement/allocations/ae2e0ce1-35a6-4ef8-83f4-44237fe59f65" status: 200 len: 19 microversion: 1.28
Apr 16 21:15:25.259005 ncdv-master-1 devstack@placement-api.service[123037]: [pid: 123037|app: 0|req: 225/447] 10.222.0.20 () {60 vars in 1380 bytes} [Sat Apr 16 21:15:25 2022] GET /placement/allocations/ae2e0ce1-35a6-4ef8-83f4-44237fe59f65 => generated 19 bytes in 18 msecs (HTTP/1.1 200) 8 headers in 295 bytes (1 switches on core 0)
Apr 16 21:15:25.264637 ncdv-master-1 devstack@placement-api.service[123038]: DEBUG placement.requestlog [req-bb434ddd-99f1-4fc1-9f8f-3a96b27f43bf req-9424cdf6-7c1b-4614-a9ba-43c408053213 None None] Starting request: 10.222.0.20 "PUT /placement/allocations/ae2e0ce1-35a6-4ef8-83f4-44237fe59f65" {{(pid=123038) __call__ /opt/stack/placement/placement/requestlog.py:55}}
Apr 16 21:15:25.422182 ncdv-master-1 devstack@placement-api.service[123038]: DEBUG placement.handlers.allocation [req-bb434ddd-99f1-4fc1-9f8f-3a96b27f43bf req-9424cdf6-7c1b-4614-a9ba-43c408053213 service placement] Successfully wrote allocations [, , ] {{(pid=123038) _update_consumers_and_create_allocations /opt/stack/placement/placement/handlers/allocation.py:462}}
Apr 16 21:15:25.511668 ncdv-master-1 devstack@placement-api.service[123038]: INFO placement.requestlog [req-bb434ddd-99f1-4fc1-9f8f-3a96b27f43bf req-9424cdf6-7c1b-4614-a9ba-43c408053213 service placement] 10.222.0.20 "PUT /placement/allocations/ae2e0ce1-35a6-4ef8-83f4-44237fe59f65" status: 204 len: 0 microversion: 1.36
Apr 16 21:15:25.512818 ncdv-master-1 devstack@placement-api.service[123038]: [pid: 123038|app: 0|req: 223/448] 10.222.0.20 () {64 vars in 1433 bytes} [Sat Apr 16 21:15:25 2022] PUT /placement/allocations/ae2e0ce1-35a6-4ef8-83f4-44237fe59f65 => generated 0 bytes in 248 msecs (HTTP/1.1 204) 5 headers in 199 bytes (2 switches on core 0)
Apr 16 21:15:25.575023 ncdv-master-1 devstack@placement-api.service[123037]: DEBUG placement.requestlog [req-bb434ddd-99f1-4fc1-9f8f-3a96b27f43bf req-3811f2ec-3324-4b2b-9a4a-a5f1c0f0a6d8 None None] Starting request: 10.222.0.20 "GET /placement/allocations/41932213-4c87-4ee1-909f-50d95297cd64" {{(pid=123037) __call__ /opt/stack/placement/placement/requestlog.py:55}}
Apr 16 21:15:25.591674 ncdv-master-1 devstack@placement-api.service[123037]: INFO placement.requestlog [req-bb434ddd-99f1-4fc1-9f8f-3a96b27f43bf req-3811f2ec-3324-4b2b-9a4a-a5f1c0f0a6d8 service placement] 10.222.0.20 "GET /placement/allocations/41932213-4c87-4ee1-909f-50d95297cd64" status: 200 len: 19 microversion: 1.28
Apr 16 21:15:25.592717 ncdv-master-1 devstack@placement-api.service[123037]: [pid: 123037|app: 0|req: 226/449] 10.222.0.20 () {60 vars in 1380 bytes} [Sat Apr 16 21:15:25 2022] GET /placement/allocations/41932213-4c87-4ee1-909f-50d95297cd64 => generated 19 bytes in 18 msecs (HTTP/1.1 200) 8 headers in 295 bytes (1 switches on core 0)
Apr 16 21:15:25.599031 ncdv-master-1 devstack@placement-api.service[123038]: DEBUG placement.requestlog [req-bb434ddd-99f1-4fc1-9f8f-3a96b27f43bf req-6fe17aac-83c1-412c-a86d-a6c54c244a26 None None] Starting request: 10.222.0.20 "PUT /placement/allocations/41932213-4c87-4ee1-909f-50d95297cd64" {{(pid=123038) __call__ /opt/stack/placement/placement/requestlog.py:55}}
Apr 16 21:15:25.709144 ncdv-master-1 devstack@placement-api.service[123037]: DEBUG placement.requestlog [req-a2db4f0a-f315-4f5b-a38c-46b80d3319e1 req-d0483dee-0012-420a-b149-6717a3adbafc None None] Starting request: 10.222.0.41 "GET /placement/allocations/a0602327-eafa-416f-8114-3411e37e2eef" {{(pid=123037) __call__ /opt/stack/placement/placement/requestlog.py:55}}
Apr 16 21:15:25.727601 ncdv-master-1 devstack@placement-api.service[123037]: INFO placement.requestlog [req-a2db4f0a-f315-4f5b-a38c-46b80d3319e1 req-d0483dee-0012-420a-b149-6717a3adbafc service placement] 10.222.0.41 "GET /placement/allocations/a0602327-eafa-416f-8114-3411e37e2eef" status: 200 len: 259 microversion: 1.28
Apr 16 21:15:25.729165 ncdv-master-1 devstack@placement-api.service[123037]: [pid: 123037|app: 0|req: 227/450] 10.222.0.41 () {60 vars in 1377 bytes} [Sat Apr 16 21:15:25 2022] GET /placement/allocations/a0602327-eafa-416f-8114-3411e37e2eef => generated 259 bytes in 20 msecs (HTTP/1.1 200) 8 headers in 296 bytes (1 switches on core 0)
Apr 16 21:15:25.770563 ncdv-master-1 devstack@placement-api.service[123038]: DEBUG placement.handlers.allocation [req-bb434ddd-99f1-4fc1-9f8f-3a96b27f43bf req-6fe17aac-83c1-412c-a86d-a6c54c244a26 service placement] Successfully wrote allocations [, , ] {{(pid=123038) _update_consumers_and_create_allocations /opt/stack/placement/placement/handlers/allocation.py:462}}
Apr 16 21:15:25.833203 ncdv-master-1 devstack@placement-api.service[123038]: INFO placement.requestlog [req-bb434ddd-99f1-4fc1-9f8f-3a96b27f43bf req-6fe17aac-83c1-412c-a86d-a6c54c244a26 service placement] 10.222.0.20 "PUT /placement/allocations/41932213-4c87-4ee1-909f-50d95297cd64" status: 204 len: 0 microversion: 1.36
Apr 16 21:15:25.834217 ncdv-master-1 devstack@placement-api.service[123038]: [pid: 123038|app: 0|req: 224/451] 10.222.0.20 () {64 vars in 1433 bytes} [Sat Apr 16 21:15:25 2022] PUT /placement/allocations/41932213-4c87-4ee1-909f-50d95297cd64 => generated 0 bytes in 235 msecs (HTTP/1.1 204) 5 headers in 199 bytes (1 switches on core 0)
Apr 16 21:15:27.230777 ncdv-master-1 devstack@placement-api.service[123037]: DEBUG placement.requestlog [req-bb434ddd-99f1-4fc1-9f8f-3a96b27f43bf req-716ba069-6bce-496f-a80a-05f9d50b7ece None None] Starting request: 10.222.0.11 "GET /placement/allocations/ae2e0ce1-35a6-4ef8-83f4-44237fe59f65" {{(pid=123037) __call__ /opt/stack/placement/placement/requestlog.py:55}}
Apr 16 21:15:27.273844 ncdv-master-1 devstack@placement-api.service[123037]: INFO placement.requestlog [req-bb434ddd-99f1-4fc1-9f8f-3a96b27f43bf req-716ba069-6bce-496f-a80a-05f9d50b7ece service placement] 10.222.0.11 "GET /placement/allocations/ae2e0ce1-35a6-4ef8-83f4-44237fe59f65" status: 200 len: 259 microversion: 1.28
Apr 16 21:15:27.274502 ncdv-master-1 devstack@placement-api.service[123037]: [pid: 123037|app: 0|req: 228/452] 10.222.0.11 () {60 vars in 1377 bytes} [Sat Apr 16 21:15:27 2022] GET /placement/allocations/ae2e0ce1-35a6-4ef8-83f4-44237fe59f65 => generated 259 bytes in 44 msecs (HTTP/1.1 200) 8 headers in 296 bytes (1 switches on core 0)
Apr 16 21:15:27.988528 ncdv-master-1 devstack@placement-api.service[123038]: DEBUG placement.requestlog [req-bb434ddd-99f1-4fc1-9f8f-3a96b27f43bf req-75ebb40e-9758-4f74-8600-ac031f9c4fc3 None None] Starting request: 10.222.0.11 "GET /placement/allocations/41932213-4c87-4ee1-909f-50d95297cd64" {{(pid=123038) __call__ /opt/stack/placement/placement/requestlog.py:55}}
Apr 16 21:15:28.004345 ncdv-master-1 devstack@placement-api.service[123038]: INFO placement.requestlog [req-bb434ddd-99f1-4fc1-9f8f-3a96b27f43bf req-75ebb40e-9758-4f74-8600-ac031f9c4fc3 service placement] 10.222.0.11 "GET /placement/allocations/41932213-4c87-4ee1-909f-50d95297cd64" status: 200 len: 259 microversion: 1.28
Apr 16 21:15:28.021880 ncdv-master-1 devstack@placement-api.service[123038]: [pid: 123038|app: 0|req: 225/453] 10.222.0.11 () {60 vars in 1377 bytes} [Sat Apr 16 21:15:27 2022] GET /placement/allocations/41932213-4c87-4ee1-909f-50d95297cd64 => generated 259 bytes in 17 msecs (HTTP/1.1 200) 8 headers in 296 bytes (1 switches on core 0)
Apr 16 21:15:28.022078 ncdv-master-1 devstack@placement-api.service[123037]: DEBUG placement.requestlog [req-950e3423-e41f-4722-8cc6-2d717b460c17 req-76b37c2e-976b-466e-8ccb-ffa076c57e17 None None] Starting request: 10.222.0.11 "DELETE /placement/allocations/446a5909-7904-4290-9a61-015b0a1f5d40" {{(pid=123037) __call__ /opt/stack/placement/placement/requestlog.py:55}}
Apr 16 21:15:28.280329 ncdv-master-1 devstack@placement-api.service[123038]: DEBUG placement.requestlog [req-997b6c6e-2cda-4760-82a9-68c49b038f64 req-734b00bc-d8a3-47af-b88e-ab7a1c6cf69a None None] Starting request: 10.222.0.41 "GET /placement/allocations/9ce03e87-6962-45d5-910e-f87b61fef356" {{(pid=123038) __call__ /opt/stack/placement/placement/requestlog.py:55}}
Apr 16 21:15:28.302750 ncdv-master-1 devstack@placement-api.service[123038]: INFO placement.requestlog [req-997b6c6e-2cda-4760-82a9-68c49b038f64 req-734b00bc-d8a3-47af-b88e-ab7a1c6cf69a service placement] 10.222.0.41 "GET /placement/allocations/9ce03e87-6962-45d5-910e-f87b61fef356" status: 200 len: 259 microversion: 1.28
Apr 16 21:15:28.303324 ncdv-master-1 devstack@placement-api.service[123038]: [pid: 123038|app: 0|req: 226/454] 10.222.0.41 () {60 vars in 1377 bytes} [Sat Apr 16 21:15:28 2022] GET /placement/allocations/9ce03e87-6962-45d5-910e-f87b61fef356 => generated 259 bytes in 23 msecs (HTTP/1.1 200) 8 headers in 296 bytes (2 switches on core 0)
Apr 16 21:15:28.305613 ncdv-master-1 devstack@placement-api.service[123037]: DEBUG placement.handlers.allocation [req-950e3423-e41f-4722-8cc6-2d717b460c17 req-76b37c2e-976b-466e-8ccb-ffa076c57e17 service placement] Successfully deleted allocations [, , ] {{(pid=123037) delete_allocations /opt/stack/placement/placement/handlers/allocation.py:627}}
Apr 16 21:15:28.310121 ncdv-master-1 devstack@placement-api.service[123037]: INFO placement.requestlog [req-950e3423-e41f-4722-8cc6-2d717b460c17 req-76b37c2e-976b-466e-8ccb-ffa076c57e17 service placement] 10.222.0.11 "DELETE /placement/allocations/446a5909-7904-4290-9a61-015b0a1f5d40" status: 204 len: 0 microversion: 1.0
Apr 16 21:15:28.310121 ncdv-master-1 devstack@placement-api.service[123037]: [pid: 123037|app: 0|req: 229/455] 10.222.0.11 () {60 vars in 1355 bytes} [Sat Apr 16 21:15:28 2022] DELETE /placement/allocations/446a5909-7904-4290-9a61-015b0a1f5d40 => generated 0 bytes in 294 msecs (HTTP/1.1 204) 5 headers in 198 bytes (1 switches on core 0)
Apr 16 21:15:28.339198 ncdv-master-1 devstack@placement-api.service[123038]: DEBUG placement.requestlog [req-2b5d1a0e-3455-4169-b600-fb608a746a12 req-15a510d7-1072-4114-8d03-c6dae8f8e341 None None] Starting request: 10.222.0.11 "DELETE /placement/allocations/a839aa71-2bd6-4676-8955-1d69072cd7f0" {{(pid=123038) __call__ /opt/stack/placement/placement/requestlog.py:55}}
Apr 16 21:15:28.518226 ncdv-master-1 devstack@placement-api.service[123038]: DEBUG placement.handlers.allocation [req-2b5d1a0e-3455-4169-b600-fb608a746a12 req-15a510d7-1072-4114-8d03-c6dae8f8e341 service placement] Successfully deleted allocations [, , ] {{(pid=123038) delete_allocations /opt/stack/placement/placement/handlers/allocation.py:627}}
Apr 16 21:15:28.518226 ncdv-master-1 devstack@placement-api.service[123038]: INFO placement.requestlog [req-2b5d1a0e-3455-4169-b600-fb608a746a12 req-15a510d7-1072-4114-8d03-c6dae8f8e341 service placement] 10.222.0.11 "DELETE /placement/allocations/a839aa71-2bd6-4676-8955-1d69072cd7f0" status: 204 len: 0 microversion: 1.0
Apr 16 21:15:28.518226 ncdv-master-1 devstack@placement-api.service[123038]: [pid: 123038|app: 0|req: 227/456] 10.222.0.11 () {60 vars in 1355 bytes} [Sat Apr 16 21:15:28 2022] DELETE /placement/allocations/a839aa71-2bd6-4676-8955-1d69072cd7f0 => generated 0 bytes in 184 msecs (HTTP/1.1 204) 5 headers in 198 bytes (1 switches on core 0)
Apr 16 21:15:33.812538 ncdv-master-1 devstack@placement-api.service[123037]: DEBUG placement.requestlog [req-090f703c-64b6-4eb7-aca0-0dbfa14412bc req-b742d409-046b-4fa3-af67-9223980f1de7 None None] Starting request: 10.222.0.11 "GET /placement/allocations/2ab5a58e-fb03-408b-bc96-a55d4595e3cd" {{(pid=123037) __call__ /opt/stack/placement/placement/requestlog.py:55}}
Apr 16 21:15:33.828417 ncdv-master-1 devstack@placement-api.service[123037]: INFO placement.requestlog [req-090f703c-64b6-4eb7-aca0-0dbfa14412bc req-b742d409-046b-4fa3-af67-9223980f1de7 service placement] 10.222.0.11 "GET /placement/allocations/2ab5a58e-fb03-408b-bc96-a55d4595e3cd" status: 200 len: 259 microversion: 1.28
Apr 16 21:15:33.829329 ncdv-master-1 devstack@placement-api.service[123037]: [pid: 123037|app: 0|req: 230/457] 10.222.0.11 () {60 vars in 1377 bytes} [Sat Apr 16 21:15:33 2022] GET /placement/allocations/2ab5a58e-fb03-408b-bc96-a55d4595e3cd => generated 259 bytes in 17 msecs (HTTP/1.1 200) 8 headers in 296 bytes (1 switches on core 0)
Apr 16 21:15:33.835937 ncdv-master-1 devstack@placement-api.service[123038]: DEBUG placement.requestlog [req-090f703c-64b6-4eb7-aca0-0dbfa14412bc req-e83cc189-3264-4a45-b76f-9d271678d044 None None] Starting request: 10.222.0.11 "PUT /placement/allocations/2ab5a58e-fb03-408b-bc96-a55d4595e3cd" {{(pid=123038) __call__ /opt/stack/placement/placement/requestlog.py:55}}
Apr 16 21:15:33.902096 ncdv-master-1 devstack@placement-api.service[123038]: DEBUG placement.handlers.allocation [req-090f703c-64b6-4eb7-aca0-0dbfa14412bc req-e83cc189-3264-4a45-b76f-9d271678d044 service placement] Successfully wrote allocations [, , ] {{(pid=123038) _update_consumers_and_create_allocations /opt/stack/placement/placement/handlers/allocation.py:462}}
Apr 16 21:15:33.996879 ncdv-master-1 devstack@placement-api.service[123038]: INFO placement.requestlog [req-090f703c-64b6-4eb7-aca0-0dbfa14412bc req-e83cc189-3264-4a45-b76f-9d271678d044 service placement] 10.222.0.11 "PUT /placement/allocations/2ab5a58e-fb03-408b-bc96-a55d4595e3cd" status: 204 len: 0 microversion: 1.28
Apr 16 21:15:33.996879 ncdv-master-1 devstack@placement-api.service[123038]: [pid: 123038|app: 0|req: 228/458] 10.222.0.11 () {64 vars in 1430 bytes} [Sat Apr 16 21:15:33 2022] PUT /placement/allocations/2ab5a58e-fb03-408b-bc96-a55d4595e3cd => generated 0 bytes in 156 msecs (HTTP/1.1 204) 5 headers in 199 bytes (2 switches on core 0)
Apr 16 21:15:35.806754 ncdv-master-1 devstack@placement-api.service[123037]: DEBUG placement.requestlog [req-8ccfafbf-878c-4218-917e-2862da535a33 req-06c1c9d1-209b-4d68-87d0-8d0af4257245 None None] Starting request: 10.222.0.20 "GET /placement/allocation_candidates?limit=1000&resources=DISK_GB%3A1%2CMEMORY_MB%3A1024%2CVCPU%3A1&root_required=%21COMPUTE_STATUS_DISABLED" {{(pid=123037) __call__ /opt/stack/placement/placement/requestlog.py:55}}
Apr 16 21:15:35.852948 ncdv-master-1 devstack@placement-api.service[123037]: DEBUG placement.objects.research_context [req-8ccfafbf-878c-4218-917e-2862da535a33 req-06c1c9d1-209b-4d68-87d0-8d0af4257245 service placement] getting providers with 1 DISK_GB {{(pid=123037) __init__ /opt/stack/placement/placement/objects/research_context.py:136}}
Apr 16 21:15:35.859844 ncdv-master-1 devstack@placement-api.service[123037]: DEBUG placement.objects.research_context [req-8ccfafbf-878c-4218-917e-2862da535a33 req-06c1c9d1-209b-4d68-87d0-8d0af4257245 service placement] getting providers with 1024 MEMORY_MB {{(pid=123037) __init__ /opt/stack/placement/placement/objects/research_context.py:136}}
Apr 16 21:15:35.867317 ncdv-master-1 devstack@placement-api.service[123037]: DEBUG placement.objects.research_context [req-8ccfafbf-878c-4218-917e-2862da535a33 req-06c1c9d1-209b-4d68-87d0-8d0af4257245 service placement] getting providers with 1 VCPU {{(pid=123037) __init__ /opt/stack/placement/placement/objects/research_context.py:136}}
Apr 16 21:15:35.876609 ncdv-master-1 devstack@placement-api.service[123037]: DEBUG placement.objects.research_context [req-8ccfafbf-878c-4218-917e-2862da535a33 req-06c1c9d1-209b-4d68-87d0-8d0af4257245 service placement] found 2 providers with available 1 DISK_GB {{(pid=123037) get_provider_ids_matching /opt/stack/placement/placement/objects/research_context.py:563}}
Apr 16 21:15:35.876956 ncdv-master-1 devstack@placement-api.service[123037]: DEBUG placement.objects.research_context [req-8ccfafbf-878c-4218-917e-2862da535a33 req-06c1c9d1-209b-4d68-87d0-8d0af4257245 service placement] found 2 providers with available 1024 MEMORY_MB {{(pid=123037) get_provider_ids_matching /opt/stack/placement/placement/objects/research_context.py:563}}
Apr 16 21:15:35.877219 ncdv-master-1 devstack@placement-api.service[123037]: DEBUG placement.objects.research_context [req-8ccfafbf-878c-4218-917e-2862da535a33 req-06c1c9d1-209b-4d68-87d0-8d0af4257245 service placement] found 2 providers after filtering by previous result {{(pid=123037) get_provider_ids_matching /opt/stack/placement/placement/objects/research_context.py:594}}
Apr 16 21:15:35.877485 ncdv-master-1 devstack@placement-api.service[123037]: DEBUG placement.objects.research_context [req-8ccfafbf-878c-4218-917e-2862da535a33 req-06c1c9d1-209b-4d68-87d0-8d0af4257245 service placement] found 2 providers with available 1 VCPU {{(pid=123037) get_provider_ids_matching /opt/stack/placement/placement/objects/research_context.py:563}}
Apr 16 21:15:35.877753 ncdv-master-1 devstack@placement-api.service[123037]: DEBUG placement.objects.research_context [req-8ccfafbf-878c-4218-917e-2862da535a33 req-06c1c9d1-209b-4d68-87d0-8d0af4257245 service placement] found 2 providers after filtering by previous result {{(pid=123037) get_provider_ids_matching /opt/stack/placement/placement/objects/research_context.py:594}}
Apr 16 21:15:35.892120 ncdv-master-1 devstack@placement-api.service[123037]: DEBUG placement.objects.allocation_candidate [req-8ccfafbf-878c-4218-917e-2862da535a33 req-06c1c9d1-209b-4d68-87d0-8d0af4257245 service placement] RequestGroup(use_same_provider=False, resources={DISK_GB:1, MEMORY_MB:1024, VCPU:1}, traits=(), aggregates=[]) (suffix '') returned 2 matches {{(pid=123037) _get_by_requests /opt/stack/placement/placement/objects/allocation_candidate.py:156}}
Apr 16 21:15:35.893400 ncdv-master-1 devstack@placement-api.service[123037]: DEBUG placement.objects.allocation_candidate [req-8ccfafbf-878c-4218-917e-2862da535a33 req-06c1c9d1-209b-4d68-87d0-8d0af4257245 service placement] Merging candidates yields 2 allocation requests and 2 provider summaries {{(pid=123037) _merge_candidates /opt/stack/placement/placement/objects/allocation_candidate.py:809}}
Apr 16 21:15:35.896156 ncdv-master-1 devstack@placement-api.service[123037]: INFO placement.requestlog [req-8ccfafbf-878c-4218-917e-2862da535a33 req-06c1c9d1-209b-4d68-87d0-8d0af4257245 service placement] 10.222.0.20 "GET /placement/allocation_candidates?limit=1000&resources=DISK_GB%3A1%2CMEMORY_MB%3A1024%2CVCPU%3A1&root_required=%21COMPUTE_STATUS_DISABLED" status: 200 len: 1309 microversion: 1.36
Apr 16 21:15:35.897097 ncdv-master-1 devstack@placement-api.service[123037]: [pid: 123037|app: 0|req: 231/459] 10.222.0.20 () {60 vars in 1506 bytes} [Sat Apr 16 21:15:35 2022] GET /placement/allocation_candidates?limit=1000&resources=DISK_GB%3A1%2CMEMORY_MB%3A1024%2CVCPU%3A1&root_required=%21COMPUTE_STATUS_DISABLED => generated 1309 bytes in 90 msecs (HTTP/1.1 200) 8 headers in 297 bytes (1 switches on core 0)
Apr 16 21:15:35.971507 ncdv-master-1 devstack@placement-api.service[123038]: DEBUG placement.requestlog [req-8ccfafbf-878c-4218-917e-2862da535a33 req-862180b7-e2e3-4a78-93ac-b4c96c5a63ed None None] Starting request: 10.222.0.20 "GET /placement/allocations/2389c37c-30cc-4355-a3a2-44653cb17fd6" {{(pid=123038) __call__ /opt/stack/placement/placement/requestlog.py:55}}
Apr 16 21:15:35.983134 ncdv-master-1 devstack@placement-api.service[123038]: INFO placement.requestlog [req-8ccfafbf-878c-4218-917e-2862da535a33 req-862180b7-e2e3-4a78-93ac-b4c96c5a63ed service placement] 10.222.0.20 "GET /placement/allocations/2389c37c-30cc-4355-a3a2-44653cb17fd6" status: 200 len: 19 microversion: 1.28
Apr 16 21:15:35.984066 ncdv-master-1 devstack@placement-api.service[123038]: [pid: 123038|app: 0|req: 229/460] 10.222.0.20 () {60 vars in 1380 bytes} [Sat Apr 16 21:15:35 2022] GET /placement/allocations/2389c37c-30cc-4355-a3a2-44653cb17fd6 => generated 19 bytes in 13 msecs (HTTP/1.1 200) 8 headers in 295 bytes (1 switches on core 0)
Apr 16 21:15:35.989606 ncdv-master-1 devstack@placement-api.service[123037]: DEBUG placement.requestlog [req-8ccfafbf-878c-4218-917e-2862da535a33 req-14b59ffa-a9d8-4dfd-bad4-988edfce7866 None None] Starting request: 10.222.0.20 "PUT /placement/allocations/2389c37c-30cc-4355-a3a2-44653cb17fd6" {{(pid=123037) __call__ /opt/stack/placement/placement/requestlog.py:55}}
Apr 16 21:15:36.119683 ncdv-master-1 devstack@placement-api.service[123037]: DEBUG placement.handlers.allocation [req-8ccfafbf-878c-4218-917e-2862da535a33 req-14b59ffa-a9d8-4dfd-bad4-988edfce7866 service placement] Successfully wrote allocations [, , ] {{(pid=123037) _update_consumers_and_create_allocations /opt/stack/placement/placement/handlers/allocation.py:462}}
Apr 16 21:15:36.199191 ncdv-master-1 devstack@placement-api.service[123037]: INFO placement.requestlog [req-8ccfafbf-878c-4218-917e-2862da535a33 req-14b59ffa-a9d8-4dfd-bad4-988edfce7866 service placement] 10.222.0.20 "PUT /placement/allocations/2389c37c-30cc-4355-a3a2-44653cb17fd6" status: 204 len: 0 microversion: 1.36
Apr 16 21:15:36.200147 ncdv-master-1 devstack@placement-api.service[123037]: [pid: 123037|app: 0|req: 232/461] 10.222.0.20 () {64 vars in 1433 bytes} [Sat Apr 16 21:15:35 2022] PUT /placement/allocations/2389c37c-30cc-4355-a3a2-44653cb17fd6 => generated 0 bytes in 211 msecs (HTTP/1.1 204) 5 headers in 199 bytes (2 switches on core 0)
Apr 16 21:15:37.302345 ncdv-master-1 devstack@placement-api.service[123038]: DEBUG placement.requestlog [req-8ccfafbf-878c-4218-917e-2862da535a33 req-5e4949ca-687d-4068-a0bc-3635c5da7816 None None] Starting request: 10.222.0.11 "GET /placement/allocations/2389c37c-30cc-4355-a3a2-44653cb17fd6" {{(pid=123038) __call__ /opt/stack/placement/placement/requestlog.py:55}}
Apr 16 21:15:37.317729 ncdv-master-1 devstack@placement-api.service[123038]: INFO placement.requestlog [req-8ccfafbf-878c-4218-917e-2862da535a33 req-5e4949ca-687d-4068-a0bc-3635c5da7816 service placement] 10.222.0.11 "GET /placement/allocations/2389c37c-30cc-4355-a3a2-44653cb17fd6" status: 200 len: 259 microversion: 1.28
Apr 16 21:15:37.318649 ncdv-master-1 devstack@placement-api.service[123038]: [pid: 123038|app: 0|req: 230/462] 10.222.0.11 () {60 vars in 1377 bytes} [Sat Apr 16 21:15:37 2022] GET /placement/allocations/2389c37c-30cc-4355-a3a2-44653cb17fd6 => generated 259 bytes in 16 msecs (HTTP/1.1 200) 8 headers in 296 bytes (1 switches on core 0)
Apr 16 21:15:38.071867 ncdv-master-1 devstack@placement-api.service[123037]: DEBUG placement.requestlog [req-5c18be69-f98c-4430-894f-c57e9ae12ddc req-06c2d30f-4721-4974-851c-fae2830fd835 None None] Starting request: 10.222.0.20 "GET /placement/allocation_candidates?limit=1000&resources=DISK_GB%3A1%2CMEMORY_MB%3A1024%2CVCPU%3A1&root_required=%21COMPUTE_STATUS_DISABLED" {{(pid=123037) __call__ /opt/stack/placement/placement/requestlog.py:55}}
Apr 16 21:15:38.114294 ncdv-master-1 devstack@placement-api.service[123037]: DEBUG placement.objects.research_context [req-5c18be69-f98c-4430-894f-c57e9ae12ddc req-06c2d30f-4721-4974-851c-fae2830fd835 service placement] getting providers with 1 DISK_GB {{(pid=123037) __init__ /opt/stack/placement/placement/objects/research_context.py:136}}
