Apr 02 20:51:47.133444 ncdv-master-1 neutron-server[121648]: DEBUG neutron_lib.callbacks.manager [req-2c4b17f4-008a-4721-992c-865be3e4e80b req-b1398faf-2314-45b8-b0a1-03919927d387 service neutron] Publish callbacks ['neutron.plugins.ml2.plugin.SecurityGroupServerNotifierRpcMixin._notify_sg_on_port_change-2015742', 'neutron.plugins.ml2.ovo_rpc._ObjectChangeHandler.handle_event-227388', 'neutron.api.rpc.agentnotifiers.dhcp_rpc_agent_api.DhcpAgentNotifyAPI._native_event_send_dhcp_notification-617423', 'neutron.db.l3_db.L3RpcNotifierMixin._notify_gateway_port_ip_changed-8759661891063', 'neutron.db.l3_dvrscheduler_db._notify_l3_agent_port_update-8759661496324', 'neutron.db.l3_hascheduler_db._notify_l3_agent_ha_port_update-8759661496342', 'neutron.services.segments.plugin.NovaSegmentNotifier._notify_port_updated-14005275'] for port (7af56c27-53b5-4df3-9e0f-085bb8d51a15), after_update {{(pid=121648) _notify_loop /usr/local/lib/python3.8/dist-packages/neutron_lib/callbacks/manager.py:176}}
Apr 02 20:51:47.141977 ncdv-master-1 neutron-server[121650]: DEBUG neutron.plugins.ml2.plugin [None req-9ca7fce6-6a7d-4095-aeed-3f6f8e4c639d None None] Current status of the port 79a10574-634e-4c17-a67f-5aae32fa1542 is: DOWN; New status is: ACTIVE {{(pid=121650) _update_individual_port_db_status /opt/stack/neutron/neutron/plugins/ml2/plugin.py:2256}}
Apr 02 20:51:47.142370 ncdv-master-1 neutron-server[121650]: DEBUG neutron_lib.callbacks.manager [None req-9ca7fce6-6a7d-4095-aeed-3f6f8e4c639d None None] Publish callbacks ['neutron.plugins.ml2.plugin.SecurityGroupDbMixin._ensure_default_security_group_handler-2015679'] for port (79a10574-634e-4c17-a67f-5aae32fa1542), before_update {{(pid=121650) _notify_loop /usr/local/lib/python3.8/dist-packages/neutron_lib/callbacks/manager.py:176}}
Apr 02 20:51:47.262670 ncdv-master-1 neutron-server[121648]: DEBUG neutron.api.rpc.handlers.resources_rpc [None req-b1398faf-2314-45b8-b0a1-03919927d387 service neutron] Pushing event updated for resources: {'Port': ['ID=7af56c27-53b5-4df3-9e0f-085bb8d51a15,revision_number=2']} {{(pid=121648) push /opt/stack/neutron/neutron/api/rpc/handlers/resources_rpc.py:237}}
Apr 02 20:51:47.292869 ncdv-master-1 neutron-server[121650]: DEBUG neutron.plugins.ml2.db [None req-9ca7fce6-6a7d-4095-aeed-3f6f8e4c639d None None] For port 79a10574-634e-4c17-a67f-5aae32fa1542, host ncdv-master-1, got binding levels [PortBindingLevel(driver='openvswitch',host='ncdv-master-1',level=0,port_id=79a10574-634e-4c17-a67f-5aae32fa1542,segment=NetworkSegment(c1be1d6b-31e7-4716-80b6-f76ec877f0dd),segment_id=c1be1d6b-31e7-4716-80b6-f76ec877f0dd)] {{(pid=121650) get_binding_level_objs /opt/stack/neutron/neutron/plugins/ml2/db.py:74}}
Apr 02 20:51:47.300948 ncdv-master-1 neutron-server[121650]: DEBUG neutron_lib.callbacks.manager [None req-9ca7fce6-6a7d-4095-aeed-3f6f8e4c639d None None] Publish callbacks ['neutron.plugins.ml2.plugin.SecurityGroupServerNotifierRpcMixin._notify_sg_on_port_change-2015742', 'neutron.plugins.ml2.ovo_rpc._ObjectChangeHandler.handle_event-227388', 'neutron.api.rpc.agentnotifiers.dhcp_rpc_agent_api.DhcpAgentNotifyAPI._native_event_send_dhcp_notification-617423', 'neutron.db.l3_db.L3RpcNotifierMixin._notify_gateway_port_ip_changed-8759661891063', 'neutron.db.l3_dvrscheduler_db._notify_l3_agent_port_update-8759661496324', 'neutron.db.l3_hascheduler_db._notify_l3_agent_ha_port_update-8759661496342'] for port (79a10574-634e-4c17-a67f-5aae32fa1542), after_update {{(pid=121650) _notify_loop /usr/local/lib/python3.8/dist-packages/neutron_lib/callbacks/manager.py:176}}
Apr 02 20:51:47.301883 ncdv-master-1 neutron-server[121650]: DEBUG neutron.plugins.ml2.rpc [None req-9ca7fce6-6a7d-4095-aeed-3f6f8e4c639d None None] Device d78109dc-2937-4cca-a58e-9b18c71cad73 up at agent ovs-agent-ncdv-master-1 {{(pid=121650) update_device_up /opt/stack/neutron/neutron/plugins/ml2/rpc.py:296}}
Apr 02 20:51:47.494853 ncdv-master-1 neutron-server[121650]: DEBUG neutron.db.provisioning_blocks [None req-9ca7fce6-6a7d-4095-aeed-3f6f8e4c639d None None] Provisioning complete for port d78109dc-2937-4cca-a58e-9b18c71cad73 triggered by entity L2. {{(pid=121650) provisioning_complete /opt/stack/neutron/neutron/db/provisioning_blocks.py:140}}
Apr 02 20:51:47.496311 ncdv-master-1 neutron-server[121650]: DEBUG neutron_lib.callbacks.manager [None req-9ca7fce6-6a7d-4095-aeed-3f6f8e4c639d None None] Publish callbacks ['neutron.plugins.ml2.plugin.Ml2Plugin._port_provisioned-1872197'] for port (d78109dc-2937-4cca-a58e-9b18c71cad73), provisioning_complete {{(pid=121650) _notify_loop /usr/local/lib/python3.8/dist-packages/neutron_lib/callbacks/manager.py:176}}
Apr 02 20:51:47.538775 ncdv-master-1 neutron-server[121650]: DEBUG neutron_lib.callbacks.manager [None req-9fff6946-0b83-4521-b853-92ebe3c68115 None None] Publish callbacks ['neutron.services.segments.db._update_segment_host_mapping_for_agent-8759662041492', 'neutron.plugins.ml2.plugin.Ml2Plugin._retry_binding_revived_agents-1872103'] for agent (77eedaba-f182-45ac-93b4-c8a472658c5a), after_update {{(pid=121650) _notify_loop /usr/local/lib/python3.8/dist-packages/neutron_lib/callbacks/manager.py:176}}
Apr 02 20:51:47.541728 ncdv-master-1 neutron-server[121650]: DEBUG neutron.api.rpc.handlers.resources_rpc [None req-9ca7fce6-6a7d-4095-aeed-3f6f8e4c639d None None] Pushing event updated for resources: {'Port': ['ID=79a10574-634e-4c17-a67f-5aae32fa1542,revision_number=3']} {{(pid=121650) push /opt/stack/neutron/neutron/api/rpc/handlers/resources_rpc.py:237}}
Apr 02 20:51:47.607837 ncdv-master-1 neutron-server[121648]: DEBUG neutron.plugins.ml2.managers [req-2c4b17f4-008a-4721-992c-865be3e4e80b req-b1398faf-2314-45b8-b0a1-03919927d387 service neutron] Attempting to bind port 7af56c27-53b5-4df3-9e0f-085bb8d51a15 on host nch2-master-1 for vnic_type normal with profile {{(pid=121648) bind_port /opt/stack/neutron/neutron/plugins/ml2/managers.py:795}}
Apr 02 20:51:47.609884 ncdv-master-1 neutron-server[121648]: DEBUG neutron.plugins.ml2.managers [req-2c4b17f4-008a-4721-992c-865be3e4e80b req-b1398faf-2314-45b8-b0a1-03919927d387 service neutron] Attempting to bind port 7af56c27-53b5-4df3-9e0f-085bb8d51a15 by drivers openvswitch,hyperv on host nch2-master-1 at level 0 using segments [{'id': '35fac328-6cff-4f2d-a437-86d1ff1c2c77', 'network_type': 'vlan', 'physical_network': 'physnet1', 'segmentation_id': 116, 'network_id': '344aba3b-09ac-4eeb-b477-7d4ffde1af0e'}] {{(pid=121648) _bind_port_level /opt/stack/neutron/neutron/plugins/ml2/managers.py:820}}
Apr 02 20:51:47.612058 ncdv-master-1 neutron-server[121648]: DEBUG neutron.plugins.ml2.drivers.mech_agent [req-2c4b17f4-008a-4721-992c-865be3e4e80b req-b1398faf-2314-45b8-b0a1-03919927d387 service neutron] Attempting to bind port 7af56c27-53b5-4df3-9e0f-085bb8d51a15 on network 344aba3b-09ac-4eeb-b477-7d4ffde1af0e {{(pid=121648) bind_port /opt/stack/neutron/neutron/plugins/ml2/drivers/mech_agent.py:91}}
Apr 02 20:51:47.647592 ncdv-master-1 neutron-server[121648]: DEBUG neutron.plugins.ml2.drivers.mech_agent [req-2c4b17f4-008a-4721-992c-865be3e4e80b req-b1398faf-2314-45b8-b0a1-03919927d387 service neutron] Port 7af56c27-53b5-4df3-9e0f-085bb8d51a15 on network 344aba3b-09ac-4eeb-b477-7d4ffde1af0e not bound, no agent of type Open vSwitch agent registered on host nch2-master-1 {{(pid=121648) bind_port /opt/stack/neutron/neutron/plugins/ml2/drivers/mech_agent.py:103}}
Apr 02 20:51:47.649755 ncdv-master-1 neutron-server[121649]: DEBUG neutron_lib.callbacks.manager [None req-d2bba6b2-2ee5-4f53-8780-d30bef2b9f4d admin admin] Publish callbacks [] for security_group (40def6a1-0679-4589-8c99-31c6d5d07215), precommit_create {{(pid=121649) _notify_loop /usr/local/lib/python3.8/dist-packages/neutron_lib/callbacks/manager.py:176}}
Apr 02 20:51:47.650750 ncdv-master-1 neutron-server[121648]: DEBUG neutron.plugins.ml2.drivers.mech_agent [req-2c4b17f4-008a-4721-992c-865be3e4e80b req-b1398faf-2314-45b8-b0a1-03919927d387 service neutron] Attempting to bind port 7af56c27-53b5-4df3-9e0f-085bb8d51a15 on network 344aba3b-09ac-4eeb-b477-7d4ffde1af0e {{(pid=121648) bind_port /opt/stack/neutron/neutron/plugins/ml2/drivers/mech_agent.py:91}}
Apr 02 20:51:47.665257 ncdv-master-1 neutron-server[121649]: DEBUG neutron_lib.callbacks.manager [None req-d2bba6b2-2ee5-4f53-8780-d30bef2b9f4d admin admin] Publish callbacks ['neutron.plugins.ml2.ovo_rpc._ObjectChangeHandler.handle_event-529914'] for security_group (40def6a1-0679-4589-8c99-31c6d5d07215), after_create {{(pid=121649) _notify_loop /usr/local/lib/python3.8/dist-packages/neutron_lib/callbacks/manager.py:176}}
Apr 02 20:51:47.670991 ncdv-master-1 neutron-server[121650]: DEBUG neutron.plugins.ml2.plugin [None req-9ca7fce6-6a7d-4095-aeed-3f6f8e4c639d None None] Current status of the port d78109dc-2937-4cca-a58e-9b18c71cad73 is: ACTIVE; New status is: ACTIVE {{(pid=121650) _update_individual_port_db_status /opt/stack/neutron/neutron/plugins/ml2/plugin.py:2256}}
Apr 02 20:51:47.683421 ncdv-master-1 neutron-server[121648]: DEBUG neutron.plugins.ml2.drivers.mech_agent [req-2c4b17f4-008a-4721-992c-865be3e4e80b req-b1398faf-2314-45b8-b0a1-03919927d387 service neutron] Checking agent: {'id': '323ab4be-e4ba-45af-96f2-da423a00beb3', 'agent_type': 'HyperV agent', 'binary': 'neutron-hyperv-agent', 'topic': 'N/A', 'host': 'nch2-master-1', 'admin_state_up': True, 'created_at': datetime.datetime(2022, 4, 2, 20, 49, 14), 'started_at': datetime.datetime(2022, 4, 2, 20, 49, 14), 'heartbeat_timestamp': datetime.datetime(2022, 4, 2, 20, 51, 44), 'description': None, 'resources_synced': None, 'availability_zone': None, 'alive': True, 'configurations': {'vswitch_mappings': {'physnet1$': 'br-data'}}, 'resource_versions': {}} {{(pid=121648) bind_port /opt/stack/neutron/neutron/plugins/ml2/drivers/mech_agent.py:110}}
Apr 02 20:51:47.684836 ncdv-master-1 neutron-server[121648]: DEBUG neutron.plugins.ml2.drivers.mech_agent [req-2c4b17f4-008a-4721-992c-865be3e4e80b req-b1398faf-2314-45b8-b0a1-03919927d387 service neutron] Checking segment: {'id': '35fac328-6cff-4f2d-a437-86d1ff1c2c77', 'network_type': 'vlan', 'physical_network': 'physnet1', 'segmentation_id': 116, 'network_id': '344aba3b-09ac-4eeb-b477-7d4ffde1af0e'} for mappings: {'physnet1$': 'br-data'} with network types: ['local', 'flat', 'vlan'] {{(pid=121648) check_segment_for_agent /opt/stack/neutron/neutron/plugins/ml2/drivers/mech_agent.py:373}}
Apr 02 20:51:47.685362 ncdv-master-1 neutron-server[121648]: DEBUG neutron.plugins.ml2.drivers.mech_agent [req-2c4b17f4-008a-4721-992c-865be3e4e80b req-b1398faf-2314-45b8-b0a1-03919927d387 service neutron] Bound using segment: {'id': '35fac328-6cff-4f2d-a437-86d1ff1c2c77', 'network_type': 'vlan', 'physical_network': 'physnet1', 'segmentation_id': 116, 'network_id': '344aba3b-09ac-4eeb-b477-7d4ffde1af0e'} {{(pid=121648) bind_port /opt/stack/neutron/neutron/plugins/ml2/drivers/mech_agent.py:120}}
Apr 02 20:51:47.687619 ncdv-master-1 neutron-server[121648]: DEBUG neutron.plugins.ml2.managers [req-2c4b17f4-008a-4721-992c-865be3e4e80b req-b1398faf-2314-45b8-b0a1-03919927d387 service neutron] Bound port: 7af56c27-53b5-4df3-9e0f-085bb8d51a15, host: nch2-master-1, vif_type: hyperv, vif_details: {"connectivity": "legacy", "port_filter": false}, binding_levels: [{'bound_driver': 'hyperv', 'bound_segment': {'id': '35fac328-6cff-4f2d-a437-86d1ff1c2c77', 'network_type': 'vlan', 'physical_network': 'physnet1', 'segmentation_id': 116, 'network_id': '344aba3b-09ac-4eeb-b477-7d4ffde1af0e'}}] {{(pid=121648) _bind_port_level /opt/stack/neutron/neutron/plugins/ml2/managers.py:932}}
Apr 02 20:51:47.687619 ncdv-master-1 neutron-server[121648]: DEBUG neutron_lib.callbacks.manager [req-2c4b17f4-008a-4721-992c-865be3e4e80b req-b1398faf-2314-45b8-b0a1-03919927d387 service neutron] Publish callbacks ['neutron.plugins.ml2.plugin.SecurityGroupDbMixin._ensure_default_security_group_handler-2015679'] for port (7af56c27-53b5-4df3-9e0f-085bb8d51a15), before_update {{(pid=121648) _notify_loop /usr/local/lib/python3.8/dist-packages/neutron_lib/callbacks/manager.py:176}}
Apr 02 20:51:47.759132 ncdv-master-1 neutron-server[121649]: DEBUG neutron.api.rpc.handlers.resources_rpc [None req-d2bba6b2-2ee5-4f53-8780-d30bef2b9f4d admin admin] Pushing event updated for resources: {'SecurityGroup': ['ID=40def6a1-0679-4589-8c99-31c6d5d07215,revision_number=1']} {{(pid=121649) push /opt/stack/neutron/neutron/api/rpc/handlers/resources_rpc.py:237}}
Apr 02 20:51:47.797761 ncdv-master-1 neutron-server[121649]: DEBUG neutron.scheduler.l3_agent_scheduler [None req-b4b73fef-e173-4aa3-a4eb-1ae817d37b5c admin admin] Router ae7764d6-c8a3-4ee8-a9d5-cd883108b10c is scheduled to L3 agent a63b33db-b456-496c-9f24-f406ba78832c with binding_index 1 {{(pid=121649) bind_router /opt/stack/neutron/neutron/scheduler/l3_agent_scheduler.py:209}}
Apr 02 20:51:47.806422 ncdv-master-1 neutron-server[121649]: INFO neutron.wsgi [None req-d2bba6b2-2ee5-4f53-8780-d30bef2b9f4d admin admin] 10.222.0.18 "GET /v2.0/security-groups?tenant_id=d5e73c0b10434dd19a90d5687673ff8b&name=default HTTP/1.1" status: 200 len: 2996 time: 1.3226106
Apr 02 20:51:47.810508 ncdv-master-1 neutron-server[121648]: DEBUG neutron.wsgi [-] (121648) accepted ('10.222.0.18', 50794) {{(pid=121648) server /usr/local/lib/python3.8/dist-packages/eventlet/wsgi.py:1004}}
Apr 02 20:51:47.863354 ncdv-master-1 neutron-server[121650]: DEBUG neutron.api.rpc.handlers.dhcp_rpc [None req-571a60bf-ad64-4b4c-b919-938a5cca1b29 None None] Network 44f4c1cb-12a2-44bd-91c8-3a9e0505e462 requested from ncdv-master-1 {{(pid=121650) get_network_info /opt/stack/neutron/neutron/api/rpc/handlers/dhcp_rpc.py:191}}
Apr 02 20:51:48.124503 ncdv-master-1 neutron-server[121649]: DEBUG neutron.api.rpc.agentnotifiers.l3_rpc_agent_api [None req-b4b73fef-e173-4aa3-a4eb-1ae817d37b5c admin admin] Notify agent at l3_agent.ncdv-master-1 the message routers_updated {{(pid=121649) _agent_notification /opt/stack/neutron/neutron/api/rpc/agentnotifiers/l3_rpc_agent_api.py:65}}
Apr 02 20:51:48.134105 ncdv-master-1 neutron-server[121651]: DEBUG neutron.api.rpc.handlers.l3_rpc [None req-920264de-f555-45a4-bac5-c34abfd92b6f None None] Sync routers for ids ['ae7764d6-c8a3-4ee8-a9d5-cd883108b10c'] in ncdv-master-1 {{(pid=121651) sync_routers /opt/stack/neutron/neutron/api/rpc/handlers/l3_rpc.py:125}}
Apr 02 20:51:48.155783 ncdv-master-1 neutron-server[121651]: DEBUG neutron.db.l3_dvrscheduler_db [None req-920264de-f555-45a4-bac5-c34abfd92b6f None None] Routers {'ae7764d6-c8a3-4ee8-a9d5-cd883108b10c'} bound to L3 agent in host ncdv-master-1 {{(pid=121651) _get_router_ids_for_agent /opt/stack/neutron/neutron/db/l3_dvrscheduler_db.py:421}}
Apr 02 20:51:48.158468 ncdv-master-1 neutron-server[121651]: DEBUG neutron.db.l3_hamode_db [None req-920264de-f555-45a4-bac5-c34abfd92b6f None None] neutron.services.l3_router.l3_router_plugin.L3RouterPlugin method get_ha_sync_data_for_host called with arguments (, 'ncdv-master-1', Agent(admin_state_up=True,agent_type='L3 agent',availability_zone='nova',binary='neutron-l3-agent',configurations={"agent_mode": "legacy", "ex_gw_ports": 1, "extensions": [], "floating_ips": 0, "handle_internal_only_routers": true, "interface_driver": "openvswitch", "interfaces": 1, "log_agent_heartbeats": false, "routers": 1},created_at=2022-04-02T20:41:25Z,description=,heartbeat_timestamp=2022-04-02T20:51:25Z,host='ncdv-master-1',id=a63b33db-b456-496c-9f24-f406ba78832c,load=0,resource_versions=,resources_synced=,started_at=2022-04-02T20:41:25Z,topic='l3_agent')) {'router_ids': ['ae7764d6-c8a3-4ee8-a9d5-cd883108b10c'], 'active': True} {{(pid=121651) wrapper /usr/local/lib/python3.8/dist-packages/oslo_log/helpers.py:65}}
Apr 02 20:51:48.176061 ncdv-master-1 neutron-server[121649]: DEBUG neutron_lib.callbacks.manager [None req-b4b73fef-e173-4aa3-a4eb-1ae817d37b5c admin admin] Publish callbacks [] for router (None), before_response {{(pid=121649) _notify_loop /usr/local/lib/python3.8/dist-packages/neutron_lib/callbacks/manager.py:176}}
Apr 02 20:51:48.181009 ncdv-master-1 neutron-server[121648]: DEBUG neutron.plugins.ml2.db [req-2c4b17f4-008a-4721-992c-865be3e4e80b req-b1398faf-2314-45b8-b0a1-03919927d387 service neutron] For port 7af56c27-53b5-4df3-9e0f-085bb8d51a15, host nch2-master-1, cleared binding levels {{(pid=121648) clear_binding_levels /opt/stack/neutron/neutron/plugins/ml2/db.py:87}}
Apr 02 20:51:48.187558 ncdv-master-1 neutron-server[121649]: INFO neutron.wsgi [None req-b4b73fef-e173-4aa3-a4eb-1ae817d37b5c admin admin] 10.222.0.18 "POST /v2.0/routers HTTP/1.1" status: 201 len: 935 time: 5.0664413
Apr 02 20:51:48.189226 ncdv-master-1 neutron-server[121649]: DEBUG neutron.wsgi [-] (121649) accepted ('10.222.0.18', 50808) {{(pid=121649) server /usr/local/lib/python3.8/dist-packages/eventlet/wsgi.py:1004}}
Apr 02 20:51:48.222056 ncdv-master-1 neutron-server[121650]: DEBUG neutron.db.provisioning_blocks [None req-28ca95e5-070e-424f-ae41-afdae1a95eb8 None None] Provisioning complete for port 79a10574-634e-4c17-a67f-5aae32fa1542 triggered by entity DHCP. {{(pid=121650) provisioning_complete /opt/stack/neutron/neutron/db/provisioning_blocks.py:140}}
Apr 02 20:51:48.224813 ncdv-master-1 neutron-server[121650]: DEBUG neutron_lib.callbacks.manager [None req-28ca95e5-070e-424f-ae41-afdae1a95eb8 None None] Publish callbacks ['neutron.plugins.ml2.plugin.Ml2Plugin._port_provisioned-1872197'] for port (79a10574-634e-4c17-a67f-5aae32fa1542), provisioning_complete {{(pid=121650) _notify_loop /usr/local/lib/python3.8/dist-packages/neutron_lib/callbacks/manager.py:176}}
Apr 02 20:51:48.248722 ncdv-master-1 neutron-server[121648]: DEBUG neutron.plugins.ml2.db [req-2c4b17f4-008a-4721-992c-865be3e4e80b req-b1398faf-2314-45b8-b0a1-03919927d387 service neutron] For port 7af56c27-53b5-4df3-9e0f-085bb8d51a15, host nch2-master-1, set binding levels [PortBindingLevel(driver='hyperv',host='nch2-master-1',level=0,port_id=7af56c27-53b5-4df3-9e0f-085bb8d51a15,segment=NetworkSegment(35fac328-6cff-4f2d-a437-86d1ff1c2c77),segment_id=35fac328-6cff-4f2d-a437-86d1ff1c2c77)] {{(pid=121648) set_binding_levels /opt/stack/neutron/neutron/plugins/ml2/db.py:59}}
Apr 02 20:51:48.297259 ncdv-master-1 neutron-server[121648]: DEBUG neutron_lib.callbacks.manager [req-2c4b17f4-008a-4721-992c-865be3e4e80b req-b1398faf-2314-45b8-b0a1-03919927d387 service neutron] Publish callbacks ['neutron.plugins.ml2.plugin.SecurityGroupServerNotifierRpcMixin._notify_sg_on_port_change-2015742', 'neutron.plugins.ml2.ovo_rpc._ObjectChangeHandler.handle_event-227388', 'neutron.api.rpc.agentnotifiers.dhcp_rpc_agent_api.DhcpAgentNotifyAPI._native_event_send_dhcp_notification-617423', 'neutron.db.l3_db.L3RpcNotifierMixin._notify_gateway_port_ip_changed-8759661891063', 'neutron.db.l3_dvrscheduler_db._notify_l3_agent_port_update-8759661496324', 'neutron.db.l3_hascheduler_db._notify_l3_agent_ha_port_update-8759661496342', 'neutron.services.segments.plugin.NovaSegmentNotifier._notify_port_updated-14005275'] for port (7af56c27-53b5-4df3-9e0f-085bb8d51a15), after_update {{(pid=121648) _notify_loop /usr/local/lib/python3.8/dist-packages/neutron_lib/callbacks/manager.py:176}}
Apr 02 20:51:48.368158 ncdv-master-1 neutron-server[121648]: DEBUG neutron_lib.callbacks.manager [None req-c494071b-57c5-4398-9146-2e6fa34ce0b5 admin admin] Publish callbacks [] for security_group (40def6a1-0679-4589-8c99-31c6d5d07215), before_delete {{(pid=121648) _notify_loop /usr/local/lib/python3.8/dist-packages/neutron_lib/callbacks/manager.py:176}}
Apr 02 20:51:48.446533 ncdv-master-1 neutron-server[121648]: DEBUG neutron.pecan_wsgi.hooks.policy_enforcement [req-2c4b17f4-008a-4721-992c-865be3e4e80b req-b1398faf-2314-45b8-b0a1-03919927d387 service neutron] Attributes excluded by policy engine: ['standard_attr_id'] {{(pid=121648) _exclude_attributes_by_policy /opt/stack/neutron/neutron/pecan_wsgi/hooks/policy_enforcement.py:255}}
Apr 02 20:51:48.453047 ncdv-master-1 neutron-server[121648]: DEBUG neutron_lib.callbacks.manager [req-2c4b17f4-008a-4721-992c-865be3e4e80b req-b1398faf-2314-45b8-b0a1-03919927d387 service neutron] Publish callbacks ['neutron.notifiers.nova.Notifier._send_nova_notification-162184', 'neutron.api.rpc.agentnotifiers.dhcp_rpc_agent_api.DhcpAgentNotifyAPI._send_dhcp_notification-617465'] for port (None), before_response {{(pid=121648) _notify_loop /usr/local/lib/python3.8/dist-packages/neutron_lib/callbacks/manager.py:176}}
Apr 02 20:51:48.461654 ncdv-master-1 neutron-server[121648]: INFO neutron.wsgi [req-2c4b17f4-008a-4721-992c-865be3e4e80b req-b1398faf-2314-45b8-b0a1-03919927d387 service neutron] 10.222.0.21 "PUT /v2.0/ports/7af56c27-53b5-4df3-9e0f-085bb8d51a15 HTTP/1.1" status: 200 len: 1117 time: 3.1953306
Apr 02 20:51:48.462605 ncdv-master-1 neutron-server[121648]: DEBUG neutron.notifiers.nova [-] Sending events: [{'name': 'network-changed', 'server_uuid': '38f8f353-82ba-4c3e-82f7-792315bda7c6', 'tag': '7af56c27-53b5-4df3-9e0f-085bb8d51a15'}] {{(pid=121648) send_events /opt/stack/neutron/neutron/notifiers/nova.py:271}}
Apr 02 20:51:48.467452 ncdv-master-1 neutron-server[121650]: DEBUG neutron.plugins.ml2.plugin [None req-28ca95e5-070e-424f-ae41-afdae1a95eb8 None None] Current status of the port 79a10574-634e-4c17-a67f-5aae32fa1542 is: ACTIVE; New status is: ACTIVE {{(pid=121650) _update_individual_port_db_status /opt/stack/neutron/neutron/plugins/ml2/plugin.py:2256}}
Apr 02 20:51:48.511105 ncdv-master-1 neutron-server[121648]: DEBUG neutron.pecan_wsgi.hooks.policy_enforcement [req-7749c8dc-cfa9-427a-9f91-5911772c88bf req-47e15af0-eebc-4cfc-acb6-ba7f7ef6d710 tempest-AggregatesAdminTestJSON-1153364545 tempest-AggregatesAdminTestJSON-1153364545-project] Attributes excluded by policy engine: ['standard_attr_id', 'binding:profile', 'binding:host_id', 'binding:vif_type', 'binding:vif_details'] {{(pid=121648) _exclude_attributes_by_policy /opt/stack/neutron/neutron/pecan_wsgi/hooks/policy_enforcement.py:255}}
Apr 02 20:51:48.528855 ncdv-master-1 neutron-server[121648]: INFO neutron.wsgi [req-7749c8dc-cfa9-427a-9f91-5911772c88bf req-47e15af0-eebc-4cfc-acb6-ba7f7ef6d710 tempest-AggregatesAdminTestJSON-1153364545 tempest-AggregatesAdminTestJSON-1153364545-project] 10.222.0.18 "GET /v2.0/ports?device_id=38f8f353-82ba-4c3e-82f7-792315bda7c6 HTTP/1.1" status: 200 len: 969 time: 0.4510453
Apr 02 20:51:48.553923 ncdv-master-1 neutron-server[121648]: DEBUG neutron_lib.callbacks.manager [None req-c494071b-57c5-4398-9146-2e6fa34ce0b5 admin admin] Publish callbacks [] for security_group (40def6a1-0679-4589-8c99-31c6d5d07215), precommit_delete {{(pid=121648) _notify_loop /usr/local/lib/python3.8/dist-packages/neutron_lib/callbacks/manager.py:176}}
Apr 02 20:51:48.576431 ncdv-master-1 neutron-server[121651]: DEBUG neutron.db.l3_dvr_db [None req-920264de-f555-45a4-bac5-c34abfd92b6f None None] Set router ae7764d6-c8a3-4ee8-a9d5-cd883108b10c gateway port host: ncdv-master-1 {{(pid=121651) _build_routers_list /opt/stack/neutron/neutron/db/l3_dvr_db.py:906}}
Apr 02 20:51:48.606730 ncdv-master-1 neutron-server[121648]: DEBUG neutron.api.rpc.handlers.resources_rpc [None req-b1398faf-2314-45b8-b0a1-03919927d387 service neutron] Pushing event updated for resources: {'Port': ['ID=7af56c27-53b5-4df3-9e0f-085bb8d51a15,revision_number=3']} {{(pid=121648) push /opt/stack/neutron/neutron/api/rpc/handlers/resources_rpc.py:237}}
Apr 02 20:51:48.627596 ncdv-master-1 neutron-server[121650]: DEBUG neutron.plugins.ml2.rpc [None req-9ca7fce6-6a7d-4095-aeed-3f6f8e4c639d None None] Device 79a10574-634e-4c17-a67f-5aae32fa1542 up at agent ovs-agent-ncdv-master-1 {{(pid=121650) update_device_up /opt/stack/neutron/neutron/plugins/ml2/rpc.py:296}}
Apr 02 20:51:48.803479 ncdv-master-1 neutron-server[121650]: DEBUG neutron.db.provisioning_blocks [None req-9ca7fce6-6a7d-4095-aeed-3f6f8e4c639d None None] Provisioning complete for port 79a10574-634e-4c17-a67f-5aae32fa1542 triggered by entity L2. {{(pid=121650) provisioning_complete /opt/stack/neutron/neutron/db/provisioning_blocks.py:140}}
Apr 02 20:51:48.803940 ncdv-master-1 neutron-server[121650]: DEBUG neutron_lib.callbacks.manager [None req-9ca7fce6-6a7d-4095-aeed-3f6f8e4c639d None None] Publish callbacks ['neutron.plugins.ml2.plugin.Ml2Plugin._port_provisioned-1872197'] for port (79a10574-634e-4c17-a67f-5aae32fa1542), provisioning_complete {{(pid=121650) _notify_loop /usr/local/lib/python3.8/dist-packages/neutron_lib/callbacks/manager.py:176}}
Apr 02 20:51:49.044531 ncdv-master-1 neutron-server[121648]: DEBUG neutron.pecan_wsgi.hooks.policy_enforcement [req-2c4b17f4-008a-4721-992c-865be3e4e80b req-2f0a49c1-89ff-41a7-8e91-3ed104a46b27 service neutron] Attributes excluded by policy engine: ['standard_attr_id'] {{(pid=121648) _exclude_attributes_by_policy /opt/stack/neutron/neutron/pecan_wsgi/hooks/policy_enforcement.py:255}}
Apr 02 20:51:49.063930 ncdv-master-1 neutron-server[121648]: INFO neutron.wsgi [req-2c4b17f4-008a-4721-992c-865be3e4e80b req-2f0a49c1-89ff-41a7-8e91-3ed104a46b27 service neutron] 10.222.0.21 "GET /v2.0/ports?tenant_id=b9fb7e0a29fc4b53825f8910b80bc992&device_id=38f8f353-82ba-4c3e-82f7-792315bda7c6 HTTP/1.1" status: 200 len: 1151 time: 0.5193660
Apr 02 20:51:49.113121 ncdv-master-1 neutron-server[121650]: DEBUG neutron.plugins.ml2.plugin [None req-9ca7fce6-6a7d-4095-aeed-3f6f8e4c639d None None] Current status of the port 79a10574-634e-4c17-a67f-5aae32fa1542 is: ACTIVE; New status is: ACTIVE {{(pid=121650) _update_individual_port_db_status /opt/stack/neutron/neutron/plugins/ml2/plugin.py:2256}}
Apr 02 20:51:49.168752 ncdv-master-1 neutron-server[121650]: DEBUG neutron.db.provisioning_blocks [None req-d9493fd2-5159-4c8e-a080-71823d23e626 None None] Provisioning complete for port 79a10574-634e-4c17-a67f-5aae32fa1542 triggered by entity DHCP. {{(pid=121650) provisioning_complete /opt/stack/neutron/neutron/db/provisioning_blocks.py:140}}
Apr 02 20:51:49.169383 ncdv-master-1 neutron-server[121650]: DEBUG neutron_lib.callbacks.manager [None req-d9493fd2-5159-4c8e-a080-71823d23e626 None None] Publish callbacks ['neutron.plugins.ml2.plugin.Ml2Plugin._port_provisioned-1872197'] for port (79a10574-634e-4c17-a67f-5aae32fa1542), provisioning_complete {{(pid=121650) _notify_loop /usr/local/lib/python3.8/dist-packages/neutron_lib/callbacks/manager.py:176}}
Apr 02 20:51:49.180627 ncdv-master-1 neutron-server[121651]: DEBUG neutron.db.l3_hamode_db [None req-920264de-f555-45a4-bac5-c34abfd92b6f None None] neutron.services.l3_router.l3_router_plugin.L3RouterPlugin method _process_sync_ha_data called with arguments (, [{'id': 'ae7764d6-c8a3-4ee8-a9d5-cd883108b10c', 'name': 'tempest-ServersWithSpecificFlavorTestJSON-266702035-router', 'tenant_id': '14673cb7d0f940cabbca0f8510bf3545', 'admin_state_up': True, 'status': 'ACTIVE', 'external_gateway_info': {'network_id': '69e968fd-ce84-40ce-a27b-620992c0d153', 'external_fixed_ips': [{'subnet_id': 'cef63af3-5b18-4d76-b178-3f886f1a4940', 'ip_address': '172.35.4.171'}], 'enable_snat': True}, 'gw_port_id': 'd1783229-5784-445d-b450-5a79f357b19e', 'description': '', 'availability_zones': ['nova'], 'distributed': False, 'ha': False, 'ha_vr_id': 0, 'availability_zone_hints': [], 'routes': [], 'flavor_id': None, 'tags': [], 'created_at': '2022-04-02T20:51:43Z', 'updated_at': '2022-04-02T20:51:45Z', 'revision_number': 3, 'project_id': '14673cb7d0f940cabbca0f8510bf3545', 'gw_port': {'id': 'd1783229-5784-445d-b450-5a79f357b19e', 'name': '', 'network_id': '69e968fd-ce84-40ce-a27b-620992c0d153', 'tenant_id': '', 'mac_address': 'fa:16:3e:28:6b:e2', 'admin_state_up': True, 'status': 'DOWN', 'device_id': 'ae7764d6-c8a3-4ee8-a9d5-cd883108b10c', 'device_owner': 'network:router_gateway', 'standard_attr_id': 110, 'fixed_ips': [{'subnet_id': 'cef63af3-5b18-4d76-b178-3f886f1a4940', 'ip_address': '172.35.4.171', 'prefixlen': 24}], 'allowed_address_pairs': [], 'extra_dhcp_opts': [], 'security_groups': [], 'description': '', 'binding:vnic_type': 'normal', 'binding:profile': {}, 'binding:host_id': '', 'binding:vif_type': 'unbound', 'binding:vif_details': {}, 'port_security_enabled': False, 'tags': [], 'created_at': '2022-04-02T20:51:44Z', 'updated_at': '2022-04-02T20:51:44Z', 'revision_number': 1, 'project_id': '', 'subnets': [{'id': 'cef63af3-5b18-4d76-b178-3f886f1a4940', 'cidr': '172.35.4.0/24', 'gateway_ip': '172.35.4.1', 'dns_nameservers': [], 'ipv6_ra_mode': None, 'subnetpool_id': None}], 'extra_subnets': [], 'address_scopes': {4: None, 6: None}, 'mtu': 1500}, 'enable_snat': True, 'gw_port_host': 'ncdv-master-1'}], 'ncdv-master-1', False) {} {{(pid=121651) wrapper /usr/local/lib/python3.8/dist-packages/oslo_log/helpers.py:65}}
Apr 02 20:51:49.290618 ncdv-master-1 neutron-server[121651]: DEBUG neutron.api.rpc.handlers.l3_rpc [None req-920264de-f555-45a4-bac5-c34abfd92b6f None None] Checking router: ae7764d6-c8a3-4ee8-a9d5-cd883108b10c for host: ncdv-master-1 {{(pid=121651) _ensure_host_set_on_ports /opt/stack/neutron/neutron/api/rpc/handlers/l3_rpc.py:155}}
Apr 02 20:51:49.290968 ncdv-master-1 neutron-server[121651]: DEBUG neutron.api.rpc.handlers.l3_rpc [None req-920264de-f555-45a4-bac5-c34abfd92b6f None None] Updating router ae7764d6-c8a3-4ee8-a9d5-cd883108b10c port d1783229-5784-445d-b450-5a79f357b19e binding host ncdv-master-1 {{(pid=121651) _ensure_host_set_on_port /opt/stack/neutron/neutron/api/rpc/handlers/l3_rpc.py:205}}
Apr 02 20:51:49.331918 ncdv-master-1 neutron-server[121651]: DEBUG neutron_lib.callbacks.manager [None req-920264de-f555-45a4-bac5-c34abfd92b6f None None] Publish callbacks ['neutron.plugins.ml2.plugin.SecurityGroupDbMixin._ensure_default_security_group_handler-2015679'] for port (d1783229-5784-445d-b450-5a79f357b19e), before_update {{(pid=121651) _notify_loop /usr/local/lib/python3.8/dist-packages/neutron_lib/callbacks/manager.py:176}}
Apr 02 20:51:49.368486 ncdv-master-1 neutron-server[121648]: DEBUG novaclient.v2.client [-] REQ: curl -g -i --cacert "/opt/stack/data/ca-bundle.pem" -X POST http://10.222.0.18/compute/v2.1/os-server-external-events -H "Accept: application/json" -H "Content-Type: application/json" -H "User-Agent: python-novaclient" -H "X-Auth-Token: {SHA256}d357756c14c17d4437d9fc2093eb7d767766fda83457719ef861e1850f5cb841" -H "X-OpenStack-Nova-API-Version: 2.1" -H "X-OpenStack-Request-ID: req-a9a4054f-8d48-4006-83d2-50640258b899" -d '{"events": [{"name": "network-changed", "server_uuid": "38f8f353-82ba-4c3e-82f7-792315bda7c6", "tag": "7af56c27-53b5-4df3-9e0f-085bb8d51a15"}]}' {{(pid=121648) _http_log_request /usr/local/lib/python3.8/dist-packages/keystoneauth1/session.py:519}}
Apr 02 20:51:49.383453 ncdv-master-1 neutron-server[121648]: INFO neutron.wsgi [req-2c4b17f4-008a-4721-992c-865be3e4e80b req-069064f0-5c07-4cfa-b658-9666b4d39132 service neutron] 10.222.0.21 "GET /v2.0/floatingips?fixed_ip_address=192.168.233.45&port_id=7af56c27-53b5-4df3-9e0f-085bb8d51a15 HTTP/1.1" status: 200 len: 217 time: 0.3156793
Apr 02 20:51:49.486666 ncdv-master-1 neutron-server[121650]: DEBUG neutron.plugins.ml2.plugin [None req-d9493fd2-5159-4c8e-a080-71823d23e626 None None] Current status of the port 79a10574-634e-4c17-a67f-5aae32fa1542 is: ACTIVE; New status is: ACTIVE {{(pid=121650) _update_individual_port_db_status /opt/stack/neutron/neutron/plugins/ml2/plugin.py:2256}}
Apr 02 20:51:49.522546 ncdv-master-1 neutron-server[121648]: INFO neutron.wsgi [req-7749c8dc-cfa9-427a-9f91-5911772c88bf req-0bdf3e4d-3d10-4293-aa5a-6df528a29d3f tempest-AggregatesAdminTestJSON-1153364545 tempest-AggregatesAdminTestJSON-1153364545-project] 10.222.0.18 "GET /v2.0/security-groups?id=e43fe8f6-9076-48b3-aff8-4d84bd0d9082&fields=id&fields=name HTTP/1.1" status: 200 len: 286 time: 0.9925709
Apr 02 20:51:49.584618 ncdv-master-1 neutron-server[121648]: DEBUG neutron.pecan_wsgi.hooks.policy_enforcement [req-2c4b17f4-008a-4721-992c-865be3e4e80b req-9d34f846-ed4a-46c2-9401-c02a36f824ca service neutron] Attributes excluded by policy engine: ['standard_attr_id', 'shared', 'segment_id'] {{(pid=121648) _exclude_attributes_by_policy /opt/stack/neutron/neutron/pecan_wsgi/hooks/policy_enforcement.py:255}}
Apr 02 20:51:49.585993 ncdv-master-1 neutron-server[121648]: INFO neutron.wsgi [req-2c4b17f4-008a-4721-992c-865be3e4e80b req-9d34f846-ed4a-46c2-9401-c02a36f824ca service neutron] 10.222.0.21 "GET /v2.0/subnets?id=3ece3c6a-4397-4fca-9e87-16ca9f70f2d1 HTTP/1.1" status: 200 len: 843 time: 0.1869483
Apr 02 20:51:49.605245 ncdv-master-1 neutron-server[121648]: DEBUG neutron_lib.callbacks.manager [None req-c494071b-57c5-4398-9146-2e6fa34ce0b5 admin admin] Publish callbacks ['neutron.plugins.ml2.ovo_rpc._ObjectChangeHandler.handle_event-529914'] for security_group (40def6a1-0679-4589-8c99-31c6d5d07215), after_delete {{(pid=121648) _notify_loop /usr/local/lib/python3.8/dist-packages/neutron_lib/callbacks/manager.py:176}}
Apr 02 20:51:49.609348 ncdv-master-1 neutron-server[121648]: DEBUG neutron_lib.callbacks.manager [None req-c494071b-57c5-4398-9146-2e6fa34ce0b5 admin admin] Publish callbacks [] for security_group (None), before_response {{(pid=121648) _notify_loop /usr/local/lib/python3.8/dist-packages/neutron_lib/callbacks/manager.py:176}}
Apr 02 20:51:49.612850 ncdv-master-1 neutron-server[121648]: INFO neutron.wsgi [None req-c494071b-57c5-4398-9146-2e6fa34ce0b5 admin admin] 10.222.0.18 "DELETE /v2.0/security-groups/40def6a1-0679-4589-8c99-31c6d5d07215 HTTP/1.1" status: 204 len: 168 time: 1.7970817
Apr 02 20:51:49.646766 ncdv-master-1 neutron-server[121651]: DEBUG neutron.db.agents_db [None req-49f5cd3d-8a51-46d3-b83f-3d4371b14564 None None] Agent healthcheck: found 7 active agents {{(pid=121651) agent_health_check /opt/stack/neutron/neutron/db/agents_db.py:317}}
Apr 02 20:51:49.934509 ncdv-master-1 neutron-server[121649]: DEBUG neutron_lib.callbacks.manager [None req-95b87dc2-eb2c-4dc7-8fea-395f4320786b admin admin] Publish callbacks ['neutron.plugins.ml2.plugin.SecurityGroupDbMixin._ensure_default_security_group_handler-2015679'] for port (None), before_create {{(pid=121649) _notify_loop /usr/local/lib/python3.8/dist-packages/neutron_lib/callbacks/manager.py:176}}
Apr 02 20:51:49.951429 ncdv-master-1 neutron-server[121648]: DEBUG neutron.api.rpc.handlers.resources_rpc [None req-c494071b-57c5-4398-9146-2e6fa34ce0b5 admin admin] Pushing event deleted for resources: {'SecurityGroup': ['ID=40def6a1-0679-4589-8c99-31c6d5d07215,revision_number=None']} {{(pid=121648) push /opt/stack/neutron/neutron/api/rpc/handlers/resources_rpc.py:237}}
Apr 02 20:51:50.007987 ncdv-master-1 neutron-server[121648]: DEBUG neutron.pecan_wsgi.hooks.policy_enforcement [req-2c4b17f4-008a-4721-992c-865be3e4e80b req-f90f2b38-e565-46bf-af73-696ccd9607de service neutron] Attributes excluded by policy engine: ['standard_attr_id'] {{(pid=121648) _exclude_attributes_by_policy /opt/stack/neutron/neutron/pecan_wsgi/hooks/policy_enforcement.py:255}}
Apr 02 20:51:50.010228 ncdv-master-1 neutron-server[121648]: INFO neutron.wsgi [req-2c4b17f4-008a-4721-992c-865be3e4e80b req-f90f2b38-e565-46bf-af73-696ccd9607de service neutron] 10.222.0.21 "GET /v2.0/ports?network_id=344aba3b-09ac-4eeb-b477-7d4ffde1af0e&device_owner=network%3Adhcp HTTP/1.1" status: 200 len: 1204 time: 0.3959353
Apr 02 20:51:50.052211 ncdv-master-1 neutron-server[121648]: DEBUG novaclient.v2.client [-] RESP: [200] Connection: close Content-Length: 179 Content-Type: application/json Date: Sat, 02 Apr 2022 20:51:49 GMT OpenStack-API-Version: compute 2.1 Server: Apache/2.4.41 (Ubuntu) Vary: OpenStack-API-Version,X-OpenStack-Nova-API-Version X-OpenStack-Nova-API-Version: 2.1 x-compute-request-id: req-1cc616d8-86ad-458a-af89-bca0f7081663 x-openstack-request-id: req-1cc616d8-86ad-458a-af89-bca0f7081663 {{(pid=121648) _http_log_response /usr/local/lib/python3.8/dist-packages/keystoneauth1/session.py:550}}
Apr 02 20:51:50.053381 ncdv-master-1 neutron-server[121648]: DEBUG novaclient.v2.client [-] RESP BODY: {"events": [{"name": "network-changed", "server_uuid": "38f8f353-82ba-4c3e-82f7-792315bda7c6", "tag": "7af56c27-53b5-4df3-9e0f-085bb8d51a15", "status": "completed", "code": 200}]} {{(pid=121648) _http_log_response /usr/local/lib/python3.8/dist-packages/keystoneauth1/session.py:582}}
Apr 02 20:51:50.053825 ncdv-master-1 neutron-server[121648]: DEBUG novaclient.v2.client [-] POST call to compute for http://10.222.0.18/compute/v2.1/os-server-external-events used request id req-1cc616d8-86ad-458a-af89-bca0f7081663 {{(pid=121648) request /usr/local/lib/python3.8/dist-packages/keystoneauth1/session.py:954}}
Apr 02 20:51:50.054885 ncdv-master-1 neutron-server[121648]: INFO neutron.notifiers.nova [-] Nova event matching ['req-1cc616d8-86ad-458a-af89-bca0f7081663'] response: {'name': 'network-changed', 'server_uuid': '38f8f353-82ba-4c3e-82f7-792315bda7c6', 'tag': '7af56c27-53b5-4df3-9e0f-085bb8d51a15', 'status': 'completed', 'code': 200}
Apr 02 20:51:50.086247 ncdv-master-1 neutron-server[121648]: DEBUG neutron.wsgi [-] (121648) accepted ('10.222.0.18', 50868) {{(pid=121648) server /usr/local/lib/python3.8/dist-packages/eventlet/wsgi.py:1004}}
Apr 02 20:51:50.116099 ncdv-master-1 neutron-server[121651]: DEBUG neutron_lib.callbacks.manager [None req-920264de-f555-45a4-bac5-c34abfd92b6f None None] Publish callbacks [] for port (d1783229-5784-445d-b450-5a79f357b19e), precommit_update {{(pid=121651) _notify_loop /usr/local/lib/python3.8/dist-packages/neutron_lib/callbacks/manager.py:176}}
Apr 02 20:51:50.125747 ncdv-master-1 neutron-server[121651]: DEBUG neutron_lib.callbacks.manager [None req-920264de-f555-45a4-bac5-c34abfd92b6f None None] Publish callbacks ['neutron.plugins.ml2.plugin.SecurityGroupServerNotifierRpcMixin._notify_sg_on_port_change-2015742', 'neutron.plugins.ml2.ovo_rpc._ObjectChangeHandler.handle_event-227388', 'neutron.api.rpc.agentnotifiers.dhcp_rpc_agent_api.DhcpAgentNotifyAPI._native_event_send_dhcp_notification-617423', 'neutron.db.l3_db.L3RpcNotifierMixin._notify_gateway_port_ip_changed-8759661891063', 'neutron.db.l3_dvrscheduler_db._notify_l3_agent_port_update-8759661496324', 'neutron.db.l3_hascheduler_db._notify_l3_agent_ha_port_update-8759661496342'] for port (d1783229-5784-445d-b450-5a79f357b19e), after_update {{(pid=121651) _notify_loop /usr/local/lib/python3.8/dist-packages/neutron_lib/callbacks/manager.py:176}}
Apr 02 20:51:50.221683 ncdv-master-1 neutron-server[121651]: DEBUG neutron.api.rpc.handlers.resources_rpc [None req-f1b1afe3-16f2-4383-8f15-f4cb321dade3 None None] Pushing event updated for resources: {'Port': ['ID=d1783229-5784-445d-b450-5a79f357b19e,revision_number=2']} {{(pid=121651) push /opt/stack/neutron/neutron/api/rpc/handlers/resources_rpc.py:237}}
Apr 02 20:51:50.271441 ncdv-master-1 neutron-server[121651]: DEBUG neutron.plugins.ml2.managers [None req-920264de-f555-45a4-bac5-c34abfd92b6f None None] Attempting to bind port d1783229-5784-445d-b450-5a79f357b19e on host ncdv-master-1 for vnic_type normal with profile {{(pid=121651) bind_port /opt/stack/neutron/neutron/plugins/ml2/managers.py:795}}
Apr 02 20:51:50.272160 ncdv-master-1 neutron-server[121651]: DEBUG neutron.plugins.ml2.managers [None req-920264de-f555-45a4-bac5-c34abfd92b6f None None] Attempting to bind port d1783229-5784-445d-b450-5a79f357b19e by drivers openvswitch,hyperv on host ncdv-master-1 at level 0 using segments [{'id': '35b05935-d67e-46ba-8bb7-6aad85a10754', 'network_type': 'flat', 'physical_network': 'physnet1', 'segmentation_id': None, 'network_id': '69e968fd-ce84-40ce-a27b-620992c0d153'}] {{(pid=121651) _bind_port_level /opt/stack/neutron/neutron/plugins/ml2/managers.py:820}}
Apr 02 20:51:50.275739 ncdv-master-1 neutron-server[121651]: DEBUG neutron.plugins.ml2.drivers.mech_agent [None req-920264de-f555-45a4-bac5-c34abfd92b6f None None] Attempting to bind port d1783229-5784-445d-b450-5a79f357b19e on network 69e968fd-ce84-40ce-a27b-620992c0d153 {{(pid=121651) bind_port /opt/stack/neutron/neutron/plugins/ml2/drivers/mech_agent.py:91}}
Apr 02 20:51:50.281736 ncdv-master-1 neutron-server[121648]: INFO neutron.wsgi [req-2c4b17f4-008a-4721-992c-865be3e4e80b req-587fea65-da99-4625-afe0-02f2032b8a72 service neutron] 10.222.0.21 "GET /v2.0/networks/344aba3b-09ac-4eeb-b477-7d4ffde1af0e?fields=segments HTTP/1.1" status: 200 len: 212 time: 0.1938105
Apr 02 20:51:50.288542 ncdv-master-1 neutron-server[121651]: DEBUG neutron.plugins.ml2.drivers.mech_agent [None req-920264de-f555-45a4-bac5-c34abfd92b6f None None] Checking agent: {'id': 'd6ce76f7-c544-4a33-88d1-2afc516d1505', 'agent_type': 'Open vSwitch agent', 'binary': 'neutron-openvswitch-agent', 'topic': 'N/A', 'host': 'ncdv-master-1', 'admin_state_up': True, 'created_at': datetime.datetime(2022, 4, 2, 20, 41, 29), 'started_at': datetime.datetime(2022, 4, 2, 20, 41, 59), 'heartbeat_timestamp': datetime.datetime(2022, 4, 2, 20, 51, 29), 'description': None, 'resources_synced': None, 'availability_zone': None, 'alive': True, 'configurations': {'arp_responder_enabled': False, 'baremetal_smartnic': False, 'bridge_mappings': {'physnet1': 'br-data'}, 'datapath_type': 'system', 'devices': 0, 'enable_distributed_routing': False, 'extensions': [], 'in_distributed_mode': False, 'integration_bridge': 'br-int', 'l2_population': False, 'log_agent_heartbeats': False, 'ovs_capabilities': {'datapath_types': ['netdev', 'system'], 'iface_types': ['erspan', 'geneve', 'gre', 'internal', 'ip6erspan', 'ip6gre', 'lisp', 'patch', 'stt', 'system', 'tap', 'vxlan']}, 'ovs_hybrid_plug': False, 'resource_provider_bandwidths': {}, 'resource_provider_hypervisors': {'br-data': 'ncdv-master-1'}, 'resource_provider_inventory_defaults': {'allocation_ratio': 1.0, 'min_unit': 1, 'step_size': 1, 'reserved': 0}, 'resource_provider_packet_processing_inventory_defaults': {'allocation_ratio': 1.0, 'min_unit': 1, 'step_size': 1, 'reserved': 0}, 'resource_provider_packet_processing_with_direction': {}, 'resource_provider_packet_processing_without_direction': {}, 'tunnel_types': [], 'tunneling_ip': None, 'vhostuser_socket_dir': '/var/run/openvswitch'}, 'resource_versions': {'AddressGroup': '1.2', 'Agent': '1.1', 'ConntrackHelper': '1.0', 'LocalIPAssociation': '1.0', 'Log': '1.0', 'NDPProxy': '1.0', 'Network': '1.1', 'Port': '1.7', 'PortForwarding': '1.3', 'QosPolicy': '1.10', 'SecurityGroup': '1.5', 'SecurityGroupRule': '1.2', 'SubPort': '1.0', 'Subnet': '1.1', 'Trunk': '1.1'}} {{(pid=121651) bind_port /opt/stack/neutron/neutron/plugins/ml2/drivers/mech_agent.py:110}}
Apr 02 20:51:50.289517 ncdv-master-1 neutron-server[121651]: DEBUG neutron.plugins.ml2.drivers.mech_agent [None req-920264de-f555-45a4-bac5-c34abfd92b6f None None] Checking segment: {'id': '35b05935-d67e-46ba-8bb7-6aad85a10754', 'network_type': 'flat', 'physical_network': 'physnet1', 'segmentation_id': None, 'network_id': '69e968fd-ce84-40ce-a27b-620992c0d153'} for mappings: {'physnet1': 'br-data'} with network types: ['local', 'flat', 'vlan'] {{(pid=121651) check_segment_for_agent /opt/stack/neutron/neutron/plugins/ml2/drivers/mech_agent.py:373}}
Apr 02 20:51:50.290215 ncdv-master-1 neutron-server[121651]: DEBUG neutron_lib.callbacks.manager [None req-920264de-f555-45a4-bac5-c34abfd92b6f None None] Publish callbacks [] for ovs_bridge_name (None), before_read {{(pid=121651) _notify_loop /usr/local/lib/python3.8/dist-packages/neutron_lib/callbacks/manager.py:176}}
Apr 02 20:51:50.290817 ncdv-master-1 neutron-server[121651]: DEBUG neutron.plugins.ml2.drivers.mech_agent [None req-920264de-f555-45a4-bac5-c34abfd92b6f None None] Bound using segment: {'id': '35b05935-d67e-46ba-8bb7-6aad85a10754', 'network_type': 'flat', 'physical_network': 'physnet1', 'segmentation_id': None, 'network_id': '69e968fd-ce84-40ce-a27b-620992c0d153'} {{(pid=121651) bind_port /opt/stack/neutron/neutron/plugins/ml2/drivers/mech_agent.py:120}}
Apr 02 20:51:50.291515 ncdv-master-1 neutron-server[121651]: DEBUG neutron.plugins.ml2.managers [None req-920264de-f555-45a4-bac5-c34abfd92b6f None None] Bound port: d1783229-5784-445d-b450-5a79f357b19e, host: ncdv-master-1, vif_type: ovs, vif_details: {"connectivity": "l2", "port_filter": true, "ovs_hybrid_plug": false, "datapath_type": "system", "bridge_name": "br-int"}, binding_levels: [{'bound_driver': 'openvswitch', 'bound_segment': {'id': '35b05935-d67e-46ba-8bb7-6aad85a10754', 'network_type': 'flat', 'physical_network': 'physnet1', 'segmentation_id': None, 'network_id': '69e968fd-ce84-40ce-a27b-620992c0d153'}}] {{(pid=121651) _bind_port_level /opt/stack/neutron/neutron/plugins/ml2/managers.py:932}}
Apr 02 20:51:50.292159 ncdv-master-1 neutron-server[121651]: DEBUG neutron_lib.callbacks.manager [None req-920264de-f555-45a4-bac5-c34abfd92b6f None None] Publish callbacks ['neutron.plugins.ml2.plugin.SecurityGroupDbMixin._ensure_default_security_group_handler-2015679'] for port (d1783229-5784-445d-b450-5a79f357b19e), before_update {{(pid=121651) _notify_loop /usr/local/lib/python3.8/dist-packages/neutron_lib/callbacks/manager.py:176}}
Apr 02 20:51:50.399365 ncdv-master-1 neutron-server[121651]: DEBUG neutron.plugins.ml2.db [None req-920264de-f555-45a4-bac5-c34abfd92b6f None None] For port d1783229-5784-445d-b450-5a79f357b19e, host ncdv-master-1, cleared binding levels {{(pid=121651) clear_binding_levels /opt/stack/neutron/neutron/plugins/ml2/db.py:87}}
Apr 02 20:51:50.412372 ncdv-master-1 neutron-server[121651]: DEBUG neutron.plugins.ml2.db [None req-920264de-f555-45a4-bac5-c34abfd92b6f None None] For port d1783229-5784-445d-b450-5a79f357b19e, host ncdv-master-1, set binding levels [PortBindingLevel(driver='openvswitch',host='ncdv-master-1',level=0,port_id=d1783229-5784-445d-b450-5a79f357b19e,segment=NetworkSegment(35b05935-d67e-46ba-8bb7-6aad85a10754),segment_id=35b05935-d67e-46ba-8bb7-6aad85a10754)] {{(pid=121651) set_binding_levels /opt/stack/neutron/neutron/plugins/ml2/db.py:59}}
Apr 02 20:51:50.429104 ncdv-master-1 neutron-server[121651]: DEBUG neutron_lib.callbacks.manager [None req-920264de-f555-45a4-bac5-c34abfd92b6f None None] Publish callbacks ['neutron.plugins.ml2.plugin.SecurityGroupServerNotifierRpcMixin._notify_sg_on_port_change-2015742', 'neutron.plugins.ml2.ovo_rpc._ObjectChangeHandler.handle_event-227388', 'neutron.api.rpc.agentnotifiers.dhcp_rpc_agent_api.DhcpAgentNotifyAPI._native_event_send_dhcp_notification-617423', 'neutron.db.l3_db.L3RpcNotifierMixin._notify_gateway_port_ip_changed-8759661891063', 'neutron.db.l3_dvrscheduler_db._notify_l3_agent_port_update-8759661496324', 'neutron.db.l3_hascheduler_db._notify_l3_agent_ha_port_update-8759661496342'] for port (d1783229-5784-445d-b450-5a79f357b19e), after_update {{(pid=121651) _notify_loop /usr/local/lib/python3.8/dist-packages/neutron_lib/callbacks/manager.py:176}}
Apr 02 20:51:50.435787 ncdv-master-1 neutron-server[121649]: DEBUG neutron.db.db_base_plugin_common [None req-95b87dc2-eb2c-4dc7-8fea-395f4320786b admin admin] Allocated IP 172.20.0.1 (44f4c1cb-12a2-44bd-91c8-3a9e0505e462/eb52afe0-3e73-4c51-a040-0114f2900339/7f3a74a5-1a5a-42df-bb3d-af4da749554e) {{(pid=121649) _store_ip_allocation /opt/stack/neutron/neutron/db/db_base_plugin_common.py:131}}
Apr 02 20:51:50.623176 ncdv-master-1 neutron-server[121649]: DEBUG neutron_lib.callbacks.manager [None req-95b87dc2-eb2c-4dc7-8fea-395f4320786b admin admin] Publish callbacks [] for port (7f3a74a5-1a5a-42df-bb3d-af4da749554e), precommit_create {{(pid=121649) _notify_loop /usr/local/lib/python3.8/dist-packages/neutron_lib/callbacks/manager.py:176}}
Apr 02 20:51:50.642206 ncdv-master-1 neutron-server[121648]: INFO neutron.wsgi [req-2c4b17f4-008a-4721-992c-865be3e4e80b req-b3a7883e-aecf-4e1d-93a8-170b18ac5965 service neutron] 10.222.0.21 "GET /v2.0/networks/344aba3b-09ac-4eeb-b477-7d4ffde1af0e?fields=provider%3Aphysical_network&fields=provider%3Anetwork_type HTTP/1.1" status: 200 len: 281 time: 0.2931716
Apr 02 20:51:50.666332 ncdv-master-1 neutron-server[121651]: DEBUG neutron.db.l3_dvrscheduler_db [None req-920264de-f555-45a4-bac5-c34abfd92b6f None None] Routers {'ae7764d6-c8a3-4ee8-a9d5-cd883108b10c'} bound to L3 agent in host ncdv-master-1 {{(pid=121651) _get_router_ids_for_agent /opt/stack/neutron/neutron/db/l3_dvrscheduler_db.py:421}}
Apr 02 20:51:50.667654 ncdv-master-1 neutron-server[121651]: DEBUG neutron.db.l3_hamode_db [None req-920264de-f555-45a4-bac5-c34abfd92b6f None None] neutron.services.l3_router.l3_router_plugin.L3RouterPlugin method get_ha_sync_data_for_host called with arguments (, 'ncdv-master-1', Agent(admin_state_up=True,agent_type='L3 agent',availability_zone='nova',binary='neutron-l3-agent',configurations={"agent_mode": "legacy", "ex_gw_ports": 1, "extensions": [], "floating_ips": 0, "handle_internal_only_routers": true, "interface_driver": "openvswitch", "interfaces": 1, "log_agent_heartbeats": false, "routers": 1},created_at=2022-04-02T20:41:25Z,description=,heartbeat_timestamp=2022-04-02T20:51:25Z,host='ncdv-master-1',id=a63b33db-b456-496c-9f24-f406ba78832c,load=0,resource_versions=,resources_synced=,started_at=2022-04-02T20:41:25Z,topic='l3_agent')) {'router_ids': ['ae7764d6-c8a3-4ee8-a9d5-cd883108b10c'], 'active': True} {{(pid=121651) wrapper /usr/local/lib/python3.8/dist-packages/oslo_log/helpers.py:65}}
Apr 02 20:51:50.669385 ncdv-master-1 neutron-server[121649]: DEBUG neutron_lib.callbacks.manager [None req-95b87dc2-eb2c-4dc7-8fea-395f4320786b admin admin] Publish callbacks ['neutron.plugins.ml2.plugin.SecurityGroupServerNotifierRpcMixin._notify_sg_on_port_change-2015742', 'neutron.plugins.ml2.ovo_rpc._ObjectChangeHandler.handle_event-227388', 'neutron.api.rpc.agentnotifiers.dhcp_rpc_agent_api.DhcpAgentNotifyAPI._native_event_send_dhcp_notification-617423', 'neutron.db.l3_dvrscheduler_db._notify_l3_agent_new_port-8759661500654', 'neutron.services.segments.plugin.NovaSegmentNotifier._notify_port_created_or_deleted-13934802'] for port (7f3a74a5-1a5a-42df-bb3d-af4da749554e), after_create {{(pid=121649) _notify_loop /usr/local/lib/python3.8/dist-packages/neutron_lib/callbacks/manager.py:176}}
