Mar 26 20:58:43.103026 ncdv-master-1 devstack@placement-api.service[127219]: INFO placement.requestlog [req-70a0bf9e-3397-4e7e-b978-eeda18ed47ba req-f51fbc17-0913-4b19-9306-4d3e70fecd85 service placement] 10.222.0.16 "GET /placement/allocation_candidates?limit=1000&resources=DISK_GB%3A1%2CMEMORY_MB%3A1024%2CVCPU%3A1&root_required=%21COMPUTE_STATUS_DISABLED" status: 200 len: 1309 microversion: 1.36
Mar 26 20:58:43.103782 ncdv-master-1 devstack@placement-api.service[127219]: [pid: 127219|app: 0|req: 317/629] 10.222.0.16 () {60 vars in 1506 bytes} [Sat Mar 26 20:58:43 2022] GET /placement/allocation_candidates?limit=1000&resources=DISK_GB%3A1%2CMEMORY_MB%3A1024%2CVCPU%3A1&root_required=%21COMPUTE_STATUS_DISABLED => generated 1309 bytes in 67 msecs (HTTP/1.1 200) 8 headers in 297 bytes (1 switches on core 0)
Mar 26 20:58:43.168087 ncdv-master-1 devstack@placement-api.service[127218]: DEBUG placement.requestlog [req-70a0bf9e-3397-4e7e-b978-eeda18ed47ba req-318e149a-d21c-4480-82c1-72cb5274c36d None None] Starting request: 10.222.0.16 "GET /placement/allocations/6d1cff63-8d2d-4534-b4f6-d4c0493e58c0" {{(pid=127218) __call__ /opt/stack/placement/placement/requestlog.py:55}}
Mar 26 20:58:43.184256 ncdv-master-1 devstack@placement-api.service[127218]: INFO placement.requestlog [req-70a0bf9e-3397-4e7e-b978-eeda18ed47ba req-318e149a-d21c-4480-82c1-72cb5274c36d service placement] 10.222.0.16 "GET /placement/allocations/6d1cff63-8d2d-4534-b4f6-d4c0493e58c0" status: 200 len: 19 microversion: 1.28
Mar 26 20:58:43.185159 ncdv-master-1 devstack@placement-api.service[127218]: [pid: 127218|app: 0|req: 313/630] 10.222.0.16 () {60 vars in 1380 bytes} [Sat Mar 26 20:58:43 2022] GET /placement/allocations/6d1cff63-8d2d-4534-b4f6-d4c0493e58c0 => generated 19 bytes in 17 msecs (HTTP/1.1 200) 8 headers in 295 bytes (1 switches on core 0)
Mar 26 20:58:43.198990 ncdv-master-1 devstack@placement-api.service[127219]: DEBUG placement.requestlog [req-70a0bf9e-3397-4e7e-b978-eeda18ed47ba req-9a63192e-031c-4a4b-ab81-47803c686733 None None] Starting request: 10.222.0.16 "PUT /placement/allocations/6d1cff63-8d2d-4534-b4f6-d4c0493e58c0" {{(pid=127219) __call__ /opt/stack/placement/placement/requestlog.py:55}}
Mar 26 20:58:43.305249 ncdv-master-1 devstack@placement-api.service[127219]: DEBUG placement.handlers.allocation [req-70a0bf9e-3397-4e7e-b978-eeda18ed47ba req-9a63192e-031c-4a4b-ab81-47803c686733 service placement] Successfully wrote allocations [, , ] {{(pid=127219) _update_consumers_and_create_allocations /opt/stack/placement/placement/handlers/allocation.py:462}}
Mar 26 20:58:43.315477 ncdv-master-1 devstack@placement-api.service[127219]: INFO placement.requestlog [req-70a0bf9e-3397-4e7e-b978-eeda18ed47ba req-9a63192e-031c-4a4b-ab81-47803c686733 service placement] 10.222.0.16 "PUT /placement/allocations/6d1cff63-8d2d-4534-b4f6-d4c0493e58c0" status: 204 len: 0 microversion: 1.36
Mar 26 20:58:43.316035 ncdv-master-1 devstack@placement-api.service[127219]: [pid: 127219|app: 0|req: 318/631] 10.222.0.16 () {64 vars in 1433 bytes} [Sat Mar 26 20:58:43 2022] PUT /placement/allocations/6d1cff63-8d2d-4534-b4f6-d4c0493e58c0 => generated 0 bytes in 117 msecs (HTTP/1.1 204) 5 headers in 199 bytes (1 switches on core 0)
Mar 26 20:58:43.715861 ncdv-master-1 devstack@placement-api.service[127218]: DEBUG placement.requestlog [req-62f21e9c-68f7-4718-be3e-16e8a44182fc req-a3277ea2-0855-48a4-9717-443c6ed59e0c None None] Starting request: 10.222.0.18 "DELETE /placement/allocations/110b4849-d543-4a97-a107-aefdf033c2b0" {{(pid=127218) __call__ /opt/stack/placement/placement/requestlog.py:55}}
Mar 26 20:58:43.811305 ncdv-master-1 devstack@placement-api.service[127218]: DEBUG placement.handlers.allocation [req-62f21e9c-68f7-4718-be3e-16e8a44182fc req-a3277ea2-0855-48a4-9717-443c6ed59e0c service placement] Successfully deleted allocations [, , ] {{(pid=127218) delete_allocations /opt/stack/placement/placement/handlers/allocation.py:627}}
Mar 26 20:58:43.812320 ncdv-master-1 devstack@placement-api.service[127218]: INFO placement.requestlog [req-62f21e9c-68f7-4718-be3e-16e8a44182fc req-a3277ea2-0855-48a4-9717-443c6ed59e0c service placement] 10.222.0.18 "DELETE /placement/allocations/110b4849-d543-4a97-a107-aefdf033c2b0" status: 204 len: 0 microversion: 1.0
Mar 26 20:58:43.815577 ncdv-master-1 devstack@placement-api.service[127218]: [pid: 127218|app: 0|req: 314/632] 10.222.0.18 () {60 vars in 1355 bytes} [Sat Mar 26 20:58:43 2022] DELETE /placement/allocations/110b4849-d543-4a97-a107-aefdf033c2b0 => generated 0 bytes in 100 msecs (HTTP/1.1 204) 5 headers in 198 bytes (1 switches on core 0)
Mar 26 20:58:44.070912 ncdv-master-1 devstack@placement-api.service[127219]: DEBUG placement.requestlog [req-70a0bf9e-3397-4e7e-b978-eeda18ed47ba req-77b53465-69da-40d9-84f7-3b7214be6c5f None None] Starting request: 10.222.0.21 "GET /placement/allocations/6d1cff63-8d2d-4534-b4f6-d4c0493e58c0" {{(pid=127219) __call__ /opt/stack/placement/placement/requestlog.py:55}}
Mar 26 20:58:44.096950 ncdv-master-1 devstack@placement-api.service[127219]: INFO placement.requestlog [req-70a0bf9e-3397-4e7e-b978-eeda18ed47ba req-77b53465-69da-40d9-84f7-3b7214be6c5f service placement] 10.222.0.21 "GET /placement/allocations/6d1cff63-8d2d-4534-b4f6-d4c0493e58c0" status: 200 len: 259 microversion: 1.28
Mar 26 20:58:44.098679 ncdv-master-1 devstack@placement-api.service[127219]: [pid: 127219|app: 0|req: 319/633] 10.222.0.21 () {60 vars in 1377 bytes} [Sat Mar 26 20:58:44 2022] GET /placement/allocations/6d1cff63-8d2d-4534-b4f6-d4c0493e58c0 => generated 259 bytes in 28 msecs (HTTP/1.1 200) 8 headers in 296 bytes (1 switches on core 0)
Mar 26 20:58:44.545514 ncdv-master-1 devstack@placement-api.service[127218]: DEBUG placement.requestlog [req-71a30677-ec11-409e-a38d-96ee4c4e58c5 req-ff4c62cc-ce6d-4066-8b0a-f0e10ee28862 None None] Starting request: 10.222.0.18 "DELETE /placement/allocations/e29af921-dbed-4407-aaca-4ec0f73bb9d7" {{(pid=127218) __call__ /opt/stack/placement/placement/requestlog.py:55}}
Mar 26 20:58:44.603697 ncdv-master-1 devstack@placement-api.service[127218]: DEBUG placement.handlers.allocation [req-71a30677-ec11-409e-a38d-96ee4c4e58c5 req-ff4c62cc-ce6d-4066-8b0a-f0e10ee28862 service placement] Successfully deleted allocations [, , ] {{(pid=127218) delete_allocations /opt/stack/placement/placement/handlers/allocation.py:627}}
Mar 26 20:58:44.604464 ncdv-master-1 devstack@placement-api.service[127218]: INFO placement.requestlog [req-71a30677-ec11-409e-a38d-96ee4c4e58c5 req-ff4c62cc-ce6d-4066-8b0a-f0e10ee28862 service placement] 10.222.0.18 "DELETE /placement/allocations/e29af921-dbed-4407-aaca-4ec0f73bb9d7" status: 204 len: 0 microversion: 1.0
Mar 26 20:58:44.605145 ncdv-master-1 devstack@placement-api.service[127218]: [pid: 127218|app: 0|req: 315/634] 10.222.0.18 () {60 vars in 1355 bytes} [Sat Mar 26 20:58:44 2022] DELETE /placement/allocations/e29af921-dbed-4407-aaca-4ec0f73bb9d7 => generated 0 bytes in 60 msecs (HTTP/1.1 204) 5 headers in 198 bytes (1 switches on core 0)
Mar 26 20:58:49.036098 ncdv-master-1 devstack@placement-api.service[127219]: DEBUG placement.requestlog [req-c8aa638c-734c-49a8-97a3-17644b926e4e req-772ed9db-b852-4af7-9911-8aeb9bc233fb None None] Starting request: 10.222.0.18 "DELETE /placement/allocations/c51099b7-6a2d-4a66-8a36-3b9b6c08e32e" {{(pid=127219) __call__ /opt/stack/placement/placement/requestlog.py:55}}
Mar 26 20:58:49.120102 ncdv-master-1 devstack@placement-api.service[127219]: DEBUG placement.handlers.allocation [req-c8aa638c-734c-49a8-97a3-17644b926e4e req-772ed9db-b852-4af7-9911-8aeb9bc233fb service placement] Successfully deleted allocations [, , ] {{(pid=127219) delete_allocations /opt/stack/placement/placement/handlers/allocation.py:627}}
Mar 26 20:58:49.120102 ncdv-master-1 devstack@placement-api.service[127219]: INFO placement.requestlog [req-c8aa638c-734c-49a8-97a3-17644b926e4e req-772ed9db-b852-4af7-9911-8aeb9bc233fb service placement] 10.222.0.18 "DELETE /placement/allocations/c51099b7-6a2d-4a66-8a36-3b9b6c08e32e" status: 204 len: 0 microversion: 1.0
Mar 26 20:58:49.120102 ncdv-master-1 devstack@placement-api.service[127219]: [pid: 127219|app: 0|req: 320/635] 10.222.0.18 () {60 vars in 1355 bytes} [Sat Mar 26 20:58:49 2022] DELETE /placement/allocations/c51099b7-6a2d-4a66-8a36-3b9b6c08e32e => generated 0 bytes in 80 msecs (HTTP/1.1 204) 5 headers in 198 bytes (1 switches on core 0)
Mar 26 20:58:59.095948 ncdv-master-1 devstack@placement-api.service[127218]: DEBUG placement.requestlog [req-7e3c56ea-f409-46db-8ac1-701a8019f586 req-adf49a6e-dd7b-4bb6-9c52-1c72ace2c47a None None] Starting request: 10.222.0.16 "GET /placement/allocation_candidates?limit=1000&resources=DISK_GB%3A1%2CMEMORY_MB%3A1024%2CVCPU%3A1&root_required=%21COMPUTE_STATUS_DISABLED" {{(pid=127218) __call__ /opt/stack/placement/placement/requestlog.py:55}}
Mar 26 20:58:59.156896 ncdv-master-1 devstack@placement-api.service[127218]: DEBUG placement.objects.research_context [req-7e3c56ea-f409-46db-8ac1-701a8019f586 req-adf49a6e-dd7b-4bb6-9c52-1c72ace2c47a service placement] getting providers with 1 DISK_GB {{(pid=127218) __init__ /opt/stack/placement/placement/objects/research_context.py:136}}
Mar 26 20:58:59.170465 ncdv-master-1 devstack@placement-api.service[127218]: DEBUG placement.objects.research_context [req-7e3c56ea-f409-46db-8ac1-701a8019f586 req-adf49a6e-dd7b-4bb6-9c52-1c72ace2c47a service placement] getting providers with 1024 MEMORY_MB {{(pid=127218) __init__ /opt/stack/placement/placement/objects/research_context.py:136}}
Mar 26 20:58:59.181677 ncdv-master-1 devstack@placement-api.service[127219]: DEBUG placement.requestlog [req-dd4443f7-f040-4436-93a1-12a5c240aee9 req-f66a7ed7-c876-41e8-b956-b85f14d9c892 None None] Starting request: 10.222.0.18 "GET /placement/resource_providers/5ad9919e-eeac-4b43-b599-249e3035ae98/allocations" {{(pid=127219) __call__ /opt/stack/placement/placement/requestlog.py:55}}
Mar 26 20:58:59.183013 ncdv-master-1 devstack@placement-api.service[127218]: DEBUG placement.objects.research_context [req-7e3c56ea-f409-46db-8ac1-701a8019f586 req-adf49a6e-dd7b-4bb6-9c52-1c72ace2c47a service placement] getting providers with 1 VCPU {{(pid=127218) __init__ /opt/stack/placement/placement/objects/research_context.py:136}}
Mar 26 20:58:59.198563 ncdv-master-1 devstack@placement-api.service[127218]: DEBUG placement.objects.research_context [req-7e3c56ea-f409-46db-8ac1-701a8019f586 req-adf49a6e-dd7b-4bb6-9c52-1c72ace2c47a service placement] found 2 providers with available 1 DISK_GB {{(pid=127218) get_provider_ids_matching /opt/stack/placement/placement/objects/research_context.py:559}}
Mar 26 20:58:59.198830 ncdv-master-1 devstack@placement-api.service[127218]: DEBUG placement.objects.research_context [req-7e3c56ea-f409-46db-8ac1-701a8019f586 req-adf49a6e-dd7b-4bb6-9c52-1c72ace2c47a service placement] found 2 providers with available 1024 MEMORY_MB {{(pid=127218) get_provider_ids_matching /opt/stack/placement/placement/objects/research_context.py:559}}
Mar 26 20:58:59.199597 ncdv-master-1 devstack@placement-api.service[127218]: DEBUG placement.objects.research_context [req-7e3c56ea-f409-46db-8ac1-701a8019f586 req-adf49a6e-dd7b-4bb6-9c52-1c72ace2c47a service placement] found 2 providers after filtering by previous result {{(pid=127218) get_provider_ids_matching /opt/stack/placement/placement/objects/research_context.py:590}}
Mar 26 20:58:59.200384 ncdv-master-1 devstack@placement-api.service[127218]: DEBUG placement.objects.research_context [req-7e3c56ea-f409-46db-8ac1-701a8019f586 req-adf49a6e-dd7b-4bb6-9c52-1c72ace2c47a service placement] found 2 providers with available 1 VCPU {{(pid=127218) get_provider_ids_matching /opt/stack/placement/placement/objects/research_context.py:559}}
Mar 26 20:58:59.201129 ncdv-master-1 devstack@placement-api.service[127218]: DEBUG placement.objects.research_context [req-7e3c56ea-f409-46db-8ac1-701a8019f586 req-adf49a6e-dd7b-4bb6-9c52-1c72ace2c47a service placement] found 2 providers after filtering by previous result {{(pid=127218) get_provider_ids_matching /opt/stack/placement/placement/objects/research_context.py:590}}
Mar 26 20:58:59.220481 ncdv-master-1 devstack@placement-api.service[127219]: INFO placement.requestlog [req-dd4443f7-f040-4436-93a1-12a5c240aee9 req-f66a7ed7-c876-41e8-b956-b85f14d9c892 service placement] 10.222.0.18 "GET /placement/resource_providers/5ad9919e-eeac-4b43-b599-249e3035ae98/allocations" status: 200 len: 255 microversion: 1.0
Mar 26 20:58:59.223549 ncdv-master-1 devstack@placement-api.service[127219]: [pid: 127219|app: 0|req: 321/636] 10.222.0.18 () {58 vars in 1390 bytes} [Sat Mar 26 20:58:59 2022] GET /placement/resource_providers/5ad9919e-eeac-4b43-b599-249e3035ae98/allocations => generated 255 bytes in 42 msecs (HTTP/1.1 200) 6 headers in 224 bytes (1 switches on core 0)
Mar 26 20:58:59.224596 ncdv-master-1 devstack@placement-api.service[127218]: DEBUG placement.objects.allocation_candidate [req-7e3c56ea-f409-46db-8ac1-701a8019f586 req-adf49a6e-dd7b-4bb6-9c52-1c72ace2c47a service placement] RequestGroup(use_same_provider=False, resources={DISK_GB:1, MEMORY_MB:1024, VCPU:1}, traits=(), aggregates=[]) (suffix '') returned 2 matches {{(pid=127218) _get_by_requests /opt/stack/placement/placement/objects/allocation_candidate.py:156}}
Mar 26 20:58:59.227381 ncdv-master-1 devstack@placement-api.service[127218]: DEBUG placement.objects.allocation_candidate [req-7e3c56ea-f409-46db-8ac1-701a8019f586 req-adf49a6e-dd7b-4bb6-9c52-1c72ace2c47a service placement] Merging candidates yields 2 allocation requests and 2 provider summaries {{(pid=127218) _merge_candidates /opt/stack/placement/placement/objects/allocation_candidate.py:809}}
Mar 26 20:58:59.230168 ncdv-master-1 devstack@placement-api.service[127218]: INFO placement.requestlog [req-7e3c56ea-f409-46db-8ac1-701a8019f586 req-adf49a6e-dd7b-4bb6-9c52-1c72ace2c47a service placement] 10.222.0.16 "GET /placement/allocation_candidates?limit=1000&resources=DISK_GB%3A1%2CMEMORY_MB%3A1024%2CVCPU%3A1&root_required=%21COMPUTE_STATUS_DISABLED" status: 200 len: 1309 microversion: 1.36
Mar 26 20:58:59.233190 ncdv-master-1 devstack@placement-api.service[127218]: [pid: 127218|app: 0|req: 316/637] 10.222.0.16 () {60 vars in 1506 bytes} [Sat Mar 26 20:58:59 2022] GET /placement/allocation_candidates?limit=1000&resources=DISK_GB%3A1%2CMEMORY_MB%3A1024%2CVCPU%3A1&root_required=%21COMPUTE_STATUS_DISABLED => generated 1309 bytes in 138 msecs (HTTP/1.1 200) 8 headers in 297 bytes (1 switches on core 0)
Mar 26 20:58:59.419877 ncdv-master-1 devstack@placement-api.service[127219]: DEBUG placement.requestlog [req-7e3c56ea-f409-46db-8ac1-701a8019f586 req-8da9b816-d858-4217-8b34-36259c282b22 None None] Starting request: 10.222.0.16 "GET /placement/allocations/901c62c9-5a4b-4513-b027-c464f1501864" {{(pid=127219) __call__ /opt/stack/placement/placement/requestlog.py:55}}
Mar 26 20:58:59.439642 ncdv-master-1 devstack@placement-api.service[127219]: INFO placement.requestlog [req-7e3c56ea-f409-46db-8ac1-701a8019f586 req-8da9b816-d858-4217-8b34-36259c282b22 service placement] 10.222.0.16 "GET /placement/allocations/901c62c9-5a4b-4513-b027-c464f1501864" status: 200 len: 19 microversion: 1.28
Mar 26 20:58:59.440767 ncdv-master-1 devstack@placement-api.service[127219]: [pid: 127219|app: 0|req: 322/638] 10.222.0.16 () {60 vars in 1380 bytes} [Sat Mar 26 20:58:59 2022] GET /placement/allocations/901c62c9-5a4b-4513-b027-c464f1501864 => generated 19 bytes in 21 msecs (HTTP/1.1 200) 8 headers in 295 bytes (1 switches on core 0)
Mar 26 20:58:59.447497 ncdv-master-1 devstack@placement-api.service[127218]: DEBUG placement.requestlog [req-7e3c56ea-f409-46db-8ac1-701a8019f586 req-3f9a39e7-97c4-40e9-8f26-46dae9a20081 None None] Starting request: 10.222.0.16 "PUT /placement/allocations/901c62c9-5a4b-4513-b027-c464f1501864" {{(pid=127218) __call__ /opt/stack/placement/placement/requestlog.py:55}}
Mar 26 20:58:59.529813 ncdv-master-1 devstack@placement-api.service[127218]: DEBUG placement.handlers.allocation [req-7e3c56ea-f409-46db-8ac1-701a8019f586 req-3f9a39e7-97c4-40e9-8f26-46dae9a20081 service placement] Successfully wrote allocations [, , ] {{(pid=127218) _update_consumers_and_create_allocations /opt/stack/placement/placement/handlers/allocation.py:462}}
Mar 26 20:58:59.534871 ncdv-master-1 devstack@placement-api.service[127218]: INFO placement.requestlog [req-7e3c56ea-f409-46db-8ac1-701a8019f586 req-3f9a39e7-97c4-40e9-8f26-46dae9a20081 service placement] 10.222.0.16 "PUT /placement/allocations/901c62c9-5a4b-4513-b027-c464f1501864" status: 204 len: 0 microversion: 1.36
Mar 26 20:58:59.535462 ncdv-master-1 devstack@placement-api.service[127218]: [pid: 127218|app: 0|req: 317/639] 10.222.0.16 () {64 vars in 1433 bytes} [Sat Mar 26 20:58:59 2022] PUT /placement/allocations/901c62c9-5a4b-4513-b027-c464f1501864 => generated 0 bytes in 88 msecs (HTTP/1.1 204) 5 headers in 199 bytes (2 switches on core 0)
Mar 26 20:58:59.956801 ncdv-master-1 devstack@placement-api.service[127219]: DEBUG placement.requestlog [req-7e3c56ea-f409-46db-8ac1-701a8019f586 req-12c0d5bd-a974-44a9-99e4-39e16d8d6bf9 None None] Starting request: 10.222.0.18 "GET /placement/allocations/901c62c9-5a4b-4513-b027-c464f1501864" {{(pid=127219) __call__ /opt/stack/placement/placement/requestlog.py:55}}
Mar 26 20:58:59.979142 ncdv-master-1 devstack@placement-api.service[127219]: INFO placement.requestlog [req-7e3c56ea-f409-46db-8ac1-701a8019f586 req-12c0d5bd-a974-44a9-99e4-39e16d8d6bf9 service placement] 10.222.0.18 "GET /placement/allocations/901c62c9-5a4b-4513-b027-c464f1501864" status: 200 len: 259 microversion: 1.28
Mar 26 20:58:59.982512 ncdv-master-1 devstack@placement-api.service[127219]: [pid: 127219|app: 0|req: 323/640] 10.222.0.18 () {60 vars in 1377 bytes} [Sat Mar 26 20:58:59 2022] GET /placement/allocations/901c62c9-5a4b-4513-b027-c464f1501864 => generated 259 bytes in 26 msecs (HTTP/1.1 200) 8 headers in 296 bytes (1 switches on core 0)
Mar 26 20:59:04.178355 ncdv-master-1 devstack@placement-api.service[127218]: DEBUG placement.requestlog [req-cf375706-5c15-4b84-8df1-5acce46c9d94 req-22e3e5fe-2b11-47b3-a361-e95e2f69484d None None] Starting request: 10.222.0.21 "GET /placement/resource_providers/73c06ee9-78a3-4656-952b-a8343da2a507/allocations" {{(pid=127218) __call__ /opt/stack/placement/placement/requestlog.py:55}}
Mar 26 20:59:04.237184 ncdv-master-1 devstack@placement-api.service[127218]: INFO placement.requestlog [req-cf375706-5c15-4b84-8df1-5acce46c9d94 req-22e3e5fe-2b11-47b3-a361-e95e2f69484d service placement] 10.222.0.21 "GET /placement/resource_providers/73c06ee9-78a3-4656-952b-a8343da2a507/allocations" status: 200 len: 457 microversion: 1.0
Mar 26 20:59:04.238180 ncdv-master-1 devstack@placement-api.service[127218]: [pid: 127218|app: 0|req: 318/641] 10.222.0.21 () {58 vars in 1390 bytes} [Sat Mar 26 20:59:04 2022] GET /placement/resource_providers/73c06ee9-78a3-4656-952b-a8343da2a507/allocations => generated 457 bytes in 60 msecs (HTTP/1.1 200) 6 headers in 224 bytes (1 switches on core 0)
Mar 26 20:59:12.815505 ncdv-master-1 devstack@placement-api.service[127219]: DEBUG placement.requestlog [req-bfafbbde-2a8e-4d22-a62a-973c9aa8ef66 req-7a8aa197-9f6c-4abf-87d3-372eef075971 None None] Starting request: 10.222.0.16 "GET /placement/allocation_candidates?limit=1000&resources=MEMORY_MB%3A1024%2CVCPU%3A1&root_required=%21COMPUTE_STATUS_DISABLED" {{(pid=127219) __call__ /opt/stack/placement/placement/requestlog.py:55}}
Mar 26 20:59:12.869694 ncdv-master-1 devstack@placement-api.service[127219]: DEBUG placement.objects.research_context [req-bfafbbde-2a8e-4d22-a62a-973c9aa8ef66 req-7a8aa197-9f6c-4abf-87d3-372eef075971 service placement] getting providers with 1024 MEMORY_MB {{(pid=127219) __init__ /opt/stack/placement/placement/objects/research_context.py:136}}
Mar 26 20:59:12.882179 ncdv-master-1 devstack@placement-api.service[127219]: DEBUG placement.objects.research_context [req-bfafbbde-2a8e-4d22-a62a-973c9aa8ef66 req-7a8aa197-9f6c-4abf-87d3-372eef075971 service placement] getting providers with 1 VCPU {{(pid=127219) __init__ /opt/stack/placement/placement/objects/research_context.py:136}}
Mar 26 20:59:12.888357 ncdv-master-1 devstack@placement-api.service[127219]: DEBUG placement.objects.research_context [req-bfafbbde-2a8e-4d22-a62a-973c9aa8ef66 req-7a8aa197-9f6c-4abf-87d3-372eef075971 service placement] found 2 providers with available 1024 MEMORY_MB {{(pid=127219) get_provider_ids_matching /opt/stack/placement/placement/objects/research_context.py:559}}
Mar 26 20:59:12.888722 ncdv-master-1 devstack@placement-api.service[127219]: DEBUG placement.objects.research_context [req-bfafbbde-2a8e-4d22-a62a-973c9aa8ef66 req-7a8aa197-9f6c-4abf-87d3-372eef075971 service placement] found 2 providers with available 1 VCPU {{(pid=127219) get_provider_ids_matching /opt/stack/placement/placement/objects/research_context.py:559}}
Mar 26 20:59:12.889064 ncdv-master-1 devstack@placement-api.service[127219]: DEBUG placement.objects.research_context [req-bfafbbde-2a8e-4d22-a62a-973c9aa8ef66 req-7a8aa197-9f6c-4abf-87d3-372eef075971 service placement] found 2 providers after filtering by previous result {{(pid=127219) get_provider_ids_matching /opt/stack/placement/placement/objects/research_context.py:590}}
Mar 26 20:59:12.901313 ncdv-master-1 devstack@placement-api.service[127219]: DEBUG placement.objects.allocation_candidate [req-bfafbbde-2a8e-4d22-a62a-973c9aa8ef66 req-7a8aa197-9f6c-4abf-87d3-372eef075971 service placement] RequestGroup(use_same_provider=False, resources={MEMORY_MB:1024, VCPU:1}, traits=(), aggregates=[]) (suffix '') returned 2 matches {{(pid=127219) _get_by_requests /opt/stack/placement/placement/objects/allocation_candidate.py:156}}
Mar 26 20:59:12.901919 ncdv-master-1 devstack@placement-api.service[127219]: DEBUG placement.objects.allocation_candidate [req-bfafbbde-2a8e-4d22-a62a-973c9aa8ef66 req-7a8aa197-9f6c-4abf-87d3-372eef075971 service placement] Merging candidates yields 2 allocation requests and 2 provider summaries {{(pid=127219) _merge_candidates /opt/stack/placement/placement/objects/allocation_candidate.py:809}}
Mar 26 20:59:12.904094 ncdv-master-1 devstack@placement-api.service[127219]: INFO placement.requestlog [req-bfafbbde-2a8e-4d22-a62a-973c9aa8ef66 req-7a8aa197-9f6c-4abf-87d3-372eef075971 service placement] 10.222.0.16 "GET /placement/allocation_candidates?limit=1000&resources=MEMORY_MB%3A1024%2CVCPU%3A1&root_required=%21COMPUTE_STATUS_DISABLED" status: 200 len: 1281 microversion: 1.36
Mar 26 20:59:12.909258 ncdv-master-1 devstack@placement-api.service[127219]: [pid: 127219|app: 0|req: 324/642] 10.222.0.16 () {60 vars in 1478 bytes} [Sat Mar 26 20:59:12 2022] GET /placement/allocation_candidates?limit=1000&resources=MEMORY_MB%3A1024%2CVCPU%3A1&root_required=%21COMPUTE_STATUS_DISABLED => generated 1281 bytes in 94 msecs (HTTP/1.1 200) 8 headers in 297 bytes (1 switches on core 0)
Mar 26 20:59:12.993014 ncdv-master-1 devstack@placement-api.service[127218]: DEBUG placement.requestlog [req-bfafbbde-2a8e-4d22-a62a-973c9aa8ef66 req-ba1bd091-291a-4da9-9327-34d0980747b0 None None] Starting request: 10.222.0.16 "GET /placement/allocations/09615731-6e79-49e6-b750-c6412628ecab" {{(pid=127218) __call__ /opt/stack/placement/placement/requestlog.py:55}}
Mar 26 20:59:13.016669 ncdv-master-1 devstack@placement-api.service[127218]: INFO placement.requestlog [req-bfafbbde-2a8e-4d22-a62a-973c9aa8ef66 req-ba1bd091-291a-4da9-9327-34d0980747b0 service placement] 10.222.0.16 "GET /placement/allocations/09615731-6e79-49e6-b750-c6412628ecab" status: 200 len: 19 microversion: 1.28
Mar 26 20:59:13.017194 ncdv-master-1 devstack@placement-api.service[127218]: [pid: 127218|app: 0|req: 319/643] 10.222.0.16 () {60 vars in 1380 bytes} [Sat Mar 26 20:59:12 2022] GET /placement/allocations/09615731-6e79-49e6-b750-c6412628ecab => generated 19 bytes in 25 msecs (HTTP/1.1 200) 8 headers in 295 bytes (1 switches on core 0)
Mar 26 20:59:13.033360 ncdv-master-1 devstack@placement-api.service[127219]: DEBUG placement.requestlog [req-bfafbbde-2a8e-4d22-a62a-973c9aa8ef66 req-f7c70387-8072-4ace-b438-f796a72aeeb2 None None] Starting request: 10.222.0.16 "PUT /placement/allocations/09615731-6e79-49e6-b750-c6412628ecab" {{(pid=127219) __call__ /opt/stack/placement/placement/requestlog.py:55}}
Mar 26 20:59:13.131699 ncdv-master-1 devstack@placement-api.service[127219]: DEBUG placement.handlers.allocation [req-bfafbbde-2a8e-4d22-a62a-973c9aa8ef66 req-f7c70387-8072-4ace-b438-f796a72aeeb2 service placement] Successfully wrote allocations [, ] {{(pid=127219) _update_consumers_and_create_allocations /opt/stack/placement/placement/handlers/allocation.py:462}}
Mar 26 20:59:13.139663 ncdv-master-1 devstack@placement-api.service[127219]: INFO placement.requestlog [req-bfafbbde-2a8e-4d22-a62a-973c9aa8ef66 req-f7c70387-8072-4ace-b438-f796a72aeeb2 service placement] 10.222.0.16 "PUT /placement/allocations/09615731-6e79-49e6-b750-c6412628ecab" status: 204 len: 0 microversion: 1.36
Mar 26 20:59:13.148974 ncdv-master-1 devstack@placement-api.service[127219]: [pid: 127219|app: 0|req: 325/644] 10.222.0.16 () {64 vars in 1433 bytes} [Sat Mar 26 20:59:13 2022] PUT /placement/allocations/09615731-6e79-49e6-b750-c6412628ecab => generated 0 bytes in 108 msecs (HTTP/1.1 204) 5 headers in 199 bytes (2 switches on core 0)
Mar 26 20:59:13.539619 ncdv-master-1 devstack@placement-api.service[127218]: DEBUG placement.requestlog [req-bfafbbde-2a8e-4d22-a62a-973c9aa8ef66 req-94a497eb-9c5e-437d-af6a-18672dfb0b9d None None] Starting request: 10.222.0.21 "GET /placement/allocations/09615731-6e79-49e6-b750-c6412628ecab" {{(pid=127218) __call__ /opt/stack/placement/placement/requestlog.py:55}}
Mar 26 20:59:13.566942 ncdv-master-1 devstack@placement-api.service[127218]: INFO placement.requestlog [req-bfafbbde-2a8e-4d22-a62a-973c9aa8ef66 req-94a497eb-9c5e-437d-af6a-18672dfb0b9d service placement] 10.222.0.21 "GET /placement/allocations/09615731-6e79-49e6-b750-c6412628ecab" status: 200 len: 245 microversion: 1.28
Mar 26 20:59:13.568585 ncdv-master-1 devstack@placement-api.service[127218]: [pid: 127218|app: 0|req: 320/645] 10.222.0.21 () {60 vars in 1377 bytes} [Sat Mar 26 20:59:13 2022] GET /placement/allocations/09615731-6e79-49e6-b750-c6412628ecab => generated 245 bytes in 30 msecs (HTTP/1.1 200) 8 headers in 296 bytes (1 switches on core 0)
Mar 26 20:59:22.148937 ncdv-master-1 devstack@placement-api.service[127219]: DEBUG placement.requestlog [req-a81bf930-b08c-4be8-8aaf-932099688ce9 req-6bc479f7-8324-46c8-aa72-c778c63c0c72 None None] Starting request: 10.222.0.16 "GET /placement/allocation_candidates?limit=1000&resources=DISK_GB%3A1%2CMEMORY_MB%3A1024%2CVCPU%3A1&root_required=%21COMPUTE_STATUS_DISABLED" {{(pid=127219) __call__ /opt/stack/placement/placement/requestlog.py:55}}
Mar 26 20:59:22.205662 ncdv-master-1 devstack@placement-api.service[127219]: DEBUG placement.objects.research_context [req-a81bf930-b08c-4be8-8aaf-932099688ce9 req-6bc479f7-8324-46c8-aa72-c778c63c0c72 service placement] getting providers with 1 DISK_GB {{(pid=127219) __init__ /opt/stack/placement/placement/objects/research_context.py:136}}
Mar 26 20:59:22.212452 ncdv-master-1 devstack@placement-api.service[127219]: DEBUG placement.objects.research_context [req-a81bf930-b08c-4be8-8aaf-932099688ce9 req-6bc479f7-8324-46c8-aa72-c778c63c0c72 service placement] getting providers with 1024 MEMORY_MB {{(pid=127219) __init__ /opt/stack/placement/placement/objects/research_context.py:136}}
Mar 26 20:59:22.220065 ncdv-master-1 devstack@placement-api.service[127219]: DEBUG placement.objects.research_context [req-a81bf930-b08c-4be8-8aaf-932099688ce9 req-6bc479f7-8324-46c8-aa72-c778c63c0c72 service placement] getting providers with 1 VCPU {{(pid=127219) __init__ /opt/stack/placement/placement/objects/research_context.py:136}}
Mar 26 20:59:22.226126 ncdv-master-1 devstack@placement-api.service[127219]: DEBUG placement.objects.research_context [req-a81bf930-b08c-4be8-8aaf-932099688ce9 req-6bc479f7-8324-46c8-aa72-c778c63c0c72 service placement] found 2 providers with available 1 DISK_GB {{(pid=127219) get_provider_ids_matching /opt/stack/placement/placement/objects/research_context.py:559}}
Mar 26 20:59:22.226396 ncdv-master-1 devstack@placement-api.service[127219]: DEBUG placement.objects.research_context [req-a81bf930-b08c-4be8-8aaf-932099688ce9 req-6bc479f7-8324-46c8-aa72-c778c63c0c72 service placement] found 2 providers with available 1024 MEMORY_MB {{(pid=127219) get_provider_ids_matching /opt/stack/placement/placement/objects/research_context.py:559}}
Mar 26 20:59:22.226661 ncdv-master-1 devstack@placement-api.service[127219]: DEBUG placement.objects.research_context [req-a81bf930-b08c-4be8-8aaf-932099688ce9 req-6bc479f7-8324-46c8-aa72-c778c63c0c72 service placement] found 2 providers after filtering by previous result {{(pid=127219) get_provider_ids_matching /opt/stack/placement/placement/objects/research_context.py:590}}
Mar 26 20:59:22.226911 ncdv-master-1 devstack@placement-api.service[127219]: DEBUG placement.objects.research_context [req-a81bf930-b08c-4be8-8aaf-932099688ce9 req-6bc479f7-8324-46c8-aa72-c778c63c0c72 service placement] found 2 providers with available 1 VCPU {{(pid=127219) get_provider_ids_matching /opt/stack/placement/placement/objects/research_context.py:559}}
Mar 26 20:59:22.227166 ncdv-master-1 devstack@placement-api.service[127219]: DEBUG placement.objects.research_context [req-a81bf930-b08c-4be8-8aaf-932099688ce9 req-6bc479f7-8324-46c8-aa72-c778c63c0c72 service placement] found 2 providers after filtering by previous result {{(pid=127219) get_provider_ids_matching /opt/stack/placement/placement/objects/research_context.py:590}}
Mar 26 20:59:22.240033 ncdv-master-1 devstack@placement-api.service[127219]: DEBUG placement.objects.allocation_candidate [req-a81bf930-b08c-4be8-8aaf-932099688ce9 req-6bc479f7-8324-46c8-aa72-c778c63c0c72 service placement] RequestGroup(use_same_provider=False, resources={DISK_GB:1, MEMORY_MB:1024, VCPU:1}, traits=(), aggregates=[]) (suffix '') returned 2 matches {{(pid=127219) _get_by_requests /opt/stack/placement/placement/objects/allocation_candidate.py:156}}
Mar 26 20:59:22.240423 ncdv-master-1 devstack@placement-api.service[127219]: DEBUG placement.objects.allocation_candidate [req-a81bf930-b08c-4be8-8aaf-932099688ce9 req-6bc479f7-8324-46c8-aa72-c778c63c0c72 service placement] Merging candidates yields 2 allocation requests and 2 provider summaries {{(pid=127219) _merge_candidates /opt/stack/placement/placement/objects/allocation_candidate.py:809}}
Mar 26 20:59:22.241943 ncdv-master-1 devstack@placement-api.service[127219]: INFO placement.requestlog [req-a81bf930-b08c-4be8-8aaf-932099688ce9 req-6bc479f7-8324-46c8-aa72-c778c63c0c72 service placement] 10.222.0.16 "GET /placement/allocation_candidates?limit=1000&resources=DISK_GB%3A1%2CMEMORY_MB%3A1024%2CVCPU%3A1&root_required=%21COMPUTE_STATUS_DISABLED" status: 200 len: 1309 microversion: 1.36
Mar 26 20:59:22.242312 ncdv-master-1 devstack@placement-api.service[127219]: [pid: 127219|app: 0|req: 326/646] 10.222.0.16 () {60 vars in 1506 bytes} [Sat Mar 26 20:59:22 2022] GET /placement/allocation_candidates?limit=1000&resources=DISK_GB%3A1%2CMEMORY_MB%3A1024%2CVCPU%3A1&root_required=%21COMPUTE_STATUS_DISABLED => generated 1309 bytes in 94 msecs (HTTP/1.1 200) 8 headers in 297 bytes (1 switches on core 0)
Mar 26 20:59:22.305108 ncdv-master-1 devstack@placement-api.service[127218]: DEBUG placement.requestlog [req-a81bf930-b08c-4be8-8aaf-932099688ce9 req-8ecddf58-1968-4918-8190-785b81f9c884 None None] Starting request: 10.222.0.16 "GET /placement/allocations/6fea3714-7920-4e94-bf4c-ac35625e7bd0" {{(pid=127218) __call__ /opt/stack/placement/placement/requestlog.py:55}}
Mar 26 20:59:22.315856 ncdv-master-1 devstack@placement-api.service[127218]: INFO placement.requestlog [req-a81bf930-b08c-4be8-8aaf-932099688ce9 req-8ecddf58-1968-4918-8190-785b81f9c884 service placement] 10.222.0.16 "GET /placement/allocations/6fea3714-7920-4e94-bf4c-ac35625e7bd0" status: 200 len: 19 microversion: 1.28
Mar 26 20:59:22.316416 ncdv-master-1 devstack@placement-api.service[127218]: [pid: 127218|app: 0|req: 321/647] 10.222.0.16 () {60 vars in 1380 bytes} [Sat Mar 26 20:59:22 2022] GET /placement/allocations/6fea3714-7920-4e94-bf4c-ac35625e7bd0 => generated 19 bytes in 12 msecs (HTTP/1.1 200) 8 headers in 295 bytes (1 switches on core 0)
Mar 26 20:59:22.323574 ncdv-master-1 devstack@placement-api.service[127219]: DEBUG placement.requestlog [req-a81bf930-b08c-4be8-8aaf-932099688ce9 req-eab55126-a59f-456c-91af-441dcdff3d7d None None] Starting request: 10.222.0.16 "PUT /placement/allocations/6fea3714-7920-4e94-bf4c-ac35625e7bd0" {{(pid=127219) __call__ /opt/stack/placement/placement/requestlog.py:55}}
Mar 26 20:59:22.381803 ncdv-master-1 devstack@placement-api.service[127219]: DEBUG placement.handlers.allocation [req-a81bf930-b08c-4be8-8aaf-932099688ce9 req-eab55126-a59f-456c-91af-441dcdff3d7d service placement] Successfully wrote allocations [, , ] {{(pid=127219) _update_consumers_and_create_allocations /opt/stack/placement/placement/handlers/allocation.py:462}}
Mar 26 20:59:22.385977 ncdv-master-1 devstack@placement-api.service[127219]: INFO placement.requestlog [req-a81bf930-b08c-4be8-8aaf-932099688ce9 req-eab55126-a59f-456c-91af-441dcdff3d7d service placement] 10.222.0.16 "PUT /placement/allocations/6fea3714-7920-4e94-bf4c-ac35625e7bd0" status: 204 len: 0 microversion: 1.36
Mar 26 20:59:22.386597 ncdv-master-1 devstack@placement-api.service[127219]: [pid: 127219|app: 0|req: 327/648] 10.222.0.16 () {64 vars in 1433 bytes} [Sat Mar 26 20:59:22 2022] PUT /placement/allocations/6fea3714-7920-4e94-bf4c-ac35625e7bd0 => generated 0 bytes in 63 msecs (HTTP/1.1 204) 5 headers in 199 bytes (1 switches on core 0)
Mar 26 20:59:22.736168 ncdv-master-1 devstack@placement-api.service[127218]: DEBUG placement.requestlog [req-a81bf930-b08c-4be8-8aaf-932099688ce9 req-6f663b47-c970-4851-8b53-401904a2df37 None None] Starting request: 10.222.0.21 "GET /placement/allocations/6fea3714-7920-4e94-bf4c-ac35625e7bd0" {{(pid=127218) __call__ /opt/stack/placement/placement/requestlog.py:55}}
Mar 26 20:59:22.790520 ncdv-master-1 devstack@placement-api.service[127218]: INFO placement.requestlog [req-a81bf930-b08c-4be8-8aaf-932099688ce9 req-6f663b47-c970-4851-8b53-401904a2df37 service placement] 10.222.0.21 "GET /placement/allocations/6fea3714-7920-4e94-bf4c-ac35625e7bd0" status: 200 len: 259 microversion: 1.28
Mar 26 20:59:22.794233 ncdv-master-1 devstack@placement-api.service[127218]: [pid: 127218|app: 0|req: 322/649] 10.222.0.21 () {60 vars in 1377 bytes} [Sat Mar 26 20:59:22 2022] GET /placement/allocations/6fea3714-7920-4e94-bf4c-ac35625e7bd0 => generated 259 bytes in 58 msecs (HTTP/1.1 200) 8 headers in 296 bytes (1 switches on core 0)
Mar 26 20:59:24.733652 ncdv-master-1 devstack@placement-api.service[127219]: DEBUG placement.requestlog [req-a934fd4f-821e-4991-b9f5-2efcf18067e6 req-5f51985a-817b-4320-a6fb-d4d67a64ee3c None None] Starting request: 10.222.0.16 "GET /placement/allocation_candidates?limit=1000&resources=DISK_GB%3A1%2CMEMORY_MB%3A1024%2CVCPU%3A1&root_required=%21COMPUTE_STATUS_DISABLED" {{(pid=127219) __call__ /opt/stack/placement/placement/requestlog.py:55}}
Mar 26 20:59:24.778797 ncdv-master-1 devstack@placement-api.service[127219]: DEBUG placement.objects.research_context [req-a934fd4f-821e-4991-b9f5-2efcf18067e6 req-5f51985a-817b-4320-a6fb-d4d67a64ee3c service placement] getting providers with 1 DISK_GB {{(pid=127219) __init__ /opt/stack/placement/placement/objects/research_context.py:136}}
Mar 26 20:59:24.787506 ncdv-master-1 devstack@placement-api.service[127219]: DEBUG placement.objects.research_context [req-a934fd4f-821e-4991-b9f5-2efcf18067e6 req-5f51985a-817b-4320-a6fb-d4d67a64ee3c service placement] getting providers with 1024 MEMORY_MB {{(pid=127219) __init__ /opt/stack/placement/placement/objects/research_context.py:136}}
Mar 26 20:59:24.793230 ncdv-master-1 devstack@placement-api.service[127219]: DEBUG placement.objects.research_context [req-a934fd4f-821e-4991-b9f5-2efcf18067e6 req-5f51985a-817b-4320-a6fb-d4d67a64ee3c service placement] getting providers with 1 VCPU {{(pid=127219) __init__ /opt/stack/placement/placement/objects/research_context.py:136}}
Mar 26 20:59:24.799469 ncdv-master-1 devstack@placement-api.service[127219]: DEBUG placement.objects.research_context [req-a934fd4f-821e-4991-b9f5-2efcf18067e6 req-5f51985a-817b-4320-a6fb-d4d67a64ee3c service placement] found 2 providers with available 1 DISK_GB {{(pid=127219) get_provider_ids_matching /opt/stack/placement/placement/objects/research_context.py:559}}
Mar 26 20:59:24.799727 ncdv-master-1 devstack@placement-api.service[127219]: DEBUG placement.objects.research_context [req-a934fd4f-821e-4991-b9f5-2efcf18067e6 req-5f51985a-817b-4320-a6fb-d4d67a64ee3c service placement] found 2 providers with available 1024 MEMORY_MB {{(pid=127219) get_provider_ids_matching /opt/stack/placement/placement/objects/research_context.py:559}}
Mar 26 20:59:24.800226 ncdv-master-1 devstack@placement-api.service[127219]: DEBUG placement.objects.research_context [req-a934fd4f-821e-4991-b9f5-2efcf18067e6 req-5f51985a-817b-4320-a6fb-d4d67a64ee3c service placement] found 2 providers after filtering by previous result {{(pid=127219) get_provider_ids_matching /opt/stack/placement/placement/objects/research_context.py:590}}
Mar 26 20:59:24.800471 ncdv-master-1 devstack@placement-api.service[127219]: DEBUG placement.objects.research_context [req-a934fd4f-821e-4991-b9f5-2efcf18067e6 req-5f51985a-817b-4320-a6fb-d4d67a64ee3c service placement] found 2 providers with available 1 VCPU {{(pid=127219) get_provider_ids_matching /opt/stack/placement/placement/objects/research_context.py:559}}
Mar 26 20:59:24.800881 ncdv-master-1 devstack@placement-api.service[127219]: DEBUG placement.objects.research_context [req-a934fd4f-821e-4991-b9f5-2efcf18067e6 req-5f51985a-817b-4320-a6fb-d4d67a64ee3c service placement] found 2 providers after filtering by previous result {{(pid=127219) get_provider_ids_matching /opt/stack/placement/placement/objects/research_context.py:590}}
Mar 26 20:59:24.814142 ncdv-master-1 devstack@placement-api.service[127219]: DEBUG placement.objects.allocation_candidate [req-a934fd4f-821e-4991-b9f5-2efcf18067e6 req-5f51985a-817b-4320-a6fb-d4d67a64ee3c service placement] RequestGroup(use_same_provider=False, resources={DISK_GB:1, MEMORY_MB:1024, VCPU:1}, traits=(), aggregates=[]) (suffix '') returned 2 matches {{(pid=127219) _get_by_requests /opt/stack/placement/placement/objects/allocation_candidate.py:156}}
Mar 26 20:59:24.814838 ncdv-master-1 devstack@placement-api.service[127219]: DEBUG placement.objects.allocation_candidate [req-a934fd4f-821e-4991-b9f5-2efcf18067e6 req-5f51985a-817b-4320-a6fb-d4d67a64ee3c service placement] Merging candidates yields 2 allocation requests and 2 provider summaries {{(pid=127219) _merge_candidates /opt/stack/placement/placement/objects/allocation_candidate.py:809}}
Mar 26 20:59:24.817146 ncdv-master-1 devstack@placement-api.service[127219]: INFO placement.requestlog [req-a934fd4f-821e-4991-b9f5-2efcf18067e6 req-5f51985a-817b-4320-a6fb-d4d67a64ee3c service placement] 10.222.0.16 "GET /placement/allocation_candidates?limit=1000&resources=DISK_GB%3A1%2CMEMORY_MB%3A1024%2CVCPU%3A1&root_required=%21COMPUTE_STATUS_DISABLED" status: 200 len: 1309 microversion: 1.36
Mar 26 20:59:24.818573 ncdv-master-1 devstack@placement-api.service[127219]: [pid: 127219|app: 0|req: 328/650] 10.222.0.16 () {60 vars in 1506 bytes} [Sat Mar 26 20:59:24 2022] GET /placement/allocation_candidates?limit=1000&resources=DISK_GB%3A1%2CMEMORY_MB%3A1024%2CVCPU%3A1&root_required=%21COMPUTE_STATUS_DISABLED => generated 1309 bytes in 85 msecs (HTTP/1.1 200) 8 headers in 297 bytes (1 switches on core 0)
Mar 26 20:59:24.900120 ncdv-master-1 devstack@placement-api.service[127218]: DEBUG placement.requestlog [req-a934fd4f-821e-4991-b9f5-2efcf18067e6 req-7a47b5d4-cef7-4b52-b477-c34a5ce8623b None None] Starting request: 10.222.0.16 "GET /placement/allocations/66eb7a91-bf1d-40ca-882d-97bb20634c24" {{(pid=127218) __call__ /opt/stack/placement/placement/requestlog.py:55}}
Mar 26 20:59:24.910636 ncdv-master-1 devstack@placement-api.service[127218]: INFO placement.requestlog [req-a934fd4f-821e-4991-b9f5-2efcf18067e6 req-7a47b5d4-cef7-4b52-b477-c34a5ce8623b service placement] 10.222.0.16 "GET /placement/allocations/66eb7a91-bf1d-40ca-882d-97bb20634c24" status: 200 len: 19 microversion: 1.28
Mar 26 20:59:24.911116 ncdv-master-1 devstack@placement-api.service[127218]: [pid: 127218|app: 0|req: 323/651] 10.222.0.16 () {60 vars in 1380 bytes} [Sat Mar 26 20:59:24 2022] GET /placement/allocations/66eb7a91-bf1d-40ca-882d-97bb20634c24 => generated 19 bytes in 11 msecs (HTTP/1.1 200) 8 headers in 295 bytes (1 switches on core 0)
Mar 26 20:59:24.920794 ncdv-master-1 devstack@placement-api.service[127219]: DEBUG placement.requestlog [req-a934fd4f-821e-4991-b9f5-2efcf18067e6 req-e4c7c1a8-c20b-4856-88f0-794b945329a2 None None] Starting request: 10.222.0.16 "PUT /placement/allocations/66eb7a91-bf1d-40ca-882d-97bb20634c24" {{(pid=127219) __call__ /opt/stack/placement/placement/requestlog.py:55}}
Mar 26 20:59:24.998013 ncdv-master-1 devstack@placement-api.service[127219]: DEBUG placement.handlers.allocation [req-a934fd4f-821e-4991-b9f5-2efcf18067e6 req-e4c7c1a8-c20b-4856-88f0-794b945329a2 service placement] Successfully wrote allocations [, , ] {{(pid=127219) _update_consumers_and_create_allocations /opt/stack/placement/placement/handlers/allocation.py:462}}
Mar 26 20:59:25.002179 ncdv-master-1 devstack@placement-api.service[127219]: INFO placement.requestlog [req-a934fd4f-821e-4991-b9f5-2efcf18067e6 req-e4c7c1a8-c20b-4856-88f0-794b945329a2 service placement] 10.222.0.16 "PUT /placement/allocations/66eb7a91-bf1d-40ca-882d-97bb20634c24" status: 204 len: 0 microversion: 1.36
Mar 26 20:59:25.002703 ncdv-master-1 devstack@placement-api.service[127219]: [pid: 127219|app: 0|req: 329/652] 10.222.0.16 () {64 vars in 1433 bytes} [Sat Mar 26 20:59:24 2022] PUT /placement/allocations/66eb7a91-bf1d-40ca-882d-97bb20634c24 => generated 0 bytes in 82 msecs (HTTP/1.1 204) 5 headers in 199 bytes (1 switches on core 0)
Mar 26 20:59:25.329751 ncdv-master-1 devstack@placement-api.service[127218]: DEBUG placement.requestlog [req-a934fd4f-821e-4991-b9f5-2efcf18067e6 req-5e9e7281-1710-40b4-8a49-facae4748099 None None] Starting request: 10.222.0.18 "GET /placement/allocations/66eb7a91-bf1d-40ca-882d-97bb20634c24" {{(pid=127218) __call__ /opt/stack/placement/placement/requestlog.py:55}}
Mar 26 20:59:25.347804 ncdv-master-1 devstack@placement-api.service[127218]: INFO placement.requestlog [req-a934fd4f-821e-4991-b9f5-2efcf18067e6 req-5e9e7281-1710-40b4-8a49-facae4748099 service placement] 10.222.0.18 "GET /placement/allocations/66eb7a91-bf1d-40ca-882d-97bb20634c24" status: 200 len: 259 microversion: 1.28
Mar 26 20:59:25.348433 ncdv-master-1 devstack@placement-api.service[127218]: [pid: 127218|app: 0|req: 324/653] 10.222.0.18 () {60 vars in 1377 bytes} [Sat Mar 26 20:59:25 2022] GET /placement/allocations/66eb7a91-bf1d-40ca-882d-97bb20634c24 => generated 259 bytes in 19 msecs (HTTP/1.1 200) 8 headers in 296 bytes (1 switches on core 0)
Mar 26 20:59:34.869084 ncdv-master-1 devstack@placement-api.service[127219]: DEBUG placement.requestlog [req-49d3ac6f-2b9d-48a9-a253-65d452e67f03 req-802fd872-5acd-402c-aac6-55374c5985af None None] Starting request: 10.222.0.16 "GET /placement/allocation_candidates?limit=1000&resources=DISK_GB%3A1%2CMEMORY_MB%3A1024%2CVCPU%3A1&root_required=%21COMPUTE_STATUS_DISABLED" {{(pid=127219) __call__ /opt/stack/placement/placement/requestlog.py:55}}
Mar 26 20:59:35.107452 ncdv-master-1 devstack@placement-api.service[127219]: DEBUG placement.objects.research_context [req-49d3ac6f-2b9d-48a9-a253-65d452e67f03 req-802fd872-5acd-402c-aac6-55374c5985af service placement] getting providers with 1 DISK_GB {{(pid=127219) __init__ /opt/stack/placement/placement/objects/research_context.py:136}}
Mar 26 20:59:35.132084 ncdv-master-1 devstack@placement-api.service[127219]: DEBUG placement.objects.research_context [req-49d3ac6f-2b9d-48a9-a253-65d452e67f03 req-802fd872-5acd-402c-aac6-55374c5985af service placement] getting providers with 1024 MEMORY_MB {{(pid=127219) __init__ /opt/stack/placement/placement/objects/research_context.py:136}}
Mar 26 20:59:35.139493 ncdv-master-1 devstack@placement-api.service[127219]: DEBUG placement.objects.research_context [req-49d3ac6f-2b9d-48a9-a253-65d452e67f03 req-802fd872-5acd-402c-aac6-55374c5985af service placement] getting providers with 1 VCPU {{(pid=127219) __init__ /opt/stack/placement/placement/objects/research_context.py:136}}
Mar 26 20:59:35.146424 ncdv-master-1 devstack@placement-api.service[127219]: DEBUG placement.objects.research_context [req-49d3ac6f-2b9d-48a9-a253-65d452e67f03 req-802fd872-5acd-402c-aac6-55374c5985af service placement] found 2 providers with available 1 DISK_GB {{(pid=127219) get_provider_ids_matching /opt/stack/placement/placement/objects/research_context.py:559}}
Mar 26 20:59:35.146906 ncdv-master-1 devstack@placement-api.service[127219]: DEBUG placement.objects.research_context [req-49d3ac6f-2b9d-48a9-a253-65d452e67f03 req-802fd872-5acd-402c-aac6-55374c5985af service placement] found 2 providers with available 1024 MEMORY_MB {{(pid=127219) get_provider_ids_matching /opt/stack/placement/placement/objects/research_context.py:559}}
Mar 26 20:59:35.147355 ncdv-master-1 devstack@placement-api.service[127219]: DEBUG placement.objects.research_context [req-49d3ac6f-2b9d-48a9-a253-65d452e67f03 req-802fd872-5acd-402c-aac6-55374c5985af service placement] found 2 providers after filtering by previous result {{(pid=127219) get_provider_ids_matching /opt/stack/placement/placement/objects/research_context.py:590}}
Mar 26 20:59:35.147773 ncdv-master-1 devstack@placement-api.service[127219]: DEBUG placement.objects.research_context [req-49d3ac6f-2b9d-48a9-a253-65d452e67f03 req-802fd872-5acd-402c-aac6-55374c5985af service placement] found 2 providers with available 1 VCPU {{(pid=127219) get_provider_ids_matching /opt/stack/placement/placement/objects/research_context.py:559}}
Mar 26 20:59:35.148203 ncdv-master-1 devstack@placement-api.service[127219]: DEBUG placement.objects.research_context [req-49d3ac6f-2b9d-48a9-a253-65d452e67f03 req-802fd872-5acd-402c-aac6-55374c5985af service placement] found 2 providers after filtering by previous result {{(pid=127219) get_provider_ids_matching /opt/stack/placement/placement/objects/research_context.py:590}}
Mar 26 20:59:35.177629 ncdv-master-1 devstack@placement-api.service[127219]: DEBUG placement.objects.allocation_candidate [req-49d3ac6f-2b9d-48a9-a253-65d452e67f03 req-802fd872-5acd-402c-aac6-55374c5985af service placement] RequestGroup(use_same_provider=False, resources={DISK_GB:1, MEMORY_MB:1024, VCPU:1}, traits=(), aggregates=[]) (suffix '') returned 2 matches {{(pid=127219) _get_by_requests /opt/stack/placement/placement/objects/allocation_candidate.py:156}}
Mar 26 20:59:35.178142 ncdv-master-1 devstack@placement-api.service[127219]: DEBUG placement.objects.allocation_candidate [req-49d3ac6f-2b9d-48a9-a253-65d452e67f03 req-802fd872-5acd-402c-aac6-55374c5985af service placement] Merging candidates yields 2 allocation requests and 2 provider summaries {{(pid=127219) _merge_candidates /opt/stack/placement/placement/objects/allocation_candidate.py:809}}
Mar 26 20:59:35.185652 ncdv-master-1 devstack@placement-api.service[127219]: INFO placement.requestlog [req-49d3ac6f-2b9d-48a9-a253-65d452e67f03 req-802fd872-5acd-402c-aac6-55374c5985af service placement] 10.222.0.16 "GET /placement/allocation_candidates?limit=1000&resources=DISK_GB%3A1%2CMEMORY_MB%3A1024%2CVCPU%3A1&root_required=%21COMPUTE_STATUS_DISABLED" status: 200 len: 1309 microversion: 1.36
Mar 26 20:59:35.186338 ncdv-master-1 devstack@placement-api.service[127219]: [pid: 127219|app: 0|req: 330/654] 10.222.0.16 () {60 vars in 1506 bytes} [Sat Mar 26 20:59:34 2022] GET /placement/allocation_candidates?limit=1000&resources=DISK_GB%3A1%2CMEMORY_MB%3A1024%2CVCPU%3A1&root_required=%21COMPUTE_STATUS_DISABLED => generated 1309 bytes in 317 msecs (HTTP/1.1 200) 8 headers in 297 bytes (1 switches on core 0)
Mar 26 20:59:35.317255 ncdv-master-1 devstack@placement-api.service[127218]: DEBUG placement.requestlog [req-49d3ac6f-2b9d-48a9-a253-65d452e67f03 req-3b9ba005-756b-4d92-90cb-dcec502fab1f None None] Starting request: 10.222.0.16 "GET /placement/allocations/724266e8-a6b9-48ad-8ae7-cebb995e13c2" {{(pid=127218) __call__ /opt/stack/placement/placement/requestlog.py:55}}
Mar 26 20:59:35.332627 ncdv-master-1 devstack@placement-api.service[127218]: INFO placement.requestlog [req-49d3ac6f-2b9d-48a9-a253-65d452e67f03 req-3b9ba005-756b-4d92-90cb-dcec502fab1f service placement] 10.222.0.16 "GET /placement/allocations/724266e8-a6b9-48ad-8ae7-cebb995e13c2" status: 200 len: 19 microversion: 1.28
Mar 26 20:59:35.333863 ncdv-master-1 devstack@placement-api.service[127218]: [pid: 127218|app: 0|req: 325/655] 10.222.0.16 () {60 vars in 1380 bytes} [Sat Mar 26 20:59:35 2022] GET /placement/allocations/724266e8-a6b9-48ad-8ae7-cebb995e13c2 => generated 19 bytes in 17 msecs (HTTP/1.1 200) 8 headers in 295 bytes (1 switches on core 0)
Mar 26 20:59:35.342207 ncdv-master-1 devstack@placement-api.service[127219]: DEBUG placement.requestlog [req-49d3ac6f-2b9d-48a9-a253-65d452e67f03 req-d4afd917-61ad-4cb8-8c80-de8baf1b32eb None None] Starting request: 10.222.0.16 "PUT /placement/allocations/724266e8-a6b9-48ad-8ae7-cebb995e13c2" {{(pid=127219) __call__ /opt/stack/placement/placement/requestlog.py:55}}
