Mar 26 20:49:46.378929 ncdv-master-1 devstack@placement-api.service[127218]: DEBUG placement.objects.research_context [req-8df163a5-52cd-457a-8a5f-d46a49a6577b req-107dccc8-05d5-43a0-9957-c9a3a3213307 service placement] getting providers with 1 VCPU {{(pid=127218) __init__ /opt/stack/placement/placement/objects/research_context.py:136}}
Mar 26 20:49:46.399948 ncdv-master-1 devstack@placement-api.service[127218]: DEBUG placement.objects.research_context [req-8df163a5-52cd-457a-8a5f-d46a49a6577b req-107dccc8-05d5-43a0-9957-c9a3a3213307 service placement] found 2 providers with available 1 DISK_GB {{(pid=127218) get_provider_ids_matching /opt/stack/placement/placement/objects/research_context.py:559}}
Mar 26 20:49:46.400510 ncdv-master-1 devstack@placement-api.service[127218]: DEBUG placement.objects.research_context [req-8df163a5-52cd-457a-8a5f-d46a49a6577b req-107dccc8-05d5-43a0-9957-c9a3a3213307 service placement] found 2 providers with available 1024 MEMORY_MB {{(pid=127218) get_provider_ids_matching /opt/stack/placement/placement/objects/research_context.py:559}}
Mar 26 20:49:46.404704 ncdv-master-1 devstack@placement-api.service[127218]: DEBUG placement.objects.research_context [req-8df163a5-52cd-457a-8a5f-d46a49a6577b req-107dccc8-05d5-43a0-9957-c9a3a3213307 service placement] found 2 providers after filtering by previous result {{(pid=127218) get_provider_ids_matching /opt/stack/placement/placement/objects/research_context.py:590}}
Mar 26 20:49:46.405175 ncdv-master-1 devstack@placement-api.service[127218]: DEBUG placement.objects.research_context [req-8df163a5-52cd-457a-8a5f-d46a49a6577b req-107dccc8-05d5-43a0-9957-c9a3a3213307 service placement] found 2 providers with available 1 VCPU {{(pid=127218) get_provider_ids_matching /opt/stack/placement/placement/objects/research_context.py:559}}
Mar 26 20:49:46.415803 ncdv-master-1 devstack@placement-api.service[127218]: DEBUG placement.objects.research_context [req-8df163a5-52cd-457a-8a5f-d46a49a6577b req-107dccc8-05d5-43a0-9957-c9a3a3213307 service placement] found 2 providers after filtering by previous result {{(pid=127218) get_provider_ids_matching /opt/stack/placement/placement/objects/research_context.py:590}}
Mar 26 20:49:46.450258 ncdv-master-1 devstack@placement-api.service[127218]: DEBUG placement.objects.allocation_candidate [req-8df163a5-52cd-457a-8a5f-d46a49a6577b req-107dccc8-05d5-43a0-9957-c9a3a3213307 service placement] RequestGroup(use_same_provider=False, resources={DISK_GB:1, MEMORY_MB:1024, VCPU:1}, traits=(), aggregates=[]) (suffix '') returned 2 matches {{(pid=127218) _get_by_requests /opt/stack/placement/placement/objects/allocation_candidate.py:156}}
Mar 26 20:49:46.450557 ncdv-master-1 devstack@placement-api.service[127218]: DEBUG placement.objects.allocation_candidate [req-8df163a5-52cd-457a-8a5f-d46a49a6577b req-107dccc8-05d5-43a0-9957-c9a3a3213307 service placement] Merging candidates yields 2 allocation requests and 2 provider summaries {{(pid=127218) _merge_candidates /opt/stack/placement/placement/objects/allocation_candidate.py:809}}
Mar 26 20:49:46.455516 ncdv-master-1 devstack@placement-api.service[127218]: INFO placement.requestlog [req-8df163a5-52cd-457a-8a5f-d46a49a6577b req-107dccc8-05d5-43a0-9957-c9a3a3213307 service placement] 10.222.0.16 "GET /placement/allocation_candidates?limit=1000&resources=DISK_GB%3A1%2CMEMORY_MB%3A1024%2CVCPU%3A1&root_required=%21COMPUTE_STATUS_DISABLED" status: 200 len: 1309 microversion: 1.36
Mar 26 20:49:46.462383 ncdv-master-1 devstack@placement-api.service[127218]: [pid: 127218|app: 0|req: 27/55] 10.222.0.16 () {60 vars in 1506 bytes} [Sat Mar 26 20:49:46 2022] GET /placement/allocation_candidates?limit=1000&resources=DISK_GB%3A1%2CMEMORY_MB%3A1024%2CVCPU%3A1&root_required=%21COMPUTE_STATUS_DISABLED => generated 1309 bytes in 177 msecs (HTTP/1.1 200) 8 headers in 297 bytes (1 switches on core 0)
Mar 26 20:49:46.605351 ncdv-master-1 devstack@placement-api.service[127219]: DEBUG placement.requestlog [req-8df163a5-52cd-457a-8a5f-d46a49a6577b req-214777b2-9814-4f93-8421-ac240d44ba7d None None] Starting request: 10.222.0.16 "GET /placement/allocations/ab40ed86-51b9-43e0-9212-b0e2abdbf719" {{(pid=127219) __call__ /opt/stack/placement/placement/requestlog.py:55}}
Mar 26 20:49:46.616172 ncdv-master-1 devstack@placement-api.service[127219]: INFO placement.requestlog [req-8df163a5-52cd-457a-8a5f-d46a49a6577b req-214777b2-9814-4f93-8421-ac240d44ba7d service placement] 10.222.0.16 "GET /placement/allocations/ab40ed86-51b9-43e0-9212-b0e2abdbf719" status: 200 len: 19 microversion: 1.28
Mar 26 20:49:46.616529 ncdv-master-1 devstack@placement-api.service[127219]: [pid: 127219|app: 0|req: 29/56] 10.222.0.16 () {60 vars in 1380 bytes} [Sat Mar 26 20:49:46 2022] GET /placement/allocations/ab40ed86-51b9-43e0-9212-b0e2abdbf719 => generated 19 bytes in 11 msecs (HTTP/1.1 200) 8 headers in 295 bytes (1 switches on core 0)
Mar 26 20:49:46.622823 ncdv-master-1 devstack@placement-api.service[127218]: DEBUG placement.requestlog [req-8df163a5-52cd-457a-8a5f-d46a49a6577b req-acee301b-c2db-4f96-b869-9eaab5555c07 None None] Starting request: 10.222.0.16 "PUT /placement/allocations/ab40ed86-51b9-43e0-9212-b0e2abdbf719" {{(pid=127218) __call__ /opt/stack/placement/placement/requestlog.py:55}}
Mar 26 20:49:46.693041 ncdv-master-1 devstack@placement-api.service[127218]: DEBUG placement.handlers.allocation [req-8df163a5-52cd-457a-8a5f-d46a49a6577b req-acee301b-c2db-4f96-b869-9eaab5555c07 service placement] Successfully wrote allocations [, , ] {{(pid=127218) _update_consumers_and_create_allocations /opt/stack/placement/placement/handlers/allocation.py:462}}
Mar 26 20:49:46.700054 ncdv-master-1 devstack@placement-api.service[127218]: INFO placement.requestlog [req-8df163a5-52cd-457a-8a5f-d46a49a6577b req-acee301b-c2db-4f96-b869-9eaab5555c07 service placement] 10.222.0.16 "PUT /placement/allocations/ab40ed86-51b9-43e0-9212-b0e2abdbf719" status: 204 len: 0 microversion: 1.36
Mar 26 20:49:46.701826 ncdv-master-1 devstack@placement-api.service[127218]: [pid: 127218|app: 0|req: 28/57] 10.222.0.16 () {64 vars in 1433 bytes} [Sat Mar 26 20:49:46 2022] PUT /placement/allocations/ab40ed86-51b9-43e0-9212-b0e2abdbf719 => generated 0 bytes in 79 msecs (HTTP/1.1 204) 5 headers in 199 bytes (2 switches on core 0)
Mar 26 20:49:46.809524 ncdv-master-1 devstack@placement-api.service[127219]: DEBUG placement.requestlog [req-3092848f-6c53-4f79-a058-4c71c4eccd05 req-c68a85af-8c96-4640-b0c9-d9e2ef8c72ff None None] Starting request: 10.222.0.18 "DELETE /placement/allocations/07bf7261-e75c-434d-a249-8aef91e0e3b4" {{(pid=127219) __call__ /opt/stack/placement/placement/requestlog.py:55}}
Mar 26 20:49:46.849783 ncdv-master-1 devstack@placement-api.service[127219]: DEBUG placement.handlers.allocation [req-3092848f-6c53-4f79-a058-4c71c4eccd05 req-c68a85af-8c96-4640-b0c9-d9e2ef8c72ff service placement] Successfully deleted allocations [, , ] {{(pid=127219) delete_allocations /opt/stack/placement/placement/handlers/allocation.py:627}}
Mar 26 20:49:46.850906 ncdv-master-1 devstack@placement-api.service[127219]: INFO placement.requestlog [req-3092848f-6c53-4f79-a058-4c71c4eccd05 req-c68a85af-8c96-4640-b0c9-d9e2ef8c72ff service placement] 10.222.0.18 "DELETE /placement/allocations/07bf7261-e75c-434d-a249-8aef91e0e3b4" status: 204 len: 0 microversion: 1.0
Mar 26 20:49:46.851973 ncdv-master-1 devstack@placement-api.service[127219]: [pid: 127219|app: 0|req: 30/58] 10.222.0.18 () {60 vars in 1355 bytes} [Sat Mar 26 20:49:46 2022] DELETE /placement/allocations/07bf7261-e75c-434d-a249-8aef91e0e3b4 => generated 0 bytes in 43 msecs (HTTP/1.1 204) 5 headers in 198 bytes (1 switches on core 0)
Mar 26 20:49:47.176629 ncdv-master-1 devstack@placement-api.service[127218]: DEBUG placement.requestlog [req-8df163a5-52cd-457a-8a5f-d46a49a6577b req-51ceb953-de8c-4d1f-bed0-07552a30b94a None None] Starting request: 10.222.0.21 "GET /placement/allocations/ab40ed86-51b9-43e0-9212-b0e2abdbf719" {{(pid=127218) __call__ /opt/stack/placement/placement/requestlog.py:55}}
Mar 26 20:49:47.197661 ncdv-master-1 devstack@placement-api.service[127218]: INFO placement.requestlog [req-8df163a5-52cd-457a-8a5f-d46a49a6577b req-51ceb953-de8c-4d1f-bed0-07552a30b94a service placement] 10.222.0.21 "GET /placement/allocations/ab40ed86-51b9-43e0-9212-b0e2abdbf719" status: 200 len: 258 microversion: 1.28
Mar 26 20:49:47.198696 ncdv-master-1 devstack@placement-api.service[127218]: [pid: 127218|app: 0|req: 29/59] 10.222.0.21 () {60 vars in 1377 bytes} [Sat Mar 26 20:49:47 2022] GET /placement/allocations/ab40ed86-51b9-43e0-9212-b0e2abdbf719 => generated 258 bytes in 23 msecs (HTTP/1.1 200) 8 headers in 296 bytes (1 switches on core 0)
Mar 26 20:49:48.190552 ncdv-master-1 devstack@placement-api.service[127219]: DEBUG placement.requestlog [req-599de4c4-84be-4c16-b380-10290d5ea244 req-bd69a559-3150-421d-abb4-4f61b4b977f0 None None] Starting request: 10.222.0.16 "GET /placement/allocation_candidates?limit=1000&resources=DISK_GB%3A1%2CMEMORY_MB%3A1024%2CVCPU%3A1&root_required=%21COMPUTE_STATUS_DISABLED" {{(pid=127219) __call__ /opt/stack/placement/placement/requestlog.py:55}}
Mar 26 20:49:48.239296 ncdv-master-1 devstack@placement-api.service[127219]: DEBUG placement.objects.research_context [req-599de4c4-84be-4c16-b380-10290d5ea244 req-bd69a559-3150-421d-abb4-4f61b4b977f0 service placement] getting providers with 1 DISK_GB {{(pid=127219) __init__ /opt/stack/placement/placement/objects/research_context.py:136}}
Mar 26 20:49:48.250676 ncdv-master-1 devstack@placement-api.service[127219]: DEBUG placement.objects.research_context [req-599de4c4-84be-4c16-b380-10290d5ea244 req-bd69a559-3150-421d-abb4-4f61b4b977f0 service placement] getting providers with 1024 MEMORY_MB {{(pid=127219) __init__ /opt/stack/placement/placement/objects/research_context.py:136}}
Mar 26 20:49:48.257963 ncdv-master-1 devstack@placement-api.service[127219]: DEBUG placement.objects.research_context [req-599de4c4-84be-4c16-b380-10290d5ea244 req-bd69a559-3150-421d-abb4-4f61b4b977f0 service placement] getting providers with 1 VCPU {{(pid=127219) __init__ /opt/stack/placement/placement/objects/research_context.py:136}}
Mar 26 20:49:48.264574 ncdv-master-1 devstack@placement-api.service[127219]: DEBUG placement.objects.research_context [req-599de4c4-84be-4c16-b380-10290d5ea244 req-bd69a559-3150-421d-abb4-4f61b4b977f0 service placement] found 2 providers with available 1 DISK_GB {{(pid=127219) get_provider_ids_matching /opt/stack/placement/placement/objects/research_context.py:559}}
Mar 26 20:49:48.265032 ncdv-master-1 devstack@placement-api.service[127219]: DEBUG placement.objects.research_context [req-599de4c4-84be-4c16-b380-10290d5ea244 req-bd69a559-3150-421d-abb4-4f61b4b977f0 service placement] found 2 providers with available 1024 MEMORY_MB {{(pid=127219) get_provider_ids_matching /opt/stack/placement/placement/objects/research_context.py:559}}
Mar 26 20:49:48.265477 ncdv-master-1 devstack@placement-api.service[127219]: DEBUG placement.objects.research_context [req-599de4c4-84be-4c16-b380-10290d5ea244 req-bd69a559-3150-421d-abb4-4f61b4b977f0 service placement] found 2 providers after filtering by previous result {{(pid=127219) get_provider_ids_matching /opt/stack/placement/placement/objects/research_context.py:590}}
Mar 26 20:49:48.265871 ncdv-master-1 devstack@placement-api.service[127219]: DEBUG placement.objects.research_context [req-599de4c4-84be-4c16-b380-10290d5ea244 req-bd69a559-3150-421d-abb4-4f61b4b977f0 service placement] found 2 providers with available 1 VCPU {{(pid=127219) get_provider_ids_matching /opt/stack/placement/placement/objects/research_context.py:559}}
Mar 26 20:49:48.266360 ncdv-master-1 devstack@placement-api.service[127219]: DEBUG placement.objects.research_context [req-599de4c4-84be-4c16-b380-10290d5ea244 req-bd69a559-3150-421d-abb4-4f61b4b977f0 service placement] found 2 providers after filtering by previous result {{(pid=127219) get_provider_ids_matching /opt/stack/placement/placement/objects/research_context.py:590}}
Mar 26 20:49:48.268321 ncdv-master-1 devstack@placement-api.service[127218]: DEBUG placement.requestlog [req-04368fa9-2f2e-4dd9-bf20-cd010578bd84 req-2cc2538e-21a1-41ee-a6e1-bbdf83c79121 None None] Starting request: 10.222.0.18 "GET /placement/resource_providers/5ad9919e-eeac-4b43-b599-249e3035ae98/allocations" {{(pid=127218) __call__ /opt/stack/placement/placement/requestlog.py:55}}
Mar 26 20:49:48.281982 ncdv-master-1 devstack@placement-api.service[127219]: DEBUG placement.objects.allocation_candidate [req-599de4c4-84be-4c16-b380-10290d5ea244 req-bd69a559-3150-421d-abb4-4f61b4b977f0 service placement] RequestGroup(use_same_provider=False, resources={DISK_GB:1, MEMORY_MB:1024, VCPU:1}, traits=(), aggregates=[]) (suffix '') returned 2 matches {{(pid=127219) _get_by_requests /opt/stack/placement/placement/objects/allocation_candidate.py:156}}
Mar 26 20:49:48.283096 ncdv-master-1 devstack@placement-api.service[127219]: DEBUG placement.objects.allocation_candidate [req-599de4c4-84be-4c16-b380-10290d5ea244 req-bd69a559-3150-421d-abb4-4f61b4b977f0 service placement] Merging candidates yields 2 allocation requests and 2 provider summaries {{(pid=127219) _merge_candidates /opt/stack/placement/placement/objects/allocation_candidate.py:809}}
Mar 26 20:49:48.286579 ncdv-master-1 devstack@placement-api.service[127219]: INFO placement.requestlog [req-599de4c4-84be-4c16-b380-10290d5ea244 req-bd69a559-3150-421d-abb4-4f61b4b977f0 service placement] 10.222.0.16 "GET /placement/allocation_candidates?limit=1000&resources=DISK_GB%3A1%2CMEMORY_MB%3A1024%2CVCPU%3A1&root_required=%21COMPUTE_STATUS_DISABLED" status: 200 len: 1309 microversion: 1.36
Mar 26 20:49:48.295116 ncdv-master-1 devstack@placement-api.service[127219]: [pid: 127219|app: 0|req: 31/60] 10.222.0.16 () {60 vars in 1506 bytes} [Sat Mar 26 20:49:48 2022] GET /placement/allocation_candidates?limit=1000&resources=DISK_GB%3A1%2CMEMORY_MB%3A1024%2CVCPU%3A1&root_required=%21COMPUTE_STATUS_DISABLED => generated 1309 bytes in 105 msecs (HTTP/1.1 200) 8 headers in 297 bytes (1 switches on core 0)
Mar 26 20:49:48.310205 ncdv-master-1 devstack@placement-api.service[127219]: DEBUG placement.requestlog [None req-c6002392-01d6-48d8-aa49-b2eaeec3a2e5 None None] Starting request: 10.222.0.16 "GET /placement/" {{(pid=127219) __call__ /opt/stack/placement/placement/requestlog.py:55}}
Mar 26 20:49:48.310576 ncdv-master-1 devstack@placement-api.service[127218]: INFO placement.requestlog [req-04368fa9-2f2e-4dd9-bf20-cd010578bd84 req-2cc2538e-21a1-41ee-a6e1-bbdf83c79121 service placement] 10.222.0.18 "GET /placement/resource_providers/5ad9919e-eeac-4b43-b599-249e3035ae98/allocations" status: 200 len: 153 microversion: 1.0
Mar 26 20:49:48.312135 ncdv-master-1 devstack@placement-api.service[127219]: INFO placement.requestlog [None req-c6002392-01d6-48d8-aa49-b2eaeec3a2e5 None None] 10.222.0.16 "GET /placement/" status: 200 len: 136 microversion: 1.0
Mar 26 20:49:48.313027 ncdv-master-1 devstack@placement-api.service[127219]: [pid: 127219|app: 0|req: 32/62] 10.222.0.16 () {54 vars in 907 bytes} [Sat Mar 26 20:49:48 2022] GET /placement => generated 136 bytes in 4 msecs (HTTP/1.1 200) 6 headers in 224 bytes (2 switches on core 0)
Mar 26 20:49:48.313227 ncdv-master-1 devstack@placement-api.service[127218]: [pid: 127218|app: 0|req: 30/62] 10.222.0.18 () {58 vars in 1390 bytes} [Sat Mar 26 20:49:48 2022] GET /placement/resource_providers/5ad9919e-eeac-4b43-b599-249e3035ae98/allocations => generated 153 bytes in 45 msecs (HTTP/1.1 200) 6 headers in 224 bytes (1 switches on core 0)
Mar 26 20:49:48.324316 ncdv-master-1 devstack@placement-api.service[127218]: DEBUG placement.requestlog [req-99801daf-b1c5-4b2a-9fb8-cf41f9ac0e41 req-d2bcf649-a15c-40c7-811e-2e5d9fba1c57 None None] Starting request: 10.222.0.16 "GET /placement/resource_providers/73c06ee9-78a3-4656-952b-a8343da2a507/traits" {{(pid=127218) __call__ /opt/stack/placement/placement/requestlog.py:55}}
Mar 26 20:49:48.377078 ncdv-master-1 devstack@placement-api.service[127219]: DEBUG placement.requestlog [req-599de4c4-84be-4c16-b380-10290d5ea244 req-a65ec5bc-73d2-4077-872b-22edf2e9ba2a None None] Starting request: 10.222.0.16 "GET /placement/allocations/7681c708-82a7-4715-8408-9ff49d5039af" {{(pid=127219) __call__ /opt/stack/placement/placement/requestlog.py:55}}
Mar 26 20:49:48.393707 ncdv-master-1 devstack@placement-api.service[127219]: INFO placement.requestlog [req-599de4c4-84be-4c16-b380-10290d5ea244 req-a65ec5bc-73d2-4077-872b-22edf2e9ba2a service placement] 10.222.0.16 "GET /placement/allocations/7681c708-82a7-4715-8408-9ff49d5039af" status: 200 len: 19 microversion: 1.28
Mar 26 20:49:48.394084 ncdv-master-1 devstack@placement-api.service[127219]: [pid: 127219|app: 0|req: 33/63] 10.222.0.16 () {60 vars in 1380 bytes} [Sat Mar 26 20:49:48 2022] GET /placement/allocations/7681c708-82a7-4715-8408-9ff49d5039af => generated 19 bytes in 17 msecs (HTTP/1.1 200) 8 headers in 295 bytes (2 switches on core 0)
Mar 26 20:49:48.409936 ncdv-master-1 devstack@placement-api.service[127219]: DEBUG placement.requestlog [req-599de4c4-84be-4c16-b380-10290d5ea244 req-cb85ced2-089f-4b8e-b1df-1ab5f178bdc4 None None] Starting request: 10.222.0.16 "PUT /placement/allocations/7681c708-82a7-4715-8408-9ff49d5039af" {{(pid=127219) __call__ /opt/stack/placement/placement/requestlog.py:55}}
Mar 26 20:49:48.431227 ncdv-master-1 devstack@placement-api.service[127218]: INFO placement.requestlog [req-99801daf-b1c5-4b2a-9fb8-cf41f9ac0e41 req-d2bcf649-a15c-40c7-811e-2e5d9fba1c57 service placement] 10.222.0.16 "GET /placement/resource_providers/73c06ee9-78a3-4656-952b-a8343da2a507/traits" status: 200 len: 211 microversion: 1.6
Mar 26 20:49:48.432026 ncdv-master-1 devstack@placement-api.service[127218]: [pid: 127218|app: 0|req: 31/64] 10.222.0.16 () {60 vars in 1412 bytes} [Sat Mar 26 20:49:48 2022] GET /placement/resource_providers/73c06ee9-78a3-4656-952b-a8343da2a507/traits => generated 211 bytes in 108 msecs (HTTP/1.1 200) 6 headers in 224 bytes (1 switches on core 0)
Mar 26 20:49:48.520802 ncdv-master-1 devstack@placement-api.service[127219]: DEBUG placement.handlers.allocation [req-599de4c4-84be-4c16-b380-10290d5ea244 req-cb85ced2-089f-4b8e-b1df-1ab5f178bdc4 service placement] Successfully wrote allocations [, , ] {{(pid=127219) _update_consumers_and_create_allocations /opt/stack/placement/placement/handlers/allocation.py:462}}
Mar 26 20:49:48.526379 ncdv-master-1 devstack@placement-api.service[127219]: INFO placement.requestlog [req-599de4c4-84be-4c16-b380-10290d5ea244 req-cb85ced2-089f-4b8e-b1df-1ab5f178bdc4 service placement] 10.222.0.16 "PUT /placement/allocations/7681c708-82a7-4715-8408-9ff49d5039af" status: 204 len: 0 microversion: 1.36
Mar 26 20:49:48.528059 ncdv-master-1 devstack@placement-api.service[127219]: [pid: 127219|app: 0|req: 34/65] 10.222.0.16 () {64 vars in 1433 bytes} [Sat Mar 26 20:49:48 2022] PUT /placement/allocations/7681c708-82a7-4715-8408-9ff49d5039af => generated 0 bytes in 118 msecs (HTTP/1.1 204) 5 headers in 199 bytes (2 switches on core 0)
Mar 26 20:49:48.670922 ncdv-master-1 devstack@placement-api.service[127218]: DEBUG placement.requestlog [req-5ac94bf6-6f67-400d-9d9d-d39a0271fab6 req-614491ec-363a-4ea9-a2f0-869eb1e7b500 None None] Starting request: 10.222.0.16 "GET /placement/resource_providers?name=nch2-master-1" {{(pid=127218) __call__ /opt/stack/placement/placement/requestlog.py:55}}
Mar 26 20:49:48.691273 ncdv-master-1 devstack@placement-api.service[127218]: INFO placement.requestlog [req-5ac94bf6-6f67-400d-9d9d-d39a0271fab6 req-614491ec-363a-4ea9-a2f0-869eb1e7b500 service placement] 10.222.0.16 "GET /placement/resource_providers?name=nch2-master-1" status: 200 len: 440 microversion: 1.0
Mar 26 20:49:48.692019 ncdv-master-1 devstack@placement-api.service[127218]: [pid: 127218|app: 0|req: 32/66] 10.222.0.16 () {58 vars in 1274 bytes} [Sat Mar 26 20:49:48 2022] GET /placement/resource_providers?name=nch2-master-1 => generated 440 bytes in 21 msecs (HTTP/1.1 200) 6 headers in 224 bytes (1 switches on core 0)
Mar 26 20:49:48.698829 ncdv-master-1 devstack@placement-api.service[127219]: DEBUG placement.requestlog [req-5ac94bf6-6f67-400d-9d9d-d39a0271fab6 req-44eb1050-d418-4d28-b25a-486375667ef9 None None] Starting request: 10.222.0.16 "GET /placement/resource_providers/5ad9919e-eeac-4b43-b599-249e3035ae98/aggregates" {{(pid=127219) __call__ /opt/stack/placement/placement/requestlog.py:55}}
Mar 26 20:49:48.714803 ncdv-master-1 devstack@placement-api.service[127219]: INFO placement.requestlog [req-5ac94bf6-6f67-400d-9d9d-d39a0271fab6 req-44eb1050-d418-4d28-b25a-486375667ef9 service placement] 10.222.0.16 "GET /placement/resource_providers/5ad9919e-eeac-4b43-b599-249e3035ae98/aggregates" status: 200 len: 91 microversion: 1.19
Mar 26 20:49:48.715175 ncdv-master-1 devstack@placement-api.service[127219]: [pid: 127219|app: 0|req: 35/67] 10.222.0.16 () {60 vars in 1425 bytes} [Sat Mar 26 20:49:48 2022] GET /placement/resource_providers/5ad9919e-eeac-4b43-b599-249e3035ae98/aggregates => generated 91 bytes in 17 msecs (HTTP/1.1 200) 8 headers in 295 bytes (2 switches on core 0)
Mar 26 20:49:48.722599 ncdv-master-1 devstack@placement-api.service[127218]: DEBUG placement.requestlog [req-5ac94bf6-6f67-400d-9d9d-d39a0271fab6 req-0dac24e2-2cd3-4092-8b23-8967d500decd None None] Starting request: 10.222.0.16 "PUT /placement/resource_providers/5ad9919e-eeac-4b43-b599-249e3035ae98/aggregates" {{(pid=127218) __call__ /opt/stack/placement/placement/requestlog.py:55}}
Mar 26 20:49:48.741896 ncdv-master-1 devstack@placement-api.service[127218]: DEBUG placement.objects.resource_provider [req-5ac94bf6-6f67-400d-9d9d-d39a0271fab6 req-0dac24e2-2cd3-4092-8b23-8967d500decd service placement] Setting aggregates for provider 5ad9919e-eeac-4b43-b599-249e3035ae98. Successfully disassociated aggregate 039a7a9d-30a5-4121-bdd5-ac786d016821. {{(pid=127218) _set_aggregates /opt/stack/placement/placement/objects/resource_provider.py:403}}
Mar 26 20:49:48.748517 ncdv-master-1 devstack@placement-api.service[127218]: INFO placement.requestlog [req-5ac94bf6-6f67-400d-9d9d-d39a0271fab6 req-0dac24e2-2cd3-4092-8b23-8967d500decd service placement] 10.222.0.16 "PUT /placement/resource_providers/5ad9919e-eeac-4b43-b599-249e3035ae98/aggregates" status: 200 len: 53 microversion: 1.19
Mar 26 20:49:48.749015 ncdv-master-1 devstack@placement-api.service[127218]: [pid: 127218|app: 0|req: 33/68] 10.222.0.16 () {64 vars in 1477 bytes} [Sat Mar 26 20:49:48 2022] PUT /placement/resource_providers/5ad9919e-eeac-4b43-b599-249e3035ae98/aggregates => generated 53 bytes in 27 msecs (HTTP/1.1 200) 8 headers in 295 bytes (1 switches on core 0)
Mar 26 20:49:48.984277 ncdv-master-1 devstack@placement-api.service[127219]: DEBUG placement.requestlog [req-599de4c4-84be-4c16-b380-10290d5ea244 req-fc181c99-fd5c-4a76-ab74-4916c812ecff None None] Starting request: 10.222.0.18 "GET /placement/allocations/7681c708-82a7-4715-8408-9ff49d5039af" {{(pid=127219) __call__ /opt/stack/placement/placement/requestlog.py:55}}
Mar 26 20:49:49.030079 ncdv-master-1 devstack@placement-api.service[127219]: INFO placement.requestlog [req-599de4c4-84be-4c16-b380-10290d5ea244 req-fc181c99-fd5c-4a76-ab74-4916c812ecff service placement] 10.222.0.18 "GET /placement/allocations/7681c708-82a7-4715-8408-9ff49d5039af" status: 200 len: 258 microversion: 1.28
Mar 26 20:49:49.030887 ncdv-master-1 devstack@placement-api.service[127219]: [pid: 127219|app: 0|req: 36/69] 10.222.0.18 () {60 vars in 1377 bytes} [Sat Mar 26 20:49:48 2022] GET /placement/allocations/7681c708-82a7-4715-8408-9ff49d5039af => generated 258 bytes in 47 msecs (HTTP/1.1 200) 8 headers in 296 bytes (1 switches on core 0)
Mar 26 20:49:49.223334 ncdv-master-1 devstack@placement-api.service[127218]: DEBUG placement.requestlog [None req-27108a6b-0017-4f40-9c57-27947f3becc7 None None] Starting request: 10.222.0.16 "GET /placement/" {{(pid=127218) __call__ /opt/stack/placement/placement/requestlog.py:55}}
Mar 26 20:49:49.225077 ncdv-master-1 devstack@placement-api.service[127218]: INFO placement.requestlog [None req-27108a6b-0017-4f40-9c57-27947f3becc7 None None] 10.222.0.16 "GET /placement/" status: 200 len: 136 microversion: 1.0
Mar 26 20:49:49.225757 ncdv-master-1 devstack@placement-api.service[127218]: [pid: 127218|app: 0|req: 34/70] 10.222.0.16 () {54 vars in 916 bytes} [Sat Mar 26 20:49:49 2022] GET /placement => generated 136 bytes in 3 msecs (HTTP/1.1 200) 6 headers in 224 bytes (1 switches on core 0)
Mar 26 20:49:49.243745 ncdv-master-1 devstack@placement-api.service[127219]: DEBUG placement.requestlog [req-99801daf-b1c5-4b2a-9fb8-cf41f9ac0e41 req-dfad4020-5522-43a3-ba91-fa239faa1164 None None] Starting request: 10.222.0.16 "GET /placement/allocations/ba79c797-f232-452e-bc13-7ce33ac926f0" {{(pid=127219) __call__ /opt/stack/placement/placement/requestlog.py:55}}
Mar 26 20:49:49.340977 ncdv-master-1 devstack@placement-api.service[127219]: INFO placement.requestlog [req-99801daf-b1c5-4b2a-9fb8-cf41f9ac0e41 req-dfad4020-5522-43a3-ba91-fa239faa1164 service placement] 10.222.0.16 "GET /placement/allocations/ba79c797-f232-452e-bc13-7ce33ac926f0" status: 200 len: 258 microversion: 1.28
Mar 26 20:49:49.341631 ncdv-master-1 devstack@placement-api.service[127219]: [pid: 127219|app: 0|req: 37/71] 10.222.0.16 () {60 vars in 1380 bytes} [Sat Mar 26 20:49:49 2022] GET /placement/allocations/ba79c797-f232-452e-bc13-7ce33ac926f0 => generated 258 bytes in 98 msecs (HTTP/1.1 200) 8 headers in 296 bytes (1 switches on core 0)
Mar 26 20:49:49.349318 ncdv-master-1 devstack@placement-api.service[127218]: DEBUG placement.requestlog [req-99801daf-b1c5-4b2a-9fb8-cf41f9ac0e41 req-9adf5498-2ca5-470a-9d7c-d7b757479950 None None] Starting request: 10.222.0.16 "GET /placement/allocations/ba79c797-f232-452e-bc13-7ce33ac926f0" {{(pid=127218) __call__ /opt/stack/placement/placement/requestlog.py:55}}
Mar 26 20:49:49.373332 ncdv-master-1 devstack@placement-api.service[127218]: INFO placement.requestlog [req-99801daf-b1c5-4b2a-9fb8-cf41f9ac0e41 req-9adf5498-2ca5-470a-9d7c-d7b757479950 service placement] 10.222.0.16 "GET /placement/allocations/ba79c797-f232-452e-bc13-7ce33ac926f0" status: 200 len: 258 microversion: 1.28
Mar 26 20:49:49.373735 ncdv-master-1 devstack@placement-api.service[127218]: [pid: 127218|app: 0|req: 35/72] 10.222.0.16 () {60 vars in 1380 bytes} [Sat Mar 26 20:49:49 2022] GET /placement/allocations/ba79c797-f232-452e-bc13-7ce33ac926f0 => generated 258 bytes in 25 msecs (HTTP/1.1 200) 8 headers in 296 bytes (1 switches on core 0)
Mar 26 20:49:49.382313 ncdv-master-1 devstack@placement-api.service[127219]: DEBUG placement.requestlog [req-99801daf-b1c5-4b2a-9fb8-cf41f9ac0e41 req-0adef929-a115-4cf3-8888-3ffb9e8d1ac7 None None] Starting request: 10.222.0.16 "GET /placement/allocations/a11117ec-f55c-47f5-a0b3-830a4917b6ec" {{(pid=127219) __call__ /opt/stack/placement/placement/requestlog.py:55}}
Mar 26 20:49:49.429010 ncdv-master-1 devstack@placement-api.service[127219]: INFO placement.requestlog [req-99801daf-b1c5-4b2a-9fb8-cf41f9ac0e41 req-0adef929-a115-4cf3-8888-3ffb9e8d1ac7 service placement] 10.222.0.16 "GET /placement/allocations/a11117ec-f55c-47f5-a0b3-830a4917b6ec" status: 200 len: 19 microversion: 1.28
Mar 26 20:49:49.430147 ncdv-master-1 devstack@placement-api.service[127219]: [pid: 127219|app: 0|req: 38/73] 10.222.0.16 () {60 vars in 1380 bytes} [Sat Mar 26 20:49:49 2022] GET /placement/allocations/a11117ec-f55c-47f5-a0b3-830a4917b6ec => generated 19 bytes in 49 msecs (HTTP/1.1 200) 8 headers in 295 bytes (1 switches on core 0)
Mar 26 20:49:49.437071 ncdv-master-1 devstack@placement-api.service[127218]: DEBUG placement.requestlog [req-99801daf-b1c5-4b2a-9fb8-cf41f9ac0e41 req-de293a47-1106-4829-b4eb-7b931d955754 None None] Starting request: 10.222.0.16 "POST /placement/allocations" {{(pid=127218) __call__ /opt/stack/placement/placement/requestlog.py:55}}
Mar 26 20:49:49.548071 ncdv-master-1 devstack@placement-api.service[127218]: DEBUG placement.handlers.allocation [req-99801daf-b1c5-4b2a-9fb8-cf41f9ac0e41 req-de293a47-1106-4829-b4eb-7b931d955754 service placement] Successfully wrote allocations [, , , , , ] {{(pid=127218) _update_consumers_and_create_allocations /opt/stack/placement/placement/handlers/allocation.py:572}}
Mar 26 20:49:49.557102 ncdv-master-1 devstack@placement-api.service[127218]: INFO placement.requestlog [req-99801daf-b1c5-4b2a-9fb8-cf41f9ac0e41 req-de293a47-1106-4829-b4eb-7b931d955754 service placement] 10.222.0.16 "POST /placement/allocations" status: 204 len: 0 microversion: 1.28
Mar 26 20:49:49.558875 ncdv-master-1 devstack@placement-api.service[127218]: [pid: 127218|app: 0|req: 36/74] 10.222.0.16 () {64 vars in 1323 bytes} [Sat Mar 26 20:49:49 2022] POST /placement/allocations => generated 0 bytes in 122 msecs (HTTP/1.1 204) 5 headers in 199 bytes (1 switches on core 0)
Mar 26 20:49:49.830340 ncdv-master-1 devstack@placement-api.service[127219]: DEBUG placement.requestlog [req-99801daf-b1c5-4b2a-9fb8-cf41f9ac0e41 req-e50bfc7c-8a71-4205-a724-176cab55d8d3 None None] Starting request: 10.222.0.16 "GET /placement/allocation_candidates?limit=1000&resources=DISK_GB%3A1%2CMEMORY_MB%3A1024%2CVCPU%3A1&root_required=%21COMPUTE_STATUS_DISABLED" {{(pid=127219) __call__ /opt/stack/placement/placement/requestlog.py:55}}
Mar 26 20:49:49.864155 ncdv-master-1 devstack@placement-api.service[127219]: DEBUG placement.objects.research_context [req-99801daf-b1c5-4b2a-9fb8-cf41f9ac0e41 req-e50bfc7c-8a71-4205-a724-176cab55d8d3 service placement] getting providers with 1 DISK_GB {{(pid=127219) __init__ /opt/stack/placement/placement/objects/research_context.py:136}}
Mar 26 20:49:49.872132 ncdv-master-1 devstack@placement-api.service[127219]: DEBUG placement.objects.research_context [req-99801daf-b1c5-4b2a-9fb8-cf41f9ac0e41 req-e50bfc7c-8a71-4205-a724-176cab55d8d3 service placement] getting providers with 1024 MEMORY_MB {{(pid=127219) __init__ /opt/stack/placement/placement/objects/research_context.py:136}}
Mar 26 20:49:49.878915 ncdv-master-1 devstack@placement-api.service[127219]: DEBUG placement.objects.research_context [req-99801daf-b1c5-4b2a-9fb8-cf41f9ac0e41 req-e50bfc7c-8a71-4205-a724-176cab55d8d3 service placement] getting providers with 1 VCPU {{(pid=127219) __init__ /opt/stack/placement/placement/objects/research_context.py:136}}
Mar 26 20:49:49.885250 ncdv-master-1 devstack@placement-api.service[127219]: DEBUG placement.objects.research_context [req-99801daf-b1c5-4b2a-9fb8-cf41f9ac0e41 req-e50bfc7c-8a71-4205-a724-176cab55d8d3 service placement] found 2 providers with available 1 DISK_GB {{(pid=127219) get_provider_ids_matching /opt/stack/placement/placement/objects/research_context.py:559}}
Mar 26 20:49:49.885640 ncdv-master-1 devstack@placement-api.service[127219]: DEBUG placement.objects.research_context [req-99801daf-b1c5-4b2a-9fb8-cf41f9ac0e41 req-e50bfc7c-8a71-4205-a724-176cab55d8d3 service placement] found 2 providers with available 1024 MEMORY_MB {{(pid=127219) get_provider_ids_matching /opt/stack/placement/placement/objects/research_context.py:559}}
Mar 26 20:49:49.886093 ncdv-master-1 devstack@placement-api.service[127219]: DEBUG placement.objects.research_context [req-99801daf-b1c5-4b2a-9fb8-cf41f9ac0e41 req-e50bfc7c-8a71-4205-a724-176cab55d8d3 service placement] found 2 providers after filtering by previous result {{(pid=127219) get_provider_ids_matching /opt/stack/placement/placement/objects/research_context.py:590}}
Mar 26 20:49:49.886493 ncdv-master-1 devstack@placement-api.service[127219]: DEBUG placement.objects.research_context [req-99801daf-b1c5-4b2a-9fb8-cf41f9ac0e41 req-e50bfc7c-8a71-4205-a724-176cab55d8d3 service placement] found 2 providers with available 1 VCPU {{(pid=127219) get_provider_ids_matching /opt/stack/placement/placement/objects/research_context.py:559}}
Mar 26 20:49:49.886915 ncdv-master-1 devstack@placement-api.service[127219]: DEBUG placement.objects.research_context [req-99801daf-b1c5-4b2a-9fb8-cf41f9ac0e41 req-e50bfc7c-8a71-4205-a724-176cab55d8d3 service placement] found 2 providers after filtering by previous result {{(pid=127219) get_provider_ids_matching /opt/stack/placement/placement/objects/research_context.py:590}}
Mar 26 20:49:49.899248 ncdv-master-1 devstack@placement-api.service[127219]: DEBUG placement.objects.allocation_candidate [req-99801daf-b1c5-4b2a-9fb8-cf41f9ac0e41 req-e50bfc7c-8a71-4205-a724-176cab55d8d3 service placement] RequestGroup(use_same_provider=False, resources={DISK_GB:1, MEMORY_MB:1024, VCPU:1}, traits=(), aggregates=[]) (suffix '') returned 2 matches {{(pid=127219) _get_by_requests /opt/stack/placement/placement/objects/allocation_candidate.py:156}}
Mar 26 20:49:49.900325 ncdv-master-1 devstack@placement-api.service[127219]: DEBUG placement.objects.allocation_candidate [req-99801daf-b1c5-4b2a-9fb8-cf41f9ac0e41 req-e50bfc7c-8a71-4205-a724-176cab55d8d3 service placement] Merging candidates yields 2 allocation requests and 2 provider summaries {{(pid=127219) _merge_candidates /opt/stack/placement/placement/objects/allocation_candidate.py:809}}
Mar 26 20:49:49.902006 ncdv-master-1 devstack@placement-api.service[127219]: INFO placement.requestlog [req-99801daf-b1c5-4b2a-9fb8-cf41f9ac0e41 req-e50bfc7c-8a71-4205-a724-176cab55d8d3 service placement] 10.222.0.16 "GET /placement/allocation_candidates?limit=1000&resources=DISK_GB%3A1%2CMEMORY_MB%3A1024%2CVCPU%3A1&root_required=%21COMPUTE_STATUS_DISABLED" status: 200 len: 1309 microversion: 1.36
Mar 26 20:49:49.902378 ncdv-master-1 devstack@placement-api.service[127219]: [pid: 127219|app: 0|req: 39/75] 10.222.0.16 () {60 vars in 1506 bytes} [Sat Mar 26 20:49:49 2022] GET /placement/allocation_candidates?limit=1000&resources=DISK_GB%3A1%2CMEMORY_MB%3A1024%2CVCPU%3A1&root_required=%21COMPUTE_STATUS_DISABLED => generated 1309 bytes in 72 msecs (HTTP/1.1 200) 8 headers in 297 bytes (1 switches on core 0)
Mar 26 20:49:49.968828 ncdv-master-1 devstack@placement-api.service[127218]: DEBUG placement.requestlog [req-99801daf-b1c5-4b2a-9fb8-cf41f9ac0e41 req-060f5591-6845-4d51-b1c8-8fb2e72f96ee None None] Starting request: 10.222.0.16 "GET /placement/allocations/ba79c797-f232-452e-bc13-7ce33ac926f0" {{(pid=127218) __call__ /opt/stack/placement/placement/requestlog.py:55}}
Mar 26 20:49:49.982472 ncdv-master-1 devstack@placement-api.service[127218]: INFO placement.requestlog [req-99801daf-b1c5-4b2a-9fb8-cf41f9ac0e41 req-060f5591-6845-4d51-b1c8-8fb2e72f96ee service placement] 10.222.0.16 "GET /placement/allocations/ba79c797-f232-452e-bc13-7ce33ac926f0" status: 200 len: 19 microversion: 1.28
Mar 26 20:49:49.983096 ncdv-master-1 devstack@placement-api.service[127218]: [pid: 127218|app: 0|req: 37/76] 10.222.0.16 () {60 vars in 1380 bytes} [Sat Mar 26 20:49:49 2022] GET /placement/allocations/ba79c797-f232-452e-bc13-7ce33ac926f0 => generated 19 bytes in 15 msecs (HTTP/1.1 200) 8 headers in 295 bytes (1 switches on core 0)
Mar 26 20:49:49.996057 ncdv-master-1 devstack@placement-api.service[127219]: DEBUG placement.requestlog [req-99801daf-b1c5-4b2a-9fb8-cf41f9ac0e41 req-2cd17099-a856-41f6-95a1-93cc5d0a71fb None None] Starting request: 10.222.0.16 "PUT /placement/allocations/ba79c797-f232-452e-bc13-7ce33ac926f0" {{(pid=127219) __call__ /opt/stack/placement/placement/requestlog.py:55}}
Mar 26 20:49:50.067959 ncdv-master-1 devstack@placement-api.service[127219]: DEBUG placement.handlers.allocation [req-99801daf-b1c5-4b2a-9fb8-cf41f9ac0e41 req-2cd17099-a856-41f6-95a1-93cc5d0a71fb service placement] Successfully wrote allocations [, , ] {{(pid=127219) _update_consumers_and_create_allocations /opt/stack/placement/placement/handlers/allocation.py:462}}
Mar 26 20:49:50.077502 ncdv-master-1 devstack@placement-api.service[127219]: INFO placement.requestlog [req-99801daf-b1c5-4b2a-9fb8-cf41f9ac0e41 req-2cd17099-a856-41f6-95a1-93cc5d0a71fb service placement] 10.222.0.16 "PUT /placement/allocations/ba79c797-f232-452e-bc13-7ce33ac926f0" status: 204 len: 0 microversion: 1.36
Mar 26 20:49:50.079976 ncdv-master-1 devstack@placement-api.service[127219]: [pid: 127219|app: 0|req: 40/77] 10.222.0.16 () {64 vars in 1433 bytes} [Sat Mar 26 20:49:49 2022] PUT /placement/allocations/ba79c797-f232-452e-bc13-7ce33ac926f0 => generated 0 bytes in 84 msecs (HTTP/1.1 204) 5 headers in 199 bytes (1 switches on core 0)
Mar 26 20:49:50.177210 ncdv-master-1 devstack@placement-api.service[127218]: DEBUG placement.requestlog [req-f561fa42-80f8-4a4d-a993-31b0dabd5848 req-d1b9ef31-21f2-4b0b-bcbb-359977f3af19 None None] Starting request: 10.222.0.16 "GET /placement/allocation_candidates?limit=1000&resources=DISK_GB%3A1%2CMEMORY_MB%3A1024%2CVCPU%3A1&root_required=%21COMPUTE_STATUS_DISABLED" {{(pid=127218) __call__ /opt/stack/placement/placement/requestlog.py:55}}
Mar 26 20:49:50.209098 ncdv-master-1 devstack@placement-api.service[127219]: DEBUG placement.requestlog [req-fd132870-433d-4648-9c0c-d47adff5aeb9 req-0ebc6f57-63cc-4c44-9eaa-1b7f8d2a19a2 None None] Starting request: 10.222.0.21 "GET /placement/resource_providers/73c06ee9-78a3-4656-952b-a8343da2a507/allocations" {{(pid=127219) __call__ /opt/stack/placement/placement/requestlog.py:55}}
Mar 26 20:49:50.264716 ncdv-master-1 devstack@placement-api.service[127218]: DEBUG placement.objects.research_context [req-f561fa42-80f8-4a4d-a993-31b0dabd5848 req-d1b9ef31-21f2-4b0b-bcbb-359977f3af19 service placement] getting providers with 1 DISK_GB {{(pid=127218) __init__ /opt/stack/placement/placement/objects/research_context.py:136}}
Mar 26 20:49:50.268431 ncdv-master-1 devstack@placement-api.service[127219]: INFO placement.requestlog [req-fd132870-433d-4648-9c0c-d47adff5aeb9 req-0ebc6f57-63cc-4c44-9eaa-1b7f8d2a19a2 service placement] 10.222.0.21 "GET /placement/resource_providers/73c06ee9-78a3-4656-952b-a8343da2a507/allocations" status: 200 len: 355 microversion: 1.0
Mar 26 20:49:50.270110 ncdv-master-1 devstack@placement-api.service[127219]: [pid: 127219|app: 0|req: 41/78] 10.222.0.21 () {58 vars in 1390 bytes} [Sat Mar 26 20:49:50 2022] GET /placement/resource_providers/73c06ee9-78a3-4656-952b-a8343da2a507/allocations => generated 355 bytes in 61 msecs (HTTP/1.1 200) 6 headers in 224 bytes (2 switches on core 0)
Mar 26 20:49:50.275647 ncdv-master-1 devstack@placement-api.service[127218]: DEBUG placement.objects.research_context [req-f561fa42-80f8-4a4d-a993-31b0dabd5848 req-d1b9ef31-21f2-4b0b-bcbb-359977f3af19 service placement] getting providers with 1024 MEMORY_MB {{(pid=127218) __init__ /opt/stack/placement/placement/objects/research_context.py:136}}
Mar 26 20:49:50.283345 ncdv-master-1 devstack@placement-api.service[127218]: DEBUG placement.objects.research_context [req-f561fa42-80f8-4a4d-a993-31b0dabd5848 req-d1b9ef31-21f2-4b0b-bcbb-359977f3af19 service placement] getting providers with 1 VCPU {{(pid=127218) __init__ /opt/stack/placement/placement/objects/research_context.py:136}}
Mar 26 20:49:50.290245 ncdv-master-1 devstack@placement-api.service[127218]: DEBUG placement.objects.research_context [req-f561fa42-80f8-4a4d-a993-31b0dabd5848 req-d1b9ef31-21f2-4b0b-bcbb-359977f3af19 service placement] found 2 providers with available 1 DISK_GB {{(pid=127218) get_provider_ids_matching /opt/stack/placement/placement/objects/research_context.py:559}}
Mar 26 20:49:50.290788 ncdv-master-1 devstack@placement-api.service[127218]: DEBUG placement.objects.research_context [req-f561fa42-80f8-4a4d-a993-31b0dabd5848 req-d1b9ef31-21f2-4b0b-bcbb-359977f3af19 service placement] found 2 providers with available 1024 MEMORY_MB {{(pid=127218) get_provider_ids_matching /opt/stack/placement/placement/objects/research_context.py:559}}
Mar 26 20:49:50.291212 ncdv-master-1 devstack@placement-api.service[127218]: DEBUG placement.objects.research_context [req-f561fa42-80f8-4a4d-a993-31b0dabd5848 req-d1b9ef31-21f2-4b0b-bcbb-359977f3af19 service placement] found 2 providers after filtering by previous result {{(pid=127218) get_provider_ids_matching /opt/stack/placement/placement/objects/research_context.py:590}}
Mar 26 20:49:50.291624 ncdv-master-1 devstack@placement-api.service[127218]: DEBUG placement.objects.research_context [req-f561fa42-80f8-4a4d-a993-31b0dabd5848 req-d1b9ef31-21f2-4b0b-bcbb-359977f3af19 service placement] found 2 providers with available 1 VCPU {{(pid=127218) get_provider_ids_matching /opt/stack/placement/placement/objects/research_context.py:559}}
Mar 26 20:49:50.292899 ncdv-master-1 devstack@placement-api.service[127218]: DEBUG placement.objects.research_context [req-f561fa42-80f8-4a4d-a993-31b0dabd5848 req-d1b9ef31-21f2-4b0b-bcbb-359977f3af19 service placement] found 2 providers after filtering by previous result {{(pid=127218) get_provider_ids_matching /opt/stack/placement/placement/objects/research_context.py:590}}
Mar 26 20:49:50.312286 ncdv-master-1 devstack@placement-api.service[127218]: DEBUG placement.objects.allocation_candidate [req-f561fa42-80f8-4a4d-a993-31b0dabd5848 req-d1b9ef31-21f2-4b0b-bcbb-359977f3af19 service placement] RequestGroup(use_same_provider=False, resources={DISK_GB:1, MEMORY_MB:1024, VCPU:1}, traits=(), aggregates=[]) (suffix '') returned 2 matches {{(pid=127218) _get_by_requests /opt/stack/placement/placement/objects/allocation_candidate.py:156}}
Mar 26 20:49:50.312944 ncdv-master-1 devstack@placement-api.service[127218]: DEBUG placement.objects.allocation_candidate [req-f561fa42-80f8-4a4d-a993-31b0dabd5848 req-d1b9ef31-21f2-4b0b-bcbb-359977f3af19 service placement] Merging candidates yields 2 allocation requests and 2 provider summaries {{(pid=127218) _merge_candidates /opt/stack/placement/placement/objects/allocation_candidate.py:809}}
Mar 26 20:49:50.315616 ncdv-master-1 devstack@placement-api.service[127218]: INFO placement.requestlog [req-f561fa42-80f8-4a4d-a993-31b0dabd5848 req-d1b9ef31-21f2-4b0b-bcbb-359977f3af19 service placement] 10.222.0.16 "GET /placement/allocation_candidates?limit=1000&resources=DISK_GB%3A1%2CMEMORY_MB%3A1024%2CVCPU%3A1&root_required=%21COMPUTE_STATUS_DISABLED" status: 200 len: 1309 microversion: 1.36
Mar 26 20:49:50.322084 ncdv-master-1 devstack@placement-api.service[127218]: [pid: 127218|app: 0|req: 38/79] 10.222.0.16 () {60 vars in 1506 bytes} [Sat Mar 26 20:49:50 2022] GET /placement/allocation_candidates?limit=1000&resources=DISK_GB%3A1%2CMEMORY_MB%3A1024%2CVCPU%3A1&root_required=%21COMPUTE_STATUS_DISABLED => generated 1309 bytes in 142 msecs (HTTP/1.1 200) 8 headers in 297 bytes (2 switches on core 0)
Mar 26 20:49:50.405377 ncdv-master-1 devstack@placement-api.service[127219]: DEBUG placement.requestlog [req-99801daf-b1c5-4b2a-9fb8-cf41f9ac0e41 req-07de1a0f-af82-4b68-8d9d-2e2d9f15a916 None None] Starting request: 10.222.0.18 "GET /placement/allocations/ba79c797-f232-452e-bc13-7ce33ac926f0" {{(pid=127219) __call__ /opt/stack/placement/placement/requestlog.py:55}}
Mar 26 20:49:50.429559 ncdv-master-1 devstack@placement-api.service[127219]: INFO placement.requestlog [req-99801daf-b1c5-4b2a-9fb8-cf41f9ac0e41 req-07de1a0f-af82-4b68-8d9d-2e2d9f15a916 service placement] 10.222.0.18 "GET /placement/allocations/ba79c797-f232-452e-bc13-7ce33ac926f0" status: 200 len: 259 microversion: 1.28
Mar 26 20:49:50.431545 ncdv-master-1 devstack@placement-api.service[127219]: [pid: 127219|app: 0|req: 42/80] 10.222.0.18 () {60 vars in 1377 bytes} [Sat Mar 26 20:49:50 2022] GET /placement/allocations/ba79c797-f232-452e-bc13-7ce33ac926f0 => generated 259 bytes in 26 msecs (HTTP/1.1 200) 8 headers in 296 bytes (1 switches on core 0)
Mar 26 20:49:50.463131 ncdv-master-1 devstack@placement-api.service[127218]: DEBUG placement.requestlog [req-f561fa42-80f8-4a4d-a993-31b0dabd5848 req-0e5bbe16-4adf-42e8-9430-c63264cee9c3 None None] Starting request: 10.222.0.16 "GET /placement/allocations/4aba2d49-5b28-446f-b54b-63d414e692e6" {{(pid=127218) __call__ /opt/stack/placement/placement/requestlog.py:55}}
Mar 26 20:49:50.478504 ncdv-master-1 devstack@placement-api.service[127218]: INFO placement.requestlog [req-f561fa42-80f8-4a4d-a993-31b0dabd5848 req-0e5bbe16-4adf-42e8-9430-c63264cee9c3 service placement] 10.222.0.16 "GET /placement/allocations/4aba2d49-5b28-446f-b54b-63d414e692e6" status: 200 len: 19 microversion: 1.28
Mar 26 20:49:50.478922 ncdv-master-1 devstack@placement-api.service[127218]: [pid: 127218|app: 0|req: 39/81] 10.222.0.16 () {60 vars in 1380 bytes} [Sat Mar 26 20:49:50 2022] GET /placement/allocations/4aba2d49-5b28-446f-b54b-63d414e692e6 => generated 19 bytes in 16 msecs (HTTP/1.1 200) 8 headers in 295 bytes (1 switches on core 0)
Mar 26 20:49:50.511245 ncdv-master-1 devstack@placement-api.service[127219]: DEBUG placement.requestlog [req-f561fa42-80f8-4a4d-a993-31b0dabd5848 req-b2704df9-5f6d-4223-b366-fe81da012dcd None None] Starting request: 10.222.0.16 "PUT /placement/allocations/4aba2d49-5b28-446f-b54b-63d414e692e6" {{(pid=127219) __call__ /opt/stack/placement/placement/requestlog.py:55}}
Mar 26 20:49:50.646261 ncdv-master-1 devstack@placement-api.service[127219]: DEBUG placement.handlers.allocation [req-f561fa42-80f8-4a4d-a993-31b0dabd5848 req-b2704df9-5f6d-4223-b366-fe81da012dcd service placement] Successfully wrote allocations [, , ] {{(pid=127219) _update_consumers_and_create_allocations /opt/stack/placement/placement/handlers/allocation.py:462}}
Mar 26 20:49:50.653364 ncdv-master-1 devstack@placement-api.service[127219]: INFO placement.requestlog [req-f561fa42-80f8-4a4d-a993-31b0dabd5848 req-b2704df9-5f6d-4223-b366-fe81da012dcd service placement] 10.222.0.16 "PUT /placement/allocations/4aba2d49-5b28-446f-b54b-63d414e692e6" status: 204 len: 0 microversion: 1.36
Mar 26 20:49:50.663881 ncdv-master-1 devstack@placement-api.service[127219]: [pid: 127219|app: 0|req: 43/82] 10.222.0.16 () {64 vars in 1433 bytes} [Sat Mar 26 20:49:50 2022] PUT /placement/allocations/4aba2d49-5b28-446f-b54b-63d414e692e6 => generated 0 bytes in 143 msecs (HTTP/1.1 204) 5 headers in 199 bytes (1 switches on core 0)
Mar 26 20:49:51.004414 ncdv-master-1 devstack@placement-api.service[127218]: DEBUG placement.requestlog [req-f561fa42-80f8-4a4d-a993-31b0dabd5848 req-ca6c7caf-f848-4d13-b7f3-ce2c27ffd721 None None] Starting request: 10.222.0.18 "GET /placement/allocations/4aba2d49-5b28-446f-b54b-63d414e692e6" {{(pid=127218) __call__ /opt/stack/placement/placement/requestlog.py:55}}
Mar 26 20:49:51.043165 ncdv-master-1 devstack@placement-api.service[127218]: INFO placement.requestlog [req-f561fa42-80f8-4a4d-a993-31b0dabd5848 req-ca6c7caf-f848-4d13-b7f3-ce2c27ffd721 service placement] 10.222.0.18 "GET /placement/allocations/4aba2d49-5b28-446f-b54b-63d414e692e6" status: 200 len: 259 microversion: 1.28
Mar 26 20:49:51.043878 ncdv-master-1 devstack@placement-api.service[127218]: [pid: 127218|app: 0|req: 40/83] 10.222.0.18 () {60 vars in 1377 bytes} [Sat Mar 26 20:49:51 2022] GET /placement/allocations/4aba2d49-5b28-446f-b54b-63d414e692e6 => generated 259 bytes in 40 msecs (HTTP/1.1 200) 8 headers in 296 bytes (1 switches on core 0)
Mar 26 20:49:51.344968 ncdv-master-1 devstack@placement-api.service[127219]: DEBUG placement.requestlog [req-ca307d1f-635d-4278-8d95-8aa88eef92a9 req-4a26b9fe-5b6e-4212-b734-940847f250f8 None None] Starting request: 10.222.0.16 "GET /placement/resource_providers?name=nch2-master-1" {{(pid=127219) __call__ /opt/stack/placement/placement/requestlog.py:55}}
Mar 26 20:49:51.358184 ncdv-master-1 devstack@placement-api.service[127219]: INFO placement.requestlog [req-ca307d1f-635d-4278-8d95-8aa88eef92a9 req-4a26b9fe-5b6e-4212-b734-940847f250f8 service placement] 10.222.0.16 "GET /placement/resource_providers?name=nch2-master-1" status: 200 len: 441 microversion: 1.0
Mar 26 20:49:51.359171 ncdv-master-1 devstack@placement-api.service[127219]: [pid: 127219|app: 0|req: 44/84] 10.222.0.16 () {58 vars in 1274 bytes} [Sat Mar 26 20:49:51 2022] GET /placement/resource_providers?name=nch2-master-1 => generated 441 bytes in 14 msecs (HTTP/1.1 200) 6 headers in 224 bytes (1 switches on core 0)
Mar 26 20:49:51.366158 ncdv-master-1 devstack@placement-api.service[127218]: DEBUG placement.requestlog [req-ca307d1f-635d-4278-8d95-8aa88eef92a9 req-e1ac4264-13fd-47f3-83f2-5c240024cdfb None None] Starting request: 10.222.0.16 "GET /placement/resource_providers/5ad9919e-eeac-4b43-b599-249e3035ae98/aggregates" {{(pid=127218) __call__ /opt/stack/placement/placement/requestlog.py:55}}
Mar 26 20:49:51.378955 ncdv-master-1 devstack@placement-api.service[127218]: INFO placement.requestlog [req-ca307d1f-635d-4278-8d95-8aa88eef92a9 req-e1ac4264-13fd-47f3-83f2-5c240024cdfb service placement] 10.222.0.16 "GET /placement/resource_providers/5ad9919e-eeac-4b43-b599-249e3035ae98/aggregates" status: 200 len: 54 microversion: 1.19
Mar 26 20:49:51.379695 ncdv-master-1 devstack@placement-api.service[127218]: [pid: 127218|app: 0|req: 41/85] 10.222.0.16 () {60 vars in 1425 bytes} [Sat Mar 26 20:49:51 2022] GET /placement/resource_providers/5ad9919e-eeac-4b43-b599-249e3035ae98/aggregates => generated 54 bytes in 14 msecs (HTTP/1.1 200) 8 headers in 295 bytes (1 switches on core 0)
Mar 26 20:49:51.387902 ncdv-master-1 devstack@placement-api.service[127219]: DEBUG placement.requestlog [req-ca307d1f-635d-4278-8d95-8aa88eef92a9 req-59eea852-6000-49e4-a359-1ae704e18351 None None] Starting request: 10.222.0.16 "PUT /placement/resource_providers/5ad9919e-eeac-4b43-b599-249e3035ae98/aggregates" {{(pid=127219) __call__ /opt/stack/placement/placement/requestlog.py:55}}
Mar 26 20:49:51.407331 ncdv-master-1 devstack@placement-api.service[127219]: DEBUG placement.objects.resource_provider [req-ca307d1f-635d-4278-8d95-8aa88eef92a9 req-59eea852-6000-49e4-a359-1ae704e18351 service placement] _ensure_aggregate() did not find aggregate 0bc74066-e469-43d2-800b-bfdcc7fbec78. Attempting to create it. {{(pid=127219) _ensure_aggregate /opt/stack/placement/placement/objects/resource_provider.py:320}}
