Feb 05 20:49:52.538809 ncdv-master-1 devstack@placement-api.service[114872]: [pid: 114872|app: 0|req: 139/278] 10.222.0.32 () {64 vars in 1433 bytes} [Sat Feb 5 20:49:52 2022] PUT /placement/allocations/0b25c8ee-660b-4a31-907e-9d90d9b0cfff => generated 0 bytes in 124 msecs (HTTP/1.1 204) 5 headers in 199 bytes (1 switches on core 0)
Feb 05 20:49:53.064340 ncdv-master-1 devstack@placement-api.service[114873]: DEBUG placement.requestlog [req-8f346416-6461-4417-93e1-0dec6ab39733 req-ce06845d-62f1-4662-8f3b-214ffa2fef04 None None] Starting request: 10.222.0.21 "GET /placement/allocations/0b25c8ee-660b-4a31-907e-9d90d9b0cfff" {{(pid=114873) __call__ /opt/stack/placement/placement/requestlog.py:55}}
Feb 05 20:49:53.085633 ncdv-master-1 devstack@placement-api.service[114873]: INFO placement.requestlog [req-8f346416-6461-4417-93e1-0dec6ab39733 req-ce06845d-62f1-4662-8f3b-214ffa2fef04 service placement] 10.222.0.21 "GET /placement/allocations/0b25c8ee-660b-4a31-907e-9d90d9b0cfff" status: 200 len: 245 microversion: 1.28
Feb 05 20:49:53.086608 ncdv-master-1 devstack@placement-api.service[114873]: [pid: 114873|app: 0|req: 140/279] 10.222.0.21 () {60 vars in 1377 bytes} [Sat Feb 5 20:49:53 2022] GET /placement/allocations/0b25c8ee-660b-4a31-907e-9d90d9b0cfff => generated 245 bytes in 22 msecs (HTTP/1.1 200) 8 headers in 296 bytes (1 switches on core 0)
Feb 05 20:49:54.087325 ncdv-master-1 devstack@placement-api.service[114872]: DEBUG placement.requestlog [req-99bfa89a-dafd-40c5-96aa-0566157af0b8 req-3d9aceb1-d9be-4b0c-b334-4712c9842ff2 None None] Starting request: 10.222.0.32 "GET /placement/allocation_candidates?resources=DISK_GB%3A1%2CMEMORY_MB%3A1024%2CVCPU%3A1&root_required=%21COMPUTE_STATUS_DISABLED" {{(pid=114872) __call__ /opt/stack/placement/placement/requestlog.py:55}}
Feb 05 20:49:54.151143 ncdv-master-1 devstack@placement-api.service[114872]: DEBUG placement.objects.research_context [req-99bfa89a-dafd-40c5-96aa-0566157af0b8 req-3d9aceb1-d9be-4b0c-b334-4712c9842ff2 service placement] getting providers with 1 DISK_GB {{(pid=114872) __init__ /opt/stack/placement/placement/objects/research_context.py:126}}
Feb 05 20:49:54.158021 ncdv-master-1 devstack@placement-api.service[114872]: DEBUG placement.objects.research_context [req-99bfa89a-dafd-40c5-96aa-0566157af0b8 req-3d9aceb1-d9be-4b0c-b334-4712c9842ff2 service placement] getting providers with 1024 MEMORY_MB {{(pid=114872) __init__ /opt/stack/placement/placement/objects/research_context.py:126}}
Feb 05 20:49:54.165727 ncdv-master-1 devstack@placement-api.service[114872]: DEBUG placement.objects.research_context [req-99bfa89a-dafd-40c5-96aa-0566157af0b8 req-3d9aceb1-d9be-4b0c-b334-4712c9842ff2 service placement] getting providers with 1 VCPU {{(pid=114872) __init__ /opt/stack/placement/placement/objects/research_context.py:126}}
Feb 05 20:49:54.174084 ncdv-master-1 devstack@placement-api.service[114872]: DEBUG placement.objects.research_context [req-99bfa89a-dafd-40c5-96aa-0566157af0b8 req-3d9aceb1-d9be-4b0c-b334-4712c9842ff2 service placement] found 2 providers with available 1 DISK_GB {{(pid=114872) get_provider_ids_matching /opt/stack/placement/placement/objects/research_context.py:549}}
Feb 05 20:49:54.175465 ncdv-master-1 devstack@placement-api.service[114872]: DEBUG placement.objects.research_context [req-99bfa89a-dafd-40c5-96aa-0566157af0b8 req-3d9aceb1-d9be-4b0c-b334-4712c9842ff2 service placement] found 2 providers with available 1024 MEMORY_MB {{(pid=114872) get_provider_ids_matching /opt/stack/placement/placement/objects/research_context.py:549}}
Feb 05 20:49:54.175951 ncdv-master-1 devstack@placement-api.service[114872]: DEBUG placement.objects.research_context [req-99bfa89a-dafd-40c5-96aa-0566157af0b8 req-3d9aceb1-d9be-4b0c-b334-4712c9842ff2 service placement] found 2 providers after filtering by previous result {{(pid=114872) get_provider_ids_matching /opt/stack/placement/placement/objects/research_context.py:580}}
Feb 05 20:49:54.176528 ncdv-master-1 devstack@placement-api.service[114872]: DEBUG placement.objects.research_context [req-99bfa89a-dafd-40c5-96aa-0566157af0b8 req-3d9aceb1-d9be-4b0c-b334-4712c9842ff2 service placement] found 2 providers with available 1 VCPU {{(pid=114872) get_provider_ids_matching /opt/stack/placement/placement/objects/research_context.py:549}}
Feb 05 20:49:54.177017 ncdv-master-1 devstack@placement-api.service[114872]: DEBUG placement.objects.research_context [req-99bfa89a-dafd-40c5-96aa-0566157af0b8 req-3d9aceb1-d9be-4b0c-b334-4712c9842ff2 service placement] found 2 providers after filtering by previous result {{(pid=114872) get_provider_ids_matching /opt/stack/placement/placement/objects/research_context.py:580}}
Feb 05 20:49:54.198440 ncdv-master-1 devstack@placement-api.service[114872]: DEBUG placement.objects.allocation_candidate [req-99bfa89a-dafd-40c5-96aa-0566157af0b8 req-3d9aceb1-d9be-4b0c-b334-4712c9842ff2 service placement] RequestGroup(use_same_provider=False, resources={DISK_GB:1, MEMORY_MB:1024, VCPU:1}, traits=[], aggregates=[]) (suffix '') returned 2 matches {{(pid=114872) _get_by_requests /opt/stack/placement/placement/objects/allocation_candidate.py:145}}
Feb 05 20:49:54.198440 ncdv-master-1 devstack@placement-api.service[114872]: DEBUG placement.objects.allocation_candidate [req-99bfa89a-dafd-40c5-96aa-0566157af0b8 req-3d9aceb1-d9be-4b0c-b334-4712c9842ff2 service placement] Merging candidates yields 2 allocation requests and 2 provider summaries {{(pid=114872) _merge_candidates /opt/stack/placement/placement/objects/allocation_candidate.py:783}}
Feb 05 20:49:54.202354 ncdv-master-1 devstack@placement-api.service[114872]: INFO placement.requestlog [req-99bfa89a-dafd-40c5-96aa-0566157af0b8 req-3d9aceb1-d9be-4b0c-b334-4712c9842ff2 service placement] 10.222.0.32 "GET /placement/allocation_candidates?resources=DISK_GB%3A1%2CMEMORY_MB%3A1024%2CVCPU%3A1&root_required=%21COMPUTE_STATUS_DISABLED" status: 200 len: 1311 microversion: 1.36
Feb 05 20:49:54.205390 ncdv-master-1 devstack@placement-api.service[114872]: [pid: 114872|app: 0|req: 140/280] 10.222.0.32 () {60 vars in 1484 bytes} [Sat Feb 5 20:49:54 2022] GET /placement/allocation_candidates?resources=DISK_GB%3A1%2CMEMORY_MB%3A1024%2CVCPU%3A1&root_required=%21COMPUTE_STATUS_DISABLED => generated 1311 bytes in 118 msecs (HTTP/1.1 200) 8 headers in 297 bytes (1 switches on core 0)
Feb 05 20:49:54.304543 ncdv-master-1 devstack@placement-api.service[114873]: DEBUG placement.requestlog [req-99bfa89a-dafd-40c5-96aa-0566157af0b8 req-1fccf06f-9970-466b-a46c-95ccd24d14fc None None] Starting request: 10.222.0.32 "GET /placement/allocations/f2d55e5c-b6c5-470a-adca-58cea8f1e6ba" {{(pid=114873) __call__ /opt/stack/placement/placement/requestlog.py:55}}
Feb 05 20:49:54.325729 ncdv-master-1 devstack@placement-api.service[114873]: INFO placement.requestlog [req-99bfa89a-dafd-40c5-96aa-0566157af0b8 req-1fccf06f-9970-466b-a46c-95ccd24d14fc service placement] 10.222.0.32 "GET /placement/allocations/f2d55e5c-b6c5-470a-adca-58cea8f1e6ba" status: 200 len: 19 microversion: 1.28
Feb 05 20:49:54.326726 ncdv-master-1 devstack@placement-api.service[114873]: [pid: 114873|app: 0|req: 141/281] 10.222.0.32 () {60 vars in 1380 bytes} [Sat Feb 5 20:49:54 2022] GET /placement/allocations/f2d55e5c-b6c5-470a-adca-58cea8f1e6ba => generated 19 bytes in 22 msecs (HTTP/1.1 200) 8 headers in 295 bytes (1 switches on core 0)
Feb 05 20:49:54.337536 ncdv-master-1 devstack@placement-api.service[114872]: DEBUG placement.requestlog [req-99bfa89a-dafd-40c5-96aa-0566157af0b8 req-28ac6fdb-2345-4dc0-91de-5533f139e16b None None] Starting request: 10.222.0.32 "PUT /placement/allocations/f2d55e5c-b6c5-470a-adca-58cea8f1e6ba" {{(pid=114872) __call__ /opt/stack/placement/placement/requestlog.py:55}}
Feb 05 20:49:54.429395 ncdv-master-1 devstack@placement-api.service[114872]: DEBUG placement.handlers.allocation [req-99bfa89a-dafd-40c5-96aa-0566157af0b8 req-28ac6fdb-2345-4dc0-91de-5533f139e16b service placement] Successfully wrote allocations [, , ] {{(pid=114872) _update_consumers_and_create_allocations /opt/stack/placement/placement/handlers/allocation.py:462}}
Feb 05 20:49:54.444601 ncdv-master-1 devstack@placement-api.service[114872]: INFO placement.requestlog [req-99bfa89a-dafd-40c5-96aa-0566157af0b8 req-28ac6fdb-2345-4dc0-91de-5533f139e16b service placement] 10.222.0.32 "PUT /placement/allocations/f2d55e5c-b6c5-470a-adca-58cea8f1e6ba" status: 204 len: 0 microversion: 1.36
Feb 05 20:49:54.445157 ncdv-master-1 devstack@placement-api.service[114872]: [pid: 114872|app: 0|req: 141/282] 10.222.0.32 () {64 vars in 1433 bytes} [Sat Feb 5 20:49:54 2022] PUT /placement/allocations/f2d55e5c-b6c5-470a-adca-58cea8f1e6ba => generated 0 bytes in 110 msecs (HTTP/1.1 204) 5 headers in 199 bytes (1 switches on core 0)
Feb 05 20:49:54.873148 ncdv-master-1 devstack@placement-api.service[114873]: DEBUG placement.requestlog [req-99bfa89a-dafd-40c5-96aa-0566157af0b8 req-50142396-00fc-4efc-b906-bed90961dde5 None None] Starting request: 10.222.0.21 "GET /placement/allocations/f2d55e5c-b6c5-470a-adca-58cea8f1e6ba" {{(pid=114873) __call__ /opt/stack/placement/placement/requestlog.py:55}}
Feb 05 20:49:54.899290 ncdv-master-1 devstack@placement-api.service[114873]: INFO placement.requestlog [req-99bfa89a-dafd-40c5-96aa-0566157af0b8 req-50142396-00fc-4efc-b906-bed90961dde5 service placement] 10.222.0.21 "GET /placement/allocations/f2d55e5c-b6c5-470a-adca-58cea8f1e6ba" status: 200 len: 259 microversion: 1.28
Feb 05 20:49:54.900807 ncdv-master-1 devstack@placement-api.service[114873]: [pid: 114873|app: 0|req: 142/283] 10.222.0.21 () {60 vars in 1377 bytes} [Sat Feb 5 20:49:54 2022] GET /placement/allocations/f2d55e5c-b6c5-470a-adca-58cea8f1e6ba => generated 259 bytes in 28 msecs (HTTP/1.1 200) 8 headers in 296 bytes (1 switches on core 0)
Feb 05 20:49:58.867969 ncdv-master-1 devstack@placement-api.service[114872]: DEBUG placement.requestlog [req-49dedbf4-315b-4926-b90e-a7f8ed6746ac req-291fb456-c8b4-4dd5-8134-fa483835eb6a None None] Starting request: 10.222.0.32 "GET /placement/allocation_candidates?limit=1000&resources=MEMORY_MB%3A1024%2CVCPU%3A1&root_required=%21COMPUTE_STATUS_DISABLED" {{(pid=114872) __call__ /opt/stack/placement/placement/requestlog.py:55}}
Feb 05 20:49:58.932681 ncdv-master-1 devstack@placement-api.service[114872]: DEBUG placement.objects.research_context [req-49dedbf4-315b-4926-b90e-a7f8ed6746ac req-291fb456-c8b4-4dd5-8134-fa483835eb6a service placement] getting providers with 1024 MEMORY_MB {{(pid=114872) __init__ /opt/stack/placement/placement/objects/research_context.py:126}}
Feb 05 20:49:58.952150 ncdv-master-1 devstack@placement-api.service[114872]: DEBUG placement.objects.research_context [req-49dedbf4-315b-4926-b90e-a7f8ed6746ac req-291fb456-c8b4-4dd5-8134-fa483835eb6a service placement] getting providers with 1 VCPU {{(pid=114872) __init__ /opt/stack/placement/placement/objects/research_context.py:126}}
Feb 05 20:49:58.967933 ncdv-master-1 devstack@placement-api.service[114872]: DEBUG placement.objects.research_context [req-49dedbf4-315b-4926-b90e-a7f8ed6746ac req-291fb456-c8b4-4dd5-8134-fa483835eb6a service placement] found 2 providers with available 1024 MEMORY_MB {{(pid=114872) get_provider_ids_matching /opt/stack/placement/placement/objects/research_context.py:549}}
Feb 05 20:49:58.968207 ncdv-master-1 devstack@placement-api.service[114872]: DEBUG placement.objects.research_context [req-49dedbf4-315b-4926-b90e-a7f8ed6746ac req-291fb456-c8b4-4dd5-8134-fa483835eb6a service placement] found 2 providers with available 1 VCPU {{(pid=114872) get_provider_ids_matching /opt/stack/placement/placement/objects/research_context.py:549}}
Feb 05 20:49:58.968727 ncdv-master-1 devstack@placement-api.service[114872]: DEBUG placement.objects.research_context [req-49dedbf4-315b-4926-b90e-a7f8ed6746ac req-291fb456-c8b4-4dd5-8134-fa483835eb6a service placement] found 2 providers after filtering by previous result {{(pid=114872) get_provider_ids_matching /opt/stack/placement/placement/objects/research_context.py:580}}
Feb 05 20:49:58.991671 ncdv-master-1 devstack@placement-api.service[114872]: DEBUG placement.objects.allocation_candidate [req-49dedbf4-315b-4926-b90e-a7f8ed6746ac req-291fb456-c8b4-4dd5-8134-fa483835eb6a service placement] RequestGroup(use_same_provider=False, resources={MEMORY_MB:1024, VCPU:1}, traits=[], aggregates=[]) (suffix '') returned 2 matches {{(pid=114872) _get_by_requests /opt/stack/placement/placement/objects/allocation_candidate.py:145}}
Feb 05 20:49:58.993772 ncdv-master-1 devstack@placement-api.service[114872]: DEBUG placement.objects.allocation_candidate [req-49dedbf4-315b-4926-b90e-a7f8ed6746ac req-291fb456-c8b4-4dd5-8134-fa483835eb6a service placement] Merging candidates yields 2 allocation requests and 2 provider summaries {{(pid=114872) _merge_candidates /opt/stack/placement/placement/objects/allocation_candidate.py:783}}
Feb 05 20:49:58.996353 ncdv-master-1 devstack@placement-api.service[114872]: INFO placement.requestlog [req-49dedbf4-315b-4926-b90e-a7f8ed6746ac req-291fb456-c8b4-4dd5-8134-fa483835eb6a service placement] 10.222.0.32 "GET /placement/allocation_candidates?limit=1000&resources=MEMORY_MB%3A1024%2CVCPU%3A1&root_required=%21COMPUTE_STATUS_DISABLED" status: 200 len: 1284 microversion: 1.36
Feb 05 20:49:59.003379 ncdv-master-1 devstack@placement-api.service[114872]: [pid: 114872|app: 0|req: 142/284] 10.222.0.32 () {60 vars in 1478 bytes} [Sat Feb 5 20:49:58 2022] GET /placement/allocation_candidates?limit=1000&resources=MEMORY_MB%3A1024%2CVCPU%3A1&root_required=%21COMPUTE_STATUS_DISABLED => generated 1284 bytes in 135 msecs (HTTP/1.1 200) 8 headers in 297 bytes (1 switches on core 0)
Feb 05 20:49:59.081213 ncdv-master-1 devstack@placement-api.service[114873]: DEBUG placement.requestlog [req-49dedbf4-315b-4926-b90e-a7f8ed6746ac req-c63fe701-f731-4c01-8a70-949c42a4d53d None None] Starting request: 10.222.0.32 "GET /placement/allocations/b207cea1-b7c7-41bb-bdac-ea7053089b59" {{(pid=114873) __call__ /opt/stack/placement/placement/requestlog.py:55}}
Feb 05 20:49:59.101374 ncdv-master-1 devstack@placement-api.service[114873]: INFO placement.requestlog [req-49dedbf4-315b-4926-b90e-a7f8ed6746ac req-c63fe701-f731-4c01-8a70-949c42a4d53d service placement] 10.222.0.32 "GET /placement/allocations/b207cea1-b7c7-41bb-bdac-ea7053089b59" status: 200 len: 19 microversion: 1.28
Feb 05 20:49:59.103346 ncdv-master-1 devstack@placement-api.service[114873]: [pid: 114873|app: 0|req: 143/285] 10.222.0.32 () {60 vars in 1380 bytes} [Sat Feb 5 20:49:59 2022] GET /placement/allocations/b207cea1-b7c7-41bb-bdac-ea7053089b59 => generated 19 bytes in 21 msecs (HTTP/1.1 200) 8 headers in 295 bytes (1 switches on core 0)
Feb 05 20:49:59.114614 ncdv-master-1 devstack@placement-api.service[114872]: DEBUG placement.requestlog [req-49dedbf4-315b-4926-b90e-a7f8ed6746ac req-45d72cd7-fbdd-485f-afbc-991f043ea45d None None] Starting request: 10.222.0.32 "PUT /placement/allocations/b207cea1-b7c7-41bb-bdac-ea7053089b59" {{(pid=114872) __call__ /opt/stack/placement/placement/requestlog.py:55}}
Feb 05 20:49:59.211826 ncdv-master-1 devstack@placement-api.service[114872]: DEBUG placement.handlers.allocation [req-49dedbf4-315b-4926-b90e-a7f8ed6746ac req-45d72cd7-fbdd-485f-afbc-991f043ea45d service placement] Successfully wrote allocations [, ] {{(pid=114872) _update_consumers_and_create_allocations /opt/stack/placement/placement/handlers/allocation.py:462}}
Feb 05 20:49:59.220197 ncdv-master-1 devstack@placement-api.service[114872]: INFO placement.requestlog [req-49dedbf4-315b-4926-b90e-a7f8ed6746ac req-45d72cd7-fbdd-485f-afbc-991f043ea45d service placement] 10.222.0.32 "PUT /placement/allocations/b207cea1-b7c7-41bb-bdac-ea7053089b59" status: 204 len: 0 microversion: 1.36
Feb 05 20:49:59.221111 ncdv-master-1 devstack@placement-api.service[114872]: [pid: 114872|app: 0|req: 143/286] 10.222.0.32 () {64 vars in 1433 bytes} [Sat Feb 5 20:49:59 2022] PUT /placement/allocations/b207cea1-b7c7-41bb-bdac-ea7053089b59 => generated 0 bytes in 107 msecs (HTTP/1.1 204) 5 headers in 199 bytes (1 switches on core 0)
Feb 05 20:49:59.734864 ncdv-master-1 devstack@placement-api.service[114873]: DEBUG placement.requestlog [req-49dedbf4-315b-4926-b90e-a7f8ed6746ac req-d9da00c9-6a9d-4b78-93d2-f8c09cb32bf2 None None] Starting request: 10.222.0.39 "GET /placement/allocations/b207cea1-b7c7-41bb-bdac-ea7053089b59" {{(pid=114873) __call__ /opt/stack/placement/placement/requestlog.py:55}}
Feb 05 20:49:59.772711 ncdv-master-1 devstack@placement-api.service[114873]: INFO placement.requestlog [req-49dedbf4-315b-4926-b90e-a7f8ed6746ac req-d9da00c9-6a9d-4b78-93d2-f8c09cb32bf2 service placement] 10.222.0.39 "GET /placement/allocations/b207cea1-b7c7-41bb-bdac-ea7053089b59" status: 200 len: 245 microversion: 1.28
Feb 05 20:49:59.773089 ncdv-master-1 devstack@placement-api.service[114873]: [pid: 114873|app: 0|req: 144/287] 10.222.0.39 () {60 vars in 1377 bytes} [Sat Feb 5 20:49:59 2022] GET /placement/allocations/b207cea1-b7c7-41bb-bdac-ea7053089b59 => generated 245 bytes in 39 msecs (HTTP/1.1 200) 8 headers in 296 bytes (1 switches on core 0)
Feb 05 20:50:00.854914 ncdv-master-1 devstack@placement-api.service[114872]: DEBUG placement.requestlog [req-8cce23d4-dc67-46f5-95ac-18c3a0fc47fc req-4c6c824a-2c7d-4960-b178-269241921a3a None None] Starting request: 10.222.0.32 "GET /placement/allocation_candidates?limit=1000&resources=DISK_GB%3A1%2CMEMORY_MB%3A1024%2CVCPU%3A1&root_required=%21COMPUTE_STATUS_DISABLED" {{(pid=114872) __call__ /opt/stack/placement/placement/requestlog.py:55}}
Feb 05 20:50:00.939060 ncdv-master-1 devstack@placement-api.service[114872]: DEBUG placement.objects.research_context [req-8cce23d4-dc67-46f5-95ac-18c3a0fc47fc req-4c6c824a-2c7d-4960-b178-269241921a3a service placement] getting providers with 1 DISK_GB {{(pid=114872) __init__ /opt/stack/placement/placement/objects/research_context.py:126}}
Feb 05 20:50:00.968094 ncdv-master-1 devstack@placement-api.service[114872]: DEBUG placement.objects.research_context [req-8cce23d4-dc67-46f5-95ac-18c3a0fc47fc req-4c6c824a-2c7d-4960-b178-269241921a3a service placement] getting providers with 1024 MEMORY_MB {{(pid=114872) __init__ /opt/stack/placement/placement/objects/research_context.py:126}}
Feb 05 20:50:00.980879 ncdv-master-1 devstack@placement-api.service[114872]: DEBUG placement.objects.research_context [req-8cce23d4-dc67-46f5-95ac-18c3a0fc47fc req-4c6c824a-2c7d-4960-b178-269241921a3a service placement] getting providers with 1 VCPU {{(pid=114872) __init__ /opt/stack/placement/placement/objects/research_context.py:126}}
Feb 05 20:50:01.001452 ncdv-master-1 devstack@placement-api.service[114872]: DEBUG placement.objects.research_context [req-8cce23d4-dc67-46f5-95ac-18c3a0fc47fc req-4c6c824a-2c7d-4960-b178-269241921a3a service placement] found 2 providers with available 1 DISK_GB {{(pid=114872) get_provider_ids_matching /opt/stack/placement/placement/objects/research_context.py:549}}
Feb 05 20:50:01.002162 ncdv-master-1 devstack@placement-api.service[114872]: DEBUG placement.objects.research_context [req-8cce23d4-dc67-46f5-95ac-18c3a0fc47fc req-4c6c824a-2c7d-4960-b178-269241921a3a service placement] found 2 providers with available 1024 MEMORY_MB {{(pid=114872) get_provider_ids_matching /opt/stack/placement/placement/objects/research_context.py:549}}
Feb 05 20:50:01.002567 ncdv-master-1 devstack@placement-api.service[114872]: DEBUG placement.objects.research_context [req-8cce23d4-dc67-46f5-95ac-18c3a0fc47fc req-4c6c824a-2c7d-4960-b178-269241921a3a service placement] found 2 providers after filtering by previous result {{(pid=114872) get_provider_ids_matching /opt/stack/placement/placement/objects/research_context.py:580}}
Feb 05 20:50:01.003023 ncdv-master-1 devstack@placement-api.service[114872]: DEBUG placement.objects.research_context [req-8cce23d4-dc67-46f5-95ac-18c3a0fc47fc req-4c6c824a-2c7d-4960-b178-269241921a3a service placement] found 2 providers with available 1 VCPU {{(pid=114872) get_provider_ids_matching /opt/stack/placement/placement/objects/research_context.py:549}}
Feb 05 20:50:01.003383 ncdv-master-1 devstack@placement-api.service[114872]: DEBUG placement.objects.research_context [req-8cce23d4-dc67-46f5-95ac-18c3a0fc47fc req-4c6c824a-2c7d-4960-b178-269241921a3a service placement] found 2 providers after filtering by previous result {{(pid=114872) get_provider_ids_matching /opt/stack/placement/placement/objects/research_context.py:580}}
Feb 05 20:50:01.035857 ncdv-master-1 devstack@placement-api.service[114872]: DEBUG placement.objects.allocation_candidate [req-8cce23d4-dc67-46f5-95ac-18c3a0fc47fc req-4c6c824a-2c7d-4960-b178-269241921a3a service placement] RequestGroup(use_same_provider=False, resources={DISK_GB:1, MEMORY_MB:1024, VCPU:1}, traits=[], aggregates=[]) (suffix '') returned 2 matches {{(pid=114872) _get_by_requests /opt/stack/placement/placement/objects/allocation_candidate.py:145}}
Feb 05 20:50:01.035857 ncdv-master-1 devstack@placement-api.service[114872]: DEBUG placement.objects.allocation_candidate [req-8cce23d4-dc67-46f5-95ac-18c3a0fc47fc req-4c6c824a-2c7d-4960-b178-269241921a3a service placement] Merging candidates yields 2 allocation requests and 2 provider summaries {{(pid=114872) _merge_candidates /opt/stack/placement/placement/objects/allocation_candidate.py:783}}
Feb 05 20:50:01.035857 ncdv-master-1 devstack@placement-api.service[114872]: INFO placement.requestlog [req-8cce23d4-dc67-46f5-95ac-18c3a0fc47fc req-4c6c824a-2c7d-4960-b178-269241921a3a service placement] 10.222.0.32 "GET /placement/allocation_candidates?limit=1000&resources=DISK_GB%3A1%2CMEMORY_MB%3A1024%2CVCPU%3A1&root_required=%21COMPUTE_STATUS_DISABLED" status: 200 len: 1312 microversion: 1.36
Feb 05 20:50:01.054423 ncdv-master-1 devstack@placement-api.service[114872]: [pid: 114872|app: 0|req: 144/288] 10.222.0.32 () {60 vars in 1506 bytes} [Sat Feb 5 20:50:00 2022] GET /placement/allocation_candidates?limit=1000&resources=DISK_GB%3A1%2CMEMORY_MB%3A1024%2CVCPU%3A1&root_required=%21COMPUTE_STATUS_DISABLED => generated 1312 bytes in 199 msecs (HTTP/1.1 200) 8 headers in 297 bytes (1 switches on core 0)
Feb 05 20:50:01.148055 ncdv-master-1 devstack@placement-api.service[114873]: DEBUG placement.requestlog [req-8cce23d4-dc67-46f5-95ac-18c3a0fc47fc req-c9b437d5-cdf8-4346-a568-000cdfb48b10 None None] Starting request: 10.222.0.32 "GET /placement/allocations/46c05072-b467-41fd-bd31-e32686f1d131" {{(pid=114873) __call__ /opt/stack/placement/placement/requestlog.py:55}}
Feb 05 20:50:01.166108 ncdv-master-1 devstack@placement-api.service[114873]: INFO placement.requestlog [req-8cce23d4-dc67-46f5-95ac-18c3a0fc47fc req-c9b437d5-cdf8-4346-a568-000cdfb48b10 service placement] 10.222.0.32 "GET /placement/allocations/46c05072-b467-41fd-bd31-e32686f1d131" status: 200 len: 19 microversion: 1.28
Feb 05 20:50:01.166542 ncdv-master-1 devstack@placement-api.service[114873]: [pid: 114873|app: 0|req: 145/289] 10.222.0.32 () {60 vars in 1380 bytes} [Sat Feb 5 20:50:01 2022] GET /placement/allocations/46c05072-b467-41fd-bd31-e32686f1d131 => generated 19 bytes in 19 msecs (HTTP/1.1 200) 8 headers in 295 bytes (1 switches on core 0)
Feb 05 20:50:01.174192 ncdv-master-1 devstack@placement-api.service[114872]: DEBUG placement.requestlog [req-8cce23d4-dc67-46f5-95ac-18c3a0fc47fc req-99126481-8b9e-4e5e-b60e-680e137d225f None None] Starting request: 10.222.0.32 "PUT /placement/allocations/46c05072-b467-41fd-bd31-e32686f1d131" {{(pid=114872) __call__ /opt/stack/placement/placement/requestlog.py:55}}
Feb 05 20:50:01.283506 ncdv-master-1 devstack@placement-api.service[114872]: DEBUG placement.handlers.allocation [req-8cce23d4-dc67-46f5-95ac-18c3a0fc47fc req-99126481-8b9e-4e5e-b60e-680e137d225f service placement] Successfully wrote allocations [, , ] {{(pid=114872) _update_consumers_and_create_allocations /opt/stack/placement/placement/handlers/allocation.py:462}}
Feb 05 20:50:01.292484 ncdv-master-1 devstack@placement-api.service[114872]: INFO placement.requestlog [req-8cce23d4-dc67-46f5-95ac-18c3a0fc47fc req-99126481-8b9e-4e5e-b60e-680e137d225f service placement] 10.222.0.32 "PUT /placement/allocations/46c05072-b467-41fd-bd31-e32686f1d131" status: 204 len: 0 microversion: 1.36
Feb 05 20:50:01.293408 ncdv-master-1 devstack@placement-api.service[114872]: [pid: 114872|app: 0|req: 145/290] 10.222.0.32 () {64 vars in 1433 bytes} [Sat Feb 5 20:50:01 2022] PUT /placement/allocations/46c05072-b467-41fd-bd31-e32686f1d131 => generated 0 bytes in 119 msecs (HTTP/1.1 204) 5 headers in 199 bytes (1 switches on core 0)
Feb 05 20:50:01.740730 ncdv-master-1 devstack@placement-api.service[114873]: DEBUG placement.requestlog [req-0af8b58e-f0d9-4b11-b8ea-4692759363ab req-9c55ba07-283e-4ea2-8b57-77d74575bed1 None None] Starting request: 10.222.0.21 "GET /placement/resource_providers/09f436d7-a789-400e-8e49-962e1fc372fd/allocations" {{(pid=114873) __call__ /opt/stack/placement/placement/requestlog.py:55}}
Feb 05 20:50:01.796993 ncdv-master-1 devstack@placement-api.service[114873]: INFO placement.requestlog [req-0af8b58e-f0d9-4b11-b8ea-4692759363ab req-9c55ba07-283e-4ea2-8b57-77d74575bed1 service placement] 10.222.0.21 "GET /placement/resource_providers/09f436d7-a789-400e-8e49-962e1fc372fd/allocations" status: 200 len: 1150 microversion: 1.0
Feb 05 20:50:01.801289 ncdv-master-1 devstack@placement-api.service[114873]: [pid: 114873|app: 0|req: 146/291] 10.222.0.21 () {58 vars in 1390 bytes} [Sat Feb 5 20:50:01 2022] GET /placement/resource_providers/09f436d7-a789-400e-8e49-962e1fc372fd/allocations => generated 1150 bytes in 61 msecs (HTTP/1.1 200) 6 headers in 225 bytes (1 switches on core 0)
Feb 05 20:50:01.925929 ncdv-master-1 devstack@placement-api.service[114872]: DEBUG placement.requestlog [req-8cce23d4-dc67-46f5-95ac-18c3a0fc47fc req-023fe826-e8a6-4198-bf0b-874f35cf6f57 None None] Starting request: 10.222.0.39 "GET /placement/allocations/46c05072-b467-41fd-bd31-e32686f1d131" {{(pid=114872) __call__ /opt/stack/placement/placement/requestlog.py:55}}
Feb 05 20:50:01.967119 ncdv-master-1 devstack@placement-api.service[114872]: INFO placement.requestlog [req-8cce23d4-dc67-46f5-95ac-18c3a0fc47fc req-023fe826-e8a6-4198-bf0b-874f35cf6f57 service placement] 10.222.0.39 "GET /placement/allocations/46c05072-b467-41fd-bd31-e32686f1d131" status: 200 len: 259 microversion: 1.28
Feb 05 20:50:01.969430 ncdv-master-1 devstack@placement-api.service[114872]: [pid: 114872|app: 0|req: 146/292] 10.222.0.39 () {60 vars in 1377 bytes} [Sat Feb 5 20:50:01 2022] GET /placement/allocations/46c05072-b467-41fd-bd31-e32686f1d131 => generated 259 bytes in 45 msecs (HTTP/1.1 200) 8 headers in 296 bytes (1 switches on core 0)
Feb 05 20:50:05.855702 ncdv-master-1 devstack@placement-api.service[114873]: DEBUG placement.requestlog [req-b2f60d0c-708a-4144-bdcd-79aebad83e7a req-06c8a9a3-e67b-4b31-9d6f-3d27646ca984 None None] Starting request: 10.222.0.32 "GET /placement/allocation_candidates?resources=DISK_GB%3A1%2CMEMORY_MB%3A1024%2CVCPU%3A1&root_required=%21COMPUTE_STATUS_DISABLED" {{(pid=114873) __call__ /opt/stack/placement/placement/requestlog.py:55}}
Feb 05 20:50:05.911319 ncdv-master-1 devstack@placement-api.service[114873]: DEBUG placement.objects.research_context [req-b2f60d0c-708a-4144-bdcd-79aebad83e7a req-06c8a9a3-e67b-4b31-9d6f-3d27646ca984 service placement] getting providers with 1 DISK_GB {{(pid=114873) __init__ /opt/stack/placement/placement/objects/research_context.py:126}}
Feb 05 20:50:05.917474 ncdv-master-1 devstack@placement-api.service[114873]: DEBUG placement.objects.research_context [req-b2f60d0c-708a-4144-bdcd-79aebad83e7a req-06c8a9a3-e67b-4b31-9d6f-3d27646ca984 service placement] getting providers with 1024 MEMORY_MB {{(pid=114873) __init__ /opt/stack/placement/placement/objects/research_context.py:126}}
Feb 05 20:50:05.927590 ncdv-master-1 devstack@placement-api.service[114873]: DEBUG placement.objects.research_context [req-b2f60d0c-708a-4144-bdcd-79aebad83e7a req-06c8a9a3-e67b-4b31-9d6f-3d27646ca984 service placement] getting providers with 1 VCPU {{(pid=114873) __init__ /opt/stack/placement/placement/objects/research_context.py:126}}
Feb 05 20:50:05.937893 ncdv-master-1 devstack@placement-api.service[114873]: DEBUG placement.objects.research_context [req-b2f60d0c-708a-4144-bdcd-79aebad83e7a req-06c8a9a3-e67b-4b31-9d6f-3d27646ca984 service placement] found 2 providers with available 1 DISK_GB {{(pid=114873) get_provider_ids_matching /opt/stack/placement/placement/objects/research_context.py:549}}
Feb 05 20:50:05.938358 ncdv-master-1 devstack@placement-api.service[114873]: DEBUG placement.objects.research_context [req-b2f60d0c-708a-4144-bdcd-79aebad83e7a req-06c8a9a3-e67b-4b31-9d6f-3d27646ca984 service placement] found 2 providers with available 1024 MEMORY_MB {{(pid=114873) get_provider_ids_matching /opt/stack/placement/placement/objects/research_context.py:549}}
Feb 05 20:50:05.938817 ncdv-master-1 devstack@placement-api.service[114873]: DEBUG placement.objects.research_context [req-b2f60d0c-708a-4144-bdcd-79aebad83e7a req-06c8a9a3-e67b-4b31-9d6f-3d27646ca984 service placement] found 2 providers after filtering by previous result {{(pid=114873) get_provider_ids_matching /opt/stack/placement/placement/objects/research_context.py:580}}
Feb 05 20:50:05.939216 ncdv-master-1 devstack@placement-api.service[114873]: DEBUG placement.objects.research_context [req-b2f60d0c-708a-4144-bdcd-79aebad83e7a req-06c8a9a3-e67b-4b31-9d6f-3d27646ca984 service placement] found 2 providers with available 1 VCPU {{(pid=114873) get_provider_ids_matching /opt/stack/placement/placement/objects/research_context.py:549}}
Feb 05 20:50:05.939621 ncdv-master-1 devstack@placement-api.service[114873]: DEBUG placement.objects.research_context [req-b2f60d0c-708a-4144-bdcd-79aebad83e7a req-06c8a9a3-e67b-4b31-9d6f-3d27646ca984 service placement] found 2 providers after filtering by previous result {{(pid=114873) get_provider_ids_matching /opt/stack/placement/placement/objects/research_context.py:580}}
Feb 05 20:50:05.966616 ncdv-master-1 devstack@placement-api.service[114873]: DEBUG placement.objects.allocation_candidate [req-b2f60d0c-708a-4144-bdcd-79aebad83e7a req-06c8a9a3-e67b-4b31-9d6f-3d27646ca984 service placement] RequestGroup(use_same_provider=False, resources={DISK_GB:1, MEMORY_MB:1024, VCPU:1}, traits=[], aggregates=[]) (suffix '') returned 2 matches {{(pid=114873) _get_by_requests /opt/stack/placement/placement/objects/allocation_candidate.py:145}}
Feb 05 20:50:05.966990 ncdv-master-1 devstack@placement-api.service[114873]: DEBUG placement.objects.allocation_candidate [req-b2f60d0c-708a-4144-bdcd-79aebad83e7a req-06c8a9a3-e67b-4b31-9d6f-3d27646ca984 service placement] Merging candidates yields 2 allocation requests and 2 provider summaries {{(pid=114873) _merge_candidates /opt/stack/placement/placement/objects/allocation_candidate.py:783}}
Feb 05 20:50:05.968752 ncdv-master-1 devstack@placement-api.service[114873]: INFO placement.requestlog [req-b2f60d0c-708a-4144-bdcd-79aebad83e7a req-06c8a9a3-e67b-4b31-9d6f-3d27646ca984 service placement] 10.222.0.32 "GET /placement/allocation_candidates?resources=DISK_GB%3A1%2CMEMORY_MB%3A1024%2CVCPU%3A1&root_required=%21COMPUTE_STATUS_DISABLED" status: 200 len: 1312 microversion: 1.36
Feb 05 20:50:05.973697 ncdv-master-1 devstack@placement-api.service[114873]: [pid: 114873|app: 0|req: 147/293] 10.222.0.32 () {60 vars in 1484 bytes} [Sat Feb 5 20:50:05 2022] GET /placement/allocation_candidates?resources=DISK_GB%3A1%2CMEMORY_MB%3A1024%2CVCPU%3A1&root_required=%21COMPUTE_STATUS_DISABLED => generated 1312 bytes in 118 msecs (HTTP/1.1 200) 8 headers in 297 bytes (1 switches on core 0)
Feb 05 20:50:06.037224 ncdv-master-1 devstack@placement-api.service[114872]: DEBUG placement.requestlog [req-b2f60d0c-708a-4144-bdcd-79aebad83e7a req-ddd4d2cc-48e8-41ba-9006-c7be1ba21814 None None] Starting request: 10.222.0.32 "GET /placement/allocations/8cd43e5d-65ae-4017-b1e7-2489ffd4f3bd" {{(pid=114872) __call__ /opt/stack/placement/placement/requestlog.py:55}}
Feb 05 20:50:06.051599 ncdv-master-1 devstack@placement-api.service[114872]: INFO placement.requestlog [req-b2f60d0c-708a-4144-bdcd-79aebad83e7a req-ddd4d2cc-48e8-41ba-9006-c7be1ba21814 service placement] 10.222.0.32 "GET /placement/allocations/8cd43e5d-65ae-4017-b1e7-2489ffd4f3bd" status: 200 len: 19 microversion: 1.28
Feb 05 20:50:06.052454 ncdv-master-1 devstack@placement-api.service[114872]: [pid: 114872|app: 0|req: 147/294] 10.222.0.32 () {60 vars in 1380 bytes} [Sat Feb 5 20:50:06 2022] GET /placement/allocations/8cd43e5d-65ae-4017-b1e7-2489ffd4f3bd => generated 19 bytes in 15 msecs (HTTP/1.1 200) 8 headers in 295 bytes (1 switches on core 0)
Feb 05 20:50:06.060632 ncdv-master-1 devstack@placement-api.service[114873]: DEBUG placement.requestlog [req-b2f60d0c-708a-4144-bdcd-79aebad83e7a req-40592e59-ec80-4972-baeb-254372df2a27 None None] Starting request: 10.222.0.32 "PUT /placement/allocations/8cd43e5d-65ae-4017-b1e7-2489ffd4f3bd" {{(pid=114873) __call__ /opt/stack/placement/placement/requestlog.py:55}}
Feb 05 20:50:06.160303 ncdv-master-1 devstack@placement-api.service[114873]: DEBUG placement.handlers.allocation [req-b2f60d0c-708a-4144-bdcd-79aebad83e7a req-40592e59-ec80-4972-baeb-254372df2a27 service placement] Successfully wrote allocations [, , ] {{(pid=114873) _update_consumers_and_create_allocations /opt/stack/placement/placement/handlers/allocation.py:462}}
Feb 05 20:50:06.164630 ncdv-master-1 devstack@placement-api.service[114873]: INFO placement.requestlog [req-b2f60d0c-708a-4144-bdcd-79aebad83e7a req-40592e59-ec80-4972-baeb-254372df2a27 service placement] 10.222.0.32 "PUT /placement/allocations/8cd43e5d-65ae-4017-b1e7-2489ffd4f3bd" status: 204 len: 0 microversion: 1.36
Feb 05 20:50:06.165888 ncdv-master-1 devstack@placement-api.service[114873]: [pid: 114873|app: 0|req: 148/295] 10.222.0.32 () {64 vars in 1433 bytes} [Sat Feb 5 20:50:06 2022] PUT /placement/allocations/8cd43e5d-65ae-4017-b1e7-2489ffd4f3bd => generated 0 bytes in 106 msecs (HTTP/1.1 204) 5 headers in 199 bytes (2 switches on core 0)
Feb 05 20:50:06.672994 ncdv-master-1 devstack@placement-api.service[114872]: DEBUG placement.requestlog [req-b2f60d0c-708a-4144-bdcd-79aebad83e7a req-5d7456e6-c697-496a-9b72-5376ca8bf5d5 None None] Starting request: 10.222.0.39 "GET /placement/allocations/8cd43e5d-65ae-4017-b1e7-2489ffd4f3bd" {{(pid=114872) __call__ /opt/stack/placement/placement/requestlog.py:55}}
Feb 05 20:50:06.708301 ncdv-master-1 devstack@placement-api.service[114872]: INFO placement.requestlog [req-b2f60d0c-708a-4144-bdcd-79aebad83e7a req-5d7456e6-c697-496a-9b72-5376ca8bf5d5 service placement] 10.222.0.39 "GET /placement/allocations/8cd43e5d-65ae-4017-b1e7-2489ffd4f3bd" status: 200 len: 259 microversion: 1.28
Feb 05 20:50:06.709835 ncdv-master-1 devstack@placement-api.service[114872]: [pid: 114872|app: 0|req: 148/296] 10.222.0.39 () {60 vars in 1377 bytes} [Sat Feb 5 20:50:06 2022] GET /placement/allocations/8cd43e5d-65ae-4017-b1e7-2489ffd4f3bd => generated 259 bytes in 36 msecs (HTTP/1.1 200) 8 headers in 296 bytes (1 switches on core 0)
Feb 05 20:50:12.218604 ncdv-master-1 devstack@placement-api.service[114873]: DEBUG placement.requestlog [req-72bd8a36-f4fe-45e2-beff-8580eda45f1a req-a7a65de9-87c1-42fe-8fcd-77e1509773c7 None None] Starting request: 10.222.0.32 "GET /placement/allocation_candidates?limit=1000&resources=DISK_GB%3A1%2CMEMORY_MB%3A1024%2CVCPU%3A1&root_required=%21COMPUTE_STATUS_DISABLED" {{(pid=114873) __call__ /opt/stack/placement/placement/requestlog.py:55}}
Feb 05 20:50:12.257890 ncdv-master-1 devstack@placement-api.service[114873]: DEBUG placement.objects.research_context [req-72bd8a36-f4fe-45e2-beff-8580eda45f1a req-a7a65de9-87c1-42fe-8fcd-77e1509773c7 service placement] getting providers with 1 DISK_GB {{(pid=114873) __init__ /opt/stack/placement/placement/objects/research_context.py:126}}
Feb 05 20:50:12.264182 ncdv-master-1 devstack@placement-api.service[114873]: DEBUG placement.objects.research_context [req-72bd8a36-f4fe-45e2-beff-8580eda45f1a req-a7a65de9-87c1-42fe-8fcd-77e1509773c7 service placement] getting providers with 1024 MEMORY_MB {{(pid=114873) __init__ /opt/stack/placement/placement/objects/research_context.py:126}}
Feb 05 20:50:12.269969 ncdv-master-1 devstack@placement-api.service[114873]: DEBUG placement.objects.research_context [req-72bd8a36-f4fe-45e2-beff-8580eda45f1a req-a7a65de9-87c1-42fe-8fcd-77e1509773c7 service placement] getting providers with 1 VCPU {{(pid=114873) __init__ /opt/stack/placement/placement/objects/research_context.py:126}}
Feb 05 20:50:12.275692 ncdv-master-1 devstack@placement-api.service[114873]: DEBUG placement.objects.research_context [req-72bd8a36-f4fe-45e2-beff-8580eda45f1a req-a7a65de9-87c1-42fe-8fcd-77e1509773c7 service placement] found 2 providers with available 1 DISK_GB {{(pid=114873) get_provider_ids_matching /opt/stack/placement/placement/objects/research_context.py:549}}
Feb 05 20:50:12.276157 ncdv-master-1 devstack@placement-api.service[114873]: DEBUG placement.objects.research_context [req-72bd8a36-f4fe-45e2-beff-8580eda45f1a req-a7a65de9-87c1-42fe-8fcd-77e1509773c7 service placement] found 2 providers with available 1024 MEMORY_MB {{(pid=114873) get_provider_ids_matching /opt/stack/placement/placement/objects/research_context.py:549}}
Feb 05 20:50:12.276421 ncdv-master-1 devstack@placement-api.service[114873]: DEBUG placement.objects.research_context [req-72bd8a36-f4fe-45e2-beff-8580eda45f1a req-a7a65de9-87c1-42fe-8fcd-77e1509773c7 service placement] found 2 providers after filtering by previous result {{(pid=114873) get_provider_ids_matching /opt/stack/placement/placement/objects/research_context.py:580}}
Feb 05 20:50:12.276672 ncdv-master-1 devstack@placement-api.service[114873]: DEBUG placement.objects.research_context [req-72bd8a36-f4fe-45e2-beff-8580eda45f1a req-a7a65de9-87c1-42fe-8fcd-77e1509773c7 service placement] found 2 providers with available 1 VCPU {{(pid=114873) get_provider_ids_matching /opt/stack/placement/placement/objects/research_context.py:549}}
Feb 05 20:50:12.276932 ncdv-master-1 devstack@placement-api.service[114873]: DEBUG placement.objects.research_context [req-72bd8a36-f4fe-45e2-beff-8580eda45f1a req-a7a65de9-87c1-42fe-8fcd-77e1509773c7 service placement] found 2 providers after filtering by previous result {{(pid=114873) get_provider_ids_matching /opt/stack/placement/placement/objects/research_context.py:580}}
Feb 05 20:50:12.289560 ncdv-master-1 devstack@placement-api.service[114873]: DEBUG placement.objects.allocation_candidate [req-72bd8a36-f4fe-45e2-beff-8580eda45f1a req-a7a65de9-87c1-42fe-8fcd-77e1509773c7 service placement] RequestGroup(use_same_provider=False, resources={DISK_GB:1, MEMORY_MB:1024, VCPU:1}, traits=[], aggregates=[]) (suffix '') returned 2 matches {{(pid=114873) _get_by_requests /opt/stack/placement/placement/objects/allocation_candidate.py:145}}
Feb 05 20:50:12.289927 ncdv-master-1 devstack@placement-api.service[114873]: DEBUG placement.objects.allocation_candidate [req-72bd8a36-f4fe-45e2-beff-8580eda45f1a req-a7a65de9-87c1-42fe-8fcd-77e1509773c7 service placement] Merging candidates yields 2 allocation requests and 2 provider summaries {{(pid=114873) _merge_candidates /opt/stack/placement/placement/objects/allocation_candidate.py:783}}
Feb 05 20:50:12.291574 ncdv-master-1 devstack@placement-api.service[114873]: INFO placement.requestlog [req-72bd8a36-f4fe-45e2-beff-8580eda45f1a req-a7a65de9-87c1-42fe-8fcd-77e1509773c7 service placement] 10.222.0.32 "GET /placement/allocation_candidates?limit=1000&resources=DISK_GB%3A1%2CMEMORY_MB%3A1024%2CVCPU%3A1&root_required=%21COMPUTE_STATUS_DISABLED" status: 200 len: 1312 microversion: 1.36
Feb 05 20:50:12.292298 ncdv-master-1 devstack@placement-api.service[114873]: [pid: 114873|app: 0|req: 149/297] 10.222.0.32 () {60 vars in 1506 bytes} [Sat Feb 5 20:50:12 2022] GET /placement/allocation_candidates?limit=1000&resources=DISK_GB%3A1%2CMEMORY_MB%3A1024%2CVCPU%3A1&root_required=%21COMPUTE_STATUS_DISABLED => generated 1312 bytes in 74 msecs (HTTP/1.1 200) 8 headers in 297 bytes (1 switches on core 0)
Feb 05 20:50:12.347969 ncdv-master-1 devstack@placement-api.service[114872]: DEBUG placement.requestlog [req-72bd8a36-f4fe-45e2-beff-8580eda45f1a req-6922154d-db30-4c2b-8b2a-a0a72a92170c None None] Starting request: 10.222.0.32 "GET /placement/allocations/026b29e4-97ef-4a35-89ea-4814c8004e2c" {{(pid=114872) __call__ /opt/stack/placement/placement/requestlog.py:55}}
Feb 05 20:50:12.359557 ncdv-master-1 devstack@placement-api.service[114872]: INFO placement.requestlog [req-72bd8a36-f4fe-45e2-beff-8580eda45f1a req-6922154d-db30-4c2b-8b2a-a0a72a92170c service placement] 10.222.0.32 "GET /placement/allocations/026b29e4-97ef-4a35-89ea-4814c8004e2c" status: 200 len: 19 microversion: 1.28
Feb 05 20:50:12.360290 ncdv-master-1 devstack@placement-api.service[114872]: [pid: 114872|app: 0|req: 149/298] 10.222.0.32 () {60 vars in 1380 bytes} [Sat Feb 5 20:50:12 2022] GET /placement/allocations/026b29e4-97ef-4a35-89ea-4814c8004e2c => generated 19 bytes in 12 msecs (HTTP/1.1 200) 8 headers in 295 bytes (1 switches on core 0)
Feb 05 20:50:12.366714 ncdv-master-1 devstack@placement-api.service[114873]: DEBUG placement.requestlog [req-72bd8a36-f4fe-45e2-beff-8580eda45f1a req-4e09533d-20fc-4e9f-9584-ad713fd0f1ff None None] Starting request: 10.222.0.32 "PUT /placement/allocations/026b29e4-97ef-4a35-89ea-4814c8004e2c" {{(pid=114873) __call__ /opt/stack/placement/placement/requestlog.py:55}}
Feb 05 20:50:12.444851 ncdv-master-1 devstack@placement-api.service[114873]: DEBUG placement.handlers.allocation [req-72bd8a36-f4fe-45e2-beff-8580eda45f1a req-4e09533d-20fc-4e9f-9584-ad713fd0f1ff service placement] Successfully wrote allocations [, , ] {{(pid=114873) _update_consumers_and_create_allocations /opt/stack/placement/placement/handlers/allocation.py:462}}
Feb 05 20:50:12.450500 ncdv-master-1 devstack@placement-api.service[114873]: INFO placement.requestlog [req-72bd8a36-f4fe-45e2-beff-8580eda45f1a req-4e09533d-20fc-4e9f-9584-ad713fd0f1ff service placement] 10.222.0.32 "PUT /placement/allocations/026b29e4-97ef-4a35-89ea-4814c8004e2c" status: 204 len: 0 microversion: 1.36
Feb 05 20:50:12.451067 ncdv-master-1 devstack@placement-api.service[114873]: [pid: 114873|app: 0|req: 150/299] 10.222.0.32 () {64 vars in 1433 bytes} [Sat Feb 5 20:50:12 2022] PUT /placement/allocations/026b29e4-97ef-4a35-89ea-4814c8004e2c => generated 0 bytes in 85 msecs (HTTP/1.1 204) 5 headers in 199 bytes (1 switches on core 0)
Feb 05 20:50:12.792324 ncdv-master-1 devstack@placement-api.service[114872]: DEBUG placement.requestlog [req-72bd8a36-f4fe-45e2-beff-8580eda45f1a req-37c2b517-5139-4810-b15e-0d70a48a4e58 None None] Starting request: 10.222.0.21 "GET /placement/allocations/026b29e4-97ef-4a35-89ea-4814c8004e2c" {{(pid=114872) __call__ /opt/stack/placement/placement/requestlog.py:55}}
Feb 05 20:50:12.808951 ncdv-master-1 devstack@placement-api.service[114872]: INFO placement.requestlog [req-72bd8a36-f4fe-45e2-beff-8580eda45f1a req-37c2b517-5139-4810-b15e-0d70a48a4e58 service placement] 10.222.0.21 "GET /placement/allocations/026b29e4-97ef-4a35-89ea-4814c8004e2c" status: 200 len: 259 microversion: 1.28
Feb 05 20:50:12.809828 ncdv-master-1 devstack@placement-api.service[114872]: [pid: 114872|app: 0|req: 150/300] 10.222.0.21 () {60 vars in 1377 bytes} [Sat Feb 5 20:50:12 2022] GET /placement/allocations/026b29e4-97ef-4a35-89ea-4814c8004e2c => generated 259 bytes in 18 msecs (HTTP/1.1 200) 8 headers in 296 bytes (1 switches on core 0)
Feb 05 20:50:19.985425 ncdv-master-1 devstack@placement-api.service[114873]: DEBUG placement.requestlog [req-e87fbe93-289b-45ff-8449-3e0c85146107 req-3eb5a240-778b-4328-ba6f-57ffd33d674f None None] Starting request: 10.222.0.39 "DELETE /placement/allocations/46c05072-b467-41fd-bd31-e32686f1d131" {{(pid=114873) __call__ /opt/stack/placement/placement/requestlog.py:55}}
Feb 05 20:50:20.035246 ncdv-master-1 devstack@placement-api.service[114873]: DEBUG placement.handlers.allocation [req-e87fbe93-289b-45ff-8449-3e0c85146107 req-3eb5a240-778b-4328-ba6f-57ffd33d674f service placement] Successfully deleted allocations [, , ] {{(pid=114873) delete_allocations /opt/stack/placement/placement/handlers/allocation.py:627}}
Feb 05 20:50:20.035742 ncdv-master-1 devstack@placement-api.service[114873]: INFO placement.requestlog [req-e87fbe93-289b-45ff-8449-3e0c85146107 req-3eb5a240-778b-4328-ba6f-57ffd33d674f service placement] 10.222.0.39 "DELETE /placement/allocations/46c05072-b467-41fd-bd31-e32686f1d131" status: 204 len: 0 microversion: 1.0
Feb 05 20:50:20.036354 ncdv-master-1 devstack@placement-api.service[114873]: [pid: 114873|app: 0|req: 151/301] 10.222.0.39 () {60 vars in 1355 bytes} [Sat Feb 5 20:50:19 2022] DELETE /placement/allocations/46c05072-b467-41fd-bd31-e32686f1d131 => generated 0 bytes in 52 msecs (HTTP/1.1 204) 5 headers in 198 bytes (2 switches on core 0)
Feb 05 20:50:20.629974 ncdv-master-1 devstack@placement-api.service[114872]: DEBUG placement.requestlog [None req-2ed95ba6-5d4e-474a-890d-7c7d7f483c8e None None] Starting request: 10.222.0.32 "GET /placement/" {{(pid=114872) __call__ /opt/stack/placement/placement/requestlog.py:55}}
Feb 05 20:50:20.630995 ncdv-master-1 devstack@placement-api.service[114872]: INFO placement.requestlog [None req-2ed95ba6-5d4e-474a-890d-7c7d7f483c8e None None] 10.222.0.32 "GET /placement/" status: 200 len: 136 microversion: 1.0
Feb 05 20:50:20.631491 ncdv-master-1 devstack@placement-api.service[114872]: [pid: 114872|app: 0|req: 151/302] 10.222.0.32 () {54 vars in 916 bytes} [Sat Feb 5 20:50:20 2022] GET /placement => generated 136 bytes in 2 msecs (HTTP/1.1 200) 6 headers in 224 bytes (1 switches on core 0)
Feb 05 20:50:20.642744 ncdv-master-1 devstack@placement-api.service[114873]: DEBUG placement.requestlog [req-7bd7c46f-6460-4f57-80ce-b616bc22656d req-f90a331a-7afd-438b-a479-6f8c3ec54f0b None None] Starting request: 10.222.0.32 "GET /placement/allocations/0b25c8ee-660b-4a31-907e-9d90d9b0cfff" {{(pid=114873) __call__ /opt/stack/placement/placement/requestlog.py:55}}
Feb 05 20:50:20.795258 ncdv-master-1 devstack@placement-api.service[114873]: INFO placement.requestlog [req-7bd7c46f-6460-4f57-80ce-b616bc22656d req-f90a331a-7afd-438b-a479-6f8c3ec54f0b service placement] 10.222.0.32 "GET /placement/allocations/0b25c8ee-660b-4a31-907e-9d90d9b0cfff" status: 200 len: 245 microversion: 1.28
Feb 05 20:50:20.796095 ncdv-master-1 devstack@placement-api.service[114873]: [pid: 114873|app: 0|req: 152/303] 10.222.0.32 () {60 vars in 1380 bytes} [Sat Feb 5 20:50:20 2022] GET /placement/allocations/0b25c8ee-660b-4a31-907e-9d90d9b0cfff => generated 245 bytes in 154 msecs (HTTP/1.1 200) 8 headers in 296 bytes (1 switches on core 0)
Feb 05 20:50:20.802916 ncdv-master-1 devstack@placement-api.service[114872]: DEBUG placement.requestlog [req-7bd7c46f-6460-4f57-80ce-b616bc22656d req-1692c222-aa47-4791-bb9b-846610a4d092 None None] Starting request: 10.222.0.32 "GET /placement/allocations/0b25c8ee-660b-4a31-907e-9d90d9b0cfff" {{(pid=114872) __call__ /opt/stack/placement/placement/requestlog.py:55}}
Feb 05 20:50:20.819175 ncdv-master-1 devstack@placement-api.service[114872]: INFO placement.requestlog [req-7bd7c46f-6460-4f57-80ce-b616bc22656d req-1692c222-aa47-4791-bb9b-846610a4d092 service placement] 10.222.0.32 "GET /placement/allocations/0b25c8ee-660b-4a31-907e-9d90d9b0cfff" status: 200 len: 245 microversion: 1.28
Feb 05 20:50:20.828040 ncdv-master-1 devstack@placement-api.service[114872]: [pid: 114872|app: 0|req: 152/304] 10.222.0.32 () {60 vars in 1380 bytes} [Sat Feb 5 20:50:20 2022] GET /placement/allocations/0b25c8ee-660b-4a31-907e-9d90d9b0cfff => generated 245 bytes in 25 msecs (HTTP/1.1 200) 8 headers in 296 bytes (1 switches on core 0)
Feb 05 20:50:20.828254 ncdv-master-1 devstack@placement-api.service[114873]: DEBUG placement.requestlog [req-7bd7c46f-6460-4f57-80ce-b616bc22656d req-e49f6d6b-385e-4a80-9f61-03327599e3df None None] Starting request: 10.222.0.32 "GET /placement/allocations/af95a739-ccd7-4265-886f-11cf7d11b4ca" {{(pid=114873) __call__ /opt/stack/placement/placement/requestlog.py:55}}
Feb 05 20:50:20.842261 ncdv-master-1 devstack@placement-api.service[114873]: INFO placement.requestlog [req-7bd7c46f-6460-4f57-80ce-b616bc22656d req-e49f6d6b-385e-4a80-9f61-03327599e3df service placement] 10.222.0.32 "GET /placement/allocations/af95a739-ccd7-4265-886f-11cf7d11b4ca" status: 200 len: 19 microversion: 1.28
Feb 05 20:50:20.843044 ncdv-master-1 devstack@placement-api.service[114873]: [pid: 114873|app: 0|req: 153/305] 10.222.0.32 () {60 vars in 1380 bytes} [Sat Feb 5 20:50:20 2022] GET /placement/allocations/af95a739-ccd7-4265-886f-11cf7d11b4ca => generated 19 bytes in 15 msecs (HTTP/1.1 200) 8 headers in 295 bytes (1 switches on core 0)
Feb 05 20:50:20.849357 ncdv-master-1 devstack@placement-api.service[114872]: DEBUG placement.requestlog [req-7bd7c46f-6460-4f57-80ce-b616bc22656d req-4bd1c5b3-6dc8-463f-a312-c90d851c0639 None None] Starting request: 10.222.0.32 "POST /placement/allocations" {{(pid=114872) __call__ /opt/stack/placement/placement/requestlog.py:55}}
Feb 05 20:50:20.922911 ncdv-master-1 devstack@placement-api.service[114872]: DEBUG placement.handlers.allocation [req-7bd7c46f-6460-4f57-80ce-b616bc22656d req-4bd1c5b3-6dc8-463f-a312-c90d851c0639 service placement] Successfully wrote allocations [, , , ] {{(pid=114872) _update_consumers_and_create_allocations /opt/stack/placement/placement/handlers/allocation.py:572}}
Feb 05 20:50:20.926894 ncdv-master-1 devstack@placement-api.service[114872]: INFO placement.requestlog [req-7bd7c46f-6460-4f57-80ce-b616bc22656d req-4bd1c5b3-6dc8-463f-a312-c90d851c0639 service placement] 10.222.0.32 "POST /placement/allocations" status: 204 len: 0 microversion: 1.28
