Jan 29 20:51:55.773863 ncdv-master-1 devstack@placement-api.service[126425]: DEBUG placement.objects.research_context [req-557f9a4e-5bbc-4ad3-8717-692863c0de15 req-ce2da37a-cb2f-4ea0-a5e0-633b88147683 service placement] getting providers with 1024 MEMORY_MB {{(pid=126425) __init__ /opt/stack/placement/placement/objects/research_context.py:126}}
Jan 29 20:51:55.781061 ncdv-master-1 devstack@placement-api.service[126425]: DEBUG placement.objects.research_context [req-557f9a4e-5bbc-4ad3-8717-692863c0de15 req-ce2da37a-cb2f-4ea0-a5e0-633b88147683 service placement] getting providers with 1 VCPU {{(pid=126425) __init__ /opt/stack/placement/placement/objects/research_context.py:126}}
Jan 29 20:51:55.787792 ncdv-master-1 devstack@placement-api.service[126425]: DEBUG placement.objects.research_context [req-557f9a4e-5bbc-4ad3-8717-692863c0de15 req-ce2da37a-cb2f-4ea0-a5e0-633b88147683 service placement] found 2 providers with available 1 DISK_GB {{(pid=126425) get_provider_ids_matching /opt/stack/placement/placement/objects/research_context.py:549}}
Jan 29 20:51:55.788636 ncdv-master-1 devstack@placement-api.service[126425]: DEBUG placement.objects.research_context [req-557f9a4e-5bbc-4ad3-8717-692863c0de15 req-ce2da37a-cb2f-4ea0-a5e0-633b88147683 service placement] found 2 providers with available 1024 MEMORY_MB {{(pid=126425) get_provider_ids_matching /opt/stack/placement/placement/objects/research_context.py:549}}
Jan 29 20:51:55.789259 ncdv-master-1 devstack@placement-api.service[126425]: DEBUG placement.objects.research_context [req-557f9a4e-5bbc-4ad3-8717-692863c0de15 req-ce2da37a-cb2f-4ea0-a5e0-633b88147683 service placement] found 2 providers after filtering by previous result {{(pid=126425) get_provider_ids_matching /opt/stack/placement/placement/objects/research_context.py:580}}
Jan 29 20:51:55.789730 ncdv-master-1 devstack@placement-api.service[126425]: DEBUG placement.objects.research_context [req-557f9a4e-5bbc-4ad3-8717-692863c0de15 req-ce2da37a-cb2f-4ea0-a5e0-633b88147683 service placement] found 2 providers with available 1 VCPU {{(pid=126425) get_provider_ids_matching /opt/stack/placement/placement/objects/research_context.py:549}}
Jan 29 20:51:55.790202 ncdv-master-1 devstack@placement-api.service[126425]: DEBUG placement.objects.research_context [req-557f9a4e-5bbc-4ad3-8717-692863c0de15 req-ce2da37a-cb2f-4ea0-a5e0-633b88147683 service placement] found 2 providers after filtering by previous result {{(pid=126425) get_provider_ids_matching /opt/stack/placement/placement/objects/research_context.py:580}}
Jan 29 20:51:55.804485 ncdv-master-1 devstack@placement-api.service[126425]: DEBUG placement.objects.allocation_candidate [req-557f9a4e-5bbc-4ad3-8717-692863c0de15 req-ce2da37a-cb2f-4ea0-a5e0-633b88147683 service placement] RequestGroup(use_same_provider=False, resources={DISK_GB:1, MEMORY_MB:1024, VCPU:1}, traits=[], aggregates=[]) (suffix '') returned 2 matches {{(pid=126425) _get_by_requests /opt/stack/placement/placement/objects/allocation_candidate.py:145}}
Jan 29 20:51:55.804951 ncdv-master-1 devstack@placement-api.service[126425]: DEBUG placement.objects.allocation_candidate [req-557f9a4e-5bbc-4ad3-8717-692863c0de15 req-ce2da37a-cb2f-4ea0-a5e0-633b88147683 service placement] Merging candidates yields 2 allocation requests and 2 provider summaries {{(pid=126425) _merge_candidates /opt/stack/placement/placement/objects/allocation_candidate.py:783}}
Jan 29 20:51:55.807246 ncdv-master-1 devstack@placement-api.service[126425]: INFO placement.requestlog [req-557f9a4e-5bbc-4ad3-8717-692863c0de15 req-ce2da37a-cb2f-4ea0-a5e0-633b88147683 service placement] 10.222.0.20 "GET /placement/allocation_candidates?limit=1000&resources=DISK_GB%3A1%2CMEMORY_MB%3A1024%2CVCPU%3A1&root_required=%21COMPUTE_STATUS_DISABLED" status: 200 len: 1309 microversion: 1.36
Jan 29 20:51:55.808035 ncdv-master-1 devstack@placement-api.service[126425]: [pid: 126425|app: 0|req: 193/389] 10.222.0.20 () {60 vars in 1506 bytes} [Sat Jan 29 20:51:55 2022] GET /placement/allocation_candidates?limit=1000&resources=DISK_GB%3A1%2CMEMORY_MB%3A1024%2CVCPU%3A1&root_required=%21COMPUTE_STATUS_DISABLED => generated 1309 bytes in 89 msecs (HTTP/1.1 200) 8 headers in 297 bytes (1 switches on core 0)
Jan 29 20:51:55.932849 ncdv-master-1 devstack@placement-api.service[126424]: DEBUG placement.requestlog [req-557f9a4e-5bbc-4ad3-8717-692863c0de15 req-b35d2461-8ef0-4105-96c5-51d2fc5a01ef None None] Starting request: 10.222.0.20 "GET /placement/allocations/e87cc3cc-9c3e-4ae0-a9cd-3f697ce8b132" {{(pid=126424) __call__ /opt/stack/placement/placement/requestlog.py:55}}
Jan 29 20:51:55.966025 ncdv-master-1 devstack@placement-api.service[126424]: INFO placement.requestlog [req-557f9a4e-5bbc-4ad3-8717-692863c0de15 req-b35d2461-8ef0-4105-96c5-51d2fc5a01ef service placement] 10.222.0.20 "GET /placement/allocations/e87cc3cc-9c3e-4ae0-a9cd-3f697ce8b132" status: 200 len: 19 microversion: 1.28
Jan 29 20:51:55.966585 ncdv-master-1 devstack@placement-api.service[126424]: [pid: 126424|app: 0|req: 197/390] 10.222.0.20 () {60 vars in 1380 bytes} [Sat Jan 29 20:51:55 2022] GET /placement/allocations/e87cc3cc-9c3e-4ae0-a9cd-3f697ce8b132 => generated 19 bytes in 34 msecs (HTTP/1.1 200) 8 headers in 295 bytes (1 switches on core 0)
Jan 29 20:51:55.973856 ncdv-master-1 devstack@placement-api.service[126425]: DEBUG placement.requestlog [req-557f9a4e-5bbc-4ad3-8717-692863c0de15 req-8009213a-8e65-400c-9b2b-c8f61c4b47f9 None None] Starting request: 10.222.0.20 "PUT /placement/allocations/e87cc3cc-9c3e-4ae0-a9cd-3f697ce8b132" {{(pid=126425) __call__ /opt/stack/placement/placement/requestlog.py:55}}
Jan 29 20:51:56.017613 ncdv-master-1 devstack@placement-api.service[126424]: DEBUG placement.requestlog [req-e79fb5e7-0bd4-4551-819c-3de2ffc63ff5 req-d6c7a51d-4943-4fe6-80e7-a7ca4ed8aef4 None None] Starting request: 10.222.0.20 "GET /placement/allocation_candidates?resources=DISK_GB%3A1%2CMEMORY_MB%3A1024%2CVCPU%3A1&root_required=%21COMPUTE_STATUS_DISABLED" {{(pid=126424) __call__ /opt/stack/placement/placement/requestlog.py:55}}
Jan 29 20:51:56.086733 ncdv-master-1 devstack@placement-api.service[126425]: DEBUG placement.handlers.allocation [req-557f9a4e-5bbc-4ad3-8717-692863c0de15 req-8009213a-8e65-400c-9b2b-c8f61c4b47f9 service placement] Successfully wrote allocations [, , ] {{(pid=126425) _update_consumers_and_create_allocations /opt/stack/placement/placement/handlers/allocation.py:462}}
Jan 29 20:51:56.093207 ncdv-master-1 devstack@placement-api.service[126424]: DEBUG placement.objects.research_context [req-e79fb5e7-0bd4-4551-819c-3de2ffc63ff5 req-d6c7a51d-4943-4fe6-80e7-a7ca4ed8aef4 service placement] getting providers with 1 DISK_GB {{(pid=126424) __init__ /opt/stack/placement/placement/objects/research_context.py:126}}
Jan 29 20:51:56.094053 ncdv-master-1 devstack@placement-api.service[126425]: INFO placement.requestlog [req-557f9a4e-5bbc-4ad3-8717-692863c0de15 req-8009213a-8e65-400c-9b2b-c8f61c4b47f9 service placement] 10.222.0.20 "PUT /placement/allocations/e87cc3cc-9c3e-4ae0-a9cd-3f697ce8b132" status: 204 len: 0 microversion: 1.36
Jan 29 20:51:56.095121 ncdv-master-1 devstack@placement-api.service[126425]: [pid: 126425|app: 0|req: 194/391] 10.222.0.20 () {64 vars in 1433 bytes} [Sat Jan 29 20:51:55 2022] PUT /placement/allocations/e87cc3cc-9c3e-4ae0-a9cd-3f697ce8b132 => generated 0 bytes in 121 msecs (HTTP/1.1 204) 5 headers in 199 bytes (1 switches on core 0)
Jan 29 20:51:56.101874 ncdv-master-1 devstack@placement-api.service[126424]: DEBUG placement.objects.research_context [req-e79fb5e7-0bd4-4551-819c-3de2ffc63ff5 req-d6c7a51d-4943-4fe6-80e7-a7ca4ed8aef4 service placement] getting providers with 1024 MEMORY_MB {{(pid=126424) __init__ /opt/stack/placement/placement/objects/research_context.py:126}}
Jan 29 20:51:56.107644 ncdv-master-1 devstack@placement-api.service[126425]: DEBUG placement.requestlog [req-557f9a4e-5bbc-4ad3-8717-692863c0de15 req-24ef5fdc-3b70-41cd-a07c-e6fd82ab63cf None None] Starting request: 10.222.0.20 "GET /placement/allocations/e00b9245-3c95-4d9f-81c2-12f122e21353" {{(pid=126425) __call__ /opt/stack/placement/placement/requestlog.py:55}}
Jan 29 20:51:56.109408 ncdv-master-1 devstack@placement-api.service[126424]: DEBUG placement.objects.research_context [req-e79fb5e7-0bd4-4551-819c-3de2ffc63ff5 req-d6c7a51d-4943-4fe6-80e7-a7ca4ed8aef4 service placement] getting providers with 1 VCPU {{(pid=126424) __init__ /opt/stack/placement/placement/objects/research_context.py:126}}
Jan 29 20:51:56.115704 ncdv-master-1 devstack@placement-api.service[126424]: DEBUG placement.objects.research_context [req-e79fb5e7-0bd4-4551-819c-3de2ffc63ff5 req-d6c7a51d-4943-4fe6-80e7-a7ca4ed8aef4 service placement] found 2 providers with available 1 DISK_GB {{(pid=126424) get_provider_ids_matching /opt/stack/placement/placement/objects/research_context.py:549}}
Jan 29 20:51:56.116387 ncdv-master-1 devstack@placement-api.service[126424]: DEBUG placement.objects.research_context [req-e79fb5e7-0bd4-4551-819c-3de2ffc63ff5 req-d6c7a51d-4943-4fe6-80e7-a7ca4ed8aef4 service placement] found 2 providers with available 1024 MEMORY_MB {{(pid=126424) get_provider_ids_matching /opt/stack/placement/placement/objects/research_context.py:549}}
Jan 29 20:51:56.117204 ncdv-master-1 devstack@placement-api.service[126424]: DEBUG placement.objects.research_context [req-e79fb5e7-0bd4-4551-819c-3de2ffc63ff5 req-d6c7a51d-4943-4fe6-80e7-a7ca4ed8aef4 service placement] found 2 providers after filtering by previous result {{(pid=126424) get_provider_ids_matching /opt/stack/placement/placement/objects/research_context.py:580}}
Jan 29 20:51:56.117682 ncdv-master-1 devstack@placement-api.service[126424]: DEBUG placement.objects.research_context [req-e79fb5e7-0bd4-4551-819c-3de2ffc63ff5 req-d6c7a51d-4943-4fe6-80e7-a7ca4ed8aef4 service placement] found 2 providers with available 1 VCPU {{(pid=126424) get_provider_ids_matching /opt/stack/placement/placement/objects/research_context.py:549}}
Jan 29 20:51:56.118298 ncdv-master-1 devstack@placement-api.service[126424]: DEBUG placement.objects.research_context [req-e79fb5e7-0bd4-4551-819c-3de2ffc63ff5 req-d6c7a51d-4943-4fe6-80e7-a7ca4ed8aef4 service placement] found 2 providers after filtering by previous result {{(pid=126424) get_provider_ids_matching /opt/stack/placement/placement/objects/research_context.py:580}}
Jan 29 20:51:56.126485 ncdv-master-1 devstack@placement-api.service[126425]: INFO placement.requestlog [req-557f9a4e-5bbc-4ad3-8717-692863c0de15 req-24ef5fdc-3b70-41cd-a07c-e6fd82ab63cf service placement] 10.222.0.20 "GET /placement/allocations/e00b9245-3c95-4d9f-81c2-12f122e21353" status: 200 len: 19 microversion: 1.28
Jan 29 20:51:56.136052 ncdv-master-1 devstack@placement-api.service[126424]: DEBUG placement.objects.allocation_candidate [req-e79fb5e7-0bd4-4551-819c-3de2ffc63ff5 req-d6c7a51d-4943-4fe6-80e7-a7ca4ed8aef4 service placement] RequestGroup(use_same_provider=False, resources={DISK_GB:1, MEMORY_MB:1024, VCPU:1}, traits=[], aggregates=[]) (suffix '') returned 2 matches {{(pid=126424) _get_by_requests /opt/stack/placement/placement/objects/allocation_candidate.py:145}}
Jan 29 20:51:56.136246 ncdv-master-1 devstack@placement-api.service[126425]: [pid: 126425|app: 0|req: 195/392] 10.222.0.20 () {60 vars in 1380 bytes} [Sat Jan 29 20:51:56 2022] GET /placement/allocations/e00b9245-3c95-4d9f-81c2-12f122e21353 => generated 19 bytes in 29 msecs (HTTP/1.1 200) 8 headers in 295 bytes (1 switches on core 0)
Jan 29 20:51:56.137849 ncdv-master-1 devstack@placement-api.service[126425]: DEBUG placement.requestlog [req-557f9a4e-5bbc-4ad3-8717-692863c0de15 req-ede6f198-49b8-42e9-9dd5-4a0c5269717f None None] Starting request: 10.222.0.20 "PUT /placement/allocations/e00b9245-3c95-4d9f-81c2-12f122e21353" {{(pid=126425) __call__ /opt/stack/placement/placement/requestlog.py:55}}
Jan 29 20:51:56.139048 ncdv-master-1 devstack@placement-api.service[126424]: DEBUG placement.objects.allocation_candidate [req-e79fb5e7-0bd4-4551-819c-3de2ffc63ff5 req-d6c7a51d-4943-4fe6-80e7-a7ca4ed8aef4 service placement] Merging candidates yields 2 allocation requests and 2 provider summaries {{(pid=126424) _merge_candidates /opt/stack/placement/placement/objects/allocation_candidate.py:783}}
Jan 29 20:51:56.144590 ncdv-master-1 devstack@placement-api.service[126424]: INFO placement.requestlog [req-e79fb5e7-0bd4-4551-819c-3de2ffc63ff5 req-d6c7a51d-4943-4fe6-80e7-a7ca4ed8aef4 service placement] 10.222.0.20 "GET /placement/allocation_candidates?resources=DISK_GB%3A1%2CMEMORY_MB%3A1024%2CVCPU%3A1&root_required=%21COMPUTE_STATUS_DISABLED" status: 200 len: 1309 microversion: 1.36
Jan 29 20:51:56.146535 ncdv-master-1 devstack@placement-api.service[126424]: [pid: 126424|app: 0|req: 198/393] 10.222.0.20 () {60 vars in 1484 bytes} [Sat Jan 29 20:51:56 2022] GET /placement/allocation_candidates?resources=DISK_GB%3A1%2CMEMORY_MB%3A1024%2CVCPU%3A1&root_required=%21COMPUTE_STATUS_DISABLED => generated 1309 bytes in 129 msecs (HTTP/1.1 200) 8 headers in 297 bytes (2 switches on core 0)
Jan 29 20:51:56.218687 ncdv-master-1 devstack@placement-api.service[126425]: DEBUG placement.handlers.allocation [req-557f9a4e-5bbc-4ad3-8717-692863c0de15 req-ede6f198-49b8-42e9-9dd5-4a0c5269717f service placement] Successfully wrote allocations [, , ] {{(pid=126425) _update_consumers_and_create_allocations /opt/stack/placement/placement/handlers/allocation.py:462}}
Jan 29 20:51:56.220880 ncdv-master-1 devstack@placement-api.service[126424]: DEBUG placement.requestlog [req-e79fb5e7-0bd4-4551-819c-3de2ffc63ff5 req-b974ec78-6d59-4c83-949c-6b6b228399e1 None None] Starting request: 10.222.0.20 "GET /placement/allocations/ab75c6a9-2970-4c02-a37a-672892c405f2" {{(pid=126424) __call__ /opt/stack/placement/placement/requestlog.py:55}}
Jan 29 20:51:56.227811 ncdv-master-1 devstack@placement-api.service[126425]: INFO placement.requestlog [req-557f9a4e-5bbc-4ad3-8717-692863c0de15 req-ede6f198-49b8-42e9-9dd5-4a0c5269717f service placement] 10.222.0.20 "PUT /placement/allocations/e00b9245-3c95-4d9f-81c2-12f122e21353" status: 204 len: 0 microversion: 1.36
Jan 29 20:51:56.228624 ncdv-master-1 devstack@placement-api.service[126425]: [pid: 126425|app: 0|req: 196/394] 10.222.0.20 () {64 vars in 1433 bytes} [Sat Jan 29 20:51:56 2022] PUT /placement/allocations/e00b9245-3c95-4d9f-81c2-12f122e21353 => generated 0 bytes in 92 msecs (HTTP/1.1 204) 5 headers in 199 bytes (1 switches on core 0)
Jan 29 20:51:56.248401 ncdv-master-1 devstack@placement-api.service[126424]: INFO placement.requestlog [req-e79fb5e7-0bd4-4551-819c-3de2ffc63ff5 req-b974ec78-6d59-4c83-949c-6b6b228399e1 service placement] 10.222.0.20 "GET /placement/allocations/ab75c6a9-2970-4c02-a37a-672892c405f2" status: 200 len: 19 microversion: 1.28
Jan 29 20:51:56.255854 ncdv-master-1 devstack@placement-api.service[126424]: [pid: 126424|app: 0|req: 199/395] 10.222.0.20 () {60 vars in 1380 bytes} [Sat Jan 29 20:51:56 2022] GET /placement/allocations/ab75c6a9-2970-4c02-a37a-672892c405f2 => generated 19 bytes in 34 msecs (HTTP/1.1 200) 8 headers in 295 bytes (1 switches on core 0)
Jan 29 20:51:56.258142 ncdv-master-1 devstack@placement-api.service[126425]: DEBUG placement.requestlog [req-e79fb5e7-0bd4-4551-819c-3de2ffc63ff5 req-d374d143-f7ab-4e22-9586-d770c7681559 None None] Starting request: 10.222.0.20 "PUT /placement/allocations/ab75c6a9-2970-4c02-a37a-672892c405f2" {{(pid=126425) __call__ /opt/stack/placement/placement/requestlog.py:55}}
Jan 29 20:51:56.357966 ncdv-master-1 devstack@placement-api.service[126425]: DEBUG placement.handlers.allocation [req-e79fb5e7-0bd4-4551-819c-3de2ffc63ff5 req-d374d143-f7ab-4e22-9586-d770c7681559 service placement] Successfully wrote allocations [, , ] {{(pid=126425) _update_consumers_and_create_allocations /opt/stack/placement/placement/handlers/allocation.py:462}}
Jan 29 20:51:56.367888 ncdv-master-1 devstack@placement-api.service[126425]: INFO placement.requestlog [req-e79fb5e7-0bd4-4551-819c-3de2ffc63ff5 req-d374d143-f7ab-4e22-9586-d770c7681559 service placement] 10.222.0.20 "PUT /placement/allocations/ab75c6a9-2970-4c02-a37a-672892c405f2" status: 204 len: 0 microversion: 1.36
Jan 29 20:51:56.379075 ncdv-master-1 devstack@placement-api.service[126425]: [pid: 126425|app: 0|req: 197/396] 10.222.0.20 () {64 vars in 1433 bytes} [Sat Jan 29 20:51:56 2022] PUT /placement/allocations/ab75c6a9-2970-4c02-a37a-672892c405f2 => generated 0 bytes in 111 msecs (HTTP/1.1 204) 5 headers in 199 bytes (1 switches on core 0)
Jan 29 20:51:56.389428 ncdv-master-1 devstack@placement-api.service[126424]: DEBUG placement.requestlog [req-e79fb5e7-0bd4-4551-819c-3de2ffc63ff5 req-fae74cad-3544-49db-8f4e-f37921e38833 None None] Starting request: 10.222.0.20 "GET /placement/allocations/98f80258-e044-40c1-95e2-9834eed11095" {{(pid=126424) __call__ /opt/stack/placement/placement/requestlog.py:55}}
Jan 29 20:51:56.403086 ncdv-master-1 devstack@placement-api.service[126424]: INFO placement.requestlog [req-e79fb5e7-0bd4-4551-819c-3de2ffc63ff5 req-fae74cad-3544-49db-8f4e-f37921e38833 service placement] 10.222.0.20 "GET /placement/allocations/98f80258-e044-40c1-95e2-9834eed11095" status: 200 len: 19 microversion: 1.28
Jan 29 20:51:56.408590 ncdv-master-1 devstack@placement-api.service[126424]: [pid: 126424|app: 0|req: 200/397] 10.222.0.20 () {60 vars in 1380 bytes} [Sat Jan 29 20:51:56 2022] GET /placement/allocations/98f80258-e044-40c1-95e2-9834eed11095 => generated 19 bytes in 19 msecs (HTTP/1.1 200) 8 headers in 295 bytes (1 switches on core 0)
Jan 29 20:51:56.412380 ncdv-master-1 devstack@placement-api.service[126425]: DEBUG placement.requestlog [req-e79fb5e7-0bd4-4551-819c-3de2ffc63ff5 req-8b5078a8-d553-4119-bb8e-7b41089a3a3d None None] Starting request: 10.222.0.20 "PUT /placement/allocations/98f80258-e044-40c1-95e2-9834eed11095" {{(pid=126425) __call__ /opt/stack/placement/placement/requestlog.py:55}}
Jan 29 20:51:56.525622 ncdv-master-1 devstack@placement-api.service[126425]: DEBUG placement.handlers.allocation [req-e79fb5e7-0bd4-4551-819c-3de2ffc63ff5 req-8b5078a8-d553-4119-bb8e-7b41089a3a3d service placement] Successfully wrote allocations [, , ] {{(pid=126425) _update_consumers_and_create_allocations /opt/stack/placement/placement/handlers/allocation.py:462}}
Jan 29 20:51:56.532359 ncdv-master-1 devstack@placement-api.service[126425]: INFO placement.requestlog [req-e79fb5e7-0bd4-4551-819c-3de2ffc63ff5 req-8b5078a8-d553-4119-bb8e-7b41089a3a3d service placement] 10.222.0.20 "PUT /placement/allocations/98f80258-e044-40c1-95e2-9834eed11095" status: 204 len: 0 microversion: 1.36
Jan 29 20:51:56.544355 ncdv-master-1 devstack@placement-api.service[126425]: [pid: 126425|app: 0|req: 198/398] 10.222.0.20 () {64 vars in 1433 bytes} [Sat Jan 29 20:51:56 2022] PUT /placement/allocations/98f80258-e044-40c1-95e2-9834eed11095 => generated 0 bytes in 121 msecs (HTTP/1.1 204) 5 headers in 199 bytes (1 switches on core 0)
Jan 29 20:51:56.770908 ncdv-master-1 devstack@placement-api.service[126424]: DEBUG placement.requestlog [req-557f9a4e-5bbc-4ad3-8717-692863c0de15 req-140b1e5f-65af-4e30-8c54-6f422563c566 None None] Starting request: 10.222.0.36 "GET /placement/allocations/e87cc3cc-9c3e-4ae0-a9cd-3f697ce8b132" {{(pid=126424) __call__ /opt/stack/placement/placement/requestlog.py:55}}
Jan 29 20:51:56.794883 ncdv-master-1 devstack@placement-api.service[126424]: INFO placement.requestlog [req-557f9a4e-5bbc-4ad3-8717-692863c0de15 req-140b1e5f-65af-4e30-8c54-6f422563c566 service placement] 10.222.0.36 "GET /placement/allocations/e87cc3cc-9c3e-4ae0-a9cd-3f697ce8b132" status: 200 len: 259 microversion: 1.28
Jan 29 20:51:56.795537 ncdv-master-1 devstack@placement-api.service[126424]: [pid: 126424|app: 0|req: 201/399] 10.222.0.36 () {60 vars in 1377 bytes} [Sat Jan 29 20:51:56 2022] GET /placement/allocations/e87cc3cc-9c3e-4ae0-a9cd-3f697ce8b132 => generated 259 bytes in 25 msecs (HTTP/1.1 200) 8 headers in 296 bytes (1 switches on core 0)
Jan 29 20:51:56.827967 ncdv-master-1 devstack@placement-api.service[126425]: DEBUG placement.requestlog [req-557f9a4e-5bbc-4ad3-8717-692863c0de15 req-25025b83-b2cb-406a-8128-8fa8a4ca18af None None] Starting request: 10.222.0.18 "GET /placement/allocations/e00b9245-3c95-4d9f-81c2-12f122e21353" {{(pid=126425) __call__ /opt/stack/placement/placement/requestlog.py:55}}
Jan 29 20:51:56.852229 ncdv-master-1 devstack@placement-api.service[126425]: INFO placement.requestlog [req-557f9a4e-5bbc-4ad3-8717-692863c0de15 req-25025b83-b2cb-406a-8128-8fa8a4ca18af service placement] 10.222.0.18 "GET /placement/allocations/e00b9245-3c95-4d9f-81c2-12f122e21353" status: 200 len: 259 microversion: 1.28
Jan 29 20:51:56.853386 ncdv-master-1 devstack@placement-api.service[126425]: [pid: 126425|app: 0|req: 199/400] 10.222.0.18 () {60 vars in 1377 bytes} [Sat Jan 29 20:51:56 2022] GET /placement/allocations/e00b9245-3c95-4d9f-81c2-12f122e21353 => generated 259 bytes in 26 msecs (HTTP/1.1 200) 8 headers in 296 bytes (1 switches on core 0)
Jan 29 20:51:57.143994 ncdv-master-1 devstack@placement-api.service[126424]: DEBUG placement.requestlog [req-e79fb5e7-0bd4-4551-819c-3de2ffc63ff5 req-efc9f53a-e5c1-41cb-9aeb-c1d197e1d91a None None] Starting request: 10.222.0.36 "GET /placement/allocations/ab75c6a9-2970-4c02-a37a-672892c405f2" {{(pid=126424) __call__ /opt/stack/placement/placement/requestlog.py:55}}
Jan 29 20:51:57.189555 ncdv-master-1 devstack@placement-api.service[126424]: INFO placement.requestlog [req-e79fb5e7-0bd4-4551-819c-3de2ffc63ff5 req-efc9f53a-e5c1-41cb-9aeb-c1d197e1d91a service placement] 10.222.0.36 "GET /placement/allocations/ab75c6a9-2970-4c02-a37a-672892c405f2" status: 200 len: 259 microversion: 1.28
Jan 29 20:51:57.189953 ncdv-master-1 devstack@placement-api.service[126424]: [pid: 126424|app: 0|req: 202/401] 10.222.0.36 () {60 vars in 1377 bytes} [Sat Jan 29 20:51:57 2022] GET /placement/allocations/ab75c6a9-2970-4c02-a37a-672892c405f2 => generated 259 bytes in 46 msecs (HTTP/1.1 200) 8 headers in 296 bytes (1 switches on core 0)
Jan 29 20:51:57.235481 ncdv-master-1 devstack@placement-api.service[126425]: DEBUG placement.requestlog [req-e79fb5e7-0bd4-4551-819c-3de2ffc63ff5 req-1899764d-6d09-484f-93eb-06f84c35e492 None None] Starting request: 10.222.0.18 "GET /placement/allocations/98f80258-e044-40c1-95e2-9834eed11095" {{(pid=126425) __call__ /opt/stack/placement/placement/requestlog.py:55}}
Jan 29 20:51:57.270914 ncdv-master-1 devstack@placement-api.service[126425]: INFO placement.requestlog [req-e79fb5e7-0bd4-4551-819c-3de2ffc63ff5 req-1899764d-6d09-484f-93eb-06f84c35e492 service placement] 10.222.0.18 "GET /placement/allocations/98f80258-e044-40c1-95e2-9834eed11095" status: 200 len: 259 microversion: 1.28
Jan 29 20:51:57.271926 ncdv-master-1 devstack@placement-api.service[126425]: [pid: 126425|app: 0|req: 200/402] 10.222.0.18 () {60 vars in 1377 bytes} [Sat Jan 29 20:51:57 2022] GET /placement/allocations/98f80258-e044-40c1-95e2-9834eed11095 => generated 259 bytes in 37 msecs (HTTP/1.1 200) 8 headers in 296 bytes (1 switches on core 0)
Jan 29 20:51:58.491179 ncdv-master-1 devstack@placement-api.service[126424]: DEBUG placement.requestlog [req-752b9b0e-54b5-49e2-b78b-5d1b666a074f req-94f5d1d1-0cb3-4873-b58a-4a44939042d0 None None] Starting request: 10.222.0.18 "GET /placement/allocations/542577d8-b0a4-44c2-846a-aaa82b107798" {{(pid=126424) __call__ /opt/stack/placement/placement/requestlog.py:55}}
Jan 29 20:51:58.521764 ncdv-master-1 devstack@placement-api.service[126424]: INFO placement.requestlog [req-752b9b0e-54b5-49e2-b78b-5d1b666a074f req-94f5d1d1-0cb3-4873-b58a-4a44939042d0 service placement] 10.222.0.18 "GET /placement/allocations/542577d8-b0a4-44c2-846a-aaa82b107798" status: 200 len: 259 microversion: 1.28
Jan 29 20:51:58.522425 ncdv-master-1 devstack@placement-api.service[126424]: [pid: 126424|app: 0|req: 203/403] 10.222.0.18 () {60 vars in 1377 bytes} [Sat Jan 29 20:51:58 2022] GET /placement/allocations/542577d8-b0a4-44c2-846a-aaa82b107798 => generated 259 bytes in 31 msecs (HTTP/1.1 200) 8 headers in 296 bytes (1 switches on core 0)
Jan 29 20:51:58.531018 ncdv-master-1 devstack@placement-api.service[126425]: DEBUG placement.requestlog [req-752b9b0e-54b5-49e2-b78b-5d1b666a074f req-e3e4a276-e263-4046-beda-4080f1545fc0 None None] Starting request: 10.222.0.18 "GET /placement/allocations/542577d8-b0a4-44c2-846a-aaa82b107798" {{(pid=126425) __call__ /opt/stack/placement/placement/requestlog.py:55}}
Jan 29 20:51:58.552677 ncdv-master-1 devstack@placement-api.service[126425]: INFO placement.requestlog [req-752b9b0e-54b5-49e2-b78b-5d1b666a074f req-e3e4a276-e263-4046-beda-4080f1545fc0 service placement] 10.222.0.18 "GET /placement/allocations/542577d8-b0a4-44c2-846a-aaa82b107798" status: 200 len: 259 microversion: 1.28
Jan 29 20:51:58.553623 ncdv-master-1 devstack@placement-api.service[126425]: [pid: 126425|app: 0|req: 201/404] 10.222.0.18 () {60 vars in 1377 bytes} [Sat Jan 29 20:51:58 2022] GET /placement/allocations/542577d8-b0a4-44c2-846a-aaa82b107798 => generated 259 bytes in 23 msecs (HTTP/1.1 200) 8 headers in 296 bytes (1 switches on core 0)
Jan 29 20:51:58.583129 ncdv-master-1 devstack@placement-api.service[126424]: DEBUG placement.requestlog [req-752b9b0e-54b5-49e2-b78b-5d1b666a074f req-6ff8fb1f-38a6-40dc-8330-ff951737e4dc None None] Starting request: 10.222.0.18 "GET /placement/allocations/dba15d34-e9c3-4c10-9463-30c01c1e2732" {{(pid=126424) __call__ /opt/stack/placement/placement/requestlog.py:55}}
Jan 29 20:51:58.607322 ncdv-master-1 devstack@placement-api.service[126424]: INFO placement.requestlog [req-752b9b0e-54b5-49e2-b78b-5d1b666a074f req-6ff8fb1f-38a6-40dc-8330-ff951737e4dc service placement] 10.222.0.18 "GET /placement/allocations/dba15d34-e9c3-4c10-9463-30c01c1e2732" status: 200 len: 259 microversion: 1.28
Jan 29 20:51:58.607788 ncdv-master-1 devstack@placement-api.service[126424]: [pid: 126424|app: 0|req: 204/405] 10.222.0.18 () {60 vars in 1377 bytes} [Sat Jan 29 20:51:58 2022] GET /placement/allocations/dba15d34-e9c3-4c10-9463-30c01c1e2732 => generated 259 bytes in 25 msecs (HTTP/1.1 200) 8 headers in 296 bytes (1 switches on core 0)
Jan 29 20:51:58.625128 ncdv-master-1 devstack@placement-api.service[126425]: DEBUG placement.requestlog [req-752b9b0e-54b5-49e2-b78b-5d1b666a074f req-089b81bb-570c-40db-8234-4767a8e495b4 None None] Starting request: 10.222.0.18 "POST /placement/allocations" {{(pid=126425) __call__ /opt/stack/placement/placement/requestlog.py:55}}
Jan 29 20:51:58.783407 ncdv-master-1 devstack@placement-api.service[126425]: DEBUG placement.handlers.allocation [req-752b9b0e-54b5-49e2-b78b-5d1b666a074f req-089b81bb-570c-40db-8234-4767a8e495b4 service placement] Successfully wrote allocations [, , , , , ] {{(pid=126425) _update_consumers_and_create_allocations /opt/stack/placement/placement/handlers/allocation.py:572}}
Jan 29 20:51:58.796579 ncdv-master-1 devstack@placement-api.service[126425]: INFO placement.requestlog [req-752b9b0e-54b5-49e2-b78b-5d1b666a074f req-089b81bb-570c-40db-8234-4767a8e495b4 service placement] 10.222.0.18 "POST /placement/allocations" status: 204 len: 0 microversion: 1.28
Jan 29 20:51:58.797392 ncdv-master-1 devstack@placement-api.service[126425]: [pid: 126425|app: 0|req: 202/406] 10.222.0.18 () {64 vars in 1320 bytes} [Sat Jan 29 20:51:58 2022] POST /placement/allocations => generated 0 bytes in 172 msecs (HTTP/1.1 204) 5 headers in 199 bytes (1 switches on core 0)
Jan 29 20:52:01.232205 ncdv-master-1 devstack@placement-api.service[126424]: DEBUG placement.requestlog [req-622b1c52-2403-4f03-a365-c6481392cbbb req-96a37835-914a-4aa6-89bf-1fc7b8df82d5 None None] Starting request: 10.222.0.36 "GET /placement/resource_providers/371a1edf-e29a-4018-ae8b-2fc520103b6d/allocations" {{(pid=126424) __call__ /opt/stack/placement/placement/requestlog.py:55}}
Jan 29 20:52:01.276298 ncdv-master-1 devstack@placement-api.service[126424]: INFO placement.requestlog [req-622b1c52-2403-4f03-a365-c6481392cbbb req-96a37835-914a-4aa6-89bf-1fc7b8df82d5 service placement] 10.222.0.36 "GET /placement/resource_providers/371a1edf-e29a-4018-ae8b-2fc520103b6d/allocations" status: 200 len: 760 microversion: 1.0
Jan 29 20:52:01.279542 ncdv-master-1 devstack@placement-api.service[126424]: [pid: 126424|app: 0|req: 205/407] 10.222.0.36 () {58 vars in 1390 bytes} [Sat Jan 29 20:52:01 2022] GET /placement/resource_providers/371a1edf-e29a-4018-ae8b-2fc520103b6d/allocations => generated 760 bytes in 47 msecs (HTTP/1.1 200) 6 headers in 224 bytes (1 switches on core 0)
Jan 29 20:52:01.734212 ncdv-master-1 devstack@placement-api.service[126425]: DEBUG placement.requestlog [req-8a03b261-c055-4767-ab42-b1be704426f7 req-e3dd4fbd-91d2-4570-9021-1c52f61deab7 None None] Starting request: 10.222.0.18 "GET /placement/resource_providers/9e7918fb-1d7d-4ff5-8b76-324b6b806719/allocations" {{(pid=126425) __call__ /opt/stack/placement/placement/requestlog.py:55}}
Jan 29 20:52:01.760650 ncdv-master-1 devstack@placement-api.service[126425]: INFO placement.requestlog [req-8a03b261-c055-4767-ab42-b1be704426f7 req-e3dd4fbd-91d2-4570-9021-1c52f61deab7 service placement] 10.222.0.18 "GET /placement/resource_providers/9e7918fb-1d7d-4ff5-8b76-324b6b806719/allocations" status: 200 len: 947 microversion: 1.0
Jan 29 20:52:01.761402 ncdv-master-1 devstack@placement-api.service[126425]: [pid: 126425|app: 0|req: 203/408] 10.222.0.18 () {58 vars in 1390 bytes} [Sat Jan 29 20:52:01 2022] GET /placement/resource_providers/9e7918fb-1d7d-4ff5-8b76-324b6b806719/allocations => generated 947 bytes in 28 msecs (HTTP/1.1 200) 6 headers in 224 bytes (1 switches on core 0)
Jan 29 20:52:02.454439 ncdv-master-1 devstack@placement-api.service[126424]: DEBUG placement.requestlog [req-15ef81dd-abe0-45f3-944c-2b97122cce0f req-2c3c3236-2080-400c-8efe-49a64dcb0734 None None] Starting request: 10.222.0.18 "DELETE /placement/allocations/346e0003-e96b-4501-b683-932329207f49" {{(pid=126424) __call__ /opt/stack/placement/placement/requestlog.py:55}}
Jan 29 20:52:02.542362 ncdv-master-1 devstack@placement-api.service[126424]: DEBUG placement.handlers.allocation [req-15ef81dd-abe0-45f3-944c-2b97122cce0f req-2c3c3236-2080-400c-8efe-49a64dcb0734 service placement] Successfully deleted allocations [, , ] {{(pid=126424) delete_allocations /opt/stack/placement/placement/handlers/allocation.py:627}}
Jan 29 20:52:02.543146 ncdv-master-1 devstack@placement-api.service[126424]: INFO placement.requestlog [req-15ef81dd-abe0-45f3-944c-2b97122cce0f req-2c3c3236-2080-400c-8efe-49a64dcb0734 service placement] 10.222.0.18 "DELETE /placement/allocations/346e0003-e96b-4501-b683-932329207f49" status: 204 len: 0 microversion: 1.0
Jan 29 20:52:02.544129 ncdv-master-1 devstack@placement-api.service[126424]: [pid: 126424|app: 0|req: 206/409] 10.222.0.18 () {60 vars in 1355 bytes} [Sat Jan 29 20:52:02 2022] DELETE /placement/allocations/346e0003-e96b-4501-b683-932329207f49 => generated 0 bytes in 90 msecs (HTTP/1.1 204) 5 headers in 198 bytes (1 switches on core 0)
Jan 29 20:52:06.502536 ncdv-master-1 devstack@placement-api.service[126425]: DEBUG placement.requestlog [req-28963533-3f69-4089-8a32-8e6e42787f38 req-fdd12339-4bea-4e17-a282-f3be35c67d38 None None] Starting request: 10.222.0.20 "GET /placement/allocation_candidates?limit=1000&resources=DISK_GB%3A1%2CMEMORY_MB%3A1024%2CVCPU%3A1&root_required=%21COMPUTE_STATUS_DISABLED" {{(pid=126425) __call__ /opt/stack/placement/placement/requestlog.py:55}}
Jan 29 20:52:06.553821 ncdv-master-1 devstack@placement-api.service[126425]: DEBUG placement.objects.research_context [req-28963533-3f69-4089-8a32-8e6e42787f38 req-fdd12339-4bea-4e17-a282-f3be35c67d38 service placement] getting providers with 1 DISK_GB {{(pid=126425) __init__ /opt/stack/placement/placement/objects/research_context.py:126}}
Jan 29 20:52:06.562005 ncdv-master-1 devstack@placement-api.service[126425]: DEBUG placement.objects.research_context [req-28963533-3f69-4089-8a32-8e6e42787f38 req-fdd12339-4bea-4e17-a282-f3be35c67d38 service placement] getting providers with 1024 MEMORY_MB {{(pid=126425) __init__ /opt/stack/placement/placement/objects/research_context.py:126}}
Jan 29 20:52:06.570774 ncdv-master-1 devstack@placement-api.service[126425]: DEBUG placement.objects.research_context [req-28963533-3f69-4089-8a32-8e6e42787f38 req-fdd12339-4bea-4e17-a282-f3be35c67d38 service placement] getting providers with 1 VCPU {{(pid=126425) __init__ /opt/stack/placement/placement/objects/research_context.py:126}}
Jan 29 20:52:06.580139 ncdv-master-1 devstack@placement-api.service[126425]: DEBUG placement.objects.research_context [req-28963533-3f69-4089-8a32-8e6e42787f38 req-fdd12339-4bea-4e17-a282-f3be35c67d38 service placement] found 2 providers with available 1 DISK_GB {{(pid=126425) get_provider_ids_matching /opt/stack/placement/placement/objects/research_context.py:549}}
Jan 29 20:52:06.580493 ncdv-master-1 devstack@placement-api.service[126425]: DEBUG placement.objects.research_context [req-28963533-3f69-4089-8a32-8e6e42787f38 req-fdd12339-4bea-4e17-a282-f3be35c67d38 service placement] found 2 providers with available 1024 MEMORY_MB {{(pid=126425) get_provider_ids_matching /opt/stack/placement/placement/objects/research_context.py:549}}
Jan 29 20:52:06.581041 ncdv-master-1 devstack@placement-api.service[126425]: DEBUG placement.objects.research_context [req-28963533-3f69-4089-8a32-8e6e42787f38 req-fdd12339-4bea-4e17-a282-f3be35c67d38 service placement] found 2 providers after filtering by previous result {{(pid=126425) get_provider_ids_matching /opt/stack/placement/placement/objects/research_context.py:580}}
Jan 29 20:52:06.581389 ncdv-master-1 devstack@placement-api.service[126425]: DEBUG placement.objects.research_context [req-28963533-3f69-4089-8a32-8e6e42787f38 req-fdd12339-4bea-4e17-a282-f3be35c67d38 service placement] found 2 providers with available 1 VCPU {{(pid=126425) get_provider_ids_matching /opt/stack/placement/placement/objects/research_context.py:549}}
Jan 29 20:52:06.581822 ncdv-master-1 devstack@placement-api.service[126425]: DEBUG placement.objects.research_context [req-28963533-3f69-4089-8a32-8e6e42787f38 req-fdd12339-4bea-4e17-a282-f3be35c67d38 service placement] found 2 providers after filtering by previous result {{(pid=126425) get_provider_ids_matching /opt/stack/placement/placement/objects/research_context.py:580}}
Jan 29 20:52:06.602709 ncdv-master-1 devstack@placement-api.service[126425]: DEBUG placement.objects.allocation_candidate [req-28963533-3f69-4089-8a32-8e6e42787f38 req-fdd12339-4bea-4e17-a282-f3be35c67d38 service placement] RequestGroup(use_same_provider=False, resources={DISK_GB:1, MEMORY_MB:1024, VCPU:1}, traits=[], aggregates=[]) (suffix '') returned 2 matches {{(pid=126425) _get_by_requests /opt/stack/placement/placement/objects/allocation_candidate.py:145}}
Jan 29 20:52:06.603265 ncdv-master-1 devstack@placement-api.service[126425]: DEBUG placement.objects.allocation_candidate [req-28963533-3f69-4089-8a32-8e6e42787f38 req-fdd12339-4bea-4e17-a282-f3be35c67d38 service placement] Merging candidates yields 2 allocation requests and 2 provider summaries {{(pid=126425) _merge_candidates /opt/stack/placement/placement/objects/allocation_candidate.py:783}}
Jan 29 20:52:06.611613 ncdv-master-1 devstack@placement-api.service[126425]: INFO placement.requestlog [req-28963533-3f69-4089-8a32-8e6e42787f38 req-fdd12339-4bea-4e17-a282-f3be35c67d38 service placement] 10.222.0.20 "GET /placement/allocation_candidates?limit=1000&resources=DISK_GB%3A1%2CMEMORY_MB%3A1024%2CVCPU%3A1&root_required=%21COMPUTE_STATUS_DISABLED" status: 200 len: 1309 microversion: 1.36
Jan 29 20:52:06.612748 ncdv-master-1 devstack@placement-api.service[126425]: [pid: 126425|app: 0|req: 204/410] 10.222.0.20 () {60 vars in 1506 bytes} [Sat Jan 29 20:52:06 2022] GET /placement/allocation_candidates?limit=1000&resources=DISK_GB%3A1%2CMEMORY_MB%3A1024%2CVCPU%3A1&root_required=%21COMPUTE_STATUS_DISABLED => generated 1309 bytes in 110 msecs (HTTP/1.1 200) 8 headers in 297 bytes (2 switches on core 0)
Jan 29 20:52:06.672908 ncdv-master-1 devstack@placement-api.service[126424]: DEBUG placement.requestlog [req-28963533-3f69-4089-8a32-8e6e42787f38 req-9ee31979-dcad-4fe3-9f45-5259889db05a None None] Starting request: 10.222.0.20 "GET /placement/allocations/bc97b30b-7372-4a55-b878-702927303eed" {{(pid=126424) __call__ /opt/stack/placement/placement/requestlog.py:55}}
Jan 29 20:52:06.684969 ncdv-master-1 devstack@placement-api.service[126424]: INFO placement.requestlog [req-28963533-3f69-4089-8a32-8e6e42787f38 req-9ee31979-dcad-4fe3-9f45-5259889db05a service placement] 10.222.0.20 "GET /placement/allocations/bc97b30b-7372-4a55-b878-702927303eed" status: 200 len: 19 microversion: 1.28
Jan 29 20:52:06.685718 ncdv-master-1 devstack@placement-api.service[126424]: [pid: 126424|app: 0|req: 207/411] 10.222.0.20 () {60 vars in 1380 bytes} [Sat Jan 29 20:52:06 2022] GET /placement/allocations/bc97b30b-7372-4a55-b878-702927303eed => generated 19 bytes in 13 msecs (HTTP/1.1 200) 8 headers in 295 bytes (1 switches on core 0)
Jan 29 20:52:06.693304 ncdv-master-1 devstack@placement-api.service[126425]: DEBUG placement.requestlog [req-28963533-3f69-4089-8a32-8e6e42787f38 req-e6c89fa2-50b3-4ec6-8012-0beb37e5fbd3 None None] Starting request: 10.222.0.20 "PUT /placement/allocations/bc97b30b-7372-4a55-b878-702927303eed" {{(pid=126425) __call__ /opt/stack/placement/placement/requestlog.py:55}}
Jan 29 20:52:06.789530 ncdv-master-1 devstack@placement-api.service[126425]: DEBUG placement.handlers.allocation [req-28963533-3f69-4089-8a32-8e6e42787f38 req-e6c89fa2-50b3-4ec6-8012-0beb37e5fbd3 service placement] Successfully wrote allocations [, , ] {{(pid=126425) _update_consumers_and_create_allocations /opt/stack/placement/placement/handlers/allocation.py:462}}
Jan 29 20:52:06.797425 ncdv-master-1 devstack@placement-api.service[126425]: INFO placement.requestlog [req-28963533-3f69-4089-8a32-8e6e42787f38 req-e6c89fa2-50b3-4ec6-8012-0beb37e5fbd3 service placement] 10.222.0.20 "PUT /placement/allocations/bc97b30b-7372-4a55-b878-702927303eed" status: 204 len: 0 microversion: 1.36
Jan 29 20:52:06.798701 ncdv-master-1 devstack@placement-api.service[126425]: [pid: 126425|app: 0|req: 205/412] 10.222.0.20 () {64 vars in 1433 bytes} [Sat Jan 29 20:52:06 2022] PUT /placement/allocations/bc97b30b-7372-4a55-b878-702927303eed => generated 0 bytes in 106 msecs (HTTP/1.1 204) 5 headers in 199 bytes (1 switches on core 0)
Jan 29 20:52:07.221925 ncdv-master-1 devstack@placement-api.service[126424]: DEBUG placement.requestlog [req-28963533-3f69-4089-8a32-8e6e42787f38 req-095789d7-d63c-474e-a80d-96aa1451298f None None] Starting request: 10.222.0.36 "GET /placement/allocations/bc97b30b-7372-4a55-b878-702927303eed" {{(pid=126424) __call__ /opt/stack/placement/placement/requestlog.py:55}}
Jan 29 20:52:07.240189 ncdv-master-1 devstack@placement-api.service[126424]: INFO placement.requestlog [req-28963533-3f69-4089-8a32-8e6e42787f38 req-095789d7-d63c-474e-a80d-96aa1451298f service placement] 10.222.0.36 "GET /placement/allocations/bc97b30b-7372-4a55-b878-702927303eed" status: 200 len: 259 microversion: 1.28
Jan 29 20:52:07.241161 ncdv-master-1 devstack@placement-api.service[126424]: [pid: 126424|app: 0|req: 208/413] 10.222.0.36 () {60 vars in 1377 bytes} [Sat Jan 29 20:52:07 2022] GET /placement/allocations/bc97b30b-7372-4a55-b878-702927303eed => generated 259 bytes in 19 msecs (HTTP/1.1 200) 8 headers in 296 bytes (1 switches on core 0)
Jan 29 20:52:09.621316 ncdv-master-1 devstack@placement-api.service[126425]: DEBUG placement.requestlog [None req-bdd1fb63-3822-413f-b4cc-169c74cbf33e None None] Starting request: 10.222.0.20 "GET /placement/" {{(pid=126425) __call__ /opt/stack/placement/placement/requestlog.py:55}}
Jan 29 20:52:09.623081 ncdv-master-1 devstack@placement-api.service[126425]: INFO placement.requestlog [None req-bdd1fb63-3822-413f-b4cc-169c74cbf33e None None] 10.222.0.20 "GET /placement/" status: 200 len: 136 microversion: 1.0
Jan 29 20:52:09.624351 ncdv-master-1 devstack@placement-api.service[126425]: [pid: 126425|app: 0|req: 206/414] 10.222.0.20 () {54 vars in 916 bytes} [Sat Jan 29 20:52:09 2022] GET /placement => generated 136 bytes in 3 msecs (HTTP/1.1 200) 6 headers in 224 bytes (1 switches on core 0)
Jan 29 20:52:09.633381 ncdv-master-1 devstack@placement-api.service[126424]: DEBUG placement.requestlog [req-d58d5ecd-e590-4f9d-8d83-eb062aaeb1f1 req-ce39ef39-ba29-4206-a0b4-8e1393805bfd None None] Starting request: 10.222.0.20 "GET /placement/allocations/770173bb-11b1-4d34-ac00-7b3bc95fd965" {{(pid=126424) __call__ /opt/stack/placement/placement/requestlog.py:55}}
Jan 29 20:52:09.717920 ncdv-master-1 devstack@placement-api.service[126424]: INFO placement.requestlog [req-d58d5ecd-e590-4f9d-8d83-eb062aaeb1f1 req-ce39ef39-ba29-4206-a0b4-8e1393805bfd service placement] 10.222.0.20 "GET /placement/allocations/770173bb-11b1-4d34-ac00-7b3bc95fd965" status: 200 len: 259 microversion: 1.28
Jan 29 20:52:09.718600 ncdv-master-1 devstack@placement-api.service[126424]: [pid: 126424|app: 0|req: 209/415] 10.222.0.20 () {60 vars in 1380 bytes} [Sat Jan 29 20:52:09 2022] GET /placement/allocations/770173bb-11b1-4d34-ac00-7b3bc95fd965 => generated 259 bytes in 86 msecs (HTTP/1.1 200) 8 headers in 296 bytes (2 switches on core 0)
Jan 29 20:52:09.726374 ncdv-master-1 devstack@placement-api.service[126425]: DEBUG placement.requestlog [req-d58d5ecd-e590-4f9d-8d83-eb062aaeb1f1 req-f16df455-ca88-4ab7-adf2-b331029e788a None None] Starting request: 10.222.0.20 "GET /placement/allocations/770173bb-11b1-4d34-ac00-7b3bc95fd965" {{(pid=126425) __call__ /opt/stack/placement/placement/requestlog.py:55}}
Jan 29 20:52:09.742965 ncdv-master-1 devstack@placement-api.service[126425]: INFO placement.requestlog [req-d58d5ecd-e590-4f9d-8d83-eb062aaeb1f1 req-f16df455-ca88-4ab7-adf2-b331029e788a service placement] 10.222.0.20 "GET /placement/allocations/770173bb-11b1-4d34-ac00-7b3bc95fd965" status: 200 len: 259 microversion: 1.28
Jan 29 20:52:09.750169 ncdv-master-1 devstack@placement-api.service[126424]: DEBUG placement.requestlog [req-d58d5ecd-e590-4f9d-8d83-eb062aaeb1f1 req-a83e4875-fd20-4992-86d7-2921feee000b None None] Starting request: 10.222.0.20 "GET /placement/allocations/ce8e9f59-5993-4abe-b096-04122c3dd5f6" {{(pid=126424) __call__ /opt/stack/placement/placement/requestlog.py:55}}
Jan 29 20:52:09.758181 ncdv-master-1 devstack@placement-api.service[126425]: [pid: 126425|app: 0|req: 207/416] 10.222.0.20 () {60 vars in 1380 bytes} [Sat Jan 29 20:52:09 2022] GET /placement/allocations/770173bb-11b1-4d34-ac00-7b3bc95fd965 => generated 259 bytes in 32 msecs (HTTP/1.1 200) 8 headers in 296 bytes (1 switches on core 0)
Jan 29 20:52:09.762842 ncdv-master-1 devstack@placement-api.service[126424]: INFO placement.requestlog [req-d58d5ecd-e590-4f9d-8d83-eb062aaeb1f1 req-a83e4875-fd20-4992-86d7-2921feee000b service placement] 10.222.0.20 "GET /placement/allocations/ce8e9f59-5993-4abe-b096-04122c3dd5f6" status: 200 len: 19 microversion: 1.28
Jan 29 20:52:09.770871 ncdv-master-1 devstack@placement-api.service[126425]: DEBUG placement.requestlog [req-d58d5ecd-e590-4f9d-8d83-eb062aaeb1f1 req-daac4057-1d6b-47db-8508-b759f2837b58 None None] Starting request: 10.222.0.20 "POST /placement/allocations" {{(pid=126425) __call__ /opt/stack/placement/placement/requestlog.py:55}}
Jan 29 20:52:09.772033 ncdv-master-1 devstack@placement-api.service[126424]: [pid: 126424|app: 0|req: 210/417] 10.222.0.20 () {60 vars in 1380 bytes} [Sat Jan 29 20:52:09 2022] GET /placement/allocations/ce8e9f59-5993-4abe-b096-04122c3dd5f6 => generated 19 bytes in 22 msecs (HTTP/1.1 200) 8 headers in 295 bytes (1 switches on core 0)
Jan 29 20:52:09.930829 ncdv-master-1 devstack@placement-api.service[126425]: DEBUG placement.handlers.allocation [req-d58d5ecd-e590-4f9d-8d83-eb062aaeb1f1 req-daac4057-1d6b-47db-8508-b759f2837b58 service placement] Successfully wrote allocations [, , , , , ] {{(pid=126425) _update_consumers_and_create_allocations /opt/stack/placement/placement/handlers/allocation.py:572}}
Jan 29 20:52:09.937808 ncdv-master-1 devstack@placement-api.service[126425]: INFO placement.requestlog [req-d58d5ecd-e590-4f9d-8d83-eb062aaeb1f1 req-daac4057-1d6b-47db-8508-b759f2837b58 service placement] 10.222.0.20 "POST /placement/allocations" status: 204 len: 0 microversion: 1.28
Jan 29 20:52:09.941303 ncdv-master-1 devstack@placement-api.service[126425]: [pid: 126425|app: 0|req: 208/418] 10.222.0.20 () {64 vars in 1323 bytes} [Sat Jan 29 20:52:09 2022] POST /placement/allocations => generated 0 bytes in 171 msecs (HTTP/1.1 204) 5 headers in 199 bytes (1 switches on core 0)
Jan 29 20:52:10.015933 ncdv-master-1 devstack@placement-api.service[126424]: DEBUG placement.requestlog [req-d58d5ecd-e590-4f9d-8d83-eb062aaeb1f1 req-a37c5f84-396d-4e95-9df1-2b125038f153 None None] Starting request: 10.222.0.20 "GET /placement/allocations/770173bb-11b1-4d34-ac00-7b3bc95fd965" {{(pid=126424) __call__ /opt/stack/placement/placement/requestlog.py:55}}
Jan 29 20:52:10.203111 ncdv-master-1 devstack@placement-api.service[126424]: INFO placement.requestlog [req-d58d5ecd-e590-4f9d-8d83-eb062aaeb1f1 req-a37c5f84-396d-4e95-9df1-2b125038f153 service placement] 10.222.0.20 "GET /placement/allocations/770173bb-11b1-4d34-ac00-7b3bc95fd965" status: 200 len: 19 microversion: 1.28
Jan 29 20:52:10.203491 ncdv-master-1 devstack@placement-api.service[126424]: [pid: 126424|app: 0|req: 211/419] 10.222.0.20 () {60 vars in 1380 bytes} [Sat Jan 29 20:52:10 2022] GET /placement/allocations/770173bb-11b1-4d34-ac00-7b3bc95fd965 => generated 19 bytes in 188 msecs (HTTP/1.1 200) 8 headers in 295 bytes (1 switches on core 0)
Jan 29 20:52:10.210586 ncdv-master-1 devstack@placement-api.service[126425]: DEBUG placement.requestlog [req-d58d5ecd-e590-4f9d-8d83-eb062aaeb1f1 req-f162f038-3408-4e7b-a760-b27b677257c2 None None] Starting request: 10.222.0.20 "PUT /placement/allocations/770173bb-11b1-4d34-ac00-7b3bc95fd965" {{(pid=126425) __call__ /opt/stack/placement/placement/requestlog.py:55}}
Jan 29 20:52:10.274819 ncdv-master-1 devstack@placement-api.service[126425]: DEBUG placement.handlers.allocation [req-d58d5ecd-e590-4f9d-8d83-eb062aaeb1f1 req-f162f038-3408-4e7b-a760-b27b677257c2 service placement] Successfully wrote allocations [, , ] {{(pid=126425) _update_consumers_and_create_allocations /opt/stack/placement/placement/handlers/allocation.py:462}}
Jan 29 20:52:10.288728 ncdv-master-1 devstack@placement-api.service[126425]: INFO placement.requestlog [req-d58d5ecd-e590-4f9d-8d83-eb062aaeb1f1 req-f162f038-3408-4e7b-a760-b27b677257c2 service placement] 10.222.0.20 "PUT /placement/allocations/770173bb-11b1-4d34-ac00-7b3bc95fd965" status: 204 len: 0 microversion: 1.28
Jan 29 20:52:10.290651 ncdv-master-1 devstack@placement-api.service[126425]: [pid: 126425|app: 0|req: 209/420] 10.222.0.20 () {64 vars in 1433 bytes} [Sat Jan 29 20:52:10 2022] PUT /placement/allocations/770173bb-11b1-4d34-ac00-7b3bc95fd965 => generated 0 bytes in 80 msecs (HTTP/1.1 204) 5 headers in 199 bytes (1 switches on core 0)
Jan 29 20:52:10.451882 ncdv-master-1 devstack@placement-api.service[126424]: DEBUG placement.requestlog [req-d58d5ecd-e590-4f9d-8d83-eb062aaeb1f1 req-136c5750-28e7-4ac9-8ea9-f4c1e423df80 None None] Starting request: 10.222.0.36 "GET /placement/allocations/770173bb-11b1-4d34-ac00-7b3bc95fd965" {{(pid=126424) __call__ /opt/stack/placement/placement/requestlog.py:55}}
Jan 29 20:52:10.473290 ncdv-master-1 devstack@placement-api.service[126424]: INFO placement.requestlog [req-d58d5ecd-e590-4f9d-8d83-eb062aaeb1f1 req-136c5750-28e7-4ac9-8ea9-f4c1e423df80 service placement] 10.222.0.36 "GET /placement/allocations/770173bb-11b1-4d34-ac00-7b3bc95fd965" status: 200 len: 259 microversion: 1.28
Jan 29 20:52:10.474388 ncdv-master-1 devstack@placement-api.service[126424]: [pid: 126424|app: 0|req: 212/421] 10.222.0.36 () {60 vars in 1377 bytes} [Sat Jan 29 20:52:10 2022] GET /placement/allocations/770173bb-11b1-4d34-ac00-7b3bc95fd965 => generated 259 bytes in 23 msecs (HTTP/1.1 200) 8 headers in 296 bytes (1 switches on core 0)
Jan 29 20:52:19.472289 ncdv-master-1 devstack@placement-api.service[126425]: DEBUG placement.requestlog [req-32779f75-565b-4738-8fd3-bab976ffe7b9 req-bc170369-20c9-40fc-acb8-c158ba4ca9ef None None] Starting request: 10.222.0.18 "DELETE /placement/allocations/dba15d34-e9c3-4c10-9463-30c01c1e2732" {{(pid=126425) __call__ /opt/stack/placement/placement/requestlog.py:55}}
Jan 29 20:52:19.519675 ncdv-master-1 devstack@placement-api.service[126425]: DEBUG placement.handlers.allocation [req-32779f75-565b-4738-8fd3-bab976ffe7b9 req-bc170369-20c9-40fc-acb8-c158ba4ca9ef service placement] Successfully deleted allocations [, , ] {{(pid=126425) delete_allocations /opt/stack/placement/placement/handlers/allocation.py:627}}
Jan 29 20:52:19.520879 ncdv-master-1 devstack@placement-api.service[126425]: INFO placement.requestlog [req-32779f75-565b-4738-8fd3-bab976ffe7b9 req-bc170369-20c9-40fc-acb8-c158ba4ca9ef service placement] 10.222.0.18 "DELETE /placement/allocations/dba15d34-e9c3-4c10-9463-30c01c1e2732" status: 204 len: 0 microversion: 1.0
Jan 29 20:52:19.521809 ncdv-master-1 devstack@placement-api.service[126425]: [pid: 126425|app: 0|req: 210/422] 10.222.0.18 () {60 vars in 1355 bytes} [Sat Jan 29 20:52:19 2022] DELETE /placement/allocations/dba15d34-e9c3-4c10-9463-30c01c1e2732 => generated 0 bytes in 50 msecs (HTTP/1.1 204) 5 headers in 198 bytes (1 switches on core 0)
Jan 29 20:52:20.115227 ncdv-master-1 devstack@placement-api.service[126424]: DEBUG placement.requestlog [req-eb827520-cf8c-4dcb-9833-02b0b4622995 req-ed1094ab-a553-4081-9fbf-f005784af4ef None None] Starting request: 10.222.0.20 "GET /placement/allocation_candidates?limit=1000&resources=DISK_GB%3A1%2CMEMORY_MB%3A1024%2CVCPU%3A1&root_required=%21COMPUTE_STATUS_DISABLED" {{(pid=126424) __call__ /opt/stack/placement/placement/requestlog.py:55}}
