Nov 27 20:36:42.417228 ncdv-master-1 devstack@c-api.service[127757]: DEBUG cinder.api.extensions [-] Loading extension cinder.api.contrib.snapshot_unmanage.Snapshot_unmanage {{(pid=127757) load_extension /opt/stack/cinder/cinder/api/extensions.py:199}}
Nov 27 20:36:42.417228 ncdv-master-1 devstack@c-api.service[127757]: DEBUG cinder.api.extensions [-] Calling extension factory cinder.api.contrib.snapshot_unmanage.Snapshot_unmanage {{(pid=127757) load_extension /opt/stack/cinder/cinder/api/extensions.py:205}}
Nov 27 20:36:42.417228 ncdv-master-1 devstack@c-api.service[127757]: DEBUG cinder.api.extensions [-] Ext name: SnapshotUnmanage {{(pid=127757) _check_extension /opt/stack/cinder/cinder/api/extensions.py:179}}
Nov 27 20:36:42.417228 ncdv-master-1 devstack@c-api.service[127757]: DEBUG cinder.api.extensions [-] Ext alias: os-snapshot-unmanage {{(pid=127757) _check_extension /opt/stack/cinder/cinder/api/extensions.py:180}}
Nov 27 20:36:42.418604 ncdv-master-1 devstack@c-api.service[127757]: DEBUG cinder.api.extensions [-] Ext description: Enable volume unmanage operation. {{(pid=127757) _check_extension /opt/stack/cinder/cinder/api/extensions.py:181}}
Nov 27 20:36:42.418604 ncdv-master-1 devstack@c-api.service[127757]: DEBUG cinder.api.extensions [-] Ext updated: 2014-12-31T00:00:00+00:00 {{(pid=127757) _check_extension /opt/stack/cinder/cinder/api/extensions.py:183}}
Nov 27 20:36:42.418604 ncdv-master-1 devstack@c-api.service[127757]: DEBUG cinder.api.extensions [-] Loaded extension: os-snapshot-unmanage {{(pid=127757) register /opt/stack/cinder/cinder/api/extensions.py:140}}
Nov 27 20:36:42.418604 ncdv-master-1 devstack@c-api.service[127757]: DEBUG cinder.api.extensions [-] Loading extension cinder.api.contrib.volume_type_access.Volume_type_access {{(pid=127757) load_extension /opt/stack/cinder/cinder/api/extensions.py:199}}
Nov 27 20:36:42.418604 ncdv-master-1 devstack@c-api.service[127757]: DEBUG cinder.api.extensions [-] Calling extension factory cinder.api.contrib.volume_type_access.Volume_type_access {{(pid=127757) load_extension /opt/stack/cinder/cinder/api/extensions.py:205}}
Nov 27 20:36:42.418604 ncdv-master-1 devstack@c-api.service[127757]: DEBUG cinder.api.extensions [-] Ext name: VolumeTypeAccess {{(pid=127757) _check_extension /opt/stack/cinder/cinder/api/extensions.py:179}}
Nov 27 20:36:42.418604 ncdv-master-1 devstack@c-api.service[127757]: DEBUG cinder.api.extensions [-] Ext alias: os-volume-type-access {{(pid=127757) _check_extension /opt/stack/cinder/cinder/api/extensions.py:180}}
Nov 27 20:36:42.418604 ncdv-master-1 devstack@c-api.service[127757]: DEBUG cinder.api.extensions [-] Ext description: Volume type access support. {{(pid=127757) _check_extension /opt/stack/cinder/cinder/api/extensions.py:181}}
Nov 27 20:36:42.418604 ncdv-master-1 devstack@c-api.service[127757]: DEBUG cinder.api.extensions [-] Ext updated: 2014-06-26T00:00:00Z {{(pid=127757) _check_extension /opt/stack/cinder/cinder/api/extensions.py:183}}
Nov 27 20:36:42.419375 ncdv-master-1 devstack@c-api.service[127757]: DEBUG cinder.api.extensions [-] Loaded extension: os-volume-type-access {{(pid=127757) register /opt/stack/cinder/cinder/api/extensions.py:140}}
Nov 27 20:36:42.419375 ncdv-master-1 devstack@c-api.service[127757]: DEBUG cinder.api.extensions [-] Loading extension cinder.api.contrib.snapshot_manage.Snapshot_manage {{(pid=127757) load_extension /opt/stack/cinder/cinder/api/extensions.py:199}}
Nov 27 20:36:42.419375 ncdv-master-1 devstack@c-api.service[127757]: DEBUG cinder.api.extensions [-] Calling extension factory cinder.api.contrib.snapshot_manage.Snapshot_manage {{(pid=127757) load_extension /opt/stack/cinder/cinder/api/extensions.py:205}}
Nov 27 20:36:42.419375 ncdv-master-1 devstack@c-api.service[127757]: DEBUG cinder.api.extensions [-] Ext name: SnapshotManage {{(pid=127757) _check_extension /opt/stack/cinder/cinder/api/extensions.py:179}}
Nov 27 20:36:42.419375 ncdv-master-1 devstack@c-api.service[127757]: DEBUG cinder.api.extensions [-] Ext alias: os-snapshot-manage {{(pid=127757) _check_extension /opt/stack/cinder/cinder/api/extensions.py:180}}
Nov 27 20:36:42.419375 ncdv-master-1 devstack@c-api.service[127757]: DEBUG cinder.api.extensions [-] Ext description: Allows existing backend storage to be 'managed' by Cinder. {{(pid=127757) _check_extension /opt/stack/cinder/cinder/api/extensions.py:181}}
Nov 27 20:36:42.419375 ncdv-master-1 devstack@c-api.service[127757]: DEBUG cinder.api.extensions [-] Ext updated: 2014-12-31T00:00:00+00:00 {{(pid=127757) _check_extension /opt/stack/cinder/cinder/api/extensions.py:183}}
Nov 27 20:36:42.419375 ncdv-master-1 devstack@c-api.service[127757]: DEBUG cinder.api.extensions [-] Loaded extension: os-snapshot-manage {{(pid=127757) register /opt/stack/cinder/cinder/api/extensions.py:140}}
Nov 27 20:36:42.419375 ncdv-master-1 devstack@c-api.service[127757]: DEBUG cinder.api.extensions [-] Loading extension cinder.api.contrib.used_limits.Used_limits {{(pid=127757) load_extension /opt/stack/cinder/cinder/api/extensions.py:199}}
Nov 27 20:36:42.420051 ncdv-master-1 devstack@c-api.service[127757]: DEBUG cinder.api.extensions [-] Calling extension factory cinder.api.contrib.used_limits.Used_limits {{(pid=127757) load_extension /opt/stack/cinder/cinder/api/extensions.py:205}}
Nov 27 20:36:42.420051 ncdv-master-1 devstack@c-api.service[127757]: DEBUG cinder.api.extensions [-] Ext name: UsedLimits {{(pid=127757) _check_extension /opt/stack/cinder/cinder/api/extensions.py:179}}
Nov 27 20:36:42.420051 ncdv-master-1 devstack@c-api.service[127757]: DEBUG cinder.api.extensions [-] Ext alias: os-used-limits {{(pid=127757) _check_extension /opt/stack/cinder/cinder/api/extensions.py:180}}
Nov 27 20:36:42.420051 ncdv-master-1 devstack@c-api.service[127757]: DEBUG cinder.api.extensions [-] Ext description: Provide data on limited resources that are being used. {{(pid=127757) _check_extension /opt/stack/cinder/cinder/api/extensions.py:181}}
Nov 27 20:36:42.420051 ncdv-master-1 devstack@c-api.service[127757]: DEBUG cinder.api.extensions [-] Ext updated: 2013-10-03T00:00:00+00:00 {{(pid=127757) _check_extension /opt/stack/cinder/cinder/api/extensions.py:183}}
Nov 27 20:36:42.420051 ncdv-master-1 devstack@c-api.service[127757]: DEBUG cinder.api.extensions [-] Loaded extension: os-used-limits {{(pid=127757) register /opt/stack/cinder/cinder/api/extensions.py:140}}
Nov 27 20:36:42.420051 ncdv-master-1 devstack@c-api.service[127757]: DEBUG cinder.api.extensions [-] Loading extension cinder.api.contrib.availability_zones.Availability_zones {{(pid=127757) load_extension /opt/stack/cinder/cinder/api/extensions.py:199}}
Nov 27 20:36:42.420051 ncdv-master-1 devstack@c-api.service[127757]: DEBUG cinder.api.extensions [-] Calling extension factory cinder.api.contrib.availability_zones.Availability_zones {{(pid=127757) load_extension /opt/stack/cinder/cinder/api/extensions.py:205}}
Nov 27 20:36:42.420051 ncdv-master-1 devstack@c-api.service[127757]: DEBUG cinder.api.extensions [-] Ext name: AvailabilityZones {{(pid=127757) _check_extension /opt/stack/cinder/cinder/api/extensions.py:179}}
Nov 27 20:36:42.420940 ncdv-master-1 devstack@c-api.service[127757]: DEBUG cinder.api.extensions [-] Ext alias: os-availability-zone {{(pid=127757) _check_extension /opt/stack/cinder/cinder/api/extensions.py:180}}
Nov 27 20:36:42.420940 ncdv-master-1 devstack@c-api.service[127757]: DEBUG cinder.api.extensions [-] Ext description: Describe Availability Zones. {{(pid=127757) _check_extension /opt/stack/cinder/cinder/api/extensions.py:181}}
Nov 27 20:36:42.420940 ncdv-master-1 devstack@c-api.service[127757]: DEBUG cinder.api.extensions [-] Ext updated: 2013-06-27T00:00:00+00:00 {{(pid=127757) _check_extension /opt/stack/cinder/cinder/api/extensions.py:183}}
Nov 27 20:36:42.420940 ncdv-master-1 devstack@c-api.service[127757]: DEBUG cinder.api.extensions [-] Loaded extension: os-availability-zone {{(pid=127757) register /opt/stack/cinder/cinder/api/extensions.py:140}}
Nov 27 20:36:42.420940 ncdv-master-1 devstack@c-api.service[127757]: DEBUG cinder.api.extensions [-] Loading extension cinder.api.contrib.cgsnapshots.Cgsnapshots {{(pid=127757) load_extension /opt/stack/cinder/cinder/api/extensions.py:199}}
Nov 27 20:36:42.420940 ncdv-master-1 devstack@c-api.service[127757]: DEBUG cinder.api.extensions [-] Calling extension factory cinder.api.contrib.cgsnapshots.Cgsnapshots {{(pid=127757) load_extension /opt/stack/cinder/cinder/api/extensions.py:205}}
Nov 27 20:36:42.420940 ncdv-master-1 devstack@c-api.service[127757]: DEBUG cinder.api.extensions [-] Ext name: Cgsnapshots {{(pid=127757) _check_extension /opt/stack/cinder/cinder/api/extensions.py:179}}
Nov 27 20:36:42.420940 ncdv-master-1 devstack@c-api.service[127757]: DEBUG cinder.api.extensions [-] Ext alias: cgsnapshots {{(pid=127757) _check_extension /opt/stack/cinder/cinder/api/extensions.py:180}}
Nov 27 20:36:42.420940 ncdv-master-1 devstack@c-api.service[127757]: DEBUG cinder.api.extensions [-] Ext description: cgsnapshots support. {{(pid=127757) _check_extension /opt/stack/cinder/cinder/api/extensions.py:181}}
Nov 27 20:36:42.421595 ncdv-master-1 devstack@c-api.service[127757]: DEBUG cinder.api.extensions [-] Ext updated: 2014-08-18T00:00:00+00:00 {{(pid=127757) _check_extension /opt/stack/cinder/cinder/api/extensions.py:183}}
Nov 27 20:36:42.421595 ncdv-master-1 devstack@c-api.service[127757]: DEBUG cinder.api.extensions [-] Loaded extension: cgsnapshots {{(pid=127757) register /opt/stack/cinder/cinder/api/extensions.py:140}}
Nov 27 20:36:42.421595 ncdv-master-1 devstack@c-api.service[127757]: DEBUG cinder.api.extensions [-] Loading extension cinder.api.contrib.backups.Backups {{(pid=127757) load_extension /opt/stack/cinder/cinder/api/extensions.py:199}}
Nov 27 20:36:42.421595 ncdv-master-1 devstack@c-api.service[127757]: DEBUG cinder.api.extensions [-] Calling extension factory cinder.api.contrib.backups.Backups {{(pid=127757) load_extension /opt/stack/cinder/cinder/api/extensions.py:205}}
Nov 27 20:36:42.421595 ncdv-master-1 devstack@c-api.service[127757]: DEBUG cinder.api.extensions [-] Ext name: Backups {{(pid=127757) _check_extension /opt/stack/cinder/cinder/api/extensions.py:179}}
Nov 27 20:36:42.421595 ncdv-master-1 devstack@c-api.service[127757]: DEBUG cinder.api.extensions [-] Ext alias: backups {{(pid=127757) _check_extension /opt/stack/cinder/cinder/api/extensions.py:180}}
Nov 27 20:36:42.421595 ncdv-master-1 devstack@c-api.service[127757]: DEBUG cinder.api.extensions [-] Ext description: Backups support. {{(pid=127757) _check_extension /opt/stack/cinder/cinder/api/extensions.py:181}}
Nov 27 20:36:42.421595 ncdv-master-1 devstack@c-api.service[127757]: DEBUG cinder.api.extensions [-] Ext updated: 2012-12-12T00:00:00+00:00 {{(pid=127757) _check_extension /opt/stack/cinder/cinder/api/extensions.py:183}}
Nov 27 20:36:42.421595 ncdv-master-1 devstack@c-api.service[127757]: DEBUG cinder.api.extensions [-] Loaded extension: backups {{(pid=127757) register /opt/stack/cinder/cinder/api/extensions.py:140}}
Nov 27 20:36:42.422448 ncdv-master-1 devstack@c-api.service[127757]: DEBUG cinder.api.extensions [-] Loading extension cinder.api.contrib.consistencygroups.Consistencygroups {{(pid=127757) load_extension /opt/stack/cinder/cinder/api/extensions.py:199}}
Nov 27 20:36:42.422448 ncdv-master-1 devstack@c-api.service[127757]: DEBUG cinder.api.extensions [-] Calling extension factory cinder.api.contrib.consistencygroups.Consistencygroups {{(pid=127757) load_extension /opt/stack/cinder/cinder/api/extensions.py:205}}
Nov 27 20:36:42.422448 ncdv-master-1 devstack@c-api.service[127757]: DEBUG cinder.api.extensions [-] Ext name: Consistencygroups {{(pid=127757) _check_extension /opt/stack/cinder/cinder/api/extensions.py:179}}
Nov 27 20:36:42.422448 ncdv-master-1 devstack@c-api.service[127757]: DEBUG cinder.api.extensions [-] Ext alias: consistencygroups {{(pid=127757) _check_extension /opt/stack/cinder/cinder/api/extensions.py:180}}
Nov 27 20:36:42.422448 ncdv-master-1 devstack@c-api.service[127757]: DEBUG cinder.api.extensions [-] Ext description: consistency groups support. {{(pid=127757) _check_extension /opt/stack/cinder/cinder/api/extensions.py:181}}
Nov 27 20:36:42.422448 ncdv-master-1 devstack@c-api.service[127757]: DEBUG cinder.api.extensions [-] Ext updated: 2014-08-18T00:00:00+00:00 {{(pid=127757) _check_extension /opt/stack/cinder/cinder/api/extensions.py:183}}
Nov 27 20:36:42.422448 ncdv-master-1 devstack@c-api.service[127757]: DEBUG cinder.api.extensions [-] Loaded extension: consistencygroups {{(pid=127757) register /opt/stack/cinder/cinder/api/extensions.py:140}}
Nov 27 20:36:42.422448 ncdv-master-1 devstack@c-api.service[127757]: DEBUG cinder.api.extensions [-] Loading extension cinder.api.contrib.volume_host_attribute.Volume_host_attribute {{(pid=127757) load_extension /opt/stack/cinder/cinder/api/extensions.py:199}}
Nov 27 20:36:42.422998 ncdv-master-1 devstack@c-api.service[127757]: DEBUG cinder.api.extensions [-] Calling extension factory cinder.api.contrib.volume_host_attribute.Volume_host_attribute {{(pid=127757) load_extension /opt/stack/cinder/cinder/api/extensions.py:205}}
Nov 27 20:36:42.422998 ncdv-master-1 devstack@c-api.service[127757]: DEBUG cinder.api.extensions [-] Ext name: VolumeHostAttribute {{(pid=127757) _check_extension /opt/stack/cinder/cinder/api/extensions.py:179}}
Nov 27 20:36:42.422998 ncdv-master-1 devstack@c-api.service[127757]: DEBUG cinder.api.extensions [-] Ext alias: os-vol-host-attr {{(pid=127757) _check_extension /opt/stack/cinder/cinder/api/extensions.py:180}}
Nov 27 20:36:42.422998 ncdv-master-1 devstack@c-api.service[127757]: DEBUG cinder.api.extensions [-] Ext description: Expose host as an attribute of a volume. {{(pid=127757) _check_extension /opt/stack/cinder/cinder/api/extensions.py:181}}
Nov 27 20:36:42.422998 ncdv-master-1 devstack@c-api.service[127757]: DEBUG cinder.api.extensions [-] Ext updated: 2011-11-03T00:00:00+00:00 {{(pid=127757) _check_extension /opt/stack/cinder/cinder/api/extensions.py:183}}
Nov 27 20:36:42.422998 ncdv-master-1 devstack@c-api.service[127757]: DEBUG cinder.api.extensions [-] Loaded extension: os-vol-host-attr {{(pid=127757) register /opt/stack/cinder/cinder/api/extensions.py:140}}
Nov 27 20:36:42.422998 ncdv-master-1 devstack@c-api.service[127757]: DEBUG cinder.api.extensions [-] Loading extension cinder.api.contrib.scheduler_stats.Scheduler_stats {{(pid=127757) load_extension /opt/stack/cinder/cinder/api/extensions.py:199}}
Nov 27 20:36:42.422998 ncdv-master-1 devstack@c-api.service[127757]: DEBUG cinder.api.extensions [-] Calling extension factory cinder.api.contrib.scheduler_stats.Scheduler_stats {{(pid=127757) load_extension /opt/stack/cinder/cinder/api/extensions.py:205}}
Nov 27 20:36:42.422998 ncdv-master-1 devstack@c-api.service[127757]: DEBUG cinder.api.extensions [-] Ext name: Scheduler_stats {{(pid=127757) _check_extension /opt/stack/cinder/cinder/api/extensions.py:179}}
Nov 27 20:36:42.424561 ncdv-master-1 devstack@c-api.service[127757]: DEBUG cinder.api.extensions [-] Ext alias: scheduler-stats {{(pid=127757) _check_extension /opt/stack/cinder/cinder/api/extensions.py:180}}
Nov 27 20:36:42.424561 ncdv-master-1 devstack@c-api.service[127757]: DEBUG cinder.api.extensions [-] Ext description: Scheduler stats support. {{(pid=127757) _check_extension /opt/stack/cinder/cinder/api/extensions.py:181}}
Nov 27 20:36:42.424561 ncdv-master-1 devstack@c-api.service[127757]: DEBUG cinder.api.extensions [-] Ext updated: 2014-09-07T00:00:00+00:00 {{(pid=127757) _check_extension /opt/stack/cinder/cinder/api/extensions.py:183}}
Nov 27 20:36:42.424561 ncdv-master-1 devstack@c-api.service[127757]: DEBUG cinder.api.extensions [-] Loaded extension: scheduler-stats {{(pid=127757) register /opt/stack/cinder/cinder/api/extensions.py:140}}
Nov 27 20:36:42.424820 ncdv-master-1 devstack@c-api.service[127757]: /usr/local/lib/python3.8/dist-packages/oslo_db/sqlalchemy/enginefacade.py:355: OsloDBDeprecationWarning: EngineFacade is deprecated; please use oslo_db.sqlalchemy.enginefacade
Nov 27 20:36:42.424820 ncdv-master-1 devstack@c-api.service[127757]: self._legacy_facade = LegacyEngineFacade(None, _factory=self)
Nov 27 20:36:42.433744 ncdv-master-1 devstack@c-api.service[127758]: DEBUG oslo_db.sqlalchemy.engines [None req-b7d199f3-fc27-409d-80ad-6d6141959f25 None None] MySQL server mode set to STRICT_TRANS_TABLES,STRICT_ALL_TABLES,NO_ZERO_IN_DATE,NO_ZERO_DATE,ERROR_FOR_DIVISION_BY_ZERO,TRADITIONAL,NO_ENGINE_SUBSTITUTION {{(pid=127758) _check_effective_sql_mode /usr/local/lib/python3.8/dist-packages/oslo_db/sqlalchemy/engines.py:314}}
Nov 27 20:36:42.447656 ncdv-master-1 devstack@c-api.service[127757]: DEBUG oslo_db.sqlalchemy.engines [None req-76591ef6-7af6-48dd-8679-8ad12a73489b None None] MySQL server mode set to STRICT_TRANS_TABLES,STRICT_ALL_TABLES,NO_ZERO_IN_DATE,NO_ZERO_DATE,ERROR_FOR_DIVISION_BY_ZERO,TRADITIONAL,NO_ENGINE_SUBSTITUTION {{(pid=127757) _check_effective_sql_mode /usr/local/lib/python3.8/dist-packages/oslo_db/sqlalchemy/engines.py:314}}
Nov 27 20:36:42.773839 ncdv-master-1 devstack@c-api.service[127757]: INFO cinder.rpc [None req-76591ef6-7af6-48dd-8679-8ad12a73489b None None] Automatically selected cinder-scheduler objects version 1.39 as minimum service version.
Nov 27 20:36:42.774044 ncdv-master-1 devstack@c-api.service[127758]: INFO cinder.rpc [None req-b7d199f3-fc27-409d-80ad-6d6141959f25 None None] Automatically selected cinder-scheduler objects version 1.39 as minimum service version.
Nov 27 20:36:42.777878 ncdv-master-1 devstack@c-api.service[127757]: INFO cinder.rpc [None req-76591ef6-7af6-48dd-8679-8ad12a73489b None None] Automatically selected cinder-scheduler RPC version 3.12 as minimum service version.
Nov 27 20:36:42.778605 ncdv-master-1 devstack@c-api.service[127758]: INFO cinder.rpc [None req-b7d199f3-fc27-409d-80ad-6d6141959f25 None None] Automatically selected cinder-scheduler RPC version 3.12 as minimum service version.
Nov 27 20:36:42.781890 ncdv-master-1 devstack@c-api.service[127757]: INFO cinder.rpc [None req-76591ef6-7af6-48dd-8679-8ad12a73489b None None] Automatically selected cinder-volume objects version 1.39 as minimum service version.
Nov 27 20:36:42.782903 ncdv-master-1 devstack@c-api.service[127758]: INFO cinder.rpc [None req-b7d199f3-fc27-409d-80ad-6d6141959f25 None None] Automatically selected cinder-volume objects version 1.39 as minimum service version.
Nov 27 20:36:42.785990 ncdv-master-1 devstack@c-api.service[127757]: INFO cinder.rpc [None req-76591ef6-7af6-48dd-8679-8ad12a73489b None None] Automatically selected cinder-volume RPC version 3.16 as minimum service version.
Nov 27 20:36:42.786796 ncdv-master-1 devstack@c-api.service[127758]: INFO cinder.rpc [None req-b7d199f3-fc27-409d-80ad-6d6141959f25 None None] Automatically selected cinder-volume RPC version 3.16 as minimum service version.
Nov 27 20:36:42.786921 ncdv-master-1 devstack@c-api.service[127757]: WARNING stevedore.named [None req-76591ef6-7af6-48dd-8679-8ad12a73489b None None] Could not load cinder.keymgr.conf_key_mgr.ConfKeyManager
Nov 27 20:36:42.787221 ncdv-master-1 devstack@c-api.service[127757]: WARNING castellan.key_manager [None req-76591ef6-7af6-48dd-8679-8ad12a73489b None None] Deprecation Warning : cinder.keymgr.conf_key_mgr.ConfKeyManager is not a stevedore based driver, trying to load it as a class: stevedore.exception.NoMatches: No 'castellan.drivers' driver found, looking for 'cinder.keymgr.conf_key_mgr.ConfKeyManager'
Nov 27 20:36:42.787814 ncdv-master-1 devstack@c-api.service[127758]: WARNING stevedore.named [None req-b7d199f3-fc27-409d-80ad-6d6141959f25 None None] Could not load cinder.keymgr.conf_key_mgr.ConfKeyManager
Nov 27 20:36:42.788218 ncdv-master-1 devstack@c-api.service[127758]: WARNING castellan.key_manager [None req-b7d199f3-fc27-409d-80ad-6d6141959f25 None None] Deprecation Warning : cinder.keymgr.conf_key_mgr.ConfKeyManager is not a stevedore based driver, trying to load it as a class: stevedore.exception.NoMatches: No 'castellan.drivers' driver found, looking for 'cinder.keymgr.conf_key_mgr.ConfKeyManager'
Nov 27 20:36:42.808083 ncdv-master-1 devstack@c-api.service[127757]: WARNING cinder.keymgr.conf_key_mgr [None req-76591ef6-7af6-48dd-8679-8ad12a73489b None None] This key manager is insecure and is not recommended for production deployments: stevedore.exception.NoMatches: No 'castellan.drivers' driver found, looking for 'cinder.keymgr.conf_key_mgr.ConfKeyManager'
Nov 27 20:36:42.809563 ncdv-master-1 devstack@c-api.service[127758]: WARNING cinder.keymgr.conf_key_mgr [None req-b7d199f3-fc27-409d-80ad-6d6141959f25 None None] This key manager is insecure and is not recommended for production deployments: stevedore.exception.NoMatches: No 'castellan.drivers' driver found, looking for 'cinder.keymgr.conf_key_mgr.ConfKeyManager'
Nov 27 20:36:42.815687 ncdv-master-1 devstack@c-api.service[127757]: DEBUG oslo_db.sqlalchemy.engines [None req-76591ef6-7af6-48dd-8679-8ad12a73489b None None] MySQL server mode set to STRICT_TRANS_TABLES,STRICT_ALL_TABLES,NO_ZERO_IN_DATE,NO_ZERO_DATE,ERROR_FOR_DIVISION_BY_ZERO,TRADITIONAL,NO_ENGINE_SUBSTITUTION {{(pid=127757) _check_effective_sql_mode /usr/local/lib/python3.8/dist-packages/oslo_db/sqlalchemy/engines.py:314}}
Nov 27 20:36:42.816969 ncdv-master-1 devstack@c-api.service[127758]: DEBUG oslo_db.sqlalchemy.engines [None req-b7d199f3-fc27-409d-80ad-6d6141959f25 None None] MySQL server mode set to STRICT_TRANS_TABLES,STRICT_ALL_TABLES,NO_ZERO_IN_DATE,NO_ZERO_DATE,ERROR_FOR_DIVISION_BY_ZERO,TRADITIONAL,NO_ENGINE_SUBSTITUTION {{(pid=127758) _check_effective_sql_mode /usr/local/lib/python3.8/dist-packages/oslo_db/sqlalchemy/engines.py:314}}
Nov 27 20:36:42.821903 ncdv-master-1 devstack@c-api.service[127757]: INFO cinder.rpc [None req-76591ef6-7af6-48dd-8679-8ad12a73489b None None] Automatically selected cinder-backup objects version 1.39 as minimum service version.
Nov 27 20:36:42.822120 ncdv-master-1 devstack@c-api.service[127758]: INFO cinder.rpc [None req-b7d199f3-fc27-409d-80ad-6d6141959f25 None None] Automatically selected cinder-backup objects version 1.39 as minimum service version.
Nov 27 20:36:42.826010 ncdv-master-1 devstack@c-api.service[127758]: INFO cinder.rpc [None req-b7d199f3-fc27-409d-80ad-6d6141959f25 None None] Automatically selected cinder-backup RPC version 2.2 as minimum service version.
Nov 27 20:36:42.826217 ncdv-master-1 devstack@c-api.service[127757]: INFO cinder.rpc [None req-76591ef6-7af6-48dd-8679-8ad12a73489b None None] Automatically selected cinder-backup RPC version 2.2 as minimum service version.
Nov 27 20:36:42.826891 ncdv-master-1 devstack@c-api.service[127758]: WARNING stevedore.named [None req-b7d199f3-fc27-409d-80ad-6d6141959f25 None None] Could not load cinder.keymgr.conf_key_mgr.ConfKeyManager
Nov 27 20:36:42.827292 ncdv-master-1 devstack@c-api.service[127758]: WARNING castellan.key_manager [None req-b7d199f3-fc27-409d-80ad-6d6141959f25 None None] Deprecation Warning : cinder.keymgr.conf_key_mgr.ConfKeyManager is not a stevedore based driver, trying to load it as a class: stevedore.exception.NoMatches: No 'castellan.drivers' driver found, looking for 'cinder.keymgr.conf_key_mgr.ConfKeyManager'
Nov 27 20:36:42.827592 ncdv-master-1 devstack@c-api.service[127757]: WARNING stevedore.named [None req-76591ef6-7af6-48dd-8679-8ad12a73489b None None] Could not load cinder.keymgr.conf_key_mgr.ConfKeyManager
Nov 27 20:36:42.828225 ncdv-master-1 devstack@c-api.service[127757]: WARNING castellan.key_manager [None req-76591ef6-7af6-48dd-8679-8ad12a73489b None None] Deprecation Warning : cinder.keymgr.conf_key_mgr.ConfKeyManager is not a stevedore based driver, trying to load it as a class: stevedore.exception.NoMatches: No 'castellan.drivers' driver found, looking for 'cinder.keymgr.conf_key_mgr.ConfKeyManager'
Nov 27 20:36:42.829340 ncdv-master-1 devstack@c-api.service[127758]: WARNING stevedore.named [None req-b7d199f3-fc27-409d-80ad-6d6141959f25 None None] Could not load cinder.keymgr.conf_key_mgr.ConfKeyManager
Nov 27 20:36:42.829722 ncdv-master-1 devstack@c-api.service[127758]: WARNING castellan.key_manager [None req-b7d199f3-fc27-409d-80ad-6d6141959f25 None None] Deprecation Warning : cinder.keymgr.conf_key_mgr.ConfKeyManager is not a stevedore based driver, trying to load it as a class: stevedore.exception.NoMatches: No 'castellan.drivers' driver found, looking for 'cinder.keymgr.conf_key_mgr.ConfKeyManager'
Nov 27 20:36:42.830755 ncdv-master-1 devstack@c-api.service[127757]: WARNING stevedore.named [None req-76591ef6-7af6-48dd-8679-8ad12a73489b None None] Could not load cinder.keymgr.conf_key_mgr.ConfKeyManager
Nov 27 20:36:42.831227 ncdv-master-1 devstack@c-api.service[127757]: WARNING castellan.key_manager [None req-76591ef6-7af6-48dd-8679-8ad12a73489b None None] Deprecation Warning : cinder.keymgr.conf_key_mgr.ConfKeyManager is not a stevedore based driver, trying to load it as a class: stevedore.exception.NoMatches: No 'castellan.drivers' driver found, looking for 'cinder.keymgr.conf_key_mgr.ConfKeyManager'
Nov 27 20:36:42.831337 ncdv-master-1 devstack@c-api.service[127758]: WARNING stevedore.named [None req-b7d199f3-fc27-409d-80ad-6d6141959f25 None None] Could not load cinder.keymgr.conf_key_mgr.ConfKeyManager
Nov 27 20:36:42.831637 ncdv-master-1 devstack@c-api.service[127758]: WARNING castellan.key_manager [None req-b7d199f3-fc27-409d-80ad-6d6141959f25 None None] Deprecation Warning : cinder.keymgr.conf_key_mgr.ConfKeyManager is not a stevedore based driver, trying to load it as a class: stevedore.exception.NoMatches: No 'castellan.drivers' driver found, looking for 'cinder.keymgr.conf_key_mgr.ConfKeyManager'
Nov 27 20:36:42.833043 ncdv-master-1 devstack@c-api.service[127757]: WARNING stevedore.named [None req-76591ef6-7af6-48dd-8679-8ad12a73489b None None] Could not load cinder.keymgr.conf_key_mgr.ConfKeyManager
Nov 27 20:36:42.833501 ncdv-master-1 devstack@c-api.service[127757]: WARNING castellan.key_manager [None req-76591ef6-7af6-48dd-8679-8ad12a73489b None None] Deprecation Warning : cinder.keymgr.conf_key_mgr.ConfKeyManager is not a stevedore based driver, trying to load it as a class: stevedore.exception.NoMatches: No 'castellan.drivers' driver found, looking for 'cinder.keymgr.conf_key_mgr.ConfKeyManager'
Nov 27 20:36:42.846943 ncdv-master-1 devstack@c-api.service[127757]: WARNING stevedore.named [None req-76591ef6-7af6-48dd-8679-8ad12a73489b None None] Could not load cinder.keymgr.conf_key_mgr.ConfKeyManager
Nov 27 20:36:42.847122 ncdv-master-1 devstack@c-api.service[127758]: WARNING stevedore.named [None req-b7d199f3-fc27-409d-80ad-6d6141959f25 None None] Could not load cinder.keymgr.conf_key_mgr.ConfKeyManager
Nov 27 20:36:42.847438 ncdv-master-1 devstack@c-api.service[127758]: WARNING castellan.key_manager [None req-b7d199f3-fc27-409d-80ad-6d6141959f25 None None] Deprecation Warning : cinder.keymgr.conf_key_mgr.ConfKeyManager is not a stevedore based driver, trying to load it as a class: stevedore.exception.NoMatches: No 'castellan.drivers' driver found, looking for 'cinder.keymgr.conf_key_mgr.ConfKeyManager'
Nov 27 20:36:42.847665 ncdv-master-1 devstack@c-api.service[127757]: WARNING castellan.key_manager [None req-76591ef6-7af6-48dd-8679-8ad12a73489b None None] Deprecation Warning : cinder.keymgr.conf_key_mgr.ConfKeyManager is not a stevedore based driver, trying to load it as a class: stevedore.exception.NoMatches: No 'castellan.drivers' driver found, looking for 'cinder.keymgr.conf_key_mgr.ConfKeyManager'
Nov 27 20:36:42.851949 ncdv-master-1 devstack@c-api.service[127757]: WARNING stevedore.named [None req-76591ef6-7af6-48dd-8679-8ad12a73489b None None] Could not load cinder.keymgr.conf_key_mgr.ConfKeyManager
Nov 27 20:36:42.852427 ncdv-master-1 devstack@c-api.service[127757]: WARNING castellan.key_manager [None req-76591ef6-7af6-48dd-8679-8ad12a73489b None None] Deprecation Warning : cinder.keymgr.conf_key_mgr.ConfKeyManager is not a stevedore based driver, trying to load it as a class: stevedore.exception.NoMatches: No 'castellan.drivers' driver found, looking for 'cinder.keymgr.conf_key_mgr.ConfKeyManager'
Nov 27 20:36:42.852949 ncdv-master-1 devstack@c-api.service[127758]: WARNING stevedore.named [None req-b7d199f3-fc27-409d-80ad-6d6141959f25 None None] Could not load cinder.keymgr.conf_key_mgr.ConfKeyManager
Nov 27 20:36:42.853356 ncdv-master-1 devstack@c-api.service[127758]: WARNING castellan.key_manager [None req-b7d199f3-fc27-409d-80ad-6d6141959f25 None None] Deprecation Warning : cinder.keymgr.conf_key_mgr.ConfKeyManager is not a stevedore based driver, trying to load it as a class: stevedore.exception.NoMatches: No 'castellan.drivers' driver found, looking for 'cinder.keymgr.conf_key_mgr.ConfKeyManager'
Nov 27 20:36:42.857627 ncdv-master-1 devstack@c-api.service[127757]: WARNING stevedore.named [None req-76591ef6-7af6-48dd-8679-8ad12a73489b None None] Could not load cinder.keymgr.conf_key_mgr.ConfKeyManager
Nov 27 20:36:42.857971 ncdv-master-1 devstack@c-api.service[127758]: WARNING stevedore.named [None req-b7d199f3-fc27-409d-80ad-6d6141959f25 None None] Could not load cinder.keymgr.conf_key_mgr.ConfKeyManager
Nov 27 20:36:42.858295 ncdv-master-1 devstack@c-api.service[127757]: WARNING castellan.key_manager [None req-76591ef6-7af6-48dd-8679-8ad12a73489b None None] Deprecation Warning : cinder.keymgr.conf_key_mgr.ConfKeyManager is not a stevedore based driver, trying to load it as a class: stevedore.exception.NoMatches: No 'castellan.drivers' driver found, looking for 'cinder.keymgr.conf_key_mgr.ConfKeyManager'
Nov 27 20:36:42.858404 ncdv-master-1 devstack@c-api.service[127758]: WARNING castellan.key_manager [None req-b7d199f3-fc27-409d-80ad-6d6141959f25 None None] Deprecation Warning : cinder.keymgr.conf_key_mgr.ConfKeyManager is not a stevedore based driver, trying to load it as a class: stevedore.exception.NoMatches: No 'castellan.drivers' driver found, looking for 'cinder.keymgr.conf_key_mgr.ConfKeyManager'
Nov 27 20:36:42.863345 ncdv-master-1 devstack@c-api.service[127758]: WARNING stevedore.named [None req-b7d199f3-fc27-409d-80ad-6d6141959f25 None None] Could not load cinder.keymgr.conf_key_mgr.ConfKeyManager
Nov 27 20:36:42.863504 ncdv-master-1 devstack@c-api.service[127757]: WARNING stevedore.named [None req-76591ef6-7af6-48dd-8679-8ad12a73489b None None] Could not load cinder.keymgr.conf_key_mgr.ConfKeyManager
Nov 27 20:36:42.863728 ncdv-master-1 devstack@c-api.service[127758]: WARNING castellan.key_manager [None req-b7d199f3-fc27-409d-80ad-6d6141959f25 None None] Deprecation Warning : cinder.keymgr.conf_key_mgr.ConfKeyManager is not a stevedore based driver, trying to load it as a class: stevedore.exception.NoMatches: No 'castellan.drivers' driver found, looking for 'cinder.keymgr.conf_key_mgr.ConfKeyManager'
Nov 27 20:36:42.864073 ncdv-master-1 devstack@c-api.service[127757]: WARNING castellan.key_manager [None req-76591ef6-7af6-48dd-8679-8ad12a73489b None None] Deprecation Warning : cinder.keymgr.conf_key_mgr.ConfKeyManager is not a stevedore based driver, trying to load it as a class: stevedore.exception.NoMatches: No 'castellan.drivers' driver found, looking for 'cinder.keymgr.conf_key_mgr.ConfKeyManager'
Nov 27 20:36:42.867110 ncdv-master-1 devstack@c-api.service[127758]: WARNING stevedore.named [None req-b7d199f3-fc27-409d-80ad-6d6141959f25 None None] Could not load cinder.keymgr.conf_key_mgr.ConfKeyManager
Nov 27 20:36:42.867507 ncdv-master-1 devstack@c-api.service[127758]: WARNING castellan.key_manager [None req-b7d199f3-fc27-409d-80ad-6d6141959f25 None None] Deprecation Warning : cinder.keymgr.conf_key_mgr.ConfKeyManager is not a stevedore based driver, trying to load it as a class: stevedore.exception.NoMatches: No 'castellan.drivers' driver found, looking for 'cinder.keymgr.conf_key_mgr.ConfKeyManager'
Nov 27 20:36:42.867805 ncdv-master-1 devstack@c-api.service[127757]: WARNING stevedore.named [None req-76591ef6-7af6-48dd-8679-8ad12a73489b None None] Could not load cinder.keymgr.conf_key_mgr.ConfKeyManager
Nov 27 20:36:42.868384 ncdv-master-1 devstack@c-api.service[127757]: WARNING castellan.key_manager [None req-76591ef6-7af6-48dd-8679-8ad12a73489b None None] Deprecation Warning : cinder.keymgr.conf_key_mgr.ConfKeyManager is not a stevedore based driver, trying to load it as a class: stevedore.exception.NoMatches: No 'castellan.drivers' driver found, looking for 'cinder.keymgr.conf_key_mgr.ConfKeyManager'
Nov 27 20:36:42.871697 ncdv-master-1 devstack@c-api.service[127758]: WARNING stevedore.named [None req-b7d199f3-fc27-409d-80ad-6d6141959f25 None None] Could not load cinder.keymgr.conf_key_mgr.ConfKeyManager
Nov 27 20:36:42.872071 ncdv-master-1 devstack@c-api.service[127758]: WARNING castellan.key_manager [None req-b7d199f3-fc27-409d-80ad-6d6141959f25 None None] Deprecation Warning : cinder.keymgr.conf_key_mgr.ConfKeyManager is not a stevedore based driver, trying to load it as a class: stevedore.exception.NoMatches: No 'castellan.drivers' driver found, looking for 'cinder.keymgr.conf_key_mgr.ConfKeyManager'
Nov 27 20:36:42.872816 ncdv-master-1 devstack@c-api.service[127757]: WARNING stevedore.named [None req-76591ef6-7af6-48dd-8679-8ad12a73489b None None] Could not load cinder.keymgr.conf_key_mgr.ConfKeyManager
Nov 27 20:36:42.873291 ncdv-master-1 devstack@c-api.service[127757]: WARNING castellan.key_manager [None req-76591ef6-7af6-48dd-8679-8ad12a73489b None None] Deprecation Warning : cinder.keymgr.conf_key_mgr.ConfKeyManager is not a stevedore based driver, trying to load it as a class: stevedore.exception.NoMatches: No 'castellan.drivers' driver found, looking for 'cinder.keymgr.conf_key_mgr.ConfKeyManager'
Nov 27 20:36:42.876152 ncdv-master-1 devstack@c-api.service[127758]: WARNING stevedore.named [None req-b7d199f3-fc27-409d-80ad-6d6141959f25 None None] Could not load cinder.keymgr.conf_key_mgr.ConfKeyManager
Nov 27 20:36:42.876537 ncdv-master-1 devstack@c-api.service[127758]: WARNING castellan.key_manager [None req-b7d199f3-fc27-409d-80ad-6d6141959f25 None None] Deprecation Warning : cinder.keymgr.conf_key_mgr.ConfKeyManager is not a stevedore based driver, trying to load it as a class: stevedore.exception.NoMatches: No 'castellan.drivers' driver found, looking for 'cinder.keymgr.conf_key_mgr.ConfKeyManager'
Nov 27 20:36:42.877914 ncdv-master-1 devstack@c-api.service[127757]: WARNING stevedore.named [None req-76591ef6-7af6-48dd-8679-8ad12a73489b None None] Could not load cinder.keymgr.conf_key_mgr.ConfKeyManager
Nov 27 20:36:42.878311 ncdv-master-1 devstack@c-api.service[127757]: WARNING castellan.key_manager [None req-76591ef6-7af6-48dd-8679-8ad12a73489b None None] Deprecation Warning : cinder.keymgr.conf_key_mgr.ConfKeyManager is not a stevedore based driver, trying to load it as a class: stevedore.exception.NoMatches: No 'castellan.drivers' driver found, looking for 'cinder.keymgr.conf_key_mgr.ConfKeyManager'
Nov 27 20:36:42.880043 ncdv-master-1 devstack@c-api.service[127758]: WARNING stevedore.named [None req-b7d199f3-fc27-409d-80ad-6d6141959f25 None None] Could not load cinder.keymgr.conf_key_mgr.ConfKeyManager
Nov 27 20:36:42.880425 ncdv-master-1 devstack@c-api.service[127758]: WARNING castellan.key_manager [None req-b7d199f3-fc27-409d-80ad-6d6141959f25 None None] Deprecation Warning : cinder.keymgr.conf_key_mgr.ConfKeyManager is not a stevedore based driver, trying to load it as a class: stevedore.exception.NoMatches: No 'castellan.drivers' driver found, looking for 'cinder.keymgr.conf_key_mgr.ConfKeyManager'
Nov 27 20:36:42.882122 ncdv-master-1 devstack@c-api.service[127757]: WARNING stevedore.named [None req-76591ef6-7af6-48dd-8679-8ad12a73489b None None] Could not load cinder.keymgr.conf_key_mgr.ConfKeyManager
Nov 27 20:36:42.882500 ncdv-master-1 devstack@c-api.service[127757]: WARNING castellan.key_manager [None req-76591ef6-7af6-48dd-8679-8ad12a73489b None None] Deprecation Warning : cinder.keymgr.conf_key_mgr.ConfKeyManager is not a stevedore based driver, trying to load it as a class: stevedore.exception.NoMatches: No 'castellan.drivers' driver found, looking for 'cinder.keymgr.conf_key_mgr.ConfKeyManager'
Nov 27 20:36:42.884301 ncdv-master-1 devstack@c-api.service[127758]: WARNING stevedore.named [None req-b7d199f3-fc27-409d-80ad-6d6141959f25 None None] Could not load cinder.keymgr.conf_key_mgr.ConfKeyManager
Nov 27 20:36:42.884682 ncdv-master-1 devstack@c-api.service[127758]: WARNING castellan.key_manager [None req-b7d199f3-fc27-409d-80ad-6d6141959f25 None None] Deprecation Warning : cinder.keymgr.conf_key_mgr.ConfKeyManager is not a stevedore based driver, trying to load it as a class: stevedore.exception.NoMatches: No 'castellan.drivers' driver found, looking for 'cinder.keymgr.conf_key_mgr.ConfKeyManager'
Nov 27 20:36:42.886136 ncdv-master-1 devstack@c-api.service[127757]: WARNING stevedore.named [None req-76591ef6-7af6-48dd-8679-8ad12a73489b None None] Could not load cinder.keymgr.conf_key_mgr.ConfKeyManager
Nov 27 20:36:42.886482 ncdv-master-1 devstack@c-api.service[127758]: WARNING stevedore.named [None req-b7d199f3-fc27-409d-80ad-6d6141959f25 None None] Could not load cinder.keymgr.conf_key_mgr.ConfKeyManager
Nov 27 20:36:42.886606 ncdv-master-1 devstack@c-api.service[127757]: WARNING castellan.key_manager [None req-76591ef6-7af6-48dd-8679-8ad12a73489b None None] Deprecation Warning : cinder.keymgr.conf_key_mgr.ConfKeyManager is not a stevedore based driver, trying to load it as a class: stevedore.exception.NoMatches: No 'castellan.drivers' driver found, looking for 'cinder.keymgr.conf_key_mgr.ConfKeyManager'
Nov 27 20:36:42.886884 ncdv-master-1 devstack@c-api.service[127758]: WARNING castellan.key_manager [None req-b7d199f3-fc27-409d-80ad-6d6141959f25 None None] Deprecation Warning : cinder.keymgr.conf_key_mgr.ConfKeyManager is not a stevedore based driver, trying to load it as a class: stevedore.exception.NoMatches: No 'castellan.drivers' driver found, looking for 'cinder.keymgr.conf_key_mgr.ConfKeyManager'
Nov 27 20:36:42.888533 ncdv-master-1 devstack@c-api.service[127757]: WARNING stevedore.named [None req-76591ef6-7af6-48dd-8679-8ad12a73489b None None] Could not load cinder.keymgr.conf_key_mgr.ConfKeyManager
Nov 27 20:36:42.888897 ncdv-master-1 devstack@c-api.service[127757]: WARNING castellan.key_manager [None req-76591ef6-7af6-48dd-8679-8ad12a73489b None None] Deprecation Warning : cinder.keymgr.conf_key_mgr.ConfKeyManager is not a stevedore based driver, trying to load it as a class: stevedore.exception.NoMatches: No 'castellan.drivers' driver found, looking for 'cinder.keymgr.conf_key_mgr.ConfKeyManager'
Nov 27 20:36:42.890093 ncdv-master-1 devstack@c-api.service[127758]: WARNING stevedore.named [None req-b7d199f3-fc27-409d-80ad-6d6141959f25 None None] Could not load cinder.keymgr.conf_key_mgr.ConfKeyManager
Nov 27 20:36:42.890483 ncdv-master-1 devstack@c-api.service[127758]: WARNING castellan.key_manager [None req-b7d199f3-fc27-409d-80ad-6d6141959f25 None None] Deprecation Warning : cinder.keymgr.conf_key_mgr.ConfKeyManager is not a stevedore based driver, trying to load it as a class: stevedore.exception.NoMatches: No 'castellan.drivers' driver found, looking for 'cinder.keymgr.conf_key_mgr.ConfKeyManager'
Nov 27 20:36:42.892249 ncdv-master-1 devstack@c-api.service[127757]: WARNING stevedore.named [None req-76591ef6-7af6-48dd-8679-8ad12a73489b None None] Could not load cinder.keymgr.conf_key_mgr.ConfKeyManager
Nov 27 20:36:42.892623 ncdv-master-1 devstack@c-api.service[127757]: WARNING castellan.key_manager [None req-76591ef6-7af6-48dd-8679-8ad12a73489b None None] Deprecation Warning : cinder.keymgr.conf_key_mgr.ConfKeyManager is not a stevedore based driver, trying to load it as a class: stevedore.exception.NoMatches: No 'castellan.drivers' driver found, looking for 'cinder.keymgr.conf_key_mgr.ConfKeyManager'
Nov 27 20:36:42.897852 ncdv-master-1 devstack@c-api.service[127758]: WARNING stevedore.named [None req-b7d199f3-fc27-409d-80ad-6d6141959f25 None None] Could not load cinder.keymgr.conf_key_mgr.ConfKeyManager
Nov 27 20:36:42.898266 ncdv-master-1 devstack@c-api.service[127758]: WARNING castellan.key_manager [None req-b7d199f3-fc27-409d-80ad-6d6141959f25 None None] Deprecation Warning : cinder.keymgr.conf_key_mgr.ConfKeyManager is not a stevedore based driver, trying to load it as a class: stevedore.exception.NoMatches: No 'castellan.drivers' driver found, looking for 'cinder.keymgr.conf_key_mgr.ConfKeyManager'
Nov 27 20:36:42.900015 ncdv-master-1 devstack@c-api.service[127757]: WARNING stevedore.named [None req-76591ef6-7af6-48dd-8679-8ad12a73489b None None] Could not load cinder.keymgr.conf_key_mgr.ConfKeyManager
Nov 27 20:36:42.900415 ncdv-master-1 devstack@c-api.service[127757]: WARNING castellan.key_manager [None req-76591ef6-7af6-48dd-8679-8ad12a73489b None None] Deprecation Warning : cinder.keymgr.conf_key_mgr.ConfKeyManager is not a stevedore based driver, trying to load it as a class: stevedore.exception.NoMatches: No 'castellan.drivers' driver found, looking for 'cinder.keymgr.conf_key_mgr.ConfKeyManager'
Nov 27 20:36:42.903619 ncdv-master-1 devstack@c-api.service[127758]: WARNING stevedore.named [None req-b7d199f3-fc27-409d-80ad-6d6141959f25 None None] Could not load cinder.keymgr.conf_key_mgr.ConfKeyManager
Nov 27 20:36:42.903987 ncdv-master-1 devstack@c-api.service[127758]: WARNING castellan.key_manager [None req-b7d199f3-fc27-409d-80ad-6d6141959f25 None None] Deprecation Warning : cinder.keymgr.conf_key_mgr.ConfKeyManager is not a stevedore based driver, trying to load it as a class: stevedore.exception.NoMatches: No 'castellan.drivers' driver found, looking for 'cinder.keymgr.conf_key_mgr.ConfKeyManager'
Nov 27 20:36:42.906214 ncdv-master-1 devstack@c-api.service[127757]: WARNING stevedore.named [None req-76591ef6-7af6-48dd-8679-8ad12a73489b None None] Could not load cinder.keymgr.conf_key_mgr.ConfKeyManager
Nov 27 20:36:42.906505 ncdv-master-1 devstack@c-api.service[127758]: WARNING cinder.api.contrib.hosts [None req-b7d199f3-fc27-409d-80ad-6d6141959f25 None None] Deprecated: The Host API is deprecated and will be be removed in a future version.
Nov 27 20:36:42.906745 ncdv-master-1 devstack@c-api.service[127757]: WARNING castellan.key_manager [None req-76591ef6-7af6-48dd-8679-8ad12a73489b None None] Deprecation Warning : cinder.keymgr.conf_key_mgr.ConfKeyManager is not a stevedore based driver, trying to load it as a class: stevedore.exception.NoMatches: No 'castellan.drivers' driver found, looking for 'cinder.keymgr.conf_key_mgr.ConfKeyManager'
Nov 27 20:36:42.907221 ncdv-master-1 devstack@c-api.service[127758]: WARNING stevedore.named [None req-b7d199f3-fc27-409d-80ad-6d6141959f25 None None] Could not load cinder.keymgr.conf_key_mgr.ConfKeyManager
Nov 27 20:36:42.907606 ncdv-master-1 devstack@c-api.service[127758]: WARNING castellan.key_manager [None req-b7d199f3-fc27-409d-80ad-6d6141959f25 None None] Deprecation Warning : cinder.keymgr.conf_key_mgr.ConfKeyManager is not a stevedore based driver, trying to load it as a class: stevedore.exception.NoMatches: No 'castellan.drivers' driver found, looking for 'cinder.keymgr.conf_key_mgr.ConfKeyManager'
Nov 27 20:36:42.909085 ncdv-master-1 devstack@c-api.service[127757]: WARNING cinder.api.contrib.hosts [None req-76591ef6-7af6-48dd-8679-8ad12a73489b None None] Deprecated: The Host API is deprecated and will be be removed in a future version.
Nov 27 20:36:42.909441 ncdv-master-1 devstack@c-api.service[127758]: WARNING stevedore.named [None req-b7d199f3-fc27-409d-80ad-6d6141959f25 None None] Could not load cinder.keymgr.conf_key_mgr.ConfKeyManager
Nov 27 20:36:42.909809 ncdv-master-1 devstack@c-api.service[127758]: WARNING castellan.key_manager [None req-b7d199f3-fc27-409d-80ad-6d6141959f25 None None] Deprecation Warning : cinder.keymgr.conf_key_mgr.ConfKeyManager is not a stevedore based driver, trying to load it as a class: stevedore.exception.NoMatches: No 'castellan.drivers' driver found, looking for 'cinder.keymgr.conf_key_mgr.ConfKeyManager'
Nov 27 20:36:42.909914 ncdv-master-1 devstack@c-api.service[127757]: WARNING stevedore.named [None req-76591ef6-7af6-48dd-8679-8ad12a73489b None None] Could not load cinder.keymgr.conf_key_mgr.ConfKeyManager
Nov 27 20:36:42.910171 ncdv-master-1 devstack@c-api.service[127757]: WARNING castellan.key_manager [None req-76591ef6-7af6-48dd-8679-8ad12a73489b None None] Deprecation Warning : cinder.keymgr.conf_key_mgr.ConfKeyManager is not a stevedore based driver, trying to load it as a class: stevedore.exception.NoMatches: No 'castellan.drivers' driver found, looking for 'cinder.keymgr.conf_key_mgr.ConfKeyManager'
Nov 27 20:36:42.911552 ncdv-master-1 devstack@c-api.service[127758]: WARNING stevedore.named [None req-b7d199f3-fc27-409d-80ad-6d6141959f25 None None] Could not load cinder.keymgr.conf_key_mgr.ConfKeyManager
Nov 27 20:36:42.911910 ncdv-master-1 devstack@c-api.service[127758]: WARNING castellan.key_manager [None req-b7d199f3-fc27-409d-80ad-6d6141959f25 None None] Deprecation Warning : cinder.keymgr.conf_key_mgr.ConfKeyManager is not a stevedore based driver, trying to load it as a class: stevedore.exception.NoMatches: No 'castellan.drivers' driver found, looking for 'cinder.keymgr.conf_key_mgr.ConfKeyManager'
Nov 27 20:36:42.912126 ncdv-master-1 devstack@c-api.service[127757]: WARNING stevedore.named [None req-76591ef6-7af6-48dd-8679-8ad12a73489b None None] Could not load cinder.keymgr.conf_key_mgr.ConfKeyManager
Nov 27 20:36:42.912492 ncdv-master-1 devstack@c-api.service[127757]: WARNING castellan.key_manager [None req-76591ef6-7af6-48dd-8679-8ad12a73489b None None] Deprecation Warning : cinder.keymgr.conf_key_mgr.ConfKeyManager is not a stevedore based driver, trying to load it as a class: stevedore.exception.NoMatches: No 'castellan.drivers' driver found, looking for 'cinder.keymgr.conf_key_mgr.ConfKeyManager'
Nov 27 20:36:42.913371 ncdv-master-1 devstack@c-api.service[127758]: WARNING stevedore.named [None req-b7d199f3-fc27-409d-80ad-6d6141959f25 None None] Could not load cinder.keymgr.conf_key_mgr.ConfKeyManager
Nov 27 20:36:42.913726 ncdv-master-1 devstack@c-api.service[127758]: WARNING castellan.key_manager [None req-b7d199f3-fc27-409d-80ad-6d6141959f25 None None] Deprecation Warning : cinder.keymgr.conf_key_mgr.ConfKeyManager is not a stevedore based driver, trying to load it as a class: stevedore.exception.NoMatches: No 'castellan.drivers' driver found, looking for 'cinder.keymgr.conf_key_mgr.ConfKeyManager'
Nov 27 20:36:42.914120 ncdv-master-1 devstack@c-api.service[127757]: WARNING stevedore.named [None req-76591ef6-7af6-48dd-8679-8ad12a73489b None None] Could not load cinder.keymgr.conf_key_mgr.ConfKeyManager
Nov 27 20:36:42.914475 ncdv-master-1 devstack@c-api.service[127757]: WARNING castellan.key_manager [None req-76591ef6-7af6-48dd-8679-8ad12a73489b None None] Deprecation Warning : cinder.keymgr.conf_key_mgr.ConfKeyManager is not a stevedore based driver, trying to load it as a class: stevedore.exception.NoMatches: No 'castellan.drivers' driver found, looking for 'cinder.keymgr.conf_key_mgr.ConfKeyManager'
Nov 27 20:36:42.915246 ncdv-master-1 devstack@c-api.service[127758]: WARNING stevedore.named [None req-b7d199f3-fc27-409d-80ad-6d6141959f25 None None] Could not load cinder.keymgr.conf_key_mgr.ConfKeyManager
Nov 27 20:36:42.915621 ncdv-master-1 devstack@c-api.service[127758]: WARNING castellan.key_manager [None req-b7d199f3-fc27-409d-80ad-6d6141959f25 None None] Deprecation Warning : cinder.keymgr.conf_key_mgr.ConfKeyManager is not a stevedore based driver, trying to load it as a class: stevedore.exception.NoMatches: No 'castellan.drivers' driver found, looking for 'cinder.keymgr.conf_key_mgr.ConfKeyManager'
Nov 27 20:36:42.916037 ncdv-master-1 devstack@c-api.service[127757]: WARNING stevedore.named [None req-76591ef6-7af6-48dd-8679-8ad12a73489b None None] Could not load cinder.keymgr.conf_key_mgr.ConfKeyManager
Nov 27 20:36:42.916405 ncdv-master-1 devstack@c-api.service[127757]: WARNING castellan.key_manager [None req-76591ef6-7af6-48dd-8679-8ad12a73489b None None] Deprecation Warning : cinder.keymgr.conf_key_mgr.ConfKeyManager is not a stevedore based driver, trying to load it as a class: stevedore.exception.NoMatches: No 'castellan.drivers' driver found, looking for 'cinder.keymgr.conf_key_mgr.ConfKeyManager'
Nov 27 20:36:42.917602 ncdv-master-1 devstack@c-api.service[127758]: WARNING stevedore.named [None req-b7d199f3-fc27-409d-80ad-6d6141959f25 None None] Could not load cinder.keymgr.conf_key_mgr.ConfKeyManager
Nov 27 20:36:42.918018 ncdv-master-1 devstack@c-api.service[127757]: WARNING stevedore.named [None req-76591ef6-7af6-48dd-8679-8ad12a73489b None None] Could not load cinder.keymgr.conf_key_mgr.ConfKeyManager
Nov 27 20:36:42.918118 ncdv-master-1 devstack@c-api.service[127758]: WARNING castellan.key_manager [None req-b7d199f3-fc27-409d-80ad-6d6141959f25 None None] Deprecation Warning : cinder.keymgr.conf_key_mgr.ConfKeyManager is not a stevedore based driver, trying to load it as a class: stevedore.exception.NoMatches: No 'castellan.drivers' driver found, looking for 'cinder.keymgr.conf_key_mgr.ConfKeyManager'
Nov 27 20:36:42.918376 ncdv-master-1 devstack@c-api.service[127757]: WARNING castellan.key_manager [None req-76591ef6-7af6-48dd-8679-8ad12a73489b None None] Deprecation Warning : cinder.keymgr.conf_key_mgr.ConfKeyManager is not a stevedore based driver, trying to load it as a class: stevedore.exception.NoMatches: No 'castellan.drivers' driver found, looking for 'cinder.keymgr.conf_key_mgr.ConfKeyManager'
Nov 27 20:36:42.919824 ncdv-master-1 devstack@c-api.service[127758]: WARNING stevedore.named [None req-b7d199f3-fc27-409d-80ad-6d6141959f25 None None] Could not load cinder.keymgr.conf_key_mgr.ConfKeyManager
